-- Table structure for table `t1zhf_facture`
--

CREATE TABLE `t1zhf_facture` (
  `rowid` int NOT NULL AUTO_INCREMENT,
  `ref` varchar(30) COLLATE utf8mb3_unicode_ci NOT NULL,
  `entity` int NOT NULL DEFAULT '1',
  `ref_ext` varchar(255) COLLATE utf8mb3_unicode_ci DEFAULT NULL,
  `ref_int` varchar(255) COLLATE utf8mb3_unicode_ci DEFAULT NULL,
  `ref_client` varchar(255) COLLATE utf8mb3_unicode_ci DEFAULT NULL,
  `type` smallint NOT NULL DEFAULT '0',
  `increment` varchar(10) COLLATE utf8mb3_unicode_ci DEFAULT NULL,
  `fk_soc` int NOT NULL,
  `datec` datetime DEFAULT NULL,
  `datef` date DEFAULT NULL,
  `date_pointoftax` date DEFAULT NULL,
  `date_valid` datetime DEFAULT NULL,
  `date_closing` datetime DEFAULT NULL,
  `tms` timestamp NOT NULL DEFAULT CURRENT_TIMESTAMP ON UPDATE CURRENT_TIMESTAMP,
  `paye` smallint NOT NULL DEFAULT '0',
  `remise_percent` double DEFAULT '0',
  `remise_absolue` double DEFAULT '0',
  `remise` double DEFAULT '0',
  `close_code` varchar(16) COLLATE utf8mb3_unicode_ci DEFAULT NULL,
  `close_missing_amount` double(24,8) DEFAULT NULL,
  `close_note` varchar(128) COLLATE utf8mb3_unicode_ci DEFAULT NULL,
  `total_tva` double(24,8) DEFAULT '0.00000000',
  `localtax1` double(24,8) DEFAULT '0.00000000',
  `localtax2` double(24,8) DEFAULT '0.00000000',
  `revenuestamp` double(24,8) DEFAULT '0.00000000',
  `total_ht` double(24,8) DEFAULT '0.00000000',
  `total_ttc` double(24,8) DEFAULT '0.00000000',
  `fk_statut` smallint NOT NULL DEFAULT '0',
  `fk_user_author` int DEFAULT NULL,
  `fk_user_modif` int DEFAULT NULL,
  `fk_user_valid` int DEFAULT NULL,
  `fk_user_closing` int DEFAULT NULL,
  `fk_fac_rec_source` int DEFAULT NULL,
  `fk_facture_source` int DEFAULT NULL,
  `fk_projet` int DEFAULT NULL,
  `fk_account` int DEFAULT NULL,
  `fk_currency` varchar(3) COLLATE utf8mb3_unicode_ci DEFAULT NULL,
  `fk_cond_reglement` int NOT NULL DEFAULT '1',
  `fk_mode_reglement` int DEFAULT NULL,
  `date_lim_reglement` date DEFAULT NULL,
  `note_private` text COLLATE utf8mb3_unicode_ci,
  `note_public` text COLLATE utf8mb3_unicode_ci,
  `model_pdf` varchar(255) COLLATE utf8mb3_unicode_ci DEFAULT NULL,
  `last_main_doc` varchar(255) COLLATE utf8mb3_unicode_ci DEFAULT NULL,
  `fk_incoterms` int DEFAULT NULL,
  `location_incoterms` varchar(255) COLLATE utf8mb3_unicode_ci DEFAULT NULL,
  `fk_transport_mode` int DEFAULT NULL,
  `situation_cycle_ref` int DEFAULT NULL,
  `situation_counter` smallint DEFAULT NULL,
  `situation_final` smallint DEFAULT NULL,
  `retained_warranty` double DEFAULT NULL,
  `retained_warranty_date_limit` date DEFAULT NULL,
  `retained_warranty_fk_cond_reglement` int DEFAULT NULL,
  `import_key` varchar(14) COLLATE utf8mb3_unicode_ci DEFAULT NULL,
  `extraparams` varchar(255) COLLATE utf8mb3_unicode_ci DEFAULT NULL,
  `fk_multicurrency` int DEFAULT NULL,
  `multicurrency_code` varchar(3) COLLATE utf8mb3_unicode_ci DEFAULT NULL,
  `multicurrency_tx` double(24,8) DEFAULT '1.00000000',
  `multicurrency_total_ht` double(24,8) DEFAULT '0.00000000',
  `multicurrency_total_tva` double(24,8) DEFAULT '0.00000000',
  `multicurrency_total_ttc` double(24,8) DEFAULT '0.00000000',
  `module_source` varchar(32) COLLATE utf8mb3_unicode_ci DEFAULT NULL,
  `pos_source` varchar(32) COLLATE utf8mb3_unicode_ci DEFAULT NULL,
  `prorata_discount` double DEFAULT NULL,
  `subtype` smallint DEFAULT NULL,
  PRIMARY KEY (`rowid`),
  UNIQUE KEY `uk_facture_ref` (`ref`,`entity`),
  KEY `idx_facture_fk_soc` (`fk_soc`),
  KEY `idx_facture_fk_user_author` (`fk_user_author`),
  KEY `idx_facture_fk_user_valid` (`fk_user_valid`),
  KEY `idx_facture_fk_facture_source` (`fk_facture_source`),
  KEY `idx_facture_fk_projet` (`fk_projet`),
  KEY `idx_facture_fk_account` (`fk_account`),
  KEY `idx_facture_fk_currency` (`fk_currency`),
  KEY `idx_facture_fk_statut` (`fk_statut`),
  KEY `idx_facture_datef` (`datef`),
  KEY `idx_facture_tms` (`tms`),
  CONSTRAINT `fk_facture_fk_facture_source` FOREIGN KEY (`fk_facture_source`) REFERENCES `t1zhf_facture` (`rowid`) ON DELETE RESTRICT ON UPDATE RESTRICT,
  CONSTRAINT `fk_facture_fk_projet` FOREIGN KEY (`fk_projet`) REFERENCES `t1zhf_projet` (`rowid`) ON DELETE RESTRICT ON UPDATE RESTRICT,
  CONSTRAINT `fk_facture_fk_soc` FOREIGN KEY (`fk_soc`) REFERENCES `t1zhf_societe` (`rowid`) ON DELETE RESTRICT ON UPDATE RESTRICT,
  CONSTRAINT `fk_facture_fk_user_author` FOREIGN KEY (`fk_user_author`) REFERENCES `t1zhf_user` (`rowid`) ON DELETE RESTRICT ON UPDATE RESTRICT,
  CONSTRAINT `fk_facture_fk_user_valid` FOREIGN KEY (`fk_user_valid`) REFERENCES `t1zhf_user` (`rowid`) ON DELETE RESTRICT ON UPDATE RESTRICT
) ENGINE=InnoDB AUTO_INCREMENT=72 DEFAULT CHARSET=utf8mb3 COLLATE=utf8mb3_unicode_ci;

--
-- Dumping data for table `t1zhf_facture`
--

INSERT INTO `t1zhf_facture` VALUES (1,'FA1901-0001',1,NULL,NULL,NULL,0,NULL,1,'2019-01-08 11:37:12','2019-01-08',NULL,'2019-01-08 00:00:00',NULL,'2019-01-08 10:38:04',1,NULL,NULL,0,NULL,NULL,NULL,28.00000000,0.00000000,0.00000000,0.00000000,140.00000000,168.00000000,2,1,NULL,1,NULL,NULL,NULL,NULL,1,NULL,1,2,'2019-01-09',NULL,NULL,'crabe','facture/FA1901-0001/FA1901-0001.pdf',0,'',NULL,NULL,NULL,0,NULL,NULL,NULL,NULL,NULL,0,'EUR',1.00000000,140.00000000,28.00000000,168.00000000,NULL,NULL,NULL,NULL),(2,'FA1901-0002',1,NULL,NULL,NULL,0,NULL,1,'2019-01-09 08:51:13','2019-01-09',NULL,'2019-01-09 00:00:00',NULL,'2019-03-05 15:58:28',1,NULL,NULL,0,NULL,NULL,NULL,14.00000000,0.00000000,0.00000000,0.00000000,70.00000000,84.00000000,2,1,NULL,1,NULL,NULL,NULL,NULL,1,NULL,1,2,'2019-01-10',NULL,NULL,'crabe','facture/FA1901-0002/FA1901-0002.pdf',0,'',NULL,NULL,NULL,0,NULL,NULL,NULL,NULL,NULL,0,'EUR',1.00000000,70.00000000,14.00000000,84.00000000,NULL,NULL,NULL,NULL),(4,'FA1901-0003',1,NULL,NULL,NULL,5,NULL,1,'2019-01-10 18:43:09','2019-01-10',NULL,'2019-01-10 00:00:00',NULL,'2019-03-05 15:58:28',1,NULL,NULL,0,NULL,NULL,NULL,14.00000000,0.00000000,0.00000000,0.00000000,70.00000000,84.00000000,2,1,NULL,1,NULL,NULL,NULL,NULL,1,NULL,1,2,'2019-01-11',NULL,NULL,'crabe_btp',NULL,0,'',NULL,1,1,0,NULL,NULL,NULL,NULL,NULL,0,'EUR',1.00000000,70.00000000,14.00000000,84.00000000,NULL,NULL,NULL,NULL),(6,'FA1901-0004',1,NULL,NULL,NULL,5,NULL,1,'2019-01-10 18:54:27','2019-01-10',NULL,'2019-01-10 00:00:00','2021-03-24 12:00:48','2021-03-24 11:00:48',1,NULL,NULL,0,NULL,NULL,NULL,12.80000000,0.00000000,0.00000000,0.00000000,64.00000000,76.80000000,2,1,NULL,1,1,NULL,NULL,NULL,1,NULL,1,2,'2019-01-11',NULL,NULL,'crabe_btp',NULL,0,'',NULL,2,1,0,NULL,NULL,NULL,NULL,NULL,0,'EUR',1.00000000,64.00000000,12.80000000,76.80000000,NULL,NULL,NULL,NULL),(7,'FA1901-0005',1,NULL,NULL,NULL,5,NULL,1,'2019-01-10 18:59:42','2019-01-10',NULL,'2019-01-10 00:00:00',NULL,'2019-03-05 15:58:28',1,NULL,NULL,0,NULL,NULL,NULL,51.20000000,0.00000000,0.00000000,0.00000000,256.00000000,307.20000000,2,1,NULL,1,NULL,NULL,6,NULL,NULL,NULL,1,2,'2019-01-11',NULL,NULL,'crabe_btp','facture/FA1901-0005/FA1901-0005.pdf',0,'',NULL,2,2,0,NULL,NULL,NULL,NULL,NULL,0,'EUR',1.00000000,256.00000000,51.20000000,307.20000000,NULL,NULL,NULL,NULL),(8,'FA1901-0006',1,NULL,NULL,NULL,5,NULL,1,'2019-01-10 19:02:42','2019-01-10',NULL,'2019-01-10 00:00:00','2021-03-24 12:00:49','2021-03-24 11:00:49',1,NULL,NULL,0,NULL,NULL,NULL,64.00000000,0.00000000,0.00000000,0.00000000,320.00000000,384.00000000,2,1,NULL,1,1,NULL,7,NULL,NULL,NULL,1,2,'2019-01-11',NULL,NULL,'crabe_btp','facture/FA1901-0006/FA1901-0006.pdf',0,'',NULL,2,3,0,NULL,NULL,NULL,NULL,NULL,0,'EUR',1.00000000,320.00000000,64.00000000,384.00000000,NULL,NULL,NULL,NULL),(9,'FA1901-0007',1,NULL,NULL,NULL,0,NULL,1,'2019-01-14 11:44:16','2019-01-14',NULL,'2019-01-14 00:00:00',NULL,'2019-02-11 11:54:23',0,NULL,NULL,0,NULL,NULL,NULL,16.00000000,0.00000000,0.00000000,0.00000000,80.00000000,96.00000000,0,1,NULL,1,NULL,NULL,NULL,NULL,1,NULL,1,6,'2019-01-15',NULL,NULL,'crabe','facture/FA1901-0007/FA1901-0007.pdf',0,'',NULL,NULL,NULL,1,NULL,NULL,NULL,NULL,NULL,0,'EUR',1.00000000,80.00000000,16.00000000,96.00000000,NULL,NULL,NULL,NULL),(11,'FA1902-0008',1,NULL,NULL,NULL,5,NULL,3,'2019-02-18 12:24:31','2019-02-18',NULL,'2019-02-18 00:00:00','2021-05-25 18:43:39','2021-05-25 16:43:39',1,NULL,NULL,0,NULL,NULL,NULL,100.00000000,0.00000000,0.00000000,0.00000000,500.00000000,600.00000000,2,1,NULL,1,1,NULL,NULL,NULL,NULL,NULL,1,0,'2019-02-19',NULL,NULL,'crabe_btp','facture/FA1902-0008/FA1902-0008.pdf',0,'',NULL,3,1,0,NULL,NULL,NULL,NULL,NULL,0,'EUR',1.00000000,500.00000000,100.00000000,600.00000000,NULL,NULL,NULL,NULL),(12,'FA1902-0009',1,NULL,NULL,NULL,5,NULL,3,'2019-02-18 12:26:45','2019-02-18',NULL,'2019-02-18 00:00:00','2021-05-25 18:43:39','2021-05-25 16:43:39',1,NULL,NULL,0,NULL,NULL,NULL,160.00000000,0.00000000,0.00000000,0.00000000,800.00000000,960.00000000,2,1,NULL,1,1,NULL,11,NULL,NULL,NULL,1,0,'2019-02-19',NULL,NULL,'crabe_btp','facture/(PROV12)/(PROV12).pdf',0,'',NULL,3,2,0,NULL,NULL,NULL,NULL,NULL,0,'EUR',1.00000000,800.00000000,160.00000000,960.00000000,NULL,NULL,NULL,NULL),(13,'FA1902-0010',1,NULL,NULL,NULL,5,NULL,3,'2019-02-18 12:28:06','2019-02-18',NULL,'2019-02-18 00:00:00','2021-05-25 18:43:39','2021-05-25 16:43:39',1,NULL,NULL,0,NULL,NULL,NULL,390.00000000,0.00000000,0.00000000,0.00000000,1950.00000000,2340.00000000,2,1,NULL,1,1,NULL,12,NULL,NULL,NULL,1,0,'2019-02-19',NULL,NULL,'crabe_btp','facture/FA1902-0010/FA1902-0010.pdf',0,'',NULL,3,3,0,NULL,NULL,NULL,NULL,NULL,0,'EUR',1.00000000,1950.00000000,390.00000000,2340.00000000,NULL,NULL,NULL,NULL),(14,'FA1902-0011',1,NULL,NULL,NULL,5,NULL,3,'2019-02-18 12:29:32','2019-02-18',NULL,'2019-02-18 00:00:00','2021-05-25 18:43:40','2021-05-25 16:43:40',1,NULL,NULL,0,NULL,NULL,NULL,650.00000000,0.00000000,0.00000000,0.00000000,3250.00000000,3900.00000000,2,1,NULL,1,1,NULL,13,NULL,NULL,NULL,1,0,'2019-02-19',NULL,NULL,'crabe_btp','facture/FA1902-0011/FA1902-0011.pdf',0,'',NULL,3,4,1,NULL,NULL,NULL,NULL,NULL,0,'EUR',1.00000000,3250.00000000,650.00000000,3900.00000000,NULL,NULL,NULL,NULL),(15,'FA1902-0012',1,NULL,NULL,NULL,5,NULL,3,'2019-02-20 14:48:37','2019-02-20',NULL,'2019-02-20 00:00:00','2021-05-25 18:43:40','2021-05-25 16:43:40',1,NULL,NULL,0,NULL,NULL,NULL,1230.00000000,0.00000000,0.00000000,0.00000000,8430.00000000,9660.00000000,2,1,NULL,1,1,NULL,NULL,3,NULL,NULL,1,0,'2019-02-21',NULL,NULL,'crabe_btp','facture/(PROV15)/(PROV15).pdf',0,'',NULL,4,1,0,NULL,NULL,NULL,NULL,NULL,0,'EUR',1.00000000,8430.00000000,1230.00000000,9660.00000000,NULL,NULL,NULL,NULL),(16,'FA1902-0013',1,NULL,NULL,NULL,5,NULL,3,'2019-02-20 15:27:57','2019-02-20',NULL,'2019-02-20 00:00:00',NULL,'2019-02-20 16:00:39',0,NULL,NULL,0,NULL,NULL,NULL,546.00000000,0.00000000,0.00000000,0.00000000,2730.00000000,3276.00000000,0,1,NULL,1,NULL,NULL,15,3,NULL,NULL,1,0,'2019-02-21',NULL,NULL,'crabe_btp','facture/FA1902-0013/FA1902-0013.pdf',0,'',NULL,4,2,0,NULL,NULL,NULL,NULL,NULL,0,'EUR',1.00000000,2730.00000000,546.00000000,3276.00000000,NULL,NULL,NULL,NULL),(18,'FA1902-0014',1,NULL,NULL,'aq',5,NULL,1,'2019-02-20 18:53:58','2019-02-20',NULL,'2019-02-20 00:00:00','2021-03-24 12:00:49','2021-03-24 11:00:49',1,NULL,NULL,0,NULL,NULL,NULL,111.56000000,0.00000000,0.00000000,0.00000000,557.81000000,669.37000000,2,1,NULL,1,1,NULL,NULL,4,1,NULL,1,2,'2019-02-21',NULL,'<div style=\"text-align:center\"><span style=\"font-size:12px\"><span style=\"font-family:Arial,Helvetica,sans-serif\"><strong>NOTE D&rsquo;HONORAIRES SUIVANT MONTANT du CONTRAT<br />\r\nHONORAIRES DES PHASES EX&Eacute;CUT&Eacute;ES</strong></span></span></div>\r\n\r\n<table border=\"1\" cellpadding=\"5\" cellspacing=\"0\" style=\"width:100%\">\r\n	<tbody>\r\n		<tr>\r\n			<td>&nbsp;</td>\r\n			<td>HT</td>\r\n			<td>TVA</td>\r\n			<td>TTC</td>\r\n		</tr>\r\n		<tr>\r\n			<td>MONTANT PREVISIONNEL DES TRAVAUX</td>\r\n			<td>127 500,00 &euro;</td>\r\n			<td>25 500,00 &euro;</td>\r\n			<td>153 000,00 &euro;</td>\r\n		</tr>\r\n		<tr>\r\n			<td>MONTANT TOTAL DES HONORAIRES 8,75% pour une mission compl&egrave;te</td>\r\n			<td>11 156,25</td>\r\n			<td>2 231,25 &euro;</td>\r\n			<td>13 387,50 &euro;</td>\r\n		</tr>\r\n	</tbody>\r\n</table>','crabe_btp','facture/FA1902-0014/FA1902-0014.pdf',0,'',NULL,5,1,0,NULL,NULL,NULL,NULL,NULL,0,'EUR',1.00000000,557.81000000,111.56000000,669.37000000,NULL,NULL,NULL,NULL),(19,'FA1903-0015',1,NULL,NULL,'aq',5,NULL,1,'2019-02-20 18:57:18','2019-03-01',NULL,'2019-02-20 00:00:00','2021-05-25 18:42:48','2021-05-25 16:42:48',1,NULL,NULL,0,NULL,NULL,NULL,780.94000000,0.00000000,0.00000000,0.00000000,3904.69000000,4685.63000000,2,1,NULL,1,1,NULL,18,4,NULL,NULL,1,2,'2019-03-02',NULL,'<div style=\"text-align:center\"><span style=\"font-size:12px\"><span style=\"font-family:Arial,Helvetica,sans-serif\"><strong>NOTE D&rsquo;HONORAIRES SUIVANT MONTANT du CONTRAT<br />\r\nHONORAIRES DES PHASES EX&Eacute;CUT&Eacute;ES</strong></span></span></div>\r\n\r\n<table border=\"1\" cellpadding=\"5\" cellspacing=\"0\" style=\"width:100%\">\r\n	<tbody>\r\n		<tr>\r\n			<td>&nbsp;</td>\r\n			<td>HT</td>\r\n			<td>TVA</td>\r\n			<td>TTC</td>\r\n		</tr>\r\n		<tr>\r\n			<td>MONTANT PREVISIONNEL DES TRAVAUX</td>\r\n			<td>127 500,00 &euro;</td>\r\n			<td>25 500,00 &euro;</td>\r\n			<td>153 000,00 &euro;</td>\r\n		</tr>\r\n		<tr>\r\n			<td>MONTANT TOTAL DES HONORAIRES 8,75% pour une mission compl&egrave;te</td>\r\n			<td>11 156,25</td>\r\n			<td>2 231,25 &euro;</td>\r\n			<td>13 387,50 &euro;</td>\r\n		</tr>\r\n	</tbody>\r\n</table>','crabe_btp','facture/FA1903-0015/FA1903-0015.pdf',0,'',NULL,5,2,0,NULL,NULL,NULL,NULL,NULL,0,'EUR',1.00000000,3904.69000000,780.94000000,4685.63000000,NULL,NULL,NULL,NULL),(20,'FA1904-0016',1,NULL,NULL,'aq',5,NULL,1,'2019-02-20 18:59:27','2019-04-01',NULL,'2019-02-20 00:00:00','2021-03-24 12:00:50','2021-03-24 11:00:50',1,NULL,NULL,0,NULL,NULL,NULL,669.38000000,0.00000000,0.00000000,0.00000000,3346.88000000,4016.26000000,2,1,NULL,1,1,NULL,19,4,NULL,NULL,1,2,'2019-04-02',NULL,'<div style=\"text-align:center\"><span style=\"font-size:12px\"><span style=\"font-family:Arial,Helvetica,sans-serif\"><strong>NOTE D&rsquo;HONORAIRES SUIVANT MONTANT du CONTRAT<br />\r\nHONORAIRES DES PHASES EX&Eacute;CUT&Eacute;ES</strong></span></span></div>\r\n\r\n<table border=\"1\" cellpadding=\"5\" cellspacing=\"0\" style=\"width:100%\">\r\n	<tbody>\r\n		<tr>\r\n			<td>&nbsp;</td>\r\n			<td>HT</td>\r\n			<td>TVA</td>\r\n			<td>TTC</td>\r\n		</tr>\r\n		<tr>\r\n			<td>MONTANT PREVISIONNEL DES TRAVAUX</td>\r\n			<td>127 500,00 &euro;</td>\r\n			<td>25 500,00 &euro;</td>\r\n			<td>153 000,00 &euro;</td>\r\n		</tr>\r\n		<tr>\r\n			<td>MONTANT TOTAL DES HONORAIRES 8,75% pour une mission compl&egrave;te</td>\r\n			<td>11 156,25</td>\r\n			<td>2 231,25 &euro;</td>\r\n			<td>13 387,50 &euro;</td>\r\n		</tr>\r\n	</tbody>\r\n</table>','crabe_btp','facture/FA1904-0016/FA1904-0016.pdf',0,'',NULL,5,3,0,NULL,NULL,NULL,NULL,NULL,0,'EUR',1.00000000,3346.88000000,669.38000000,4016.26000000,NULL,NULL,NULL,NULL),(21,'FA1905-0017',1,NULL,NULL,'aq',5,NULL,1,'2019-02-20 19:02:27','2019-05-01',NULL,'2019-02-20 00:00:00','2021-05-25 18:42:49','2021-05-25 16:42:49',1,NULL,NULL,0,NULL,NULL,NULL,62.47000000,0.00000000,0.00000000,0.00000000,312.38000000,374.85000000,2,1,NULL,1,1,NULL,20,4,NULL,NULL,1,2,'2019-05-02',NULL,'<div style=\"text-align:center\"><span style=\"font-size:12px\"><span style=\"font-family:Arial,Helvetica,sans-serif\"><strong>NOTE D&rsquo;HONORAIRES SUIVANT MONTANT du CONTRAT<br />\r\nHONORAIRES DES PHASES EX&Eacute;CUT&Eacute;ES</strong></span></span></div>\r\n\r\n<table border=\"1\" cellpadding=\"5\" cellspacing=\"0\" style=\"width:100%\">\r\n	<tbody>\r\n		<tr>\r\n			<td>&nbsp;</td>\r\n			<td>HT</td>\r\n			<td>TVA</td>\r\n			<td>TTC</td>\r\n		</tr>\r\n		<tr>\r\n			<td>MONTANT PREVISIONNEL DES TRAVAUX</td>\r\n			<td>127 500,00 &euro;</td>\r\n			<td>25 500,00 &euro;</td>\r\n			<td>153 000,00 &euro;</td>\r\n		</tr>\r\n		<tr>\r\n			<td>MONTANT TOTAL DES HONORAIRES 8,75% pour une mission compl&egrave;te</td>\r\n			<td>11 156,25</td>\r\n			<td>2 231,25 &euro;</td>\r\n			<td>13 387,50 &euro;</td>\r\n		</tr>\r\n	</tbody>\r\n</table>','crabe_btp','facture/FA1905-0017/FA1905-0017.pdf',0,'',NULL,5,4,0,NULL,NULL,NULL,NULL,NULL,0,'EUR',1.00000000,312.38000000,62.47000000,374.85000000,NULL,NULL,NULL,NULL),(22,'FA1906-0018',1,NULL,NULL,'aq',5,NULL,1,'2019-02-20 19:06:43','2019-06-01',NULL,'2019-02-20 00:00:00','2021-05-25 18:42:49','2021-05-25 16:42:49',1,NULL,NULL,0,NULL,NULL,NULL,249.90000000,0.00000000,0.00000000,0.00000000,1249.50000000,1499.40000000,2,1,NULL,1,1,NULL,21,4,NULL,NULL,1,2,'2019-06-02',NULL,'<div style=\"text-align:center\"><span style=\"font-size:12px\"><span style=\"font-family:Arial,Helvetica,sans-serif\"><strong>NOTE D&rsquo;HONORAIRES SUIVANT MONTANT du CONTRAT<br />\r\nHONORAIRES DES PHASES EX&Eacute;CUT&Eacute;ES</strong></span></span></div>\r\n\r\n<table border=\"1\" cellpadding=\"5\" cellspacing=\"0\" style=\"width:100%\">\r\n	<tbody>\r\n		<tr>\r\n			<td>&nbsp;</td>\r\n			<td>HT</td>\r\n			<td>TVA</td>\r\n			<td>TTC</td>\r\n		</tr>\r\n		<tr>\r\n			<td>MONTANT PREVISIONNEL DES TRAVAUX</td>\r\n			<td>127 500,00 &euro;</td>\r\n			<td>25 500,00 &euro;</td>\r\n			<td>153 000,00 &euro;</td>\r\n		</tr>\r\n		<tr>\r\n			<td>MONTANT TOTAL DES HONORAIRES 8,75% pour une mission compl&egrave;te</td>\r\n			<td>11 156,25</td>\r\n			<td>2 231,25 &euro;</td>\r\n			<td>13 387,50 &euro;</td>\r\n		</tr>\r\n	</tbody>\r\n</table>','crabe_btp','facture/FA1906-0018/FA1906-0018.pdf',0,'',NULL,5,5,0,NULL,NULL,NULL,NULL,NULL,0,'EUR',1.00000000,1249.50000000,249.90000000,1499.40000000,NULL,NULL,NULL,NULL),(23,'FA1907-0019',1,NULL,NULL,'aq',5,NULL,1,'2019-02-20 19:08:42','2019-07-01',NULL,'2019-02-20 00:00:00','2021-05-25 18:42:49','2021-05-25 16:42:49',1,NULL,NULL,0,NULL,NULL,NULL,312.38000000,0.00000000,0.00000000,0.00000000,1561.87000000,1874.25000000,2,1,NULL,1,1,NULL,22,4,NULL,NULL,1,2,'2019-07-02',NULL,'<div style=\"text-align:center\"><span style=\"font-size:12px\"><span style=\"font-family:Arial,Helvetica,sans-serif\"><strong>NOTE D&rsquo;HONORAIRES SUIVANT MONTANT du CONTRAT<br />\r\nHONORAIRES DES PHASES EX&Eacute;CUT&Eacute;ES</strong></span></span></div>\r\n\r\n<table border=\"1\" cellpadding=\"5\" cellspacing=\"0\" style=\"width:100%\">\r\n	<tbody>\r\n		<tr>\r\n			<td>&nbsp;</td>\r\n			<td>HT</td>\r\n			<td>TVA</td>\r\n			<td>TTC</td>\r\n		</tr>\r\n		<tr>\r\n			<td>MONTANT PREVISIONNEL DES TRAVAUX</td>\r\n			<td>127 500,00 &euro;</td>\r\n			<td>25 500,00 &euro;</td>\r\n			<td>153 000,00 &euro;</td>\r\n		</tr>\r\n		<tr>\r\n			<td>MONTANT TOTAL DES HONORAIRES 8,75% pour une mission compl&egrave;te</td>\r\n			<td>11 156,25</td>\r\n			<td>2 231,25 &euro;</td>\r\n			<td>13 387,50 &euro;</td>\r\n		</tr>\r\n	</tbody>\r\n</table>','crabe_btp','facture/FA1907-0019/FA1907-0019.pdf',0,'',NULL,5,6,0,NULL,NULL,NULL,NULL,NULL,0,'EUR',1.00000000,1561.87000000,312.38000000,1874.25000000,NULL,NULL,NULL,NULL),(24,'FA1908-0020',1,NULL,NULL,'aq',5,NULL,1,'2019-02-20 19:10:19','2019-08-01',NULL,'2019-02-28 00:00:00','2021-05-25 18:42:49','2021-05-25 16:42:49',1,NULL,NULL,0,NULL,NULL,NULL,44.75000000,0.00000000,0.00000000,0.00000000,223.75000000,268.50000000,2,1,NULL,1,1,NULL,23,4,NULL,NULL,1,2,'2019-08-02',NULL,'<div style=\"text-align:center\"><span style=\"font-size:12px\"><span style=\"font-family:Arial,Helvetica,sans-serif\"><strong>NOTE D&rsquo;HONORAIRES SUIVANT MONTANT du CONTRAT<br />\r\nHONORAIRES DES PHASES EX&Eacute;CUT&Eacute;ES</strong></span></span></div>\r\n\r\n<table border=\"1\" cellpadding=\"5\" cellspacing=\"0\" style=\"width:100%\">\r\n	<tbody>\r\n		<tr>\r\n			<td>&nbsp;</td>\r\n			<td>HT</td>\r\n			<td>TVA</td>\r\n			<td>TTC</td>\r\n		</tr>\r\n		<tr>\r\n			<td>MONTANT PREVISIONNEL DES TRAVAUX</td>\r\n			<td>127 500,00 &euro;</td>\r\n			<td>25 500,00 &euro;</td>\r\n			<td>153 000,00 &euro;</td>\r\n		</tr>\r\n		<tr>\r\n			<td>MONTANT TOTAL DES HONORAIRES 8,75% pour une mission compl&egrave;te</td>\r\n			<td>11 156,25</td>\r\n			<td>2 231,25 &euro;</td>\r\n			<td>13 387,50 &euro;</td>\r\n		</tr>\r\n	</tbody>\r\n</table>','crabe_btp','facture/FA1908-0020/FA1908-0020.pdf',0,'',NULL,5,7,1,NULL,NULL,NULL,NULL,NULL,0,'EUR',1.00000000,223.75000000,44.75000000,268.50000000,NULL,NULL,NULL,NULL),(26,'FA1902-0021',1,NULL,NULL,NULL,5,NULL,1,'2019-02-22 17:55:09','2019-02-22',NULL,'2019-02-22 00:00:00',NULL,'2019-03-05 15:58:29',1,NULL,NULL,0,NULL,NULL,NULL,1108.32000000,0.00000000,0.00000000,0.00000000,5541.76000000,6650.08000000,2,1,NULL,1,NULL,NULL,NULL,NULL,1,NULL,1,2,'2019-02-23',NULL,'<div style=\"text-align:center\"><span style=\"font-size:12px\"><span style=\"font-family:Arial,Helvetica,sans-serif\"><strong>NOTE D&rsquo;HONORAIRES SUIVANT MONTANT du CONTRAT<br />\r\nHONORAIRES DES PHASES EX&Eacute;CUT&Eacute;ES</strong></span></span></div>\r\n\r\n<table border=\"1\" cellpadding=\"5\" cellspacing=\"0\" style=\"width:100%\">\r\n	<tbody>\r\n		<tr>\r\n			<td>&nbsp;</td>\r\n			<td>HT</td>\r\n			<td>TVA</td>\r\n			<td>TTC</td>\r\n		</tr>\r\n		<tr>\r\n			<td>MONTANT PREVISIONNEL DES TRAVAUX</td>\r\n			<td>127 500,00 &euro;</td>\r\n			<td>25 500,00 &euro;</td>\r\n			<td>153 000,00 &euro;</td>\r\n		</tr>\r\n		<tr>\r\n			<td>MONTANT TOTAL DES HONORAIRES 8,75% pour une mission compl&egrave;te</td>\r\n			<td>11 156,25</td>\r\n			<td>2 231,25 &euro;</td>\r\n			<td>13 387,50 &euro;</td>\r\n		</tr>\r\n	</tbody>\r\n</table>','crabe_btp',NULL,0,'',NULL,6,1,0,NULL,NULL,NULL,NULL,NULL,0,'EUR',1.00000000,5541.76000000,1108.32000000,6650.08000000,NULL,NULL,NULL,NULL),(29,'FA1903-0022',1,NULL,NULL,NULL,5,NULL,1,'2019-03-05 16:45:00','2019-03-05',NULL,'2019-03-05 00:00:00','2021-03-24 12:00:49','2021-03-24 11:00:49',1,NULL,NULL,0,NULL,NULL,NULL,1624.35000000,0.00000000,0.00000000,0.00000000,8121.76000000,9746.11000000,2,1,NULL,1,1,NULL,NULL,4,1,NULL,1,2,'2019-03-06',NULL,'<div style=\"text-align:center\"><span style=\"font-size:12px\"><span style=\"font-family:Arial,Helvetica,sans-serif\"><strong>ANNEXE FINANCIER</strong></span></span></div>\r\n\r\n<table border=\"1\" cellpadding=\"5\" cellspacing=\"0\" style=\"width:100%\">\r\n	<tbody>\r\n		<tr>\r\n			<td style=\"width:50%\">&nbsp;</td>\r\n			<td style=\"width:16%\">HT</td>\r\n			<td style=\"width:16%\">TVA</td>\r\n			<td style=\"width:16%\">TTC</td>\r\n		</tr>\r\n		<tr>\r\n			<td>MONTANT PREVISIONNEL DES TRAVAUX</td>\r\n			<td>127 500,00 &euro;</td>\r\n			<td>25 500,00 &euro;</td>\r\n			<td>153 000,00 &euro;</td>\r\n		</tr>\r\n		<tr>\r\n			<td>MONTANT TOTAL DES HONORAIRES 8,75% pour une mission compl&egrave;te</td>\r\n			<td>11 156,25</td>\r\n			<td>2 231,25 &euro;</td>\r\n			<td>13 387,50 &euro;</td>\r\n		</tr>\r\n	</tbody>\r\n</table>','crabe_btp','facture/(PROV29)/(PROV29).pdf',0,'',NULL,8,1,0,NULL,NULL,NULL,NULL,NULL,0,'EUR',1.00000000,8121.76000000,1624.35000000,9746.11000000,NULL,NULL,NULL,NULL),(30,'FA1904-0023',1,NULL,NULL,NULL,5,NULL,1,'2019-03-05 16:51:01','2019-04-02',NULL,'2019-03-05 00:00:00','2021-03-24 12:00:50','2021-03-24 11:00:50',1,NULL,NULL,0,NULL,NULL,NULL,187.43000000,0.00000000,0.00000000,0.00000000,937.12000000,1124.55000000,2,1,NULL,1,1,NULL,29,4,NULL,NULL,1,2,'2019-04-03',NULL,'<div style=\"text-align:center\"><span style=\"font-size:12px\"><span style=\"font-family:Arial,Helvetica,sans-serif\"><strong>ANNEXE FINANCIER</strong></span></span></div>\r\n\r\n<table border=\"1\" cellpadding=\"5\" cellspacing=\"0\" style=\"width:100%\">\r\n	<tbody>\r\n		<tr>\r\n			<td style=\"width:50%\">&nbsp;</td>\r\n			<td style=\"width:16%\">HT</td>\r\n			<td style=\"width:16%\">TVA</td>\r\n			<td style=\"width:16%\">TTC</td>\r\n		</tr>\r\n		<tr>\r\n			<td>MONTANT PREVISIONNEL DES TRAVAUX</td>\r\n			<td>127 500,00 &euro;</td>\r\n			<td>25 500,00 &euro;</td>\r\n			<td>153 000,00 &euro;</td>\r\n		</tr>\r\n		<tr>\r\n			<td>MONTANT TOTAL DES HONORAIRES 8,75% pour une mission compl&egrave;te</td>\r\n			<td>11 156,25</td>\r\n			<td>2 231,25 &euro;</td>\r\n			<td>13 387,50 &euro;</td>\r\n		</tr>\r\n	</tbody>\r\n</table>','crabe_btp','facture/(PROV30)/(PROV30).pdf',0,'',NULL,8,2,0,NULL,NULL,NULL,NULL,NULL,0,'EUR',1.00000000,937.12000000,187.43000000,1124.55000000,NULL,NULL,NULL,NULL),(32,'FA1906-0024',1,NULL,NULL,NULL,0,NULL,1,'2019-06-14 14:44:33','2019-06-14',NULL,'2019-06-14 00:00:00','2021-05-25 18:42:49','2021-05-25 16:42:49',1,NULL,NULL,0,NULL,NULL,NULL,5132.01000000,0.00000000,0.00000000,0.00000000,25660.03000000,30792.04000000,2,1,NULL,1,1,NULL,NULL,4,1,NULL,1,2,'2019-06-15',NULL,'<div style=\"text-align:center\"><span style=\"font-size:12px\"><span style=\"font-family:Arial,Helvetica,sans-serif\"><strong>ANNEXE FINANCIER</strong></span></span></div>\r\n\r\n<table border=\"1\" cellpadding=\"5\" cellspacing=\"0\" style=\"width:100%\">\r\n	<tbody>\r\n		<tr>\r\n			<td style=\"width:50%\">&nbsp;</td>\r\n			<td style=\"width:16%\">HT</td>\r\n			<td style=\"width:16%\">TVA</td>\r\n			<td style=\"width:16%\">TTC</td>\r\n		</tr>\r\n		<tr>\r\n			<td>MONTANT PREVISIONNEL DES TRAVAUX</td>\r\n			<td>127 500,00 &euro;</td>\r\n			<td>25 500,00 &euro;</td>\r\n			<td>153 000,00 &euro;</td>\r\n		</tr>\r\n		<tr>\r\n			<td>MONTANT TOTAL DES HONORAIRES 8,75% pour une mission compl&egrave;te</td>\r\n			<td>11 156,25</td>\r\n			<td>2 231,25 &euro;</td>\r\n			<td>13 387,50 &euro;</td>\r\n		</tr>\r\n	</tbody>\r\n</table>','crabe','facture/FA1906-0024/FA1906-0024.pdf',0,'',NULL,NULL,NULL,0,NULL,NULL,NULL,NULL,NULL,0,'EUR',1.00000000,25660.03000000,5132.01000000,30792.04000000,NULL,NULL,NULL,NULL),(33,'FA1906-0025',1,NULL,NULL,NULL,0,NULL,4,'2019-06-14 15:19:31','2019-06-14',NULL,'2021-05-26 00:00:00',NULL,'2021-05-26 14:58:41',0,NULL,NULL,0,NULL,NULL,NULL,0.00000000,0.00000000,0.00000000,0.00000000,440.00000000,440.00000000,0,1,NULL,1,NULL,NULL,NULL,3,NULL,NULL,1,0,'2019-06-15',NULL,NULL,'crabe','facture/FA1906-0025/FA1906-0025.pdf',0,'',NULL,NULL,NULL,1,NULL,NULL,NULL,NULL,NULL,0,'EUR',1.00000000,440.00000000,0.00000000,440.00000000,NULL,NULL,NULL,NULL),(34,'FA1907-0026',1,NULL,NULL,NULL,0,NULL,4,'2019-07-14 21:05:28','2019-07-14',NULL,'2019-07-14 00:00:00','2023-04-25 11:45:01','2023-04-25 09:45:01',1,NULL,NULL,0,NULL,NULL,NULL,0.00000000,0.00000000,0.00000000,0.00000000,0.00000000,0.00000000,2,1,NULL,1,1,NULL,NULL,3,NULL,NULL,1,0,'2019-07-15',NULL,NULL,'crabe','facture/FA1907-0026/FA1907-0026.pdf',0,'',NULL,NULL,NULL,1,NULL,NULL,NULL,NULL,NULL,0,'EUR',1.00000000,0.00000000,0.00000000,0.00000000,NULL,NULL,NULL,NULL),(35,'FA1909-0027',1,NULL,NULL,NULL,5,NULL,3,'2019-09-06 15:24:05','2019-09-06',NULL,'2019-09-06 00:00:00','2021-05-25 18:43:40','2021-05-25 16:43:40',1,NULL,NULL,0,NULL,NULL,NULL,1605.00000000,0.00000000,0.00000000,0.00000000,9450.00000000,11055.00000000,2,1,1,1,1,NULL,NULL,3,NULL,NULL,1,0,'2019-09-07',NULL,'Montant total du marché :','crabe_btp','facture/FA1909-0027/FA1909-0027.pdf',0,'',NULL,9,1,0,NULL,NULL,NULL,NULL,NULL,0,'EUR',1.00000000,9450.00000000,1605.00000000,11055.00000000,NULL,NULL,NULL,NULL),(38,'FA1908-0028',1,NULL,NULL,NULL,0,NULL,4,'2019-09-09 15:26:38','2019-08-29',NULL,'2019-09-09 00:00:00',NULL,'2019-12-09 10:26:45',1,NULL,NULL,0,NULL,NULL,NULL,17.00000000,0.00000000,0.00000000,0.00000000,85.00000000,102.00000000,2,1,NULL,1,NULL,NULL,NULL,8,NULL,NULL,3,2,'2019-09-30',NULL,'chantier formeuse de caisse','crabe','facture/FA1908-0028/FA1908-0028.pdf',0,'',NULL,NULL,NULL,1,NULL,NULL,NULL,NULL,NULL,0,'EUR',1.00000000,85.00000000,17.00000000,102.00000000,NULL,NULL,NULL,NULL),(39,'FA1912-0029',1,NULL,NULL,'hj;khjkhjk',0,NULL,4,'2019-12-09 11:22:40','2019-12-09',NULL,'2019-12-09 00:00:00',NULL,'2019-12-09 10:26:45',1,NULL,NULL,0,NULL,NULL,NULL,61.00000000,0.00000000,0.00000000,0.00000000,305.00000000,366.00000000,2,1,NULL,1,NULL,NULL,NULL,8,1,NULL,1,2,'2019-12-10',NULL,NULL,'crabe','facture/FA1912-0029/FA1912-0029.pdf',0,'',NULL,NULL,NULL,1,NULL,NULL,NULL,NULL,NULL,0,'EUR',1.00000000,305.00000000,61.00000000,366.00000000,NULL,NULL,NULL,NULL),(40,'FA2001-0030',1,NULL,NULL,'13112019',0,NULL,1,'2020-01-14 15:17:07','2020-01-14',NULL,'2020-01-14 00:00:00','2021-05-25 18:42:50','2021-05-25 16:42:50',1,NULL,NULL,0,NULL,NULL,NULL,300.00000000,0.00000000,0.00000000,0.00000000,1500.00000000,1800.00000000,2,1,NULL,1,1,NULL,NULL,NULL,1,NULL,3,2,'2020-02-29',NULL,NULL,'crabe','facture/FA2001-0030/FA2001-0030.pdf',0,'',NULL,NULL,NULL,1,NULL,NULL,NULL,NULL,NULL,0,'EUR',1.00000000,1500.00000000,300.00000000,1800.00000000,NULL,NULL,NULL,NULL),(41,'FA2006-0031',1,NULL,NULL,NULL,0,NULL,4,'2020-06-22 15:19:37','2020-06-22',NULL,'2020-06-22 00:00:00','2021-05-25 18:44:33','2021-05-25 16:44:33',1,NULL,NULL,0,NULL,NULL,NULL,211.80000000,0.00000000,0.00000000,0.00000000,1059.00000000,1270.80000000,2,1,NULL,1,1,NULL,NULL,8,NULL,NULL,3,2,'2020-07-31',NULL,NULL,'crabe','facture/FA2006-0031/FA2006-0031.pdf',0,'',NULL,NULL,NULL,1,0,NULL,0,NULL,NULL,0,'EUR',1.00000000,1059.00000000,211.80000000,1270.80000000,NULL,NULL,NULL,NULL),(42,'FA2011-0032',1,NULL,NULL,NULL,0,NULL,1,'2020-11-02 12:26:19','2020-11-02',NULL,'2020-11-02 00:00:00','2021-05-25 18:42:50','2021-05-25 16:42:50',1,NULL,NULL,0,NULL,NULL,NULL,80.00000000,0.00000000,0.00000000,0.00000000,400.00000000,480.00000000,2,1,NULL,1,1,NULL,NULL,NULL,1,NULL,1,2,'2020-11-03',NULL,NULL,'crabe','facture/FA2011-0032/FA2011-0032.pdf',0,'',NULL,NULL,NULL,1,0,NULL,0,NULL,NULL,0,'EUR',1.00000000,400.00000000,80.00000000,480.00000000,NULL,NULL,NULL,NULL),(43,'FA2102-0033',1,NULL,NULL,NULL,0,NULL,7,'2021-02-11 14:44:38','2021-02-10',NULL,'2021-02-11 00:00:00','2021-02-11 15:04:19','2021-02-11 14:04:19',1,NULL,NULL,0,NULL,NULL,NULL,64.00000000,0.00000000,0.00000000,0.00000000,320.00000000,384.00000000,2,1,NULL,1,1,NULL,NULL,NULL,1,NULL,1,7,'2021-02-11',NULL,NULL,'crabe','facture/FA2102-0033/FA2102-0033.pdf',0,'',NULL,NULL,NULL,1,0,NULL,0,NULL,NULL,0,'EUR',1.00000000,320.00000000,64.00000000,384.00000000,NULL,NULL,NULL,NULL),(44,'FA2103-0034',1,NULL,NULL,NULL,0,NULL,1,'2021-03-08 17:26:24','2021-03-08',NULL,'2021-03-08 00:00:00','2021-05-25 18:42:50','2021-05-25 16:42:50',1,NULL,NULL,0,NULL,NULL,NULL,400.00000000,0.00000000,0.00000000,0.00000000,2000.00000000,2400.00000000,2,1,NULL,1,1,NULL,NULL,9,1,NULL,2,2,'2021-04-07',NULL,NULL,'crabe','facture/FA2103-0034/FA2103-0034.pdf',0,'',NULL,NULL,NULL,1,0,NULL,0,NULL,NULL,0,'EUR',1.00000000,2000.00000000,400.00000000,2400.00000000,NULL,NULL,NULL,NULL),(45,'FA2103-0035',1,NULL,NULL,'123456789',0,NULL,1,'2021-03-24 11:53:06','2021-03-31',NULL,'2021-03-24 00:00:00','2021-05-25 18:42:50','2021-05-25 16:42:50',1,NULL,NULL,0,NULL,NULL,NULL,35.40000000,0.00000000,0.00000000,0.00000000,177.00000000,212.40000000,2,1,NULL,1,1,NULL,NULL,NULL,1,NULL,13,2,'2021-04-30',NULL,NULL,'crabe','facture/FA2103-0035/FA2103-0035.pdf',0,'',NULL,NULL,NULL,1,0,NULL,0,NULL,NULL,0,'EUR',1.00000000,177.00000000,35.40000000,212.40000000,NULL,NULL,NULL,NULL),(46,'FA2105-0036',1,NULL,NULL,NULL,5,NULL,2,'2021-05-25 16:01:54','2021-05-25',NULL,'2021-05-25 00:00:00','2021-05-25 18:44:57','2021-05-25 16:44:57',1,NULL,NULL,0,NULL,NULL,NULL,148.00000000,0.00000000,0.00000000,0.00000000,740.00000000,888.00000000,2,1,NULL,1,1,NULL,NULL,10,1,NULL,2,2,'2021-06-24',NULL,NULL,'crabe_btp','facture/FA2105-0036/FA2105-0036.pdf',0,'',NULL,10,1,0,0,'2021-06-24',0,NULL,NULL,0,'EUR',1.00000000,740.00000000,148.00000000,888.00000000,NULL,NULL,NULL,NULL),(47,'FA2105-0037',1,NULL,NULL,NULL,5,NULL,2,'2021-05-25 16:04:45','2021-05-25',NULL,'2021-05-25 00:00:00','2021-05-25 18:44:57','2021-05-25 16:44:57',1,NULL,NULL,0,NULL,NULL,NULL,592.00000000,0.00000000,0.00000000,0.00000000,2960.00000000,3552.00000000,2,1,NULL,1,1,NULL,46,10,NULL,NULL,2,2,'2021-06-24',NULL,NULL,'crabe_btp','facture/(PROV47)/(PROV47).pdf',0,'',NULL,10,2,0,0,'2021-06-24',0,NULL,NULL,0,'EUR',1.00000000,2960.00000000,592.00000000,3552.00000000,NULL,NULL,NULL,NULL),(48,'FA2105-0038',1,NULL,NULL,NULL,5,NULL,2,'2021-05-25 16:06:51','2021-05-25',NULL,'2021-05-25 00:00:00','2021-05-25 18:44:57','2021-05-25 16:44:57',1,NULL,NULL,0,NULL,NULL,NULL,740.00000000,0.00000000,0.00000000,0.00000000,3700.00000000,4440.00000000,2,1,NULL,1,1,NULL,47,10,NULL,NULL,2,2,'2021-06-24',NULL,NULL,'crabe_btp','facture/FA2105-0038/FA2105-0038.pdf',0,'',NULL,10,3,1,0,'2021-06-24',0,NULL,NULL,0,'EUR',1.00000000,3700.00000000,740.00000000,4440.00000000,NULL,NULL,NULL,NULL),(49,'FA2105-0039',1,NULL,NULL,NULL,5,NULL,10,'2021-05-26 16:27:28','2021-05-26',NULL,'2021-05-26 00:00:00',NULL,'2021-05-26 14:28:19',0,NULL,NULL,0,NULL,NULL,NULL,14.40000000,0.00000000,0.00000000,0.00000000,72.00000000,86.40000000,1,1,NULL,1,NULL,NULL,NULL,NULL,NULL,NULL,4,0,'2021-07-25',NULL,NULL,'crabe_btp','facture/FA2105-0039/FA2105-0039.pdf',0,'',NULL,11,1,0,0,'2021-07-25',0,NULL,NULL,0,'EUR',1.00000000,72.00000000,14.40000000,86.40000000,NULL,NULL,NULL,NULL),(50,'FA2105-0040',1,NULL,NULL,NULL,5,NULL,10,'2021-05-26 16:28:50','2021-05-26',NULL,'2021-05-26 00:00:00',NULL,'2021-05-26 14:30:29',0,NULL,NULL,0,NULL,NULL,NULL,25.40000000,0.00000000,0.00000000,0.00000000,127.00000000,152.40000000,1,1,NULL,1,NULL,NULL,49,NULL,NULL,NULL,4,0,'2021-07-25',NULL,NULL,'crabe_btp','facture/(PROV50)/(PROV50).pdf',0,'',NULL,11,2,0,0,'2021-07-25',0,NULL,NULL,0,'EUR',1.00000000,127.00000000,25.40000000,152.40000000,NULL,NULL,NULL,NULL),(51,'FA2105-0041',1,NULL,NULL,NULL,5,NULL,10,'2021-05-26 16:31:10','2021-05-26',NULL,'2021-05-26 00:00:00',NULL,'2021-05-26 14:31:20',0,NULL,NULL,0,NULL,NULL,NULL,20.80000000,0.00000000,0.00000000,0.00000000,104.00000000,124.80000000,1,1,NULL,1,NULL,NULL,50,NULL,NULL,NULL,4,0,'2021-07-25',NULL,NULL,'crabe_btp','facture/(PROV51)/(PROV51).pdf',0,'',NULL,11,3,1,0,'2021-07-25',0,NULL,NULL,0,'EUR',1.00000000,104.00000000,20.80000000,124.80000000,NULL,NULL,NULL,NULL),(52,'FA2107-0042',1,NULL,NULL,'ghghghgh',5,NULL,1,'2021-07-08 11:09:37','2021-07-08',NULL,'2021-07-08 00:00:00','2021-10-19 16:01:30','2021-10-19 14:01:30',1,NULL,NULL,0,NULL,NULL,NULL,224.64300000,0.00000000,0.00000000,0.00000000,1123.21500000,1347.85800000,2,1,NULL,1,1,NULL,NULL,NULL,1,NULL,3,2,'2021-08-31',NULL,NULL,'crabe','facture/FA2107-0042/FA2107-0042.pdf',0,'',NULL,12,1,0,0,'2021-08-31',0,NULL,NULL,0,'EUR',1.00000000,1123.21500000,224.64300000,1347.85800000,NULL,NULL,NULL,NULL),(53,'FA2107-0043',1,NULL,NULL,'ghghghgh',5,NULL,1,'2021-07-08 11:13:47','2021-07-08',NULL,'2021-07-08 00:00:00','2021-10-19 16:01:30','2021-10-19 14:01:30',1,NULL,NULL,0,NULL,NULL,NULL,714.00000000,0.00000000,0.00000000,0.00000000,3570.00000000,4284.00000000,2,1,NULL,1,1,NULL,52,NULL,NULL,NULL,3,2,'2021-08-31',NULL,NULL,'crabe_btp','facture/FA2107-0043/FA2107-0043.pdf',0,'',NULL,12,2,0,0,'2021-08-31',0,NULL,NULL,0,'EUR',1.00000000,3570.00000000,714.00000000,4284.00000000,NULL,NULL,NULL,NULL),(54,'FA2107-0044',1,NULL,NULL,'ghghghgh',5,NULL,1,'2021-07-08 11:18:38','2021-07-08',NULL,'2021-07-08 00:00:00',NULL,'2021-07-08 09:18:59',0,NULL,NULL,0,NULL,NULL,NULL,863.70300000,0.00000000,0.00000000,0.00000000,4318.51500000,5182.21800000,1,1,NULL,1,NULL,NULL,53,NULL,NULL,NULL,3,2,'2021-08-31',NULL,NULL,'crabe_btp','facture/(PROV54)/(PROV54).pdf',0,'',NULL,12,3,1,0,'2021-08-31',0,NULL,NULL,0,'EUR',1.00000000,4318.51500000,863.70300000,5182.21800000,NULL,NULL,NULL,NULL),(55,'FA2107-0045',1,NULL,NULL,NULL,0,NULL,1,'2021-07-16 15:33:54','2021-07-16',NULL,'2021-07-16 00:00:00','2021-10-19 16:01:30','2021-10-19 14:01:30',1,NULL,NULL,0,NULL,NULL,NULL,816.20000000,0.00000000,0.00000000,0.00000000,5258.00000000,6074.20000000,2,1,NULL,1,1,NULL,NULL,12,1,NULL,2,2,'2021-08-15',NULL,NULL,'crabe','facture/FA2107-0045/FA2107-0045.pdf',0,'',NULL,NULL,NULL,1,0,'2021-08-15',0,NULL,NULL,0,'EUR',1.00000000,5258.00000000,816.20000000,6074.20000000,NULL,NULL,NULL,NULL),(56,'FA2110-0046',1,NULL,NULL,NULL,0,NULL,4,'2021-10-19 15:56:02','2021-10-19',NULL,'2021-10-19 00:00:00','2023-04-25 11:45:01','2023-04-25 09:45:01',1,NULL,NULL,0,NULL,NULL,NULL,72.00000000,0.00000000,0.00000000,0.00000000,360.00000000,432.00000000,2,1,NULL,1,1,NULL,NULL,NULL,NULL,NULL,7,2,'2021-10-20',NULL,NULL,'crabe','facture/FA2110-0046/FA2110-0046.pdf',0,'',NULL,NULL,NULL,1,0,'2021-10-20',0,NULL,NULL,0,'EUR',1.00000000,360.00000000,72.00000000,432.00000000,NULL,NULL,NULL,NULL),(57,'FA2202-0047',1,NULL,NULL,NULL,0,NULL,1,'2022-02-18 16:26:07','2022-02-18',NULL,'2022-02-18 00:00:00','2022-02-18 16:28:38','2022-02-18 15:28:38',1,NULL,NULL,0,NULL,NULL,NULL,37.60000000,0.00000000,0.00000000,0.00000000,188.00000000,225.60000000,2,1,NULL,1,1,NULL,NULL,NULL,1,NULL,2,2,'2022-03-20',NULL,NULL,'crabe','facture/FA2202-0047/FA2202-0047.pdf',0,'',NULL,NULL,NULL,1,0,'2022-03-20',0,NULL,NULL,0,'EUR',1.00000000,188.00000000,37.60000000,225.60000000,NULL,NULL,NULL,NULL),(58,'FA2304-0048',1,NULL,NULL,NULL,0,NULL,1,'2023-04-25 11:10:57','2023-04-25',NULL,'2023-04-25 00:00:00',NULL,'2023-04-25 09:16:28',0,NULL,NULL,0,NULL,NULL,NULL,37.60000000,0.00000000,0.00000000,0.00000000,188.00000000,225.60000000,1,1,NULL,1,NULL,NULL,NULL,NULL,1,NULL,2,2,'2023-05-25',NULL,NULL,'crabe','facture/FA2304-0048/FA2304-0048.pdf',0,'',NULL,NULL,NULL,1,0,'2023-05-25',0,NULL,NULL,0,'EUR',1.00000000,188.00000000,37.60000000,225.60000000,NULL,NULL,NULL,NULL),(59,'FA2305-0055',1,NULL,NULL,NULL,0,NULL,13,'2023-05-16 15:05:43','2023-05-16',NULL,'2024-09-09 16:01:50',NULL,'2024-09-09 14:01:51',0,NULL,NULL,0,NULL,NULL,NULL,3.60000000,0.00000000,0.00000000,0.00000000,18.00000000,21.60000000,1,8,NULL,1,NULL,NULL,NULL,NULL,NULL,NULL,1,0,'2023-05-17',NULL,NULL,'crabe','facture/FA2305-0055/FA2305-0055.pdf',0,'',NULL,NULL,NULL,0,0,'2023-05-17',0,NULL,NULL,0,'EUR',1.00000000,18.00000000,3.60000000,21.60000000,NULL,NULL,NULL,NULL),(60,'FA2305-0050',1,NULL,NULL,NULL,0,NULL,7,'2023-05-16 17:31:51','2023-05-16',NULL,'2023-06-01 19:15:35',NULL,'2023-06-01 17:15:35',0,NULL,NULL,0,NULL,NULL,NULL,4.00000000,0.00000000,0.00000000,0.00000000,20.00000000,24.00000000,1,8,NULL,1,NULL,NULL,NULL,13,NULL,NULL,2,2,'2023-06-15',NULL,NULL,'crabe','facture/FA2305-0050/FA2305-0050.pdf',0,'',NULL,NULL,NULL,0,0,'2023-06-15',0,NULL,NULL,0,'EUR',1.00000000,20.00000000,4.00000000,24.00000000,NULL,NULL,NULL,NULL),(61,'FA2306-0049',1,NULL,NULL,NULL,0,NULL,9,'2023-06-01 19:10:39','2023-06-01',NULL,'2023-06-01 19:10:54',NULL,'2023-06-13 08:31:19',0,NULL,NULL,0,NULL,NULL,NULL,10.00000000,0.00000000,0.00000000,0.00000000,50.00000000,60.00000000,1,1,NULL,1,NULL,NULL,NULL,NULL,NULL,NULL,13,0,'2023-06-30',NULL,NULL,'homard','facture/FA2306-0049/FA2306-0049.pdf',0,'',NULL,NULL,NULL,0,0,'2023-06-30',0,NULL,NULL,0,'EUR',1.00000000,50.00000000,10.00000000,60.00000000,NULL,NULL,NULL,NULL),(62,'FA2306-0051',1,NULL,NULL,NULL,0,NULL,1,'2023-06-28 11:06:49','2023-06-28',NULL,'2023-06-28 11:07:27','2023-06-28 11:11:41','2023-06-28 09:11:41',1,NULL,NULL,0,NULL,NULL,NULL,200.00000000,0.00000000,0.00000000,0.00000000,1000.00000000,1200.00000000,2,1,NULL,1,1,NULL,NULL,NULL,1,NULL,2,7,'2023-07-28',NULL,NULL,'crabe','facture/FA2306-0051/FA2306-0051.pdf',0,'',NULL,NULL,NULL,0,0,'2023-07-28',0,NULL,NULL,0,'EUR',1.00000000,1000.00000000,200.00000000,1200.00000000,NULL,NULL,NULL,NULL),(63,'FA2306-0052',1,NULL,NULL,NULL,0,NULL,1,'2023-06-28 11:36:21','2023-06-28',NULL,'2023-06-28 11:38:11','2023-06-28 11:42:08','2023-06-28 09:42:08',1,NULL,NULL,0,NULL,NULL,NULL,0.25000000,0.00000000,0.00000000,0.00000000,1.25000000,1.50000000,2,1,NULL,1,1,NULL,NULL,NULL,NULL,NULL,0,6,'2023-06-28',NULL,NULL,NULL,'facture/FA2306-0052/FA2306-0052.pdf',0,'',NULL,NULL,NULL,0,0,NULL,0,NULL,NULL,0,'EUR',1.00000000,1.25000000,0.25000000,1.50000000,'cashdesk','0',NULL,NULL),(64,'FA2309-0053',1,NULL,NULL,NULL,0,NULL,1,'2023-09-14 16:52:54','2023-09-14',NULL,'2023-09-14 16:52:54','2023-09-14 16:52:55','2023-09-14 14:52:55',1,NULL,NULL,0,NULL,NULL,NULL,6.00000000,0.00000000,0.00000000,0.00000000,30.00000000,36.00000000,2,1,NULL,1,1,NULL,NULL,NULL,NULL,NULL,0,6,'2023-09-14',NULL,NULL,NULL,'facture/FA2309-0053/FA2309-0053.pdf',0,'',NULL,NULL,NULL,0,0,NULL,0,NULL,NULL,0,'EUR',1.00000000,30.00000000,6.00000000,36.00000000,'cashdesk','0',NULL,NULL),(65,'TC1-2309-0001',1,NULL,NULL,NULL,0,NULL,1,'2023-09-14 17:00:35','2023-09-14',NULL,'2023-09-14 17:02:34','2023-09-14 17:02:34','2023-09-14 15:02:34',1,NULL,NULL,0,NULL,NULL,NULL,26.40000000,0.00000000,0.00000000,0.00000000,132.00000000,158.40000000,2,1,NULL,1,1,NULL,NULL,NULL,NULL,NULL,0,7,'2023-09-14',NULL,NULL,NULL,'facture/TC1-2309-0001/TC1-2309-0001.pdf',0,'',NULL,NULL,NULL,0,0,NULL,0,NULL,NULL,0,'EUR',1.00000000,132.00000000,26.40000000,158.40000000,'takepos','1',NULL,NULL),(66,'FA2409-0054',1,NULL,NULL,NULL,0,NULL,9,'2024-09-09 15:52:34','2024-10-01',NULL,'2024-09-09 15:55:50',NULL,'2024-09-09 13:55:50',0,0,0,0,NULL,NULL,NULL,816.34000000,0.00000000,0.00000000,0.00000000,7364.75000000,8181.09000000,1,NULL,NULL,1,NULL,NULL,NULL,NULL,1,NULL,1,2,'2024-10-02',NULL,NULL,'crabe','facture/FA2409-0054/FA2409-0054.pdf',0,'',NULL,NULL,NULL,0,0,'2024-09-10',0,NULL,NULL,0,'EUR',1.00000000,7364.75000000,816.34000000,8181.09000000,NULL,NULL,NULL,NULL),(67,'FA2409-0056',1,NULL,NULL,NULL,0,NULL,1,'2024-09-18 11:03:30','2024-09-18',NULL,'2024-09-18 11:09:45',NULL,'2024-09-18 09:09:45',0,0,0,0,NULL,NULL,NULL,1.00000000,0.00000000,0.00000000,0.00000000,5.00000000,6.00000000,1,1,NULL,1,NULL,NULL,NULL,NULL,1,NULL,2,2,'2024-10-18',NULL,NULL,'crabe','facture/FA2409-0056/FA2409-0056.pdf',0,'',NULL,NULL,NULL,0,0,'2024-10-18',0,NULL,NULL,0,'EUR',1.00000000,5.00000000,1.00000000,6.00000000,NULL,NULL,NULL,NULL),(68,'FA2409-0057',1,NULL,NULL,NULL,0,NULL,1,'2024-09-18 11:29:33','2024-09-18',NULL,'2024-09-18 11:31:25',NULL,'2024-09-18 09:31:25',0,0,0,0,NULL,NULL,NULL,888.91000000,0.00000000,0.00000000,0.00000000,8669.08000000,9557.99000000,1,1,NULL,1,NULL,NULL,NULL,15,1,NULL,2,2,'2024-10-18',NULL,NULL,'crabe','facture/FA2409-0057/FA2409-0057.pdf',0,'',NULL,NULL,NULL,1,0,'2024-10-18',0,NULL,NULL,0,'EUR',1.00000000,8669.08000000,888.91000000,9557.99000000,NULL,NULL,NULL,NULL),(69,'FA2409-0058',1,NULL,NULL,NULL,0,NULL,1,'2024-09-18 11:39:20','2024-09-18',NULL,'2024-09-18 11:39:33',NULL,'2024-09-18 09:39:34',0,0,0,0,NULL,NULL,NULL,22.00000000,0.00000000,0.00000000,0.00000000,110.00000000,132.00000000,1,1,NULL,1,NULL,NULL,NULL,NULL,1,NULL,2,2,'2024-10-18',NULL,NULL,'crabe','facture/FA2409-0058/FA2409-0058.pdf',0,'',NULL,NULL,NULL,1,0,'2024-10-18',0,NULL,NULL,0,'EUR',1.00000000,110.00000000,22.00000000,132.00000000,NULL,NULL,NULL,NULL),(70,'FA2409-0059',1,NULL,NULL,NULL,0,NULL,1,'2024-09-18 12:09:44','2024-09-18',NULL,'2024-09-18 12:09:51',NULL,'2024-09-18 10:09:52',0,0,0,0,NULL,NULL,NULL,44.00000000,0.00000000,0.00000000,0.00000000,220.00000000,264.00000000,1,1,NULL,1,NULL,NULL,NULL,9,1,NULL,2,2,'2024-10-18',NULL,NULL,'crabe','facture/FA2409-0059/FA2409-0059.pdf',0,'',NULL,NULL,NULL,1,0,'2024-10-18',0,NULL,NULL,0,'EUR',1.00000000,220.00000000,44.00000000,264.00000000,NULL,NULL,NULL,NULL),(71,'FA2411-0060',1,NULL,NULL,NULL,0,NULL,10,'2024-11-29 14:09:53','2024-11-29',NULL,'2024-11-29 14:19:40',NULL,'2024-11-29 16:35:50',0,0,0,0,NULL,NULL,NULL,296.68000000,0.00000000,0.00000000,0.00000000,2524.00000000,2820.68000000,0,2,NULL,2,NULL,NULL,NULL,NULL,1,NULL,1,6,'2024-11-30',NULL,NULL,'crabe','facture/FA2411-0060/FA2411-0060.pdf',0,'',NULL,NULL,NULL,1,0,'2024-11-30',0,NULL,NULL,0,'EUR',1.00000000,2524.00000000,296.68000000,2820.68000000,NULL,NULL,NULL,NULL);

--
-- Table structure for table `t1zhf_facture_extrafields`
--

CREATE TABLE `t1zhf_facture_extrafields` (
  `rowid` int NOT NULL AUTO_INCREMENT,
  `tms` timestamp NOT NULL DEFAULT CURRENT_TIMESTAMP ON UPDATE CURRENT_TIMESTAMP,
  `fk_object` int NOT NULL,
  `import_key` varchar(14) COLLATE utf8mb3_unicode_ci DEFAULT NULL,
  PRIMARY KEY (`rowid`),
  UNIQUE KEY `uk_facture_extrafields` (`fk_object`)
) ENGINE=InnoDB DEFAULT CHARSET=utf8mb3 COLLATE=utf8mb3_unicode_ci;

--
-- Dumping data for table `t1zhf_facture_extrafields`
--


--
-- Table structure for table `t1zhf_facture_fourn`
--

CREATE TABLE `t1zhf_facture_fourn` (
  `rowid` int NOT NULL AUTO_INCREMENT,
  `ref` varchar(180) COLLATE utf8mb3_unicode_ci NOT NULL,
  `ref_supplier` varchar(180) COLLATE utf8mb3_unicode_ci NOT NULL,
  `entity` int NOT NULL DEFAULT '1',
  `ref_ext` varchar(255) COLLATE utf8mb3_unicode_ci DEFAULT NULL,
  `type` smallint NOT NULL DEFAULT '0',
  `fk_soc` int NOT NULL,
  `datec` datetime DEFAULT NULL,
  `datef` date DEFAULT NULL,
  `date_pointoftax` date DEFAULT NULL,
  `date_valid` date DEFAULT NULL,
  `date_closing` datetime DEFAULT NULL,
  `tms` timestamp NOT NULL DEFAULT CURRENT_TIMESTAMP ON UPDATE CURRENT_TIMESTAMP,
  `libelle` varchar(255) COLLATE utf8mb3_unicode_ci DEFAULT NULL,
  `paye` smallint NOT NULL DEFAULT '0',
  `amount` double(24,8) NOT NULL DEFAULT '0.00000000',
  `remise` double(24,8) DEFAULT '0.00000000',
  `close_code` varchar(16) COLLATE utf8mb3_unicode_ci DEFAULT NULL,
  `close_missing_amount` double(24,8) DEFAULT NULL,
  `close_note` varchar(128) COLLATE utf8mb3_unicode_ci DEFAULT NULL,
  `vat_reverse_charge` tinyint DEFAULT '0',
  `tva` double(24,8) DEFAULT '0.00000000',
  `localtax1` double(24,8) DEFAULT '0.00000000',
  `localtax2` double(24,8) DEFAULT '0.00000000',
  `total_ht` double(24,8) DEFAULT '0.00000000',
  `total_tva` double(24,8) DEFAULT '0.00000000',
  `total_ttc` double(24,8) DEFAULT '0.00000000',
  `fk_statut` smallint NOT NULL DEFAULT '0',
  `fk_user_author` int DEFAULT NULL,
  `fk_user_modif` int DEFAULT NULL,
  `fk_user_valid` int DEFAULT NULL,
  `fk_user_closing` int DEFAULT NULL,
  `fk_facture_source` int DEFAULT NULL,
  `fk_projet` int DEFAULT NULL,
  `fk_account` int DEFAULT NULL,
  `fk_cond_reglement` int DEFAULT NULL,
  `fk_mode_reglement` int DEFAULT NULL,
  `date_lim_reglement` date DEFAULT NULL,
  `note_private` text COLLATE utf8mb3_unicode_ci,
  `note_public` text COLLATE utf8mb3_unicode_ci,
  `fk_incoterms` int DEFAULT NULL,
  `location_incoterms` varchar(255) COLLATE utf8mb3_unicode_ci DEFAULT NULL,
  `fk_transport_mode` int DEFAULT NULL,
  `model_pdf` varchar(255) COLLATE utf8mb3_unicode_ci DEFAULT NULL,
  `last_main_doc` varchar(255) COLLATE utf8mb3_unicode_ci DEFAULT NULL,
  `import_key` varchar(14) COLLATE utf8mb3_unicode_ci DEFAULT NULL,
  `extraparams` varchar(255) COLLATE utf8mb3_unicode_ci DEFAULT NULL,
  `fk_multicurrency` int DEFAULT NULL,
  `multicurrency_code` varchar(3) COLLATE utf8mb3_unicode_ci DEFAULT NULL,
  `multicurrency_tx` double(24,8) DEFAULT '1.00000000',
  `multicurrency_total_ht` double(24,8) DEFAULT '0.00000000',
  `multicurrency_total_tva` double(24,8) DEFAULT '0.00000000',
  `multicurrency_total_ttc` double(24,8) DEFAULT '0.00000000',
  `fk_fac_rec_source` int DEFAULT NULL,
  `revenuestamp` double(24,8) DEFAULT '0.00000000',
  `subtype` smallint DEFAULT NULL,
  PRIMARY KEY (`rowid`),
  UNIQUE KEY `uk_facture_fourn_ref` (`ref`,`entity`),
  UNIQUE KEY `uk_facture_fourn_ref_supplier` (`ref_supplier`,`fk_soc`,`entity`),
  KEY `idx_facture_fourn_date_lim_reglement` (`date_lim_reglement`),
  KEY `idx_facture_fourn_fk_soc` (`fk_soc`),
  KEY `idx_facture_fourn_fk_user_author` (`fk_user_author`),
  KEY `idx_facture_fourn_fk_user_valid` (`fk_user_valid`),
  KEY `idx_facture_fourn_fk_projet` (`fk_projet`),
  KEY `idx_facture_fourn_tms` (`tms`),
  CONSTRAINT `fk_facture_fourn_fk_projet` FOREIGN KEY (`fk_projet`) REFERENCES `t1zhf_projet` (`rowid`) ON DELETE RESTRICT ON UPDATE RESTRICT,
  CONSTRAINT `fk_facture_fourn_fk_soc` FOREIGN KEY (`fk_soc`) REFERENCES `t1zhf_societe` (`rowid`) ON DELETE RESTRICT ON UPDATE RESTRICT,
  CONSTRAINT `fk_facture_fourn_fk_user_author` FOREIGN KEY (`fk_user_author`) REFERENCES `t1zhf_user` (`rowid`) ON DELETE RESTRICT ON UPDATE RESTRICT,
  CONSTRAINT `fk_facture_fourn_fk_user_valid` FOREIGN KEY (`fk_user_valid`) REFERENCES `t1zhf_user` (`rowid`) ON DELETE RESTRICT ON UPDATE RESTRICT
) ENGINE=InnoDB AUTO_INCREMENT=12 DEFAULT CHARSET=utf8mb3 COLLATE=utf8mb3_unicode_ci;

--
-- Dumping data for table `t1zhf_facture_fourn`
--

INSERT INTO `t1zhf_facture_fourn` VALUES (1,'SI1901-0001','123456',1,NULL,0,2,'2019-01-08 11:40:27','2019-01-08',NULL,'2019-01-08',NULL,'2019-01-08 10:40:43','',1,0.00000000,0.00000000,NULL,NULL,NULL,0,0.00000000,0.00000000,0.00000000,650.00000000,130.00000000,780.00000000,2,1,NULL,1,NULL,NULL,NULL,NULL,1,6,'2019-01-09','','',0,'',NULL,NULL,NULL,NULL,NULL,0,'EUR',1.00000000,650.00000000,130.00000000,780.00000000,NULL,0.00000000,NULL),(2,'SI1906-0002','12458',1,NULL,0,5,'2019-06-24 09:48:05','2019-06-24',NULL,'2019-06-24',NULL,'2021-05-25 16:45:54','',1,0.00000000,0.00000000,NULL,NULL,NULL,0,0.00000000,0.00000000,0.00000000,8.52000000,1.70000000,10.22000000,2,1,NULL,1,NULL,NULL,6,1,2,2,'2019-06-24','','',0,'',NULL,NULL,NULL,NULL,NULL,0,'EUR',1.00000000,8.52000000,1.70000000,10.22000000,NULL,0.00000000,NULL),(3,'SI2011-0003','454534',1,NULL,0,1,'2020-11-02 12:28:26','2020-11-02',NULL,'2020-11-02',NULL,'2020-11-02 11:28:39','',1,0.00000000,0.00000000,NULL,NULL,NULL,0,0.00000000,0.00000000,0.00000000,500.00000000,100.00000000,600.00000000,2,1,NULL,1,NULL,NULL,NULL,1,1,NULL,'2020-11-03','','',0,'',NULL,NULL,NULL,NULL,NULL,0,'EUR',1.00000000,500.00000000,100.00000000,600.00000000,NULL,0.00000000,NULL),(4,'SI2102-0004','11022021a',1,NULL,0,1,'2021-02-11 15:15:13','2021-02-11',NULL,'2021-02-11',NULL,'2021-02-11 14:24:56','',1,0.00000000,0.00000000,NULL,NULL,NULL,0,0.00000000,0.00000000,0.00000000,50.00000000,10.00000000,60.00000000,2,1,NULL,1,NULL,NULL,NULL,1,2,2,'2021-02-28','','',0,'',NULL,NULL,NULL,NULL,NULL,0,'EUR',1.00000000,50.00000000,10.00000000,60.00000000,NULL,0.00000000,NULL),(5,'SI2103-0005','dfdfbdf',1,NULL,0,4,'2021-03-08 17:33:35','2021-03-08',NULL,'2021-03-08',NULL,'2021-03-08 16:34:34','',1,0.00000000,0.00000000,NULL,NULL,NULL,0,0.00000000,0.00000000,0.00000000,500.00000000,100.00000000,600.00000000,2,1,NULL,1,NULL,NULL,9,1,3,2,'2021-03-31','','',0,'',NULL,NULL,NULL,NULL,NULL,0,'EUR',1.00000000,500.00000000,100.00000000,600.00000000,NULL,0.00000000,NULL),(6,'SI2105-0006','148586',1,NULL,0,6,'2021-05-25 16:31:44','2021-05-25',NULL,'2021-05-25',NULL,'2021-05-25 14:35:00','',1,0.00000000,0.00000000,NULL,NULL,NULL,0,0.00000000,0.00000000,0.00000000,17.03330000,3.40670000,20.44000000,2,1,NULL,1,NULL,NULL,10,1,13,2,'2021-06-30','','',0,'',NULL,NULL,NULL,NULL,NULL,0,'EUR',1.00000000,17.03330000,3.40670000,20.44000000,NULL,0.00000000,NULL),(7,'SI2107-0007','591',1,NULL,0,5,'2021-07-16 15:48:14','2021-07-16',NULL,'2021-07-19',NULL,'2021-07-19 14:56:39','',0,0.00000000,0.00000000,NULL,NULL,NULL,0,0.00000000,0.00000000,0.00000000,1000.00000000,200.00000000,1200.00000000,1,1,NULL,1,NULL,NULL,12,NULL,13,NULL,'2021-07-31','','',0,'',NULL,NULL,NULL,NULL,NULL,0,'EUR',1.00000000,1000.00000000,200.00000000,1200.00000000,NULL,0.00000000,NULL),(8,'SI2306-0008','FV20230009225t',1,'',0,2,'2023-06-01 19:05:09','2023-06-01',NULL,'2023-06-01',NULL,'2023-06-01 17:12:59','',0,0.00000000,0.00000000,NULL,NULL,NULL,0,0.00000000,0.00000000,0.00000000,10.00000000,0.00000000,10.00000000,1,1,NULL,1,NULL,NULL,NULL,1,1,2,'2023-06-01','','',0,'',NULL,NULL,NULL,NULL,NULL,0,'EUR',1.00000000,10.00000000,0.00000000,10.00000000,NULL,0.00000000,NULL),(10,'SI2306-0009','123456a',1,'',0,2,'2023-06-01 19:22:54','2023-06-01',NULL,'2023-06-01',NULL,'2023-06-01 17:27:45','',0,0.00000000,0.00000000,NULL,NULL,NULL,0,0.00000000,0.00000000,0.00000000,120.00000000,0.00000000,120.00000000,1,1,NULL,1,NULL,NULL,NULL,NULL,13,2,'2023-06-30','','',0,'',NULL,NULL,NULL,NULL,NULL,0,'EUR',1.00000000,120.00000000,0.00000000,120.00000000,NULL,0.00000000,NULL),(11,'(PROV11)','ref1234',1,'',0,5,'2023-09-14 10:36:31','2023-09-14',NULL,NULL,NULL,'2023-09-14 08:36:31','',0,0.00000000,0.00000000,NULL,NULL,NULL,0,0.00000000,0.00000000,0.00000000,0.00000000,0.00000000,0.00000000,0,1,NULL,NULL,NULL,NULL,NULL,1,7,2,'2023-09-14','','',0,'',NULL,NULL,NULL,NULL,NULL,0,'EUR',1.00000000,0.00000000,0.00000000,0.00000000,NULL,0.00000000,NULL);

--
-- Table structure for table `t1zhf_facture_fourn_det`
--

CREATE TABLE `t1zhf_facture_fourn_det` (
  `rowid` int NOT NULL AUTO_INCREMENT,
  `fk_facture_fourn` int NOT NULL,
  `fk_parent_line` int DEFAULT NULL,
  `fk_product` int DEFAULT NULL,
  `ref` varchar(128) COLLATE utf8mb3_unicode_ci DEFAULT NULL,
  `label` varchar(255) COLLATE utf8mb3_unicode_ci DEFAULT NULL,
  `description` text COLLATE utf8mb3_unicode_ci,
  `pu_ht` double(24,8) DEFAULT NULL,
  `pu_ttc` double(24,8) DEFAULT NULL,
  `qty` double DEFAULT NULL,
  `remise_percent` double DEFAULT '0',
  `fk_remise_except` int DEFAULT NULL,
  `vat_src_code` varchar(10) COLLATE utf8mb3_unicode_ci DEFAULT '',
  `tva_tx` double(6,3) DEFAULT NULL,
  `localtax1_tx` double(6,3) DEFAULT '0.000',
  `localtax1_type` varchar(10) COLLATE utf8mb3_unicode_ci DEFAULT NULL,
  `localtax2_tx` double(6,3) DEFAULT '0.000',
  `localtax2_type` varchar(10) COLLATE utf8mb3_unicode_ci DEFAULT NULL,
  `total_ht` double(24,8) DEFAULT NULL,
  `tva` double(24,8) DEFAULT NULL,
  `total_localtax1` double(24,8) DEFAULT '0.00000000',
  `total_localtax2` double(24,8) DEFAULT '0.00000000',
  `total_ttc` double(24,8) DEFAULT NULL,
  `product_type` int DEFAULT '0',
  `date_start` datetime DEFAULT NULL,
  `date_end` datetime DEFAULT NULL,
  `info_bits` int DEFAULT '0',
  `fk_code_ventilation` int NOT NULL DEFAULT '0',
  `special_code` int DEFAULT '0',
  `rang` int DEFAULT '0',
  `import_key` varchar(14) COLLATE utf8mb3_unicode_ci DEFAULT NULL,
  `fk_unit` int DEFAULT NULL,
  `fk_multicurrency` int DEFAULT NULL,
  `multicurrency_code` varchar(3) COLLATE utf8mb3_unicode_ci DEFAULT NULL,
  `multicurrency_subprice` double(24,8) DEFAULT '0.00000000',
  `multicurrency_total_ht` double(24,8) DEFAULT '0.00000000',
  `multicurrency_total_tva` double(24,8) DEFAULT '0.00000000',
  `multicurrency_total_ttc` double(24,8) DEFAULT '0.00000000',
  `date_cre` datetime DEFAULT NULL,
  `date_maj` datetime DEFAULT NULL,
  `poids` int NOT NULL DEFAULT '0',
  `tarif_poids` double NOT NULL DEFAULT '0',
  `metre` varchar(255) COLLATE utf8mb3_unicode_ci DEFAULT NULL,
  PRIMARY KEY (`rowid`),
  UNIQUE KEY `uk_fk_remise_except` (`fk_remise_except`,`fk_facture_fourn`),
  KEY `idx_facture_fourn_det_fk_facture` (`fk_facture_fourn`),
  KEY `idx_facture_fourn_det_fk_product` (`fk_product`),
  KEY `idx_facture_fourn_det_fk_code_ventilation` (`fk_code_ventilation`),
  KEY `fk_facture_fourn_det_fk_unit` (`fk_unit`),
  CONSTRAINT `fk_facture_fourn_det_fk_facture` FOREIGN KEY (`fk_facture_fourn`) REFERENCES `t1zhf_facture_fourn` (`rowid`) ON DELETE RESTRICT ON UPDATE RESTRICT,
  CONSTRAINT `fk_facture_fourn_det_fk_unit` FOREIGN KEY (`fk_unit`) REFERENCES `t1zhf_c_units` (`rowid`) ON DELETE RESTRICT ON UPDATE RESTRICT
) ENGINE=InnoDB AUTO_INCREMENT=12 DEFAULT CHARSET=utf8mb3 COLLATE=utf8mb3_unicode_ci;

--
-- Dumping data for table `t1zhf_facture_fourn_det`
--

INSERT INTO `t1zhf_facture_fourn_det` VALUES (1,1,NULL,1,'',NULL,'Disque Dur 1To',65.00000000,78.00000000,10,0,NULL,'',20.000,0.000,'0',0.000,'0',650.00000000,130.00000000,0.00000000,0.00000000,780.00000000,0,NULL,NULL,0,100100329,0,1,NULL,NULL,0,'EUR',65.00000000,650.00000000,130.00000000,780.00000000,NULL,NULL,0,0,NULL),(2,2,NULL,21,'',NULL,'xc38 diam45<br />\r\nen &eacute;tir&eacute; 6 m coup&eacute;<br>\nEnl&egrave;vement par packservice',1.42000000,1.70333333,6,0,NULL,'',20.000,0.000,'0',0.000,'0',8.52000000,1.70000000,0.00000000,0.00000000,10.22000000,0,NULL,NULL,0,100100329,0,1,NULL,1,0,'EUR',1.42000000,8.52000000,1.70000000,10.22000000,NULL,NULL,0,0,NULL),(3,3,NULL,30,'123456',NULL,'bidon',500.00000000,600.00000000,1,0,NULL,'',20.000,0.000,'0',0.000,'0',500.00000000,100.00000000,0.00000000,0.00000000,600.00000000,0,NULL,NULL,0,100100329,0,1,NULL,6,0,'EUR',500.00000000,500.00000000,100.00000000,600.00000000,NULL,NULL,0,0,NULL),(4,4,NULL,26,'',NULL,'',10.00000000,12.00000000,5,0,NULL,'',20.000,0.000,'0',0.000,'0',50.00000000,10.00000000,0.00000000,0.00000000,60.00000000,0,NULL,NULL,0,100100329,0,1,NULL,1,0,'EUR',10.00000000,50.00000000,10.00000000,60.00000000,NULL,NULL,0,0,NULL),(5,5,NULL,43,'ref12345',NULL,'Table 120 x 80',500.00000000,600.00000000,1,0,NULL,'',20.000,0.000,'0',0.000,'0',500.00000000,100.00000000,0.00000000,0.00000000,600.00000000,0,NULL,NULL,0,100100329,0,1,NULL,1,0,'EUR',500.00000000,500.00000000,100.00000000,600.00000000,NULL,NULL,0,0,NULL),(6,6,NULL,21,'123456',NULL,'xc38 diam45<br />\r\nen &eacute;tir&eacute; 6 m coup&eacute;',1.45000000,1.74000000,6,0,NULL,'',20.000,0.000,'0',0.000,'0',8.70000000,1.74000000,0.00000000,0.00000000,10.44000000,0,NULL,NULL,0,100100329,0,1,NULL,NULL,0,'EUR',1.45000000,8.70000000,1.74000000,10.44000000,NULL,NULL,0,0,NULL),(7,6,NULL,NULL,'',NULL,'port',8.33333000,10.00000000,1,0,NULL,'',20.000,0.000,'0',0.000,'0',8.33330000,1.66670000,0.00000000,0.00000000,10.00000000,0,NULL,NULL,0,100100329,0,2,NULL,1,0,'EUR',8.33333000,8.33330000,1.66670000,10.00000000,NULL,NULL,0,0,NULL),(8,7,NULL,53,'lint1',NULL,'',200.00000000,240.00000000,1,0,NULL,'',20.000,0.000,'0',0.000,'0',200.00000000,40.00000000,0.00000000,0.00000000,240.00000000,0,NULL,NULL,0,100100329,0,1,NULL,1,0,'EUR',200.00000000,200.00000000,40.00000000,240.00000000,NULL,NULL,0,0,NULL),(9,7,NULL,53,'lint1',NULL,'',800.00000000,960.00000000,1,0,NULL,'',20.000,0.000,'0',0.000,'0',800.00000000,160.00000000,0.00000000,0.00000000,960.00000000,0,NULL,NULL,0,100100329,0,2,NULL,1,0,'EUR',800.00000000,800.00000000,160.00000000,960.00000000,NULL,NULL,0,0,NULL),(10,8,NULL,17,'w10',NULL,'',10.00000000,10.00000000,1,0,NULL,'',0.000,0.000,'0',0.000,'0',10.00000000,0.00000000,0.00000000,0.00000000,10.00000000,0,NULL,NULL,0,100100329,0,1,NULL,1,0,'EUR',10.00000000,10.00000000,0.00000000,10.00000000,NULL,NULL,0,0,NULL),(11,10,NULL,17,'w10',NULL,'',120.00000000,120.00000000,1,0,NULL,'',0.000,0.000,'0',0.000,'0',120.00000000,0.00000000,0.00000000,0.00000000,120.00000000,0,NULL,NULL,0,100100329,0,1,NULL,1,0,'EUR',120.00000000,120.00000000,0.00000000,120.00000000,NULL,NULL,0,0,NULL);

--
-- Table structure for table `t1zhf_facture_fourn_det_extrafields`
--

CREATE TABLE `t1zhf_facture_fourn_det_extrafields` (
  `rowid` int NOT NULL AUTO_INCREMENT,
  `tms` timestamp NOT NULL DEFAULT CURRENT_TIMESTAMP ON UPDATE CURRENT_TIMESTAMP,
  `fk_object` int NOT NULL,
  `import_key` varchar(14) COLLATE utf8mb3_unicode_ci DEFAULT NULL,
  `show_total_ht` int DEFAULT NULL,
  `show_reduc` int DEFAULT NULL,
  `subtotal_nc` varchar(255) COLLATE utf8mb3_unicode_ci DEFAULT NULL,
  `subtotal_show_qty` int DEFAULT NULL,
  `hideblock` int DEFAULT NULL,
  PRIMARY KEY (`rowid`),
  UNIQUE KEY `uk_facture_fourn_det_extrafields` (`fk_object`)
) ENGINE=InnoDB AUTO_INCREMENT=3 DEFAULT CHARSET=utf8mb3 COLLATE=utf8mb3_unicode_ci;

--
-- Dumping data for table `t1zhf_facture_fourn_det_extrafields`
--

INSERT INTO `t1zhf_facture_fourn_det_extrafields` VALUES (1,'2019-06-24 07:48:05',2,NULL,NULL,NULL,NULL,NULL,NULL),(2,'2021-05-25 14:31:45',6,NULL,NULL,NULL,NULL,NULL,NULL);

--
-- Table structure for table `t1zhf_facture_fourn_det_rec`
--

CREATE TABLE `t1zhf_facture_fourn_det_rec` (
  `rowid` int NOT NULL AUTO_INCREMENT,
  `fk_facture_fourn` int NOT NULL,
  `fk_parent_line` int DEFAULT NULL,
  `fk_product` int DEFAULT NULL,
  `ref` varchar(50) DEFAULT NULL,
  `label` varchar(255) DEFAULT NULL,
  `description` text,
  `pu_ht` double(24,8) DEFAULT NULL,
  `pu_ttc` double(24,8) DEFAULT NULL,
  `qty` double DEFAULT NULL,
  `remise_percent` double DEFAULT '0',
  `fk_remise_except` int DEFAULT NULL,
  `vat_src_code` varchar(10) DEFAULT '',
  `tva_tx` double(7,4) DEFAULT NULL,
  `localtax1_tx` double(7,4) DEFAULT '0.0000',
  `localtax1_type` varchar(10) DEFAULT NULL,
  `localtax2_tx` double(7,4) DEFAULT '0.0000',
  `localtax2_type` varchar(10) DEFAULT NULL,
  `total_ht` double(24,8) DEFAULT NULL,
  `total_tva` double(24,8) DEFAULT NULL,
  `total_localtax1` double(24,8) DEFAULT '0.00000000',
  `total_localtax2` double(24,8) DEFAULT '0.00000000',
  `total_ttc` double(24,8) DEFAULT NULL,
  `product_type` int DEFAULT '0',
  `date_start` int DEFAULT NULL,
  `date_end` int DEFAULT NULL,
  `info_bits` int DEFAULT '0',
  `special_code` int unsigned DEFAULT '0',
  `rang` int DEFAULT '0',
  `fk_unit` int DEFAULT NULL,
  `import_key` varchar(14) DEFAULT NULL,
  `fk_user_author` int DEFAULT NULL,
  `fk_user_modif` int DEFAULT NULL,
  `fk_multicurrency` int DEFAULT NULL,
  `multicurrency_code` varchar(3) DEFAULT NULL,
  `multicurrency_subprice` double(24,8) DEFAULT '0.00000000',
  `multicurrency_total_ht` double(24,8) DEFAULT '0.00000000',
  `multicurrency_total_tva` double(24,8) DEFAULT '0.00000000',
  `multicurrency_total_ttc` double(24,8) DEFAULT '0.00000000',
  PRIMARY KEY (`rowid`),
  KEY `fk_facture_fourn_det_rec_fk_unit` (`fk_unit`),
  CONSTRAINT `fk_facture_fourn_det_rec_fk_unit` FOREIGN KEY (`fk_unit`) REFERENCES `t1zhf_c_units` (`rowid`) ON DELETE RESTRICT ON UPDATE RESTRICT
) ENGINE=InnoDB DEFAULT CHARSET=latin1;

--
-- Dumping data for table `t1zhf_facture_fourn_det_rec`
--


--
-- Table structure for table `t1zhf_facture_fourn_det_rec_extrafields`
--

CREATE TABLE `t1zhf_facture_fourn_det_rec_extrafields` (
  `rowid` int NOT NULL AUTO_INCREMENT,
  `tms` timestamp NULL DEFAULT CURRENT_TIMESTAMP ON UPDATE CURRENT_TIMESTAMP,
  `fk_object` int NOT NULL,
  `import_key` varchar(14) DEFAULT NULL,
  PRIMARY KEY (`rowid`),
  UNIQUE KEY `uk_facture_fourn_det_rec_extrafields` (`fk_object`)
) ENGINE=InnoDB DEFAULT CHARSET=latin1;

--
-- Dumping data for table `t1zhf_facture_fourn_det_rec_extrafields`
--


--
-- Table structure for table `t1zhf_facture_fourn_extrafields`
--

CREATE TABLE `t1zhf_facture_fourn_extrafields` (
  `rowid` int NOT NULL AUTO_INCREMENT,
  `tms` timestamp NOT NULL DEFAULT CURRENT_TIMESTAMP ON UPDATE CURRENT_TIMESTAMP,
  `fk_object` int NOT NULL,
  `import_key` varchar(14) COLLATE utf8mb3_unicode_ci DEFAULT NULL,
  PRIMARY KEY (`rowid`),
  UNIQUE KEY `uk_facture_fourn_extrafields` (`fk_object`)
) ENGINE=InnoDB DEFAULT CHARSET=utf8mb3 COLLATE=utf8mb3_unicode_ci;

--
-- Dumping data for table `t1zhf_facture_fourn_extrafields`
--


--
-- Table structure for table `t1zhf_facture_fourn_rec`
--

CREATE TABLE `t1zhf_facture_fourn_rec` (
  `rowid` int NOT NULL AUTO_INCREMENT,
  `titre` varchar(200) NOT NULL,
  `ref_supplier` varchar(180) NOT NULL,
  `entity` int NOT NULL DEFAULT '1',
  `subtype` smallint DEFAULT NULL,
  `fk_soc` int NOT NULL,
  `datec` datetime DEFAULT NULL,
  `tms` timestamp NULL DEFAULT CURRENT_TIMESTAMP ON UPDATE CURRENT_TIMESTAMP,
  `suspended` int DEFAULT '0',
  `libelle` varchar(255) DEFAULT NULL,
  `amount` double(24,8) NOT NULL DEFAULT '0.00000000',
  `remise` double DEFAULT '0',
  `vat_src_code` varchar(10) DEFAULT '',
  `localtax1` double(24,8) DEFAULT '0.00000000',
  `localtax2` double(24,8) DEFAULT '0.00000000',
  `total_ht` double(24,8) DEFAULT '0.00000000',
  `total_tva` double(24,8) DEFAULT '0.00000000',
  `total_ttc` double(24,8) DEFAULT '0.00000000',
  `fk_user_author` int DEFAULT NULL,
  `fk_user_modif` int DEFAULT NULL,
  `fk_projet` int DEFAULT NULL,
  `fk_account` int DEFAULT NULL,
  `fk_cond_reglement` int DEFAULT NULL,
  `fk_mode_reglement` int DEFAULT NULL,
  `date_lim_reglement` date DEFAULT NULL,
  `note_private` text,
  `note_public` text,
  `modelpdf` varchar(255) DEFAULT NULL,
  `fk_multicurrency` int DEFAULT NULL,
  `multicurrency_code` varchar(3) DEFAULT NULL,
  `multicurrency_tx` double(24,8) DEFAULT '1.00000000',
  `multicurrency_total_ht` double(24,8) DEFAULT '0.00000000',
  `multicurrency_total_tva` double(24,8) DEFAULT '0.00000000',
  `multicurrency_total_ttc` double(24,8) DEFAULT '0.00000000',
  `usenewprice` int DEFAULT '0',
  `frequency` int DEFAULT NULL,
  `unit_frequency` varchar(2) DEFAULT 'm',
  `date_when` datetime DEFAULT NULL,
  `date_last_gen` datetime DEFAULT NULL,
  `nb_gen_done` int DEFAULT NULL,
  `nb_gen_max` int DEFAULT NULL,
  `auto_validate` int DEFAULT '0',
  `generate_pdf` int DEFAULT '1',
  PRIMARY KEY (`rowid`),
  UNIQUE KEY `uk_facture_fourn_rec_ref` (`titre`,`entity`),
  UNIQUE KEY `uk_facture_fourn_rec_ref_supplier` (`ref_supplier`,`fk_soc`,`entity`),
  KEY `idx_facture_fourn_rec_date_lim_reglement` (`date_lim_reglement`),
  KEY `idx_facture_fourn_rec_fk_soc` (`fk_soc`),
  KEY `idx_facture_fourn_rec_fk_user_author` (`fk_user_author`),
  KEY `idx_facture_fourn_rec_fk_projet` (`fk_projet`),
  CONSTRAINT `fk_facture_fourn_rec_fk_projet` FOREIGN KEY (`fk_projet`) REFERENCES `t1zhf_projet` (`rowid`) ON DELETE RESTRICT ON UPDATE RESTRICT,
  CONSTRAINT `fk_facture_fourn_rec_fk_soc` FOREIGN KEY (`fk_soc`) REFERENCES `t1zhf_societe` (`rowid`) ON DELETE RESTRICT ON UPDATE RESTRICT,
  CONSTRAINT `fk_facture_fourn_rec_fk_user_author` FOREIGN KEY (`fk_user_author`) REFERENCES `t1zhf_user` (`rowid`) ON DELETE RESTRICT ON UPDATE RESTRICT
) ENGINE=InnoDB DEFAULT CHARSET=latin1;

--
-- Dumping data for table `t1zhf_facture_fourn_rec`
--


--
-- Table structure for table `t1zhf_facture_fourn_rec_extrafields`
--

CREATE TABLE `t1zhf_facture_fourn_rec_extrafields` (
  `rowid` int NOT NULL AUTO_INCREMENT,
  `tms` timestamp NULL DEFAULT CURRENT_TIMESTAMP ON UPDATE CURRENT_TIMESTAMP,
  `fk_object` int NOT NULL,
  `import_key` varchar(14) DEFAULT NULL,
  PRIMARY KEY (`rowid`),
  UNIQUE KEY `uk_facture_fourn_rec_extrafields` (`fk_object`)
) ENGINE=InnoDB DEFAULT CHARSET=latin1;

--
-- Dumping data for table `t1zhf_facture_fourn_rec_extrafields`
--


--
-- Table structure for table `t1zhf_facture_rec`
--

CREATE TABLE `t1zhf_facture_rec` (
  `rowid` int NOT NULL AUTO_INCREMENT,
  `titre` varchar(200) COLLATE utf8mb3_unicode_ci NOT NULL,
  `entity` int NOT NULL DEFAULT '1',
  `subtype` smallint DEFAULT NULL,
  `fk_soc` int NOT NULL,
  `datec` datetime DEFAULT NULL,
  `tms` timestamp NOT NULL DEFAULT CURRENT_TIMESTAMP ON UPDATE CURRENT_TIMESTAMP,
  `suspended` int DEFAULT '0',
  `amount` double(24,8) NOT NULL DEFAULT '0.00000000',
  `remise` double DEFAULT '0',
  `remise_percent` double DEFAULT '0',
  `remise_absolue` double DEFAULT '0',
  `vat_src_code` varchar(10) COLLATE utf8mb3_unicode_ci DEFAULT '',
  `total_tva` double(24,8) DEFAULT '0.00000000',
  `localtax1` double(24,8) DEFAULT '0.00000000',
  `localtax2` double(24,8) DEFAULT '0.00000000',
  `revenuestamp` double(24,8) DEFAULT '0.00000000',
  `total_ht` double(24,8) DEFAULT '0.00000000',
  `total_ttc` double(24,8) DEFAULT '0.00000000',
  `fk_user_author` int DEFAULT NULL,
  `fk_user_modif` int DEFAULT NULL,
  `fk_projet` int DEFAULT NULL,
  `fk_cond_reglement` int NOT NULL DEFAULT '1',
  `fk_mode_reglement` int DEFAULT '0',
  `date_lim_reglement` date DEFAULT NULL,
  `fk_account` int DEFAULT NULL,
  `note_private` text COLLATE utf8mb3_unicode_ci,
  `note_public` text COLLATE utf8mb3_unicode_ci,
  `modelpdf` varchar(255) COLLATE utf8mb3_unicode_ci DEFAULT NULL,
  `fk_multicurrency` int DEFAULT NULL,
  `multicurrency_code` varchar(3) COLLATE utf8mb3_unicode_ci DEFAULT NULL,
  `multicurrency_tx` double(24,8) DEFAULT '1.00000000',
  `multicurrency_total_ht` double(24,8) DEFAULT '0.00000000',
  `multicurrency_total_tva` double(24,8) DEFAULT '0.00000000',
  `multicurrency_total_ttc` double(24,8) DEFAULT '0.00000000',
  `usenewprice` int DEFAULT '0',
  `frequency` int DEFAULT NULL,
  `unit_frequency` varchar(2) COLLATE utf8mb3_unicode_ci DEFAULT 'm',
  `date_when` datetime DEFAULT NULL,
  `date_last_gen` datetime DEFAULT NULL,
  `nb_gen_done` int DEFAULT NULL,
  `nb_gen_max` int DEFAULT NULL,
  `auto_validate` int DEFAULT '0',
  `generate_pdf` int DEFAULT '1',
  PRIMARY KEY (`rowid`),
  UNIQUE KEY `idx_facture_rec_uk_titre` (`titre`,`entity`),
  KEY `idx_facture_rec_fk_soc` (`fk_soc`),
  KEY `idx_facture_rec_fk_user_author` (`fk_user_author`),
  KEY `idx_facture_rec_fk_projet` (`fk_projet`),
  KEY `idx_facture_rec_datec` (`datec`),
  CONSTRAINT `fk_facture_rec_fk_projet` FOREIGN KEY (`fk_projet`) REFERENCES `t1zhf_projet` (`rowid`) ON DELETE RESTRICT ON UPDATE RESTRICT,
  CONSTRAINT `fk_facture_rec_fk_soc` FOREIGN KEY (`fk_soc`) REFERENCES `t1zhf_societe` (`rowid`) ON DELETE RESTRICT ON UPDATE RESTRICT,
  CONSTRAINT `fk_facture_rec_fk_user_author` FOREIGN KEY (`fk_user_author`) REFERENCES `t1zhf_user` (`rowid`) ON DELETE RESTRICT ON UPDATE RESTRICT
) ENGINE=InnoDB DEFAULT CHARSET=utf8mb3 COLLATE=utf8mb3_unicode_ci;

--
-- Dumping data for table `t1zhf_facture_rec`
--


--
-- Table structure for table `t1zhf_facture_rec_extrafields`
--

CREATE TABLE `t1zhf_facture_rec_extrafields` (
  `rowid` int NOT NULL AUTO_INCREMENT,
  `tms` timestamp NOT NULL DEFAULT CURRENT_TIMESTAMP ON UPDATE CURRENT_TIMESTAMP,
  `fk_object` int NOT NULL,
  `import_key` varchar(14) COLLATE utf8mb3_unicode_ci DEFAULT NULL,
  PRIMARY KEY (`rowid`),
  UNIQUE KEY `uk_facture_rec_extrafields` (`fk_object`)
) ENGINE=InnoDB DEFAULT CHARSET=utf8mb3 COLLATE=utf8mb3_unicode_ci;

--
-- Dumping data for table `t1zhf_facture_rec_extrafields`
--


--
-- Table structure for table `t1zhf_facturedet`
--

CREATE TABLE `t1zhf_facturedet` (
  `rowid` int NOT NULL AUTO_INCREMENT,
  `fk_facture` int NOT NULL,
  `fk_parent_line` int DEFAULT NULL,
  `fk_product` int DEFAULT NULL,
  `label` varchar(255) COLLATE utf8mb3_unicode_ci DEFAULT NULL,
  `description` text COLLATE utf8mb3_unicode_ci,
  `vat_src_code` varchar(10) COLLATE utf8mb3_unicode_ci DEFAULT '',
  `tva_tx` double(6,3) DEFAULT NULL,
  `localtax1_tx` double(6,3) DEFAULT '0.000',
  `localtax1_type` varchar(10) COLLATE utf8mb3_unicode_ci DEFAULT NULL,
  `localtax2_tx` double(6,3) DEFAULT '0.000',
  `localtax2_type` varchar(10) COLLATE utf8mb3_unicode_ci DEFAULT NULL,
  `qty` double DEFAULT NULL,
  `remise_percent` double DEFAULT '0',
  `remise` double DEFAULT '0',
  `fk_remise_except` int DEFAULT NULL,
  `subprice` double(24,8) DEFAULT NULL,
  `price` double(24,8) DEFAULT NULL,
  `total_ht` double(24,8) DEFAULT NULL,
  `total_tva` double(24,8) DEFAULT NULL,
  `total_localtax1` double(24,8) DEFAULT '0.00000000',
  `total_localtax2` double(24,8) DEFAULT '0.00000000',
  `total_ttc` double(24,8) DEFAULT NULL,
  `product_type` int DEFAULT '0',
  `date_start` datetime DEFAULT NULL,
  `date_end` datetime DEFAULT NULL,
  `info_bits` int DEFAULT '0',
  `buy_price_ht` double(24,8) DEFAULT '0.00000000',
  `fk_product_fournisseur_price` int DEFAULT NULL,
  `fk_code_ventilation` int NOT NULL DEFAULT '0',
  `special_code` int DEFAULT '0',
  `rang` int DEFAULT '0',
  `fk_contract_line` int DEFAULT NULL,
  `import_key` varchar(14) COLLATE utf8mb3_unicode_ci DEFAULT NULL,
  `situation_percent` double DEFAULT '100',
  `fk_prev_id` int DEFAULT NULL,
  `fk_unit` int DEFAULT NULL,
  `fk_user_author` int DEFAULT NULL,
  `fk_user_modif` int DEFAULT NULL,
  `fk_multicurrency` int DEFAULT NULL,
  `multicurrency_code` varchar(3) COLLATE utf8mb3_unicode_ci DEFAULT NULL,
  `multicurrency_subprice` double(24,8) DEFAULT '0.00000000',
  `multicurrency_total_ht` double(24,8) DEFAULT '0.00000000',
  `multicurrency_total_tva` double(24,8) DEFAULT '0.00000000',
  `multicurrency_total_ttc` double(24,8) DEFAULT '0.00000000',
  `ref_ext` varchar(255) COLLATE utf8mb3_unicode_ci DEFAULT NULL,
  `date_cre` datetime DEFAULT NULL,
  `date_maj` datetime DEFAULT NULL,
  `poids` int NOT NULL DEFAULT '0',
  `tarif_poids` double NOT NULL DEFAULT '0',
  `metre` varchar(255) COLLATE utf8mb3_unicode_ci DEFAULT NULL,
  `batch` varchar(128) COLLATE utf8mb3_unicode_ci DEFAULT NULL,
  `fk_warehouse` int DEFAULT NULL,
  PRIMARY KEY (`rowid`),
  UNIQUE KEY `uk_fk_remise_except` (`fk_remise_except`,`fk_facture`),
  KEY `idx_facturedet_fk_facture` (`fk_facture`),
  KEY `idx_facturedet_fk_product` (`fk_product`),
  KEY `idx_facturedet_fk_code_ventilation` (`fk_code_ventilation`),
  KEY `fk_facturedet_fk_unit` (`fk_unit`),
  CONSTRAINT `fk_facturedet_fk_facture` FOREIGN KEY (`fk_facture`) REFERENCES `t1zhf_facture` (`rowid`) ON DELETE RESTRICT ON UPDATE RESTRICT,
  CONSTRAINT `fk_facturedet_fk_unit` FOREIGN KEY (`fk_unit`) REFERENCES `t1zhf_c_units` (`rowid`) ON DELETE RESTRICT ON UPDATE RESTRICT
) ENGINE=InnoDB AUTO_INCREMENT=329 DEFAULT CHARSET=utf8mb3 COLLATE=utf8mb3_unicode_ci;

--
-- Dumping data for table `t1zhf_facturedet`
--

INSERT INTO `t1zhf_facturedet` VALUES (1,1,NULL,1,NULL,'Disque Dur 1To','',20.000,0.000,'0',0.000,'0',2,0,0,NULL,70.00000000,NULL,140.00000000,28.00000000,0.00000000,0.00000000,168.00000000,0,NULL,NULL,0,65.00000000,NULL,100100400,0,1,NULL,NULL,100,NULL,NULL,1,1,0,'EUR',70.00000000,140.00000000,28.00000000,168.00000000,NULL,NULL,NULL,0,0,NULL,NULL,NULL),(2,2,NULL,1,NULL,'Disque Dur 1To','',20.000,0.000,'0',0.000,'0',1,0,0,NULL,70.00000000,NULL,70.00000000,14.00000000,0.00000000,0.00000000,84.00000000,0,NULL,NULL,0,65.00000000,NULL,100100400,0,1,NULL,NULL,100,NULL,NULL,1,1,0,'EUR',70.00000000,70.00000000,14.00000000,84.00000000,NULL,NULL,NULL,0,0,NULL,NULL,NULL),(4,4,NULL,1,NULL,'Disque Dur 1To','',20.000,0.000,'0',0.000,'0',2,0,0,NULL,70.00000000,NULL,70.00000000,14.00000000,0.00000000,0.00000000,84.00000000,0,NULL,NULL,0,65.00000000,NULL,100100400,0,1,NULL,NULL,50,NULL,1,1,1,0,'EUR',70.00000000,70.00000000,14.00000000,84.00000000,NULL,NULL,NULL,0,0,'',NULL,NULL),(13,6,NULL,NULL,'local 1','','',0.000,0.000,'0',0.000,'0',1,0,0,NULL,0.00000000,NULL,0.00000000,0.00000000,0.00000000,0.00000000,0.00000000,9,NULL,NULL,0,0.00000000,NULL,0,104777,1,NULL,NULL,0,NULL,NULL,1,1,0,'EUR',0.00000000,0.00000000,0.00000000,0.00000000,NULL,NULL,NULL,0,0,'',NULL,NULL),(14,6,NULL,1,NULL,'Disque Dur 1To','',20.000,0.000,'0',0.000,'0',3,0,0,NULL,70.00000000,NULL,21.00000000,4.20000000,0.00000000,0.00000000,25.20000000,0,NULL,NULL,0,65.00000000,NULL,100100400,0,2,NULL,NULL,10,NULL,NULL,1,1,0,'EUR',70.00000000,21.00000000,4.20000000,25.20000000,NULL,NULL,NULL,0,0,'',NULL,NULL),(15,6,NULL,2,NULL,'Main d\'oeuvre réparation','',20.000,0.000,'0',0.000,'0',3,0,0,NULL,55.00000000,NULL,16.50000000,3.30000000,0.00000000,0.00000000,19.80000000,1,NULL,NULL,0,0.00000000,NULL,100100399,0,3,NULL,NULL,10,NULL,1,1,1,0,'EUR',55.00000000,16.50000000,3.30000000,19.80000000,NULL,NULL,NULL,0,0,'',NULL,NULL),(16,6,NULL,NULL,'total local 1','','',0.000,0.000,'0',0.000,'0',99,0,0,NULL,0.00000000,NULL,0.00000000,0.00000000,0.00000000,0.00000000,0.00000000,9,NULL,NULL,0,0.00000000,NULL,0,104777,4,NULL,NULL,0,NULL,NULL,1,1,0,'EUR',0.00000000,0.00000000,0.00000000,0.00000000,NULL,NULL,NULL,0,0,'',NULL,NULL),(17,6,NULL,NULL,'local 2','','',0.000,0.000,'0',0.000,'0',1,0,0,NULL,0.00000000,NULL,0.00000000,0.00000000,0.00000000,0.00000000,0.00000000,9,NULL,NULL,0,0.00000000,NULL,0,104777,5,NULL,NULL,0,NULL,NULL,1,1,0,'EUR',0.00000000,0.00000000,0.00000000,0.00000000,NULL,NULL,NULL,0,0,'',NULL,NULL),(18,6,NULL,1,NULL,'Disque Dur 1To','',20.000,0.000,'0',0.000,'0',3,0,0,NULL,70.00000000,NULL,21.00000000,4.20000000,0.00000000,0.00000000,25.20000000,0,NULL,NULL,0,65.00000000,NULL,100100400,0,6,NULL,NULL,10,NULL,NULL,1,1,0,'EUR',70.00000000,21.00000000,4.20000000,25.20000000,NULL,NULL,NULL,0,0,'',NULL,NULL),(19,6,NULL,2,NULL,'Main d\'oeuvre réparation','',20.000,0.000,'0',0.000,'0',1,0,0,NULL,55.00000000,NULL,5.50000000,1.10000000,0.00000000,0.00000000,6.60000000,1,NULL,NULL,0,0.00000000,NULL,100100399,0,7,NULL,NULL,10,NULL,NULL,1,1,0,'EUR',55.00000000,5.50000000,1.10000000,6.60000000,NULL,NULL,NULL,0,0,'',NULL,NULL),(20,6,NULL,NULL,'tot l2','','',0.000,0.000,'0',0.000,'0',99,0,0,NULL,0.00000000,NULL,0.00000000,0.00000000,0.00000000,0.00000000,0.00000000,9,NULL,NULL,0,0.00000000,NULL,0,104777,8,NULL,NULL,0,NULL,NULL,1,1,0,'EUR',0.00000000,0.00000000,0.00000000,0.00000000,NULL,NULL,NULL,0,0,'',NULL,NULL),(21,7,NULL,NULL,'local 1','','',0.000,0.000,'0',0.000,'0',1,0,0,NULL,0.00000000,NULL,0.00000000,0.00000000,0.00000000,0.00000000,0.00000000,9,NULL,NULL,0,0.00000000,NULL,0,104777,1,NULL,NULL,0,13,NULL,1,1,0,'EUR',0.00000000,0.00000000,0.00000000,0.00000000,NULL,NULL,NULL,0,0,'',NULL,NULL),(22,7,NULL,1,NULL,'Disque Dur 1To','',20.000,0.000,'0',0.000,'0',3,0,0,NULL,70.00000000,NULL,105.00000000,21.00000000,0.00000000,0.00000000,126.00000000,0,NULL,NULL,0,65.00000000,NULL,100100400,0,2,NULL,NULL,50,14,NULL,1,1,0,'EUR',70.00000000,105.00000000,21.00000000,126.00000000,NULL,NULL,NULL,0,0,'',NULL,NULL),(23,7,NULL,2,NULL,'Main d\'oeuvre réparation','',20.000,0.000,'0',0.000,'0',3,0,0,NULL,55.00000000,NULL,82.50000000,16.50000000,0.00000000,0.00000000,99.00000000,1,NULL,NULL,0,0.00000000,NULL,100100399,0,3,NULL,NULL,50,15,1,1,1,0,'EUR',55.00000000,82.50000000,16.50000000,99.00000000,NULL,NULL,NULL,0,0,'',NULL,NULL),(24,7,NULL,NULL,'total local 1','','',0.000,0.000,'0',0.000,'0',99,0,0,NULL,0.00000000,NULL,0.00000000,0.00000000,0.00000000,0.00000000,0.00000000,9,NULL,NULL,0,0.00000000,NULL,0,104777,4,NULL,NULL,0,16,NULL,1,1,0,'EUR',0.00000000,0.00000000,0.00000000,0.00000000,NULL,NULL,NULL,0,0,'',NULL,NULL),(25,7,NULL,NULL,'local 2','','',0.000,0.000,'0',0.000,'0',1,0,0,NULL,0.00000000,NULL,0.00000000,0.00000000,0.00000000,0.00000000,0.00000000,9,NULL,NULL,0,0.00000000,NULL,0,104777,5,NULL,NULL,0,17,NULL,1,1,0,'EUR',0.00000000,0.00000000,0.00000000,0.00000000,NULL,NULL,NULL,0,0,'',NULL,NULL),(26,7,NULL,1,NULL,'Disque Dur 1To','',20.000,0.000,'0',0.000,'0',3,0,0,NULL,70.00000000,NULL,105.00000000,21.00000000,0.00000000,0.00000000,126.00000000,0,NULL,NULL,0,65.00000000,NULL,100100400,0,6,NULL,NULL,50,18,NULL,1,1,0,'EUR',70.00000000,105.00000000,21.00000000,126.00000000,NULL,NULL,NULL,0,0,'',NULL,NULL),(27,7,NULL,2,NULL,'Main d\'oeuvre réparation','',20.000,0.000,'0',0.000,'0',1,0,0,NULL,55.00000000,NULL,27.50000000,5.50000000,0.00000000,0.00000000,33.00000000,1,NULL,NULL,0,0.00000000,NULL,100100399,0,7,NULL,NULL,50,19,NULL,1,1,0,'EUR',55.00000000,27.50000000,5.50000000,33.00000000,NULL,NULL,NULL,0,0,'',NULL,NULL),(28,7,NULL,NULL,'tot l2','','',0.000,0.000,'0',0.000,'0',99,0,0,NULL,0.00000000,NULL,0.00000000,0.00000000,0.00000000,0.00000000,0.00000000,9,NULL,NULL,0,0.00000000,NULL,0,104777,8,NULL,NULL,0,20,NULL,1,1,0,'EUR',0.00000000,0.00000000,0.00000000,0.00000000,NULL,NULL,NULL,0,0,'',NULL,NULL),(29,8,NULL,NULL,'local 1','','',0.000,0.000,'0',0.000,'0',1,0,0,NULL,0.00000000,NULL,0.00000000,0.00000000,0.00000000,0.00000000,0.00000000,9,NULL,NULL,0,0.00000000,NULL,0,104777,1,NULL,NULL,0,21,NULL,1,1,0,'EUR',0.00000000,0.00000000,0.00000000,0.00000000,NULL,NULL,NULL,0,0,'',NULL,NULL),(30,8,NULL,1,NULL,'Disque Dur 1To','',20.000,0.000,'0',0.000,'0',3,0,0,NULL,70.00000000,NULL,210.00000000,42.00000000,0.00000000,0.00000000,252.00000000,0,NULL,NULL,0,65.00000000,NULL,100100400,0,2,NULL,NULL,100,22,NULL,1,1,0,'EUR',70.00000000,210.00000000,42.00000000,252.00000000,NULL,NULL,NULL,0,0,'',NULL,NULL),(31,8,NULL,2,NULL,'Main d\'oeuvre réparation','',20.000,0.000,'0',0.000,'0',3,0,0,NULL,55.00000000,NULL,165.00000000,33.00000000,0.00000000,0.00000000,198.00000000,1,NULL,NULL,0,0.00000000,NULL,100100399,0,3,NULL,NULL,100,23,1,1,1,0,'EUR',55.00000000,165.00000000,33.00000000,198.00000000,NULL,NULL,NULL,0,0,'',NULL,NULL),(32,8,NULL,NULL,'total local 1','','',0.000,0.000,'0',0.000,'0',99,0,0,NULL,0.00000000,NULL,0.00000000,0.00000000,0.00000000,0.00000000,0.00000000,9,NULL,NULL,0,0.00000000,NULL,0,104777,4,NULL,NULL,0,24,NULL,1,1,0,'EUR',0.00000000,0.00000000,0.00000000,0.00000000,NULL,NULL,NULL,0,0,'',NULL,NULL),(33,8,NULL,NULL,'local 2','','',0.000,0.000,'0',0.000,'0',1,0,0,NULL,0.00000000,NULL,0.00000000,0.00000000,0.00000000,0.00000000,0.00000000,9,NULL,NULL,0,0.00000000,NULL,0,104777,5,NULL,NULL,0,25,NULL,1,1,0,'EUR',0.00000000,0.00000000,0.00000000,0.00000000,NULL,NULL,NULL,0,0,'',NULL,NULL),(34,8,NULL,1,NULL,'Disque Dur 1To','',20.000,0.000,'0',0.000,'0',3,0,0,NULL,70.00000000,NULL,210.00000000,42.00000000,0.00000000,0.00000000,252.00000000,0,NULL,NULL,0,65.00000000,NULL,100100400,0,6,NULL,NULL,100,26,NULL,1,1,0,'EUR',70.00000000,210.00000000,42.00000000,252.00000000,NULL,NULL,NULL,0,0,'',NULL,NULL),(35,8,NULL,2,NULL,'Main d\'oeuvre réparation','',20.000,0.000,'0',0.000,'0',1,0,0,NULL,55.00000000,NULL,55.00000000,11.00000000,0.00000000,0.00000000,66.00000000,1,NULL,NULL,0,0.00000000,NULL,100100399,0,7,NULL,NULL,100,27,NULL,1,1,0,'EUR',55.00000000,55.00000000,11.00000000,66.00000000,NULL,NULL,NULL,0,0,'',NULL,NULL),(36,8,NULL,NULL,'tot l2','','',0.000,0.000,'0',0.000,'0',99,0,0,NULL,0.00000000,NULL,0.00000000,0.00000000,0.00000000,0.00000000,0.00000000,9,NULL,NULL,0,0.00000000,NULL,0,104777,8,NULL,NULL,0,28,NULL,1,1,0,'EUR',0.00000000,0.00000000,0.00000000,0.00000000,NULL,NULL,NULL,0,0,'',NULL,NULL),(37,9,NULL,4,NULL,'','',20.000,0.000,'0',0.000,'0',4,0,0,NULL,20.00000000,NULL,80.00000000,16.00000000,0.00000000,0.00000000,96.00000000,0,NULL,NULL,0,10.00000000,NULL,0,0,1,NULL,NULL,100,NULL,1,1,1,0,'EUR',20.00000000,80.00000000,16.00000000,96.00000000,NULL,NULL,NULL,0,0,'',NULL,NULL),(49,11,NULL,5,NULL,'velo','',20.000,0.000,'0',0.000,'0',10,0,0,NULL,300.00000000,NULL,150.00000000,30.00000000,0.00000000,0.00000000,180.00000000,0,NULL,NULL,0,150.00000000,NULL,100100400,0,1,NULL,NULL,5,NULL,1,1,1,0,'EUR',300.00000000,150.00000000,30.00000000,180.00000000,NULL,NULL,NULL,0,0,'',NULL,NULL),(50,11,NULL,6,NULL,'fomation','',20.000,0.000,'0',0.000,'0',5,0,0,NULL,700.00000000,NULL,350.00000000,70.00000000,0.00000000,0.00000000,420.00000000,1,NULL,NULL,0,700.00000000,NULL,100100399,0,2,NULL,NULL,10,NULL,4,1,1,0,'EUR',700.00000000,350.00000000,70.00000000,420.00000000,NULL,NULL,NULL,0,0,'',NULL,NULL),(51,12,NULL,5,NULL,'velo','',20.000,0.000,'0',0.000,'0',10,0,0,NULL,300.00000000,NULL,600.00000000,120.00000000,0.00000000,0.00000000,720.00000000,0,NULL,NULL,0,150.00000000,NULL,100100400,0,1,NULL,NULL,20,49,1,1,1,0,'EUR',300.00000000,600.00000000,120.00000000,720.00000000,NULL,NULL,NULL,0,0,'',NULL,NULL),(52,12,NULL,6,NULL,'fomation','',20.000,0.000,'0',0.000,'0',5,0,0,NULL,700.00000000,NULL,700.00000000,140.00000000,0.00000000,0.00000000,840.00000000,1,NULL,NULL,0,700.00000000,NULL,100100399,0,2,NULL,NULL,20,50,4,1,1,0,'EUR',700.00000000,700.00000000,140.00000000,840.00000000,NULL,NULL,NULL,0,0,'',NULL,NULL),(53,13,NULL,5,NULL,'velo','',20.000,0.000,'0',0.000,'0',10,0,0,NULL,300.00000000,NULL,1500.00000000,300.00000000,0.00000000,0.00000000,1800.00000000,0,NULL,NULL,0,150.00000000,NULL,100100400,0,1,NULL,NULL,50,51,1,1,1,0,'EUR',300.00000000,1500.00000000,300.00000000,1800.00000000,NULL,NULL,NULL,0,0,'',NULL,NULL),(54,13,NULL,6,NULL,'fomation','',20.000,0.000,'0',0.000,'0',5,0,0,NULL,700.00000000,NULL,1750.00000000,350.00000000,0.00000000,0.00000000,2100.00000000,1,NULL,NULL,0,700.00000000,NULL,100100399,0,2,NULL,NULL,50,52,4,1,1,0,'EUR',700.00000000,1750.00000000,350.00000000,2100.00000000,NULL,NULL,NULL,0,0,'',NULL,NULL),(55,14,NULL,5,NULL,'velo','',20.000,0.000,'0',0.000,'0',10,0,0,NULL,300.00000000,NULL,3000.00000000,600.00000000,0.00000000,0.00000000,3600.00000000,0,NULL,NULL,0,150.00000000,NULL,100100400,0,1,NULL,NULL,100,53,1,1,1,0,'EUR',300.00000000,3000.00000000,600.00000000,3600.00000000,NULL,NULL,NULL,0,0,'',NULL,NULL),(56,14,NULL,6,NULL,'fomation','',20.000,0.000,'0',0.000,'0',5,0,0,NULL,700.00000000,NULL,3500.00000000,700.00000000,0.00000000,0.00000000,4200.00000000,1,NULL,NULL,0,700.00000000,NULL,100100399,0,2,NULL,NULL,100,54,4,1,1,0,'EUR',700.00000000,3500.00000000,700.00000000,4200.00000000,NULL,NULL,NULL,0,0,'',NULL,NULL),(57,15,NULL,NULL,'Ville de Paris','','',0.000,0.000,'0',0.000,'0',1,0,0,NULL,0.00000000,NULL,0.00000000,0.00000000,0.00000000,0.00000000,0.00000000,9,NULL,NULL,0,0.00000000,NULL,0,104777,1,NULL,NULL,0,NULL,NULL,1,1,0,'EUR',0.00000000,0.00000000,0.00000000,0.00000000,NULL,NULL,NULL,0,0,'',NULL,NULL),(59,15,NULL,9,NULL,'velo2','',20.000,0.000,'0',0.000,'0',10,0,0,NULL,570.00000000,NULL,570.00000000,114.00000000,0.00000000,0.00000000,684.00000000,0,NULL,NULL,0,570.00000000,NULL,100100400,0,3,NULL,NULL,10,NULL,1,1,1,0,'EUR',570.00000000,570.00000000,114.00000000,684.00000000,NULL,NULL,NULL,0,0,'',NULL,NULL),(60,15,NULL,5,NULL,'velo','',20.000,0.000,'0',0.000,'0',20,0,0,NULL,300.00000000,NULL,3000.00000000,600.00000000,0.00000000,0.00000000,3600.00000000,0,NULL,NULL,0,150.00000000,NULL,100100400,0,4,NULL,NULL,50,NULL,1,1,1,0,'EUR',300.00000000,3000.00000000,600.00000000,3600.00000000,NULL,NULL,NULL,0,0,'',NULL,NULL),(61,15,NULL,NULL,'vdp','','',0.000,0.000,'0',0.000,'0',99,0,0,NULL,0.00000000,NULL,0.00000000,0.00000000,0.00000000,0.00000000,0.00000000,9,NULL,NULL,0,0.00000000,NULL,0,104777,5,NULL,NULL,0,NULL,NULL,1,1,0,'EUR',0.00000000,0.00000000,0.00000000,0.00000000,NULL,NULL,NULL,0,0,'',NULL,NULL),(62,15,NULL,NULL,'Ville de Nantes','','',0.000,0.000,'0',0.000,'0',1,0,0,NULL,0.00000000,NULL,0.00000000,0.00000000,0.00000000,0.00000000,0.00000000,9,NULL,NULL,0,0.00000000,NULL,0,104777,6,NULL,NULL,0,NULL,NULL,1,1,0,'EUR',0.00000000,0.00000000,0.00000000,0.00000000,NULL,NULL,NULL,0,0,'',NULL,NULL),(64,15,NULL,5,NULL,'velo','',20.000,0.000,'0',0.000,'0',5,0,0,NULL,300.00000000,NULL,300.00000000,60.00000000,0.00000000,0.00000000,360.00000000,0,NULL,NULL,0,150.00000000,NULL,100100400,0,8,NULL,NULL,20,NULL,1,1,1,0,'EUR',300.00000000,300.00000000,60.00000000,360.00000000,NULL,NULL,NULL,0,0,'',NULL,NULL),(65,15,NULL,9,NULL,'velo2','',10.000,0.000,'0',0.000,'0',10,0,0,NULL,570.00000000,NULL,4560.00000000,456.00000000,0.00000000,0.00000000,5016.00000000,0,NULL,NULL,0,570.00000000,NULL,100100400,0,9,NULL,NULL,80,NULL,1,1,1,0,'EUR',570.00000000,4560.00000000,456.00000000,5016.00000000,NULL,NULL,NULL,0,0,'',NULL,NULL),(66,15,NULL,NULL,'vdn','','',0.000,0.000,'0',0.000,'0',99,0,0,NULL,0.00000000,NULL,0.00000000,0.00000000,0.00000000,0.00000000,0.00000000,9,NULL,NULL,0,0.00000000,NULL,0,104777,10,NULL,NULL,0,NULL,NULL,1,1,0,'EUR',0.00000000,0.00000000,0.00000000,0.00000000,NULL,NULL,NULL,0,0,'',NULL,NULL),(67,16,NULL,NULL,'Ville de Paris','','',0.000,0.000,'0',0.000,'0',1,0,0,NULL,0.00000000,NULL,0.00000000,0.00000000,0.00000000,0.00000000,0.00000000,9,NULL,NULL,0,0.00000000,NULL,0,104777,1,NULL,NULL,0,57,NULL,1,1,0,'EUR',0.00000000,0.00000000,0.00000000,0.00000000,NULL,NULL,NULL,0,0,'',NULL,NULL),(68,16,NULL,9,NULL,'velo2','',20.000,0.000,'0',0.000,'0',10,0,0,NULL,570.00000000,NULL,2850.00000000,570.00000000,0.00000000,0.00000000,3420.00000000,0,NULL,NULL,0,570.00000000,NULL,0,0,3,NULL,NULL,50,59,1,1,1,0,'EUR',570.00000000,2850.00000000,570.00000000,3420.00000000,NULL,NULL,NULL,0,0,'',NULL,NULL),(69,16,NULL,5,NULL,'velo','',20.000,0.000,'0',0.000,'0',20,0,0,NULL,300.00000000,NULL,3000.00000000,600.00000000,0.00000000,0.00000000,3600.00000000,0,NULL,NULL,0,150.00000000,NULL,0,0,4,NULL,NULL,50,60,1,1,1,0,'EUR',300.00000000,3000.00000000,600.00000000,3600.00000000,NULL,NULL,NULL,0,0,'',NULL,NULL),(70,16,NULL,NULL,'vdp','','',0.000,0.000,'0',0.000,'0',99,0,0,NULL,0.00000000,NULL,0.00000000,0.00000000,0.00000000,0.00000000,0.00000000,9,NULL,NULL,0,0.00000000,NULL,0,104777,5,NULL,NULL,0,61,NULL,1,1,0,'EUR',0.00000000,0.00000000,0.00000000,0.00000000,NULL,NULL,NULL,0,0,'',NULL,NULL),(71,16,NULL,NULL,'Ville de Nantes','','',0.000,0.000,'0',0.000,'0',1,0,0,NULL,0.00000000,NULL,0.00000000,0.00000000,0.00000000,0.00000000,0.00000000,9,NULL,NULL,0,0.00000000,NULL,0,104777,6,NULL,NULL,0,62,NULL,1,1,0,'EUR',0.00000000,0.00000000,0.00000000,0.00000000,NULL,NULL,NULL,0,0,'',NULL,NULL),(72,16,NULL,5,NULL,'velo','',20.000,0.000,'0',0.000,'0',5,0,0,NULL,300.00000000,NULL,750.00000000,150.00000000,0.00000000,0.00000000,900.00000000,0,NULL,NULL,0,150.00000000,NULL,0,0,8,NULL,NULL,50,64,1,1,1,0,'EUR',300.00000000,750.00000000,150.00000000,900.00000000,NULL,NULL,NULL,0,0,'',NULL,NULL),(73,16,NULL,9,NULL,'velo2','',10.000,0.000,'0',0.000,'0',10,0,0,NULL,570.00000000,NULL,4560.00000000,456.00000000,0.00000000,0.00000000,5016.00000000,0,NULL,NULL,0,570.00000000,NULL,0,0,9,NULL,NULL,80,65,1,1,1,0,'EUR',570.00000000,4560.00000000,456.00000000,5016.00000000,NULL,NULL,NULL,0,0,'',NULL,NULL),(74,16,NULL,NULL,'vdn','','',0.000,0.000,'0',0.000,'0',99,0,0,NULL,0.00000000,NULL,0.00000000,0.00000000,0.00000000,0.00000000,0.00000000,9,NULL,NULL,0,0.00000000,NULL,0,104777,10,NULL,NULL,0,66,NULL,1,1,0,'EUR',0.00000000,0.00000000,0.00000000,0.00000000,NULL,NULL,NULL,0,0,'',NULL,NULL),(82,18,NULL,10,NULL,'&Eacute;tudes pr&eacute;liminaires','',20.000,0.000,'0',0.000,'0',1,0,0,NULL,557.81000000,NULL,557.81000000,111.56000000,0.00000000,0.00000000,669.37000000,1,NULL,NULL,0,0.00000000,NULL,100100399,0,1,NULL,NULL,100,NULL,1,1,1,0,'EUR',557.81000000,557.81000000,111.56000000,669.37000000,NULL,NULL,NULL,0,0,'',NULL,NULL),(83,18,NULL,11,NULL,'Avant projet, estimation','',20.000,0.000,'0',0.000,'0',1,0,0,NULL,1673.44000000,NULL,0.00000000,0.00000000,0.00000000,0.00000000,0.00000000,1,NULL,NULL,0,0.00000000,NULL,100100399,0,2,NULL,NULL,0,NULL,1,1,1,0,'EUR',1673.44000000,0.00000000,0.00000000,0.00000000,NULL,NULL,NULL,0,0,'',NULL,NULL),(84,18,NULL,12,NULL,'Dossier permis de construire','',20.000,0.000,'0',0.000,'0',1,0,0,NULL,2231.25000000,NULL,0.00000000,0.00000000,0.00000000,0.00000000,0.00000000,1,NULL,NULL,0,0.00000000,NULL,100100399,0,3,NULL,NULL,0,NULL,1,1,1,0,'EUR',2231.25000000,0.00000000,0.00000000,0.00000000,NULL,NULL,NULL,0,0,'',NULL,NULL),(85,18,NULL,13,NULL,'Projet et dossier de consultation des entreprises','',20.000,0.000,'0',0.000,'0',1,0,0,NULL,3123.75000000,NULL,0.00000000,0.00000000,0.00000000,0.00000000,0.00000000,1,NULL,NULL,0,0.00000000,NULL,100100399,0,4,NULL,NULL,0,NULL,1,1,1,0,'EUR',3123.75000000,0.00000000,0.00000000,0.00000000,NULL,NULL,NULL,0,0,'',NULL,NULL),(86,18,NULL,14,NULL,'Marchés','',20.000,0.000,'0',0.000,'0',1,0,0,NULL,223.13000000,NULL,0.00000000,0.00000000,0.00000000,0.00000000,0.00000000,1,NULL,NULL,0,0.00000000,NULL,100100399,0,5,NULL,NULL,0,NULL,1,1,1,0,'EUR',223.13000000,0.00000000,0.00000000,0.00000000,NULL,NULL,NULL,0,0,'',NULL,NULL),(87,18,NULL,15,NULL,'Direction et comptabilité des travaux (suivant planning)','',20.000,0.000,'0',0.000,'0',1,0,0,NULL,3123.75000000,NULL,0.00000000,0.00000000,0.00000000,0.00000000,0.00000000,1,NULL,NULL,0,0.00000000,NULL,100100399,0,6,NULL,NULL,0,NULL,1,1,1,0,'EUR',3123.75000000,0.00000000,0.00000000,0.00000000,NULL,NULL,NULL,0,0,'',NULL,NULL),(88,18,NULL,16,NULL,'Réception','',20.000,0.000,'0',0.000,'0',1,0,0,NULL,223.75000000,NULL,0.00000000,0.00000000,0.00000000,0.00000000,0.00000000,1,NULL,NULL,0,0.00000000,NULL,100100399,0,7,NULL,NULL,0,NULL,1,1,1,0,'EUR',223.75000000,0.00000000,0.00000000,0.00000000,NULL,NULL,NULL,0,0,'',NULL,NULL),(89,19,NULL,10,NULL,'&Eacute;tudes pr&eacute;liminaires','',20.000,0.000,'0',0.000,'0',1,0,0,NULL,557.81000000,NULL,557.81000000,111.56000000,0.00000000,0.00000000,669.37000000,1,NULL,NULL,0,0.00000000,NULL,100100399,0,1,NULL,NULL,100,82,1,1,1,0,'EUR',557.81000000,557.81000000,111.56000000,669.37000000,NULL,NULL,NULL,0,0,'',NULL,NULL),(90,19,NULL,11,NULL,'Avant projet, estimation','',20.000,0.000,'0',0.000,'0',1,0,0,NULL,1673.44000000,NULL,1673.44000000,334.69000000,0.00000000,0.00000000,2008.13000000,1,NULL,NULL,0,0.00000000,NULL,100100399,0,2,NULL,NULL,100,83,1,1,1,0,'EUR',1673.44000000,1673.44000000,334.69000000,2008.13000000,NULL,NULL,NULL,0,0,'',NULL,NULL),(91,19,NULL,12,NULL,'Dossier permis de construire','',20.000,0.000,'0',0.000,'0',1,0,0,NULL,2231.25000000,NULL,2231.25000000,446.25000000,0.00000000,0.00000000,2677.50000000,1,NULL,NULL,0,0.00000000,NULL,100100399,0,3,NULL,NULL,100,84,1,1,1,0,'EUR',2231.25000000,2231.25000000,446.25000000,2677.50000000,NULL,NULL,NULL,0,0,'',NULL,NULL),(92,19,NULL,13,NULL,'Projet et dossier de consultation des entreprises','',20.000,0.000,'0',0.000,'0',1,0,0,NULL,3123.75000000,NULL,0.00000000,0.00000000,0.00000000,0.00000000,0.00000000,1,NULL,NULL,0,0.00000000,NULL,100100399,0,4,NULL,NULL,0,85,1,1,1,0,'EUR',3123.75000000,0.00000000,0.00000000,0.00000000,NULL,NULL,NULL,0,0,'',NULL,NULL),(93,19,NULL,14,NULL,'Marchés','',20.000,0.000,'0',0.000,'0',1,0,0,NULL,223.13000000,NULL,0.00000000,0.00000000,0.00000000,0.00000000,0.00000000,1,NULL,NULL,0,0.00000000,NULL,100100399,0,5,NULL,NULL,0,86,1,1,1,0,'EUR',223.13000000,0.00000000,0.00000000,0.00000000,NULL,NULL,NULL,0,0,'',NULL,NULL),(94,19,NULL,15,NULL,'Direction et comptabilité des travaux (suivant planning)','',20.000,0.000,'0',0.000,'0',1,0,0,NULL,3123.75000000,NULL,0.00000000,0.00000000,0.00000000,0.00000000,0.00000000,1,NULL,NULL,0,0.00000000,NULL,100100399,0,6,NULL,NULL,0,87,1,1,1,0,'EUR',3123.75000000,0.00000000,0.00000000,0.00000000,NULL,NULL,NULL,0,0,'',NULL,NULL),(95,19,NULL,16,NULL,'Réception','',20.000,0.000,'0',0.000,'0',1,0,0,NULL,223.75000000,NULL,0.00000000,0.00000000,0.00000000,0.00000000,0.00000000,1,NULL,NULL,0,0.00000000,NULL,100100399,0,7,NULL,NULL,0,88,1,1,1,0,'EUR',223.75000000,0.00000000,0.00000000,0.00000000,NULL,NULL,NULL,0,0,'',NULL,NULL),(96,20,NULL,10,NULL,'&Eacute;tudes pr&eacute;liminaires','',20.000,0.000,'0',0.000,'0',1,0,0,NULL,557.81000000,NULL,557.81000000,111.56000000,0.00000000,0.00000000,669.37000000,1,NULL,NULL,0,0.00000000,NULL,100100399,0,1,NULL,NULL,100,89,1,1,1,0,'EUR',557.81000000,557.81000000,111.56000000,669.37000000,NULL,NULL,NULL,0,0,'',NULL,NULL),(97,20,NULL,11,NULL,'Avant projet, estimation','',20.000,0.000,'0',0.000,'0',1,0,0,NULL,1673.44000000,NULL,1673.44000000,334.69000000,0.00000000,0.00000000,2008.13000000,1,NULL,NULL,0,0.00000000,NULL,100100399,0,2,NULL,NULL,100,90,1,1,1,0,'EUR',1673.44000000,1673.44000000,334.69000000,2008.13000000,NULL,NULL,NULL,0,0,'',NULL,NULL),(98,20,NULL,12,NULL,'Dossier permis de construire','',20.000,0.000,'0',0.000,'0',1,0,0,NULL,2231.25000000,NULL,2231.25000000,446.25000000,0.00000000,0.00000000,2677.50000000,1,NULL,NULL,0,0.00000000,NULL,100100399,0,3,NULL,NULL,100,91,1,1,1,0,'EUR',2231.25000000,2231.25000000,446.25000000,2677.50000000,NULL,NULL,NULL,0,0,'',NULL,NULL),(99,20,NULL,13,NULL,'Projet et dossier de consultation des entreprises','',20.000,0.000,'0',0.000,'0',1,0,0,NULL,3123.75000000,NULL,3123.75000000,624.75000000,0.00000000,0.00000000,3748.50000000,1,NULL,NULL,0,0.00000000,NULL,100100399,0,4,NULL,NULL,100,92,1,1,1,0,'EUR',3123.75000000,3123.75000000,624.75000000,3748.50000000,NULL,NULL,NULL,0,0,'',NULL,NULL),(100,20,NULL,14,NULL,'Marchés','',20.000,0.000,'0',0.000,'0',1,0,0,NULL,223.13000000,NULL,223.13000000,44.63000000,0.00000000,0.00000000,267.76000000,1,NULL,NULL,0,0.00000000,NULL,100100399,0,5,NULL,NULL,100,93,1,1,1,0,'EUR',223.13000000,223.13000000,44.63000000,267.76000000,NULL,NULL,NULL,0,0,'',NULL,NULL),(101,20,NULL,15,NULL,'Direction et comptabilité des travaux (suivant planning)','',20.000,0.000,'0',0.000,'0',1,0,0,NULL,3123.75000000,NULL,0.00000000,0.00000000,0.00000000,0.00000000,0.00000000,1,NULL,NULL,0,0.00000000,NULL,100100399,0,6,NULL,NULL,0,94,1,1,1,0,'EUR',3123.75000000,0.00000000,0.00000000,0.00000000,NULL,NULL,NULL,0,0,'',NULL,NULL),(102,20,NULL,16,NULL,'Réception','',20.000,0.000,'0',0.000,'0',1,0,0,NULL,223.75000000,NULL,0.00000000,0.00000000,0.00000000,0.00000000,0.00000000,1,NULL,NULL,0,0.00000000,NULL,100100399,0,7,NULL,NULL,0,95,1,1,1,0,'EUR',223.75000000,0.00000000,0.00000000,0.00000000,NULL,NULL,NULL,0,0,'',NULL,NULL),(103,21,NULL,10,NULL,'&Eacute;tudes pr&eacute;liminaires','',20.000,0.000,'0',0.000,'0',1,0,0,NULL,557.81000000,NULL,557.81000000,111.56000000,0.00000000,0.00000000,669.37000000,1,NULL,NULL,0,0.00000000,NULL,100100399,0,1,NULL,NULL,100,96,1,1,1,0,'EUR',557.81000000,557.81000000,111.56000000,669.37000000,NULL,NULL,NULL,0,0,'',NULL,NULL),(104,21,NULL,11,NULL,'Avant projet, estimation','',20.000,0.000,'0',0.000,'0',1,0,0,NULL,1673.44000000,NULL,1673.44000000,334.69000000,0.00000000,0.00000000,2008.13000000,1,NULL,NULL,0,0.00000000,NULL,100100399,0,2,NULL,NULL,100,97,1,1,1,0,'EUR',1673.44000000,1673.44000000,334.69000000,2008.13000000,NULL,NULL,NULL,0,0,'',NULL,NULL),(105,21,NULL,12,NULL,'Dossier permis de construire','',20.000,0.000,'0',0.000,'0',1,0,0,NULL,2231.25000000,NULL,2231.25000000,446.25000000,0.00000000,0.00000000,2677.50000000,1,NULL,NULL,0,0.00000000,NULL,100100399,0,3,NULL,NULL,100,98,1,1,1,0,'EUR',2231.25000000,2231.25000000,446.25000000,2677.50000000,NULL,NULL,NULL,0,0,'',NULL,NULL),(106,21,NULL,13,NULL,'Projet et dossier de consultation des entreprises','',20.000,0.000,'0',0.000,'0',1,0,0,NULL,3123.75000000,NULL,3123.75000000,624.75000000,0.00000000,0.00000000,3748.50000000,1,NULL,NULL,0,0.00000000,NULL,100100399,0,4,NULL,NULL,100,99,1,1,1,0,'EUR',3123.75000000,3123.75000000,624.75000000,3748.50000000,NULL,NULL,NULL,0,0,'',NULL,NULL),(107,21,NULL,14,NULL,'Marchés','',20.000,0.000,'0',0.000,'0',1,0,0,NULL,223.13000000,NULL,223.13000000,44.63000000,0.00000000,0.00000000,267.76000000,1,NULL,NULL,0,0.00000000,NULL,100100399,0,5,NULL,NULL,100,100,1,1,1,0,'EUR',223.13000000,223.13000000,44.63000000,267.76000000,NULL,NULL,NULL,0,0,'',NULL,NULL),(108,21,NULL,15,NULL,'Direction et comptabilité des travaux (suivant planning)','',20.000,0.000,'0',0.000,'0',1,0,0,NULL,3123.75000000,NULL,312.38000000,62.47000000,0.00000000,0.00000000,374.85000000,1,NULL,NULL,0,0.00000000,NULL,100100399,0,6,NULL,NULL,10,101,1,1,1,0,'EUR',3123.75000000,312.38000000,62.47000000,374.85000000,NULL,NULL,NULL,0,0,'',NULL,NULL),(109,21,NULL,16,NULL,'Réception','',20.000,0.000,'0',0.000,'0',1,0,0,NULL,223.75000000,NULL,0.00000000,0.00000000,0.00000000,0.00000000,0.00000000,1,NULL,NULL,0,0.00000000,NULL,100100399,0,7,NULL,NULL,0,102,1,1,1,0,'EUR',223.75000000,0.00000000,0.00000000,0.00000000,NULL,NULL,NULL,0,0,'',NULL,NULL),(110,22,NULL,10,NULL,'&Eacute;tudes pr&eacute;liminaires','',20.000,0.000,'0',0.000,'0',1,0,0,NULL,557.81000000,NULL,557.81000000,111.56000000,0.00000000,0.00000000,669.37000000,1,NULL,NULL,0,0.00000000,NULL,100100399,0,1,NULL,NULL,100,103,1,1,1,0,'EUR',557.81000000,557.81000000,111.56000000,669.37000000,NULL,NULL,NULL,0,0,'',NULL,NULL),(111,22,NULL,11,NULL,'Avant projet, estimation','',20.000,0.000,'0',0.000,'0',1,0,0,NULL,1673.44000000,NULL,1673.44000000,334.69000000,0.00000000,0.00000000,2008.13000000,1,NULL,NULL,0,0.00000000,NULL,100100399,0,2,NULL,NULL,100,104,1,1,1,0,'EUR',1673.44000000,1673.44000000,334.69000000,2008.13000000,NULL,NULL,NULL,0,0,'',NULL,NULL),(112,22,NULL,12,NULL,'Dossier permis de construire','',20.000,0.000,'0',0.000,'0',1,0,0,NULL,2231.25000000,NULL,2231.25000000,446.25000000,0.00000000,0.00000000,2677.50000000,1,NULL,NULL,0,0.00000000,NULL,100100399,0,3,NULL,NULL,100,105,1,1,1,0,'EUR',2231.25000000,2231.25000000,446.25000000,2677.50000000,NULL,NULL,NULL,0,0,'',NULL,NULL),(113,22,NULL,13,NULL,'Projet et dossier de consultation des entreprises','',20.000,0.000,'0',0.000,'0',1,0,0,NULL,3123.75000000,NULL,3123.75000000,624.75000000,0.00000000,0.00000000,3748.50000000,1,NULL,NULL,0,0.00000000,NULL,100100399,0,4,NULL,NULL,100,106,1,1,1,0,'EUR',3123.75000000,3123.75000000,624.75000000,3748.50000000,NULL,NULL,NULL,0,0,'',NULL,NULL),(114,22,NULL,14,NULL,'Marchés','',20.000,0.000,'0',0.000,'0',1,0,0,NULL,223.13000000,NULL,223.13000000,44.63000000,0.00000000,0.00000000,267.76000000,1,NULL,NULL,0,0.00000000,NULL,100100399,0,5,NULL,NULL,100,107,1,1,1,0,'EUR',223.13000000,223.13000000,44.63000000,267.76000000,NULL,NULL,NULL,0,0,'',NULL,NULL),(115,22,NULL,15,NULL,'Direction et comptabilité des travaux (suivant planning)','',20.000,0.000,'0',0.000,'0',1,0,0,NULL,3123.75000000,NULL,1561.88000000,312.37000000,0.00000000,0.00000000,1874.25000000,1,NULL,NULL,0,0.00000000,NULL,100100399,0,6,NULL,NULL,50,108,1,1,1,0,'EUR',3123.75000000,1561.88000000,312.37000000,1874.25000000,NULL,NULL,NULL,0,0,'',NULL,NULL),(116,22,NULL,16,NULL,'Réception','',20.000,0.000,'0',0.000,'0',1,0,0,NULL,223.75000000,NULL,0.00000000,0.00000000,0.00000000,0.00000000,0.00000000,1,NULL,NULL,0,0.00000000,NULL,100100399,0,7,NULL,NULL,0,109,1,1,1,0,'EUR',223.75000000,0.00000000,0.00000000,0.00000000,NULL,NULL,NULL,0,0,'',NULL,NULL),(117,23,NULL,10,NULL,'&Eacute;tudes pr&eacute;liminaires','',20.000,0.000,'0',0.000,'0',1,0,0,NULL,557.81000000,NULL,557.81000000,111.56000000,0.00000000,0.00000000,669.37000000,1,NULL,NULL,0,0.00000000,NULL,100100399,0,1,NULL,NULL,100,110,1,1,1,0,'EUR',557.81000000,557.81000000,111.56000000,669.37000000,NULL,NULL,NULL,0,0,'',NULL,NULL),(118,23,NULL,11,NULL,'Avant projet, estimation','',20.000,0.000,'0',0.000,'0',1,0,0,NULL,1673.44000000,NULL,1673.44000000,334.69000000,0.00000000,0.00000000,2008.13000000,1,NULL,NULL,0,0.00000000,NULL,100100399,0,2,NULL,NULL,100,111,1,1,1,0,'EUR',1673.44000000,1673.44000000,334.69000000,2008.13000000,NULL,NULL,NULL,0,0,'',NULL,NULL),(119,23,NULL,12,NULL,'Dossier permis de construire','',20.000,0.000,'0',0.000,'0',1,0,0,NULL,2231.25000000,NULL,2231.25000000,446.25000000,0.00000000,0.00000000,2677.50000000,1,NULL,NULL,0,0.00000000,NULL,100100399,0,3,NULL,NULL,100,112,1,1,1,0,'EUR',2231.25000000,2231.25000000,446.25000000,2677.50000000,NULL,NULL,NULL,0,0,'',NULL,NULL),(120,23,NULL,13,NULL,'Projet et dossier de consultation des entreprises','',20.000,0.000,'0',0.000,'0',1,0,0,NULL,3123.75000000,NULL,3123.75000000,624.75000000,0.00000000,0.00000000,3748.50000000,1,NULL,NULL,0,0.00000000,NULL,100100399,0,4,NULL,NULL,100,113,1,1,1,0,'EUR',3123.75000000,3123.75000000,624.75000000,3748.50000000,NULL,NULL,NULL,0,0,'',NULL,NULL),(121,23,NULL,14,NULL,'Marchés','',20.000,0.000,'0',0.000,'0',1,0,0,NULL,223.13000000,NULL,223.13000000,44.63000000,0.00000000,0.00000000,267.76000000,1,NULL,NULL,0,0.00000000,NULL,100100399,0,5,NULL,NULL,100,114,1,1,1,0,'EUR',223.13000000,223.13000000,44.63000000,267.76000000,NULL,NULL,NULL,0,0,'',NULL,NULL),(122,23,NULL,15,NULL,'Direction et comptabilité des travaux (suivant planning)','',20.000,0.000,'0',0.000,'0',1,0,0,NULL,3123.75000000,NULL,3123.75000000,624.75000000,0.00000000,0.00000000,3748.50000000,1,NULL,NULL,0,0.00000000,NULL,100100399,0,6,NULL,NULL,100,115,1,1,1,0,'EUR',3123.75000000,3123.75000000,624.75000000,3748.50000000,NULL,NULL,NULL,0,0,'',NULL,NULL),(123,23,NULL,16,NULL,'Réception','',20.000,0.000,'0',0.000,'0',1,0,0,NULL,223.75000000,NULL,0.00000000,0.00000000,0.00000000,0.00000000,0.00000000,1,NULL,NULL,0,0.00000000,NULL,100100399,0,7,NULL,NULL,0,116,1,1,1,0,'EUR',223.75000000,0.00000000,0.00000000,0.00000000,NULL,NULL,NULL,0,0,'',NULL,NULL),(124,24,NULL,10,NULL,'&Eacute;tudes pr&eacute;liminaires','',20.000,0.000,'0',0.000,'0',1,0,0,NULL,557.81000000,NULL,557.81000000,111.56000000,0.00000000,0.00000000,669.37000000,1,NULL,NULL,0,0.00000000,NULL,100100399,0,1,NULL,NULL,100,117,1,1,1,0,'EUR',557.81000000,557.81000000,111.56000000,669.37000000,NULL,NULL,NULL,0,0,'',NULL,NULL),(125,24,NULL,11,NULL,'Avant projet, estimation','',20.000,0.000,'0',0.000,'0',1,0,0,NULL,1673.44000000,NULL,1673.44000000,334.69000000,0.00000000,0.00000000,2008.13000000,1,NULL,NULL,0,0.00000000,NULL,100100399,0,2,NULL,NULL,100,118,1,1,1,0,'EUR',1673.44000000,1673.44000000,334.69000000,2008.13000000,NULL,NULL,NULL,0,0,'',NULL,NULL),(126,24,NULL,12,NULL,'Dossier permis de construire','',20.000,0.000,'0',0.000,'0',1,0,0,NULL,2231.25000000,NULL,2231.25000000,446.25000000,0.00000000,0.00000000,2677.50000000,1,NULL,NULL,0,0.00000000,NULL,100100399,0,3,NULL,NULL,100,119,1,1,1,0,'EUR',2231.25000000,2231.25000000,446.25000000,2677.50000000,NULL,NULL,NULL,0,0,'',NULL,NULL),(127,24,NULL,13,NULL,'Projet et dossier de consultation des entreprises','',20.000,0.000,'0',0.000,'0',1,0,0,NULL,3123.75000000,NULL,3123.75000000,624.75000000,0.00000000,0.00000000,3748.50000000,1,NULL,NULL,0,0.00000000,NULL,100100399,0,4,NULL,NULL,100,120,1,1,1,0,'EUR',3123.75000000,3123.75000000,624.75000000,3748.50000000,NULL,NULL,NULL,0,0,'',NULL,NULL),(128,24,NULL,14,NULL,'Marchés','',20.000,0.000,'0',0.000,'0',1,0,0,NULL,223.13000000,NULL,223.13000000,44.63000000,0.00000000,0.00000000,267.76000000,1,NULL,NULL,0,0.00000000,NULL,100100399,0,5,NULL,NULL,100,121,1,1,1,0,'EUR',223.13000000,223.13000000,44.63000000,267.76000000,NULL,NULL,NULL,0,0,'',NULL,NULL),(129,24,NULL,15,NULL,'Direction et comptabilité des travaux (suivant planning)','',20.000,0.000,'0',0.000,'0',1,0,0,NULL,3123.75000000,NULL,3123.75000000,624.75000000,0.00000000,0.00000000,3748.50000000,1,NULL,NULL,0,0.00000000,NULL,100100399,0,6,NULL,NULL,100,122,1,1,1,0,'EUR',3123.75000000,3123.75000000,624.75000000,3748.50000000,NULL,NULL,NULL,0,0,'',NULL,NULL),(130,24,NULL,16,NULL,'Réception','',20.000,0.000,'0',0.000,'0',1,0,0,NULL,223.75000000,NULL,223.75000000,44.75000000,0.00000000,0.00000000,268.50000000,1,NULL,NULL,0,0.00000000,NULL,100100399,0,7,NULL,NULL,100,123,1,1,1,0,'EUR',223.75000000,223.75000000,44.75000000,268.50000000,NULL,NULL,NULL,0,0,'',NULL,NULL),(138,26,NULL,10,NULL,'&Eacute;tudes pr&eacute;liminaires','',20.000,0.000,'0',0.000,'0',1,0,0,NULL,557.84000000,NULL,278.92000000,55.78000000,0.00000000,0.00000000,334.70000000,1,NULL,NULL,0,0.00000000,NULL,100100399,0,1,NULL,NULL,50,NULL,1,1,1,0,'EUR',557.84000000,278.92000000,55.78000000,334.70000000,NULL,NULL,NULL,69,1,'',NULL,NULL),(139,26,NULL,11,NULL,'Avant projet, estimation','',20.000,0.000,'0',0.000,'0',1,0,0,NULL,1600.00000000,NULL,800.00000000,160.00000000,0.00000000,0.00000000,960.00000000,1,NULL,NULL,0,0.00000000,NULL,100100399,0,2,NULL,NULL,50,NULL,1,1,1,0,'EUR',1600.00000000,800.00000000,160.00000000,960.00000000,NULL,NULL,NULL,69,1,'',NULL,NULL),(140,26,NULL,12,NULL,'Dossier permis de construire','',20.000,0.000,'0',0.000,'0',1,0,0,NULL,2231.25000000,NULL,1115.63000000,223.12000000,0.00000000,0.00000000,1338.75000000,1,NULL,NULL,0,0.00000000,NULL,100100399,0,3,NULL,NULL,50,NULL,1,1,1,0,'EUR',2231.25000000,1115.63000000,223.12000000,1338.75000000,NULL,NULL,NULL,69,1,'',NULL,NULL),(141,26,NULL,13,NULL,'Projet et dossier de consultation des entreprises','',20.000,0.000,'0',0.000,'0',1,0,0,NULL,3123.75000000,NULL,1561.88000000,312.37000000,0.00000000,0.00000000,1874.25000000,1,NULL,NULL,0,0.00000000,NULL,100100399,0,4,NULL,NULL,50,NULL,1,1,1,0,'EUR',3123.75000000,1561.88000000,312.37000000,1874.25000000,NULL,NULL,NULL,69,1,'',NULL,NULL),(142,26,NULL,14,NULL,'Marchés','',20.000,0.000,'0',0.000,'0',1,0,0,NULL,223.13000000,NULL,111.57000000,22.31000000,0.00000000,0.00000000,133.88000000,1,NULL,NULL,0,0.00000000,NULL,100100399,0,5,NULL,NULL,50,NULL,1,1,1,0,'EUR',223.13000000,111.57000000,22.31000000,133.88000000,NULL,NULL,NULL,69,1,'',NULL,NULL),(143,26,NULL,15,NULL,'Direction et comptabilité des travaux (suivant planning)','',20.000,0.000,'0',0.000,'0',1,0,0,NULL,3123.75000000,NULL,1561.88000000,312.37000000,0.00000000,0.00000000,1874.25000000,1,NULL,NULL,0,0.00000000,NULL,100100399,0,6,NULL,NULL,50,NULL,1,1,1,0,'EUR',3123.75000000,1561.88000000,312.37000000,1874.25000000,NULL,NULL,NULL,69,1,'',NULL,NULL),(144,26,NULL,16,NULL,'Réception','',20.000,0.000,'0',0.000,'0',1,0,0,NULL,223.75000000,NULL,111.88000000,22.37000000,0.00000000,0.00000000,134.25000000,1,NULL,NULL,0,0.00000000,NULL,100100399,0,7,NULL,NULL,50,NULL,1,1,1,0,'EUR',223.75000000,111.88000000,22.37000000,134.25000000,NULL,NULL,NULL,69,1,'',NULL,NULL),(153,29,NULL,10,NULL,'&Eacute;tudes pr&eacute;liminaires','',20.000,0.000,'0',0.000,'0',1,0,0,NULL,557.81000000,NULL,557.81000000,111.56000000,0.00000000,0.00000000,669.37000000,1,NULL,NULL,0,0.00000000,NULL,100100399,0,1,NULL,NULL,100,NULL,1,1,1,0,'EUR',557.81000000,557.81000000,111.56000000,669.37000000,NULL,NULL,NULL,0,0,'',NULL,NULL),(154,29,NULL,11,NULL,'Avant projet, estimation','',20.000,0.000,'0',0.000,'0',1,0,0,NULL,1673.44000000,NULL,1673.44000000,334.69000000,0.00000000,0.00000000,2008.13000000,1,NULL,NULL,0,0.00000000,NULL,100100399,0,2,NULL,NULL,100,NULL,1,1,1,0,'EUR',1673.44000000,1673.44000000,334.69000000,2008.13000000,NULL,NULL,NULL,0,0,'',NULL,NULL),(155,29,NULL,12,NULL,'Dossier permis de construire','',20.000,0.000,'0',0.000,'0',1,0,0,NULL,2231.25000000,NULL,2231.25000000,446.25000000,0.00000000,0.00000000,2677.50000000,1,NULL,NULL,0,0.00000000,NULL,100100399,0,3,NULL,NULL,100,NULL,1,1,1,0,'EUR',2231.25000000,2231.25000000,446.25000000,2677.50000000,NULL,NULL,NULL,0,0,'',NULL,NULL),(156,29,NULL,13,NULL,'Projet et dossier de consultation des entreprises','',20.000,0.000,'0',0.000,'0',1,0,0,NULL,3123.75000000,NULL,3123.75000000,624.75000000,0.00000000,0.00000000,3748.50000000,1,NULL,NULL,0,0.00000000,NULL,100100399,0,4,NULL,NULL,100,NULL,1,1,1,0,'EUR',3123.75000000,3123.75000000,624.75000000,3748.50000000,NULL,NULL,NULL,0,0,'',NULL,NULL),(157,29,NULL,14,NULL,'Marchés','',20.000,0.000,'0',0.000,'0',1,0,0,NULL,223.13000000,NULL,223.13000000,44.63000000,0.00000000,0.00000000,267.76000000,1,NULL,NULL,0,0.00000000,NULL,100100399,0,5,NULL,NULL,100,NULL,1,1,1,0,'EUR',223.13000000,223.13000000,44.63000000,267.76000000,NULL,NULL,NULL,0,0,'',NULL,NULL),(158,29,NULL,15,NULL,'Direction et comptabilit&eacute; des travaux (suivant planning)<br />\r\nmois de janvier','',20.000,0.000,'0',0.000,'0',1,0,0,NULL,3123.75000000,NULL,312.38000000,62.47000000,0.00000000,0.00000000,374.85000000,1,NULL,NULL,0,0.00000000,NULL,100100399,0,6,NULL,NULL,10,NULL,1,1,1,0,'EUR',3123.75000000,312.38000000,62.47000000,374.85000000,NULL,NULL,NULL,0,0,'',NULL,NULL),(159,29,NULL,16,NULL,'R&eacute;ception','',20.000,0.000,'0',0.000,'0',1,0,0,NULL,223.75000000,NULL,0.00000000,0.00000000,0.00000000,0.00000000,0.00000000,1,NULL,NULL,0,0.00000000,NULL,100100399,0,7,NULL,NULL,0,NULL,1,1,1,0,'EUR',223.75000000,0.00000000,0.00000000,0.00000000,NULL,NULL,NULL,0,0,'',NULL,NULL),(160,30,NULL,10,NULL,'&Eacute;tudes pr&eacute;liminaires','',20.000,0.000,'0',0.000,'0',1,0,0,NULL,557.81000000,NULL,557.81000000,111.56000000,0.00000000,0.00000000,669.37000000,1,NULL,NULL,0,0.00000000,NULL,100100399,0,1,NULL,NULL,100,153,1,1,1,0,'EUR',557.81000000,557.81000000,111.56000000,669.37000000,NULL,NULL,NULL,0,0,'',NULL,NULL),(161,30,NULL,11,NULL,'Avant projet, estimation','',20.000,0.000,'0',0.000,'0',1,0,0,NULL,1673.44000000,NULL,1673.44000000,334.69000000,0.00000000,0.00000000,2008.13000000,1,NULL,NULL,0,0.00000000,NULL,100100399,0,2,NULL,NULL,100,154,1,1,1,0,'EUR',1673.44000000,1673.44000000,334.69000000,2008.13000000,NULL,NULL,NULL,0,0,'',NULL,NULL),(162,30,NULL,12,NULL,'Dossier permis de construire','',20.000,0.000,'0',0.000,'0',1,0,0,NULL,2231.25000000,NULL,2231.25000000,446.25000000,0.00000000,0.00000000,2677.50000000,1,NULL,NULL,0,0.00000000,NULL,100100399,0,3,NULL,NULL,100,155,1,1,1,0,'EUR',2231.25000000,2231.25000000,446.25000000,2677.50000000,NULL,NULL,NULL,0,0,'',NULL,NULL),(163,30,NULL,13,NULL,'Projet et dossier de consultation des entreprises','',20.000,0.000,'0',0.000,'0',1,0,0,NULL,3123.75000000,NULL,3123.75000000,624.75000000,0.00000000,0.00000000,3748.50000000,1,NULL,NULL,0,0.00000000,NULL,100100399,0,4,NULL,NULL,100,156,1,1,1,0,'EUR',3123.75000000,3123.75000000,624.75000000,3748.50000000,NULL,NULL,NULL,0,0,'',NULL,NULL),(164,30,NULL,14,NULL,'Marchés','',20.000,0.000,'0',0.000,'0',1,0,0,NULL,223.13000000,NULL,223.13000000,44.63000000,0.00000000,0.00000000,267.76000000,1,NULL,NULL,0,0.00000000,NULL,100100399,0,5,NULL,NULL,100,157,1,1,1,0,'EUR',223.13000000,223.13000000,44.63000000,267.76000000,NULL,NULL,NULL,0,0,'',NULL,NULL),(165,30,NULL,15,NULL,'Direction et comptabilité des travaux (suivant planning)<br />\r\nmois de janvier','',20.000,0.000,'0',0.000,'0',1,0,0,NULL,3123.75000000,NULL,1249.50000000,249.90000000,0.00000000,0.00000000,1499.40000000,1,NULL,NULL,0,0.00000000,NULL,100100399,0,6,NULL,NULL,40,158,1,1,1,0,'EUR',3123.75000000,1249.50000000,249.90000000,1499.40000000,NULL,NULL,NULL,0,0,'',NULL,NULL),(166,30,NULL,16,NULL,'R&eacute;ception','',20.000,0.000,'0',0.000,'0',1,0,0,NULL,223.75000000,NULL,0.00000000,0.00000000,0.00000000,0.00000000,0.00000000,1,NULL,NULL,0,0.00000000,NULL,100100399,0,7,NULL,NULL,0,159,1,1,1,0,'EUR',223.75000000,0.00000000,0.00000000,0.00000000,NULL,NULL,NULL,0,0,'',NULL,NULL),(169,32,NULL,11,NULL,'Avant projet, estimation','',20.000,0.000,'0',0.000,'0',10,0,0,NULL,1673.44000000,NULL,16734.40000000,3346.88000000,0.00000000,0.00000000,20081.28000000,1,NULL,NULL,0,0.00000000,NULL,100100399,0,2,NULL,NULL,100,NULL,1,1,1,0,'EUR',1673.44000000,16734.40000000,3346.88000000,20081.28000000,NULL,NULL,NULL,0,0,NULL,NULL,NULL),(170,32,NULL,12,NULL,'Dossier permis de construire','',20.000,0.000,'0',0.000,'0',1,0,0,NULL,2231.25000000,NULL,2231.25000000,446.25000000,0.00000000,0.00000000,2677.50000000,1,NULL,NULL,0,0.00000000,NULL,100100399,0,3,NULL,NULL,100,NULL,1,1,1,0,'EUR',2231.25000000,2231.25000000,446.25000000,2677.50000000,NULL,NULL,NULL,0,0,NULL,NULL,NULL),(171,32,NULL,13,NULL,'Projet et dossier de consultation des entreprises','',20.000,0.000,'0',0.000,'0',1,0,0,NULL,3123.75000000,NULL,3123.75000000,624.75000000,0.00000000,0.00000000,3748.50000000,1,NULL,NULL,0,0.00000000,NULL,100100399,0,4,NULL,NULL,100,NULL,1,1,1,0,'EUR',3123.75000000,3123.75000000,624.75000000,3748.50000000,NULL,NULL,NULL,0,0,NULL,NULL,NULL),(172,32,NULL,14,NULL,'Marchés','',20.000,0.000,'0',0.000,'0',1,0,0,NULL,223.13000000,NULL,223.13000000,44.63000000,0.00000000,0.00000000,267.76000000,1,NULL,NULL,0,0.00000000,NULL,100100399,0,5,NULL,NULL,100,NULL,1,1,1,0,'EUR',223.13000000,223.13000000,44.63000000,267.76000000,NULL,NULL,NULL,0,0,NULL,NULL,NULL),(173,32,NULL,15,NULL,'Direction et comptabilité des travaux (suivant planning)','',20.000,0.000,'0',0.000,'0',1,0,0,NULL,3123.75000000,NULL,3123.75000000,624.75000000,0.00000000,0.00000000,3748.50000000,1,NULL,NULL,0,0.00000000,NULL,100100399,0,6,NULL,NULL,100,NULL,1,1,1,0,'EUR',3123.75000000,3123.75000000,624.75000000,3748.50000000,NULL,NULL,NULL,0,0,NULL,NULL,NULL),(174,32,NULL,16,NULL,'Réception','',20.000,0.000,'0',0.000,'0',1,0,0,NULL,223.75000000,NULL,223.75000000,44.75000000,0.00000000,0.00000000,268.50000000,1,NULL,NULL,0,0.00000000,NULL,100100399,0,7,NULL,NULL,100,NULL,1,1,1,0,'EUR',223.75000000,223.75000000,44.75000000,268.50000000,NULL,NULL,NULL,0,0,NULL,NULL,NULL),(175,33,NULL,NULL,NULL,'chmt courroie','',0.000,0.000,'0',0.000,'0',8,0,0,NULL,55.00000000,NULL,440.00000000,0.00000000,0.00000000,0.00000000,440.00000000,1,NULL,NULL,0,0.00000000,NULL,0,0,0,NULL,NULL,100,NULL,1,1,1,0,'EUR',55.00000000,440.00000000,0.00000000,440.00000000,NULL,NULL,NULL,0,0,NULL,NULL,NULL),(176,33,NULL,22,NULL,'','',20.000,0.000,'0',0.000,'0',1,0,0,NULL,0.00000000,NULL,0.00000000,0.00000000,0.00000000,0.00000000,0.00000000,0,NULL,NULL,0,0.00000000,NULL,0,0,1,NULL,NULL,100,NULL,1,1,1,0,'EUR',0.00000000,0.00000000,0.00000000,0.00000000,NULL,NULL,NULL,0,0,'',NULL,NULL),(177,34,NULL,NULL,NULL,'Changement contacteur','',0.000,0.000,'0',0.000,'0',1,0,0,NULL,0.00000000,NULL,0.00000000,0.00000000,0.00000000,0.00000000,0.00000000,1,NULL,NULL,0,0.00000000,NULL,100100399,0,0,NULL,NULL,100,NULL,NULL,1,1,0,'EUR',0.00000000,0.00000000,0.00000000,0.00000000,NULL,NULL,NULL,0,0,'',NULL,NULL),(178,34,NULL,26,NULL,'','',20.000,0.000,'0',0.000,'0',1,0,0,NULL,0.00000000,NULL,0.00000000,0.00000000,0.00000000,0.00000000,0.00000000,0,NULL,NULL,0,0.00000000,NULL,100100240,0,1,NULL,NULL,100,NULL,1,1,1,0,'EUR',0.00000000,0.00000000,0.00000000,0.00000000,NULL,NULL,NULL,0,0,'',NULL,NULL),(179,35,NULL,NULL,'Ville de Paris','','',0.000,0.000,'0',0.000,'0',1,0,0,NULL,0.00000000,NULL,0.00000000,0.00000000,0.00000000,0.00000000,0.00000000,9,NULL,NULL,0,0.00000000,NULL,0,104777,1,NULL,NULL,0,NULL,NULL,1,1,0,'EUR',0.00000000,0.00000000,0.00000000,0.00000000,NULL,NULL,NULL,0,0,'',NULL,NULL),(180,35,NULL,NULL,NULL,'Pour parc existant','',0.000,0.000,'0',0.000,'0',50,0,0,NULL,0.00000000,NULL,0.00000000,0.00000000,0.00000000,0.00000000,0.00000000,9,NULL,NULL,0,0.00000000,NULL,0,104777,2,NULL,NULL,0,NULL,NULL,1,1,0,'EUR',0.00000000,0.00000000,0.00000000,0.00000000,NULL,NULL,NULL,0,0,'',NULL,NULL),(181,35,NULL,9,NULL,'velo2','',20.000,0.000,'0',0.000,'0',10,0,0,NULL,570.00000000,NULL,2850.00000000,570.00000000,0.00000000,0.00000000,3420.00000000,0,NULL,NULL,0,570.00000000,NULL,100100400,0,3,NULL,NULL,50,NULL,1,1,1,0,'EUR',570.00000000,2850.00000000,570.00000000,3420.00000000,NULL,NULL,NULL,0,0,'',NULL,NULL),(182,35,NULL,5,NULL,'velo','',20.000,0.000,'0',0.000,'0',20,0,0,NULL,300.00000000,NULL,3000.00000000,600.00000000,0.00000000,0.00000000,3600.00000000,0,NULL,NULL,0,150.00000000,NULL,100100400,0,4,NULL,NULL,50,NULL,1,1,1,0,'EUR',300.00000000,3000.00000000,600.00000000,3600.00000000,NULL,NULL,NULL,0,0,'',NULL,NULL),(183,35,NULL,NULL,'vdp','','',0.000,0.000,'0',0.000,'0',99,0,0,NULL,0.00000000,NULL,0.00000000,0.00000000,0.00000000,0.00000000,0.00000000,9,NULL,NULL,0,0.00000000,NULL,0,104777,5,NULL,NULL,0,NULL,NULL,1,1,0,'EUR',0.00000000,0.00000000,0.00000000,0.00000000,NULL,NULL,NULL,0,0,'',NULL,NULL),(184,35,NULL,NULL,'Ville de Nantes','','',0.000,0.000,'0',0.000,'0',1,0,0,NULL,0.00000000,NULL,0.00000000,0.00000000,0.00000000,0.00000000,0.00000000,9,NULL,NULL,0,0.00000000,NULL,0,104777,6,NULL,NULL,0,NULL,NULL,1,1,0,'EUR',0.00000000,0.00000000,0.00000000,0.00000000,NULL,NULL,NULL,0,0,'',NULL,NULL),(185,35,NULL,NULL,NULL,'sur parc existant','',0.000,0.000,'0',0.000,'0',50,0,0,NULL,0.00000000,NULL,0.00000000,0.00000000,0.00000000,0.00000000,0.00000000,9,NULL,NULL,0,0.00000000,NULL,0,104777,7,NULL,NULL,0,NULL,NULL,1,1,0,'EUR',0.00000000,0.00000000,0.00000000,0.00000000,NULL,NULL,NULL,0,0,'',NULL,NULL),(186,35,NULL,5,NULL,'velo','',20.000,0.000,'0',0.000,'0',5,0,0,NULL,300.00000000,NULL,750.00000000,150.00000000,0.00000000,0.00000000,900.00000000,0,NULL,NULL,0,150.00000000,NULL,100100400,0,8,NULL,NULL,50,NULL,1,1,1,0,'EUR',300.00000000,750.00000000,150.00000000,900.00000000,NULL,NULL,NULL,0,0,'',NULL,NULL),(187,35,NULL,9,NULL,'velo2','',10.000,0.000,'0',0.000,'0',10,0,0,NULL,570.00000000,NULL,2850.00000000,285.00000000,0.00000000,0.00000000,3135.00000000,0,NULL,NULL,0,570.00000000,NULL,100100400,0,9,NULL,NULL,50,NULL,1,1,1,0,'EUR',570.00000000,2850.00000000,285.00000000,3135.00000000,NULL,NULL,NULL,0,0,'',NULL,NULL),(188,35,NULL,NULL,'vdn','','',0.000,0.000,'0',0.000,'0',99,0,0,NULL,0.00000000,NULL,0.00000000,0.00000000,0.00000000,0.00000000,0.00000000,9,NULL,NULL,0,0.00000000,NULL,0,104777,10,NULL,NULL,0,NULL,NULL,1,1,0,'EUR',0.00000000,0.00000000,0.00000000,0.00000000,NULL,NULL,NULL,0,0,'',NULL,NULL),(200,38,NULL,NULL,'pieces','','',0.000,0.000,'0',0.000,'0',1,0,0,NULL,0.00000000,NULL,0.00000000,0.00000000,0.00000000,0.00000000,0.00000000,9,NULL,NULL,0,0.00000000,NULL,0,104777,1,NULL,NULL,100,NULL,NULL,1,1,0,'EUR',0.00000000,0.00000000,0.00000000,0.00000000,NULL,NULL,NULL,0,0,'',NULL,NULL),(201,38,NULL,37,NULL,'roulment','',20.000,0.000,'0',0.000,'0',1,0,0,NULL,5.00000000,NULL,5.00000000,1.00000000,0.00000000,0.00000000,6.00000000,0,NULL,NULL,0,5.00000000,NULL,100100400,0,2,NULL,NULL,100,NULL,1,1,1,0,'EUR',5.00000000,5.00000000,1.00000000,6.00000000,NULL,NULL,NULL,0,0,'',NULL,NULL),(202,38,NULL,NULL,'main d\'oeuvre','','',0.000,0.000,'0',0.000,'0',1,0,0,NULL,0.00000000,NULL,0.00000000,0.00000000,0.00000000,0.00000000,0.00000000,9,NULL,NULL,0,0.00000000,NULL,0,104777,3,NULL,NULL,100,NULL,NULL,1,1,0,'EUR',0.00000000,0.00000000,0.00000000,0.00000000,NULL,NULL,NULL,0,0,'',NULL,NULL),(203,38,NULL,38,NULL,'mo','',20.000,0.000,'0',0.000,'0',10,0,0,NULL,8.00000000,NULL,80.00000000,16.00000000,0.00000000,0.00000000,96.00000000,1,NULL,NULL,0,10.00000000,NULL,100100399,0,4,NULL,NULL,100,NULL,1,1,1,0,'EUR',8.00000000,80.00000000,16.00000000,96.00000000,NULL,NULL,NULL,0,0,'',NULL,NULL),(204,39,NULL,37,NULL,'roulment','',20.000,0.000,'0',0.000,'0',1,0,0,NULL,5.00000000,NULL,5.00000000,1.00000000,0.00000000,0.00000000,6.00000000,0,NULL,NULL,0,10.00000000,NULL,100100400,0,0,NULL,NULL,100,NULL,NULL,1,1,0,'EUR',5.00000000,5.00000000,1.00000000,6.00000000,NULL,NULL,NULL,0,0,'',NULL,NULL),(205,39,NULL,5,NULL,'velo','',20.000,0.000,'0',0.000,'0',1,0,0,NULL,300.00000000,NULL,300.00000000,60.00000000,0.00000000,0.00000000,360.00000000,0,NULL,NULL,0,150.00000000,NULL,100100399,0,0,NULL,NULL,100,NULL,NULL,1,1,0,'EUR',300.00000000,300.00000000,60.00000000,360.00000000,NULL,NULL,NULL,0,0,'',NULL,NULL),(206,40,NULL,39,NULL,'APPLIQUE VALIDEE C3','',20.000,0.000,'0',0.000,'0',1500,0,0,NULL,1.00000000,NULL,1500.00000000,300.00000000,0.00000000,0.00000000,1800.00000000,0,NULL,NULL,0,1.00000000,NULL,100100400,0,0,NULL,NULL,100,NULL,NULL,1,1,0,'EUR',1.00000000,1500.00000000,300.00000000,1800.00000000,NULL,NULL,NULL,0,0,'',NULL,NULL),(207,41,NULL,37,NULL,'roulment','',20.000,0.000,'0',0.000,'0',1,0,0,NULL,5.00000000,NULL,5.00000000,1.00000000,0.00000000,0.00000000,6.00000000,0,NULL,NULL,0,5.00000000,NULL,100100400,0,2,NULL,NULL,100,NULL,1,1,1,0,'EUR',5.00000000,5.00000000,1.00000000,6.00000000,NULL,NULL,NULL,0,0,'',NULL,NULL),(208,41,NULL,38,NULL,'mo','',20.000,0.000,'0',0.000,'0',10,0,0,NULL,10.00000000,NULL,100.00000000,20.00000000,0.00000000,0.00000000,120.00000000,1,NULL,NULL,0,10.00000000,NULL,100100399,0,4,NULL,NULL,100,NULL,1,1,1,0,'EUR',10.00000000,100.00000000,20.00000000,120.00000000,NULL,NULL,NULL,0,0,'',NULL,NULL),(209,41,NULL,5,NULL,'velo','',20.000,0.000,'0',0.000,'0',1,0,0,NULL,300.00000000,NULL,300.00000000,60.00000000,0.00000000,0.00000000,360.00000000,0,NULL,NULL,0,150.00000000,NULL,100100400,0,5,NULL,NULL,100,NULL,1,1,1,0,'EUR',300.00000000,300.00000000,60.00000000,360.00000000,NULL,NULL,NULL,0,0,'',NULL,NULL),(210,41,NULL,25,NULL,'Armoire électrique','',20.000,0.000,'0',0.000,'0',1,0,0,NULL,456.00000000,NULL,456.00000000,91.20000000,0.00000000,0.00000000,547.20000000,0,NULL,NULL,0,0.00000000,NULL,100100400,0,6,NULL,NULL,100,NULL,1,1,1,0,'EUR',456.00000000,456.00000000,91.20000000,547.20000000,NULL,NULL,NULL,0,0,'',NULL,NULL),(211,41,NULL,3,NULL,'selle','',20.000,0.000,'0',0.000,'0',1,0,0,NULL,10.00000000,NULL,10.00000000,2.00000000,0.00000000,0.00000000,12.00000000,0,NULL,NULL,0,5.00000000,NULL,100100400,0,7,NULL,NULL,100,NULL,1,1,1,0,'EUR',10.00000000,10.00000000,2.00000000,12.00000000,NULL,NULL,NULL,0,0,'',NULL,NULL),(212,41,NULL,5,'velo','velo','',20.000,0.000,'0',0.000,'0',1,0,0,NULL,187.00000000,NULL,187.00000000,37.40000000,0.00000000,0.00000000,224.40000000,0,NULL,NULL,0,170.00000000,NULL,100100400,0,8,NULL,NULL,100,NULL,1,1,1,0,'EUR',187.00000000,187.00000000,37.40000000,224.40000000,NULL,NULL,NULL,0,0,'',NULL,NULL),(213,41,NULL,NULL,NULL,'libre libre','',20.000,0.000,'0',0.000,'0',1,0,0,NULL,1.00000000,NULL,1.00000000,0.20000000,0.00000000,0.00000000,1.20000000,0,NULL,NULL,0,1.00000000,NULL,100100400,0,9,NULL,NULL,100,NULL,1,1,1,0,'EUR',1.00000000,1.00000000,0.20000000,1.20000000,NULL,NULL,NULL,0,0,'',NULL,NULL),(214,42,NULL,42,NULL,'124 description<br><strong>Couleur:</strong> jaune<br>\n(Pays d\'origine: France)','',20.000,0.000,'0',0.000,'0',5,0,0,NULL,11.00000000,NULL,55.00000000,11.00000000,0.00000000,0.00000000,66.00000000,0,NULL,NULL,0,0.00000000,NULL,100100400,0,1,NULL,NULL,100,NULL,NULL,1,1,0,'EUR',11.00000000,55.00000000,11.00000000,66.00000000,NULL,NULL,NULL,0,0,'',NULL,NULL),(215,42,NULL,40,NULL,'124 description<br><strong>Couleur:</strong> Bleue<br>\n(Pays d\'origine: France)','',20.000,0.000,'0',0.000,'0',15,0,0,NULL,11.00000000,NULL,165.00000000,33.00000000,0.00000000,0.00000000,198.00000000,0,NULL,NULL,0,0.00000000,NULL,100100400,0,2,NULL,NULL,100,NULL,NULL,1,1,0,'EUR',11.00000000,165.00000000,33.00000000,198.00000000,NULL,NULL,NULL,0,0,'',NULL,NULL),(216,42,NULL,41,NULL,'124 description<br><strong>Couleur:</strong> Rouge<br>\n(Pays d\'origine: France)','',20.000,0.000,'0',0.000,'0',15,0,0,NULL,12.00000000,NULL,180.00000000,36.00000000,0.00000000,0.00000000,216.00000000,0,NULL,NULL,0,0.00000000,NULL,100100400,0,3,NULL,NULL,100,NULL,NULL,1,1,0,'EUR',12.00000000,180.00000000,36.00000000,216.00000000,NULL,NULL,NULL,0,0,'',NULL,NULL),(217,43,NULL,5,NULL,'','',20.000,0.000,'0',0.000,'0',1,0,0,NULL,300.00000000,NULL,300.00000000,60.00000000,0.00000000,0.00000000,360.00000000,0,NULL,NULL,0,150.00000000,NULL,100100400,0,1,NULL,NULL,100,NULL,1,1,1,0,'EUR',300.00000000,300.00000000,60.00000000,360.00000000,NULL,NULL,NULL,0,0,'',NULL,NULL),(218,43,NULL,22,NULL,'','',20.000,0.000,'0',0.000,'0',10,0,0,NULL,2.00000000,NULL,20.00000000,4.00000000,0.00000000,0.00000000,24.00000000,0,NULL,NULL,0,0.00000000,NULL,100100400,0,2,NULL,NULL,100,NULL,1,1,1,0,'EUR',2.00000000,20.00000000,4.00000000,24.00000000,NULL,NULL,NULL,0,0,'',NULL,NULL),(219,44,NULL,43,NULL,'Table ganie cuir\n(Pays d\'origine: France)','',20.000,0.000,'0',0.000,'0',1,0,0,NULL,1500.00000000,NULL,1500.00000000,300.00000000,0.00000000,0.00000000,1800.00000000,0,NULL,NULL,0,500.00000000,NULL,100100400,0,1,NULL,NULL,100,NULL,1,1,1,0,'EUR',1500.00000000,1500.00000000,300.00000000,1800.00000000,NULL,NULL,NULL,0,0,'',NULL,NULL),(220,44,NULL,NULL,NULL,'montage','',20.000,0.000,'0',0.000,'0',1,0,0,NULL,500.00000000,NULL,500.00000000,100.00000000,0.00000000,0.00000000,600.00000000,1,NULL,NULL,0,500.00000000,NULL,100100399,0,2,NULL,NULL,100,NULL,1,1,1,0,'EUR',500.00000000,500.00000000,100.00000000,600.00000000,NULL,NULL,NULL,0,0,'',NULL,NULL),(221,45,NULL,30,NULL,'124 description<br />\r\n(Pays d&#39;origine: France)','',20.000,0.000,'0',0.000,'0',12,0,0,NULL,10.00000000,NULL,120.00000000,24.00000000,0.00000000,0.00000000,144.00000000,0,NULL,NULL,0,500.00000000,NULL,100100400,0,1,NULL,NULL,100,NULL,6,1,1,0,'EUR',10.00000000,120.00000000,24.00000000,144.00000000,NULL,NULL,NULL,0,0,'',NULL,NULL),(222,45,NULL,41,NULL,'124 description<br><strong>Couleur:</strong> Rouge<br>\n(Pays d\'origine: France)','',20.000,0.000,'0',0.000,'0',1,0,0,NULL,7.00000000,NULL,7.00000000,1.40000000,0.00000000,0.00000000,8.40000000,0,NULL,NULL,0,0.00000000,NULL,100100400,0,2,NULL,NULL,100,NULL,6,1,1,0,'EUR',7.00000000,7.00000000,1.40000000,8.40000000,NULL,NULL,NULL,0,0,'',NULL,NULL),(223,45,NULL,NULL,NULL,'port','',20.000,0.000,'0',0.000,'0',1,0,0,NULL,50.00000000,NULL,50.00000000,10.00000000,0.00000000,0.00000000,60.00000000,0,NULL,NULL,0,50.00000000,NULL,100100400,0,3,NULL,NULL,100,NULL,1,1,1,0,'EUR',50.00000000,50.00000000,10.00000000,60.00000000,NULL,NULL,NULL,0,0,'',NULL,NULL),(224,46,NULL,45,NULL,'<div>R&eacute;paration de votre fa&ccedil;ade vitr&eacute;e suite tentative d&#39;effraction<br />\r\n* D&eacute;pose de 3 vitrages bris&eacute;s et &eacute;vacuation en d&eacute;chetterie<br />\r\n* Fourniture et pose de 3 vitrages compris joints et parclosages<br />\r\n* Remplacement de la serrure 3 points &agrave; t&eacute;ti&egrave;re filante<br />\r\n* Dressage du fer plat de battement, mise en peinture et pose<br />\r\n* Dressage de la poign&eacute;e<br />\r\n* V&eacute;rification du bon fonctionnement</div>','',20.000,0.000,'0',0.000,'0',5,0,0,NULL,1480.00000000,NULL,740.00000000,148.00000000,0.00000000,0.00000000,888.00000000,0,NULL,NULL,0,1480.00000000,NULL,100100400,0,1,NULL,NULL,10,NULL,1,1,1,0,'EUR',1480.00000000,740.00000000,148.00000000,888.00000000,NULL,NULL,NULL,0,0,'',NULL,NULL),(225,47,NULL,45,NULL,'<div>Réparation de votre façade vitrée suite tentative d\'effraction<br />\r\n* Dépose de 3 vitrages brisés et évacuation en déchetterie<br />\r\n* Fourniture et pose de 3 vitrages compris joints et parclosages<br />\r\n* Remplacement de la serrure 3 points à tétière filante<br />\r\n* Dressage du fer plat de battement, mise en peinture et pose<br />\r\n* Dressage de la poignée<br />\r\n* Vérification du bon fonctionnement</div>','',20.000,0.000,'0',0.000,'0',5,0,0,NULL,1480.00000000,NULL,3700.00000000,740.00000000,0.00000000,0.00000000,4440.00000000,0,NULL,NULL,0,1480.00000000,NULL,100100400,0,1,NULL,NULL,50,224,1,1,1,0,'EUR',1480.00000000,3700.00000000,740.00000000,4440.00000000,NULL,NULL,NULL,0,0,'',NULL,NULL),(226,48,NULL,45,NULL,'<div>Réparation de votre façade vitrée suite tentative d\'effraction<br />\r\n* Dépose de 3 vitrages brisés et évacuation en déchetterie<br />\r\n* Fourniture et pose de 3 vitrages compris joints et parclosages<br />\r\n* Remplacement de la serrure 3 points à tétière filante<br />\r\n* Dressage du fer plat de battement, mise en peinture et pose<br />\r\n* Dressage de la poignée<br />\r\n* Vérification du bon fonctionnement</div>','',20.000,0.000,'0',0.000,'0',5,0,0,NULL,1480.00000000,NULL,7400.00000000,1480.00000000,0.00000000,0.00000000,8880.00000000,0,NULL,NULL,0,1480.00000000,NULL,100100400,0,1,NULL,NULL,100,225,1,1,1,0,'EUR',1480.00000000,7400.00000000,1480.00000000,8880.00000000,NULL,NULL,NULL,0,0,'',NULL,NULL),(227,49,NULL,NULL,NULL,'generique','',20.000,0.000,'0',0.000,'0',1,0,0,NULL,144.00000000,NULL,72.00000000,14.40000000,0.00000000,0.00000000,86.40000000,0,NULL,NULL,0,120.00000000,NULL,100100400,0,2,NULL,NULL,50,NULL,1,1,1,0,'EUR',144.00000000,72.00000000,14.40000000,86.40000000,'',NULL,NULL,0,0,'',NULL,NULL),(228,49,NULL,26,NULL,'contacteur','',20.000,0.000,'0',0.000,'0',1,0,0,NULL,55.00000000,NULL,0.00000000,0.00000000,0.00000000,0.00000000,0.00000000,0,NULL,NULL,0,50.00000000,NULL,100100240,0,3,NULL,NULL,0,NULL,1,1,1,0,'EUR',55.00000000,0.00000000,0.00000000,0.00000000,'',NULL,NULL,0,0,'',NULL,NULL),(229,49,NULL,25,NULL,'fgfg<br />\r\nhfgh<br />\r\nfgh<br />\r\nfgh<br />\r\nfgh<br />\r\nf','',20.000,0.000,'0',0.000,'0',1,0,0,NULL,104.00000000,NULL,0.00000000,0.00000000,0.00000000,0.00000000,0.00000000,0,NULL,NULL,0,80.00000000,NULL,100100400,0,4,NULL,NULL,0,NULL,1,1,1,0,'EUR',104.00000000,0.00000000,0.00000000,0.00000000,'',NULL,NULL,0,0,'',NULL,NULL),(230,50,NULL,NULL,NULL,'generique','',20.000,0.000,'0',0.000,'0',1,0,0,NULL,144.00000000,NULL,144.00000000,28.80000000,0.00000000,0.00000000,172.80000000,0,NULL,NULL,0,120.00000000,NULL,100100400,0,2,NULL,NULL,100,227,1,1,1,0,'EUR',144.00000000,144.00000000,28.80000000,172.80000000,'',NULL,NULL,0,0,'',NULL,NULL),(231,50,NULL,26,NULL,'contacteur','',20.000,0.000,'0',0.000,'0',1,0,0,NULL,55.00000000,NULL,55.00000000,11.00000000,0.00000000,0.00000000,66.00000000,0,NULL,NULL,0,50.00000000,NULL,100100240,0,3,NULL,NULL,100,228,1,1,1,0,'EUR',55.00000000,55.00000000,11.00000000,66.00000000,'',NULL,NULL,0,0,'',NULL,NULL),(232,50,NULL,25,NULL,'fgfg<br />\r\nhfgh<br />\r\nfgh<br />\r\nfgh<br />\r\nfgh<br />\r\nf','',20.000,0.000,'0',0.000,'0',1,0,0,NULL,104.00000000,NULL,0.00000000,0.00000000,0.00000000,0.00000000,0.00000000,0,NULL,NULL,0,80.00000000,NULL,100100400,0,4,NULL,NULL,0,229,1,1,1,0,'EUR',104.00000000,0.00000000,0.00000000,0.00000000,'',NULL,NULL,0,0,'',NULL,NULL),(233,51,NULL,NULL,NULL,'generique','',20.000,0.000,'0',0.000,'0',1,0,0,NULL,144.00000000,NULL,144.00000000,28.80000000,0.00000000,0.00000000,172.80000000,0,NULL,NULL,0,120.00000000,NULL,100100400,0,2,NULL,NULL,100,230,1,1,1,0,'EUR',144.00000000,144.00000000,28.80000000,172.80000000,'',NULL,NULL,0,0,'',NULL,NULL),(234,51,NULL,26,NULL,'contacteur','',20.000,0.000,'0',0.000,'0',1,0,0,NULL,55.00000000,NULL,55.00000000,11.00000000,0.00000000,0.00000000,66.00000000,0,NULL,NULL,0,50.00000000,NULL,100100240,0,3,NULL,NULL,100,231,1,1,1,0,'EUR',55.00000000,55.00000000,11.00000000,66.00000000,'',NULL,NULL,0,0,'',NULL,NULL),(235,51,NULL,25,NULL,'fgfg<br />\r\nhfgh<br />\r\nfgh<br />\r\nfgh<br />\r\nfgh<br />\r\nf','',20.000,0.000,'0',0.000,'0',1,0,0,NULL,104.00000000,NULL,104.00000000,20.80000000,0.00000000,0.00000000,124.80000000,0,NULL,NULL,0,80.00000000,NULL,100100400,0,4,NULL,NULL,100,232,1,1,1,0,'EUR',104.00000000,104.00000000,20.80000000,124.80000000,'',NULL,NULL,0,0,'',NULL,NULL),(236,52,NULL,12,NULL,'Dossier permis de construire','',20.000,0.000,'0',0.000,'0',1,0,0,NULL,2231.25000000,NULL,1115.62500000,223.12500000,0.00000000,0.00000000,1338.75000000,1,NULL,NULL,0,0.00000000,NULL,100100399,0,5,NULL,NULL,50,NULL,1,1,1,0,'EUR',2231.25000000,1115.62500000,223.12500000,1338.75000000,'',NULL,NULL,0,0,'',NULL,NULL),(237,52,NULL,13,NULL,'Projet et dossier de consultation des entreprises','',20.000,0.000,'0',0.000,'0',1,0,0,NULL,3123.75000000,NULL,0.00000000,0.00000000,0.00000000,0.00000000,0.00000000,1,NULL,NULL,0,0.00000000,NULL,100100399,0,6,NULL,NULL,0,NULL,1,1,1,0,'EUR',3123.75000000,0.00000000,0.00000000,0.00000000,'',NULL,NULL,0,0,'',NULL,NULL),(238,52,NULL,14,NULL,'Marchés','',20.000,0.000,'0',0.000,'0',1,0,0,NULL,223.13000000,NULL,0.00000000,0.00000000,0.00000000,0.00000000,0.00000000,1,NULL,NULL,0,0.00000000,NULL,100100399,0,7,NULL,NULL,0,NULL,1,1,1,0,'EUR',223.13000000,0.00000000,0.00000000,0.00000000,'',NULL,NULL,0,0,'',NULL,NULL),(239,52,NULL,15,NULL,'Direction et comptabilité des travaux (suivant planning)','',20.000,0.000,'0',0.000,'0',1,0,0,NULL,3123.75000000,NULL,0.00000000,0.00000000,0.00000000,0.00000000,0.00000000,1,NULL,NULL,0,0.00000000,NULL,100100399,0,8,NULL,NULL,0,NULL,1,1,1,0,'EUR',3123.75000000,0.00000000,0.00000000,0.00000000,'',NULL,NULL,0,0,'',NULL,NULL),(240,52,NULL,16,NULL,'Réception','',20.000,0.000,'0',0.000,'0',1,0,0,NULL,223.75000000,NULL,0.00000000,0.00000000,0.00000000,0.00000000,0.00000000,1,NULL,NULL,0,0.00000000,NULL,100100399,0,9,NULL,NULL,0,NULL,1,1,1,0,'EUR',223.75000000,0.00000000,0.00000000,0.00000000,'',NULL,NULL,0,0,'',NULL,NULL),(241,52,NULL,25,NULL,'Armoire &eacute;lectrique','',20.000,0.000,'0',0.000,'0',1,0,0,NULL,75.90000000,NULL,7.59000000,1.51800000,0.00000000,0.00000000,9.10800000,0,NULL,NULL,0,69.00000000,NULL,100100400,0,10,NULL,NULL,10,NULL,1,1,1,0,'EUR',75.90000000,7.59000000,1.51800000,9.10800000,'',NULL,NULL,0,0,'',NULL,NULL),(242,52,NULL,16,NULL,'R&eacute;ception','',20.000,0.000,'0',0.000,'0',1,0,0,NULL,0.00000000,NULL,0.00000000,0.00000000,0.00000000,0.00000000,0.00000000,1,NULL,NULL,0,0.00000000,NULL,100100399,0,11,NULL,NULL,0,NULL,1,1,1,0,'EUR',0.00000000,0.00000000,0.00000000,0.00000000,'',NULL,NULL,0,0,'',NULL,NULL),(243,52,NULL,NULL,NULL,'vbvbv','',20.000,0.000,'0',0.000,'0',1,0,0,NULL,10.00000000,NULL,0.00000000,0.00000000,0.00000000,0.00000000,0.00000000,0,NULL,NULL,0,10.00000000,NULL,100100400,0,12,NULL,NULL,0,NULL,1,1,1,0,'EUR',10.00000000,0.00000000,0.00000000,0.00000000,'',NULL,NULL,0,0,'',NULL,NULL),(244,52,NULL,23,NULL,'tige rayon','',20.000,0.000,'0',0.000,'0',1,0,0,NULL,0.20000000,NULL,0.00000000,0.00000000,0.00000000,0.00000000,0.00000000,0,NULL,NULL,0,0.20000000,NULL,100100400,0,13,NULL,NULL,0,NULL,1,1,1,0,'EUR',0.20000000,0.00000000,0.00000000,0.00000000,'',NULL,NULL,0,0,'',NULL,NULL),(245,53,NULL,12,NULL,'Dossier permis de construire','',20.000,0.000,'0',0.000,'0',1,0,0,NULL,2231.25000000,NULL,1561.87500000,312.37500000,0.00000000,0.00000000,1874.25000000,1,NULL,NULL,0,0.00000000,NULL,100100399,0,5,NULL,NULL,70,236,1,1,1,0,'EUR',2231.25000000,1561.87500000,312.37500000,1874.25000000,'',NULL,NULL,0,0,'',NULL,NULL),(246,53,NULL,13,NULL,'Projet et dossier de consultation des entreprises','',20.000,0.000,'0',0.000,'0',1,0,0,NULL,3123.75000000,NULL,0.00000000,0.00000000,0.00000000,0.00000000,0.00000000,1,NULL,NULL,0,0.00000000,NULL,100100399,0,6,NULL,NULL,0,237,1,1,1,0,'EUR',3123.75000000,0.00000000,0.00000000,0.00000000,'',NULL,NULL,0,0,'',NULL,NULL),(247,53,NULL,14,NULL,'Marchés','',20.000,0.000,'0',0.000,'0',1,0,0,NULL,223.13000000,NULL,0.00000000,0.00000000,0.00000000,0.00000000,0.00000000,1,NULL,NULL,0,0.00000000,NULL,100100399,0,7,NULL,NULL,0,238,1,1,1,0,'EUR',223.13000000,0.00000000,0.00000000,0.00000000,'',NULL,NULL,0,0,'',NULL,NULL),(248,53,NULL,15,NULL,'Direction et comptabilité des travaux (suivant planning)','',20.000,0.000,'0',0.000,'0',1,0,0,NULL,3123.75000000,NULL,3123.75000000,624.75000000,0.00000000,0.00000000,3748.50000000,1,NULL,NULL,0,0.00000000,NULL,100100399,0,8,NULL,NULL,100,239,1,1,1,0,'EUR',3123.75000000,3123.75000000,624.75000000,3748.50000000,'',NULL,NULL,0,0,'',NULL,NULL),(249,53,NULL,16,NULL,'Réception','',20.000,0.000,'0',0.000,'0',1,0,0,NULL,223.75000000,NULL,0.00000000,0.00000000,0.00000000,0.00000000,0.00000000,1,NULL,NULL,0,0.00000000,NULL,100100399,0,9,NULL,NULL,0,240,1,1,1,0,'EUR',223.75000000,0.00000000,0.00000000,0.00000000,'',NULL,NULL,0,0,'',NULL,NULL),(250,53,NULL,25,NULL,'Armoire &eacute;lectrique','',20.000,0.000,'0',0.000,'0',1,0,0,NULL,75.90000000,NULL,7.59000000,1.51800000,0.00000000,0.00000000,9.10800000,0,NULL,NULL,0,69.00000000,NULL,100100400,0,10,NULL,NULL,10,241,1,1,1,0,'EUR',75.90000000,7.59000000,1.51800000,9.10800000,'',NULL,NULL,0,0,'',NULL,NULL),(251,53,NULL,16,NULL,'R&eacute;ception','',20.000,0.000,'0',0.000,'0',1,0,0,NULL,0.00000000,NULL,0.00000000,0.00000000,0.00000000,0.00000000,0.00000000,1,NULL,NULL,0,0.00000000,NULL,100100399,0,11,NULL,NULL,0,242,1,1,1,0,'EUR',0.00000000,0.00000000,0.00000000,0.00000000,'',NULL,NULL,0,0,'',NULL,NULL),(252,53,NULL,NULL,NULL,'vbvbv','',20.000,0.000,'0',0.000,'0',1,0,0,NULL,10.00000000,NULL,0.00000000,0.00000000,0.00000000,0.00000000,0.00000000,0,NULL,NULL,0,10.00000000,NULL,100100400,0,12,NULL,NULL,0,243,1,1,1,0,'EUR',10.00000000,0.00000000,0.00000000,0.00000000,'',NULL,NULL,0,0,'',NULL,NULL),(253,53,NULL,23,NULL,'tige rayon','',20.000,0.000,'0',0.000,'0',1,0,0,NULL,0.20000000,NULL,0.00000000,0.00000000,0.00000000,0.00000000,0.00000000,0,NULL,NULL,0,0.20000000,NULL,100100400,0,13,NULL,NULL,0,244,1,1,1,0,'EUR',0.20000000,0.00000000,0.00000000,0.00000000,'',NULL,NULL,0,0,'',NULL,NULL),(254,54,NULL,12,NULL,'Dossier permis de construire','',20.000,0.000,'0',0.000,'0',1,0,0,NULL,2231.25000000,NULL,2231.25000000,446.25000000,0.00000000,0.00000000,2677.50000000,1,NULL,NULL,0,0.00000000,NULL,100100399,0,5,NULL,NULL,100,245,1,1,1,0,'EUR',2231.25000000,2231.25000000,446.25000000,2677.50000000,'',NULL,NULL,0,0,'',NULL,NULL),(255,54,NULL,13,NULL,'Projet et dossier de consultation des entreprises','',20.000,0.000,'0',0.000,'0',1,0,0,NULL,3123.75000000,NULL,3123.75000000,624.75000000,0.00000000,0.00000000,3748.50000000,1,NULL,NULL,0,0.00000000,NULL,100100399,0,6,NULL,NULL,100,246,1,1,1,0,'EUR',3123.75000000,3123.75000000,624.75000000,3748.50000000,'',NULL,NULL,0,0,'',NULL,NULL),(256,54,NULL,14,NULL,'Marchés','',20.000,0.000,'0',0.000,'0',1,0,0,NULL,223.13000000,NULL,223.13000000,44.62600000,0.00000000,0.00000000,267.75600000,1,NULL,NULL,0,0.00000000,NULL,100100399,0,7,NULL,NULL,100,247,1,1,1,0,'EUR',223.13000000,223.13000000,44.62600000,267.75600000,'',NULL,NULL,0,0,'',NULL,NULL),(257,54,NULL,15,NULL,'Direction et comptabilité des travaux (suivant planning)','',20.000,0.000,'0',0.000,'0',1,0,0,NULL,3123.75000000,NULL,3123.75000000,624.75000000,0.00000000,0.00000000,3748.50000000,1,NULL,NULL,0,0.00000000,NULL,100100399,0,8,NULL,NULL,100,248,1,1,1,0,'EUR',3123.75000000,3123.75000000,624.75000000,3748.50000000,'',NULL,NULL,0,0,'',NULL,NULL),(258,54,NULL,16,NULL,'Réception','',20.000,0.000,'0',0.000,'0',1,0,0,NULL,223.75000000,NULL,223.75000000,44.75000000,0.00000000,0.00000000,268.50000000,1,NULL,NULL,0,0.00000000,NULL,100100399,0,9,NULL,NULL,100,249,1,1,1,0,'EUR',223.75000000,223.75000000,44.75000000,268.50000000,'',NULL,NULL,0,0,'',NULL,NULL),(259,54,NULL,25,NULL,'Armoire &eacute;lectrique','',20.000,0.000,'0',0.000,'0',1,0,0,NULL,75.90000000,NULL,75.90000000,15.18000000,0.00000000,0.00000000,91.08000000,0,NULL,NULL,0,69.00000000,NULL,100100400,0,10,NULL,NULL,100,250,1,1,1,0,'EUR',75.90000000,75.90000000,15.18000000,91.08000000,'',NULL,NULL,0,0,'',NULL,NULL),(260,54,NULL,16,NULL,'R&eacute;ception','',20.000,0.000,'0',0.000,'0',1,0,0,NULL,0.00000000,NULL,0.00000000,0.00000000,0.00000000,0.00000000,0.00000000,1,NULL,NULL,0,0.00000000,NULL,100100399,0,11,NULL,NULL,100,251,1,1,1,0,'EUR',0.00000000,0.00000000,0.00000000,0.00000000,'',NULL,NULL,0,0,'',NULL,NULL),(261,54,NULL,NULL,NULL,'vbvbv','',20.000,0.000,'0',0.000,'0',1,0,0,NULL,10.00000000,NULL,10.00000000,2.00000000,0.00000000,0.00000000,12.00000000,0,NULL,NULL,0,10.00000000,NULL,100100400,0,12,NULL,NULL,100,252,1,1,1,0,'EUR',10.00000000,10.00000000,2.00000000,12.00000000,'',NULL,NULL,0,0,'',NULL,NULL),(262,54,NULL,23,NULL,'tige rayon','',20.000,0.000,'0',0.000,'0',1,0,0,NULL,0.20000000,NULL,0.20000000,0.04000000,0.00000000,0.00000000,0.24000000,0,NULL,NULL,0,0.20000000,NULL,100100400,0,13,NULL,NULL,100,253,1,1,1,0,'EUR',0.20000000,0.20000000,0.04000000,0.24000000,'',NULL,NULL,0,0,'',NULL,NULL),(263,55,NULL,49,'Fourniture et pose d’un linteau','Fourniture et pose d&rsquo;un linteau fer I de section 140mm pour la d&eacute;pose de la cloison de s&eacute;paration entre la cuisine et le s&eacute;jour. Comprenant transport, d&eacute;coupe et assemblage au mortier de ciment. Longueur 300cm.','',10.000,0.000,'0',0.000,'0',1,0,0,NULL,1122.00000000,NULL,1122.00000000,112.20000000,0.00000000,0.00000000,1234.20000000,1,NULL,NULL,0,1020.00000000,NULL,100100399,0,2,NULL,NULL,100,NULL,1,1,1,0,'EUR',1122.00000000,1122.00000000,112.20000000,1234.20000000,'',NULL,NULL,0,0,'',NULL,NULL),(264,55,NULL,49,'Fourniture et pose d’un linteau','Fourniture et pose d&rsquo;un linteau fer I de section 140mm pour la d&eacute;pose de la cloison de s&eacute;paration entre la cuisine et le s&eacute;jour. Comprenant transport, d&eacute;coupe et assemblage au mortier de ciment. Longueur 340cm.','',10.000,0.000,'0',0.000,'0',1,0,0,NULL,1232.00000000,NULL,1232.00000000,123.20000000,0.00000000,0.00000000,1355.20000000,1,NULL,NULL,0,1120.00000000,NULL,100100399,0,3,NULL,NULL,100,NULL,1,1,1,0,'EUR',1232.00000000,1232.00000000,123.20000000,1355.20000000,'',NULL,NULL,0,0,'',NULL,NULL),(265,55,NULL,54,'Carrelage','Fourniture et pr&eacute;paration du support avant la pose du carrelage dans la cuisine par produit accrocheur et/ou ragr&eacute;age.<br />\r\nFourniture et pose d&#39;un carrelage gr&egrave;s c&eacute;rame de dimensions entre 33x33 et 60x60 cm en pose droite, pose &agrave; la colle et jointoiement compris. Base d&#39;achat : 25,00 &euro; HT le m&sup2;.','',20.000,0.000,'0',0.000,'0',1,0,0,NULL,1848.00000000,NULL,1848.00000000,369.60000000,0.00000000,0.00000000,2217.60000000,1,NULL,NULL,0,1680.00000000,NULL,100100399,0,6,NULL,NULL,100,NULL,1,1,1,0,'EUR',1848.00000000,1848.00000000,369.60000000,2217.60000000,'',NULL,NULL,0,0,'',NULL,NULL),(266,55,NULL,54,'Carrelage','Fourniture et pr&eacute;paration du support avant la pose du carrelage dans la sde par produit accrocheur et/ou ragr&eacute;age.<br />\r\nFourniture et pose d&#39;un carrelage gr&egrave;s c&eacute;rame de dimensions entre 33x33 et 60x60 cm en pose droite, pose &agrave; la colle et jointoiement compris.','',20.000,0.000,'0',0.000,'0',1,0,0,NULL,1056.00000000,NULL,1056.00000000,211.20000000,0.00000000,0.00000000,1267.20000000,1,NULL,NULL,0,960.00000000,NULL,100100399,0,7,NULL,NULL,100,NULL,1,1,1,0,'EUR',1056.00000000,1056.00000000,211.20000000,1267.20000000,'',NULL,NULL,0,0,'',NULL,NULL),(267,56,NULL,5,NULL,'velo bleu','',20.000,0.000,'0',0.000,'0',1,10,0,NULL,400.00000000,NULL,360.00000000,72.00000000,0.00000000,0.00000000,432.00000000,0,NULL,NULL,0,150.00000000,NULL,100100400,0,1,NULL,NULL,100,NULL,1,1,1,0,'EUR',400.00000000,360.00000000,72.00000000,432.00000000,'',NULL,NULL,0,0,'',NULL,NULL),(268,57,NULL,25,NULL,'Armoire électrique','',20.000,0.000,'0',0.000,'0',1,5,0,NULL,140.00000000,NULL,133.00000000,26.60000000,0.00000000,0.00000000,159.60000000,0,NULL,NULL,0,50.00000000,NULL,100100400,0,1,NULL,NULL,100,NULL,1,1,1,0,'EUR',140.00000000,133.00000000,26.60000000,159.60000000,'',NULL,NULL,0,0,'',NULL,NULL),(269,57,NULL,33,NULL,'125','',20.000,0.000,'0',0.000,'0',1,0,0,NULL,50.00000000,NULL,50.00000000,10.00000000,0.00000000,0.00000000,60.00000000,0,NULL,NULL,0,50.00000000,NULL,100100402,0,2,NULL,NULL,100,NULL,1,1,1,0,'EUR',50.00000000,50.00000000,10.00000000,60.00000000,'',NULL,NULL,0,0,'',NULL,NULL),(270,57,NULL,30,NULL,'124 description\n(Pays d\'origine: France)','',20.000,0.000,'0',0.000,'0',1,0,0,NULL,5.00000000,NULL,5.00000000,1.00000000,0.00000000,0.00000000,6.00000000,0,NULL,NULL,0,5.00000000,NULL,100100400,0,3,NULL,NULL,100,NULL,6,1,1,0,'EUR',5.00000000,5.00000000,1.00000000,6.00000000,'',NULL,NULL,0,0,'',NULL,NULL),(271,58,NULL,25,NULL,'Armoire électrique','',20.000,0.000,'0',0.000,'0',1,5,0,NULL,140.00000000,NULL,133.00000000,26.60000000,0.00000000,0.00000000,159.60000000,0,NULL,NULL,0,50.00000000,NULL,100100400,0,1,NULL,NULL,100,NULL,1,1,1,0,'EUR',140.00000000,133.00000000,26.60000000,159.60000000,'',NULL,NULL,0,0,'',NULL,NULL),(272,58,NULL,33,NULL,'125','',20.000,0.000,'0',0.000,'0',1,0,0,NULL,50.00000000,NULL,50.00000000,10.00000000,0.00000000,0.00000000,60.00000000,0,NULL,NULL,0,50.00000000,NULL,100100400,0,2,NULL,NULL,100,NULL,1,1,1,0,'EUR',50.00000000,50.00000000,10.00000000,60.00000000,'',NULL,NULL,0,0,'',NULL,NULL),(273,58,NULL,30,NULL,'124 description\n(Pays d\'origine: France)','',20.000,0.000,'0',0.000,'0',1,0,0,NULL,5.00000000,NULL,5.00000000,1.00000000,0.00000000,0.00000000,6.00000000,0,NULL,NULL,0,5.00000000,NULL,100100400,0,3,NULL,NULL,100,NULL,6,1,1,0,'EUR',5.00000000,5.00000000,1.00000000,6.00000000,'',NULL,NULL,0,0,'',NULL,NULL),(274,61,NULL,52,NULL,'','',20.000,0.000,'0',0.000,'0',1,0,0,NULL,50.00000000,NULL,50.00000000,10.00000000,0.00000000,0.00000000,60.00000000,1,NULL,NULL,0,50.00000000,NULL,100100399,0,1,NULL,NULL,100,NULL,1,1,1,0,'EUR',50.00000000,50.00000000,10.00000000,60.00000000,'',NULL,NULL,0,0,NULL,NULL,NULL),(275,60,NULL,26,NULL,'','',20.000,0.000,'0',0.000,'0',1,0,0,NULL,20.00000000,NULL,20.00000000,4.00000000,0.00000000,0.00000000,24.00000000,0,NULL,NULL,0,10.00000000,NULL,100100240,0,1,NULL,NULL,100,NULL,1,1,1,0,'EUR',20.00000000,20.00000000,4.00000000,24.00000000,'',NULL,NULL,0,0,NULL,NULL,NULL),(276,62,NULL,49,NULL,'Fourniture et pose d&rsquo;un linteau fer I de section 140mm pour la d&eacute;pose de la cloison de s&eacute;paration entre la cuisine et le s&eacute;jour. Comprenant transport, d&eacute;coupe et assemblage au mortier de ciment. Longueur 300cm.','',20.000,0.000,'0',0.000,'0',1,0,0,NULL,1000.00000000,NULL,1000.00000000,200.00000000,0.00000000,0.00000000,1200.00000000,1,NULL,NULL,0,0.00000000,NULL,100100399,0,1,NULL,NULL,100,NULL,1,1,1,0,'EUR',1000.00000000,1000.00000000,200.00000000,1200.00000000,'',NULL,NULL,0,0,NULL,NULL,NULL),(277,63,NULL,39,NULL,'APPLIQUE VALIDEE C3','',20.000,0.000,'0',0.000,'0',1,0,0,NULL,1.25000000,NULL,1.25000000,0.25000000,0.00000000,0.00000000,1.50000000,0,NULL,NULL,0,0.00000000,NULL,100100400,0,0,NULL,NULL,100,NULL,34,1,1,0,'EUR',1.25000000,1.25000000,0.25000000,1.50000000,'',NULL,NULL,0,0,NULL,NULL,NULL),(278,59,NULL,40,NULL,'124 description<br><strong>Couleur:</strong> Bleue<br>\n(Pays d\'origine: France)','',20.000,0.000,'0',0.000,'0',3,0,0,NULL,6.00000000,NULL,18.00000000,3.60000000,0.00000000,0.00000000,21.60000000,0,NULL,NULL,0,10.00000000,NULL,100100400,0,1,NULL,NULL,100,NULL,6,1,1,0,'EUR',6.00000000,18.00000000,3.60000000,21.60000000,'',NULL,NULL,0,0,NULL,NULL,NULL),(279,64,NULL,59,NULL,'cadre','',20.000,0.000,'0',0.000,'0',3,0,0,NULL,10.00000000,NULL,30.00000000,6.00000000,0.00000000,0.00000000,36.00000000,0,NULL,NULL,0,0.00000000,NULL,100100400,0,0,NULL,NULL,100,NULL,NULL,1,1,0,'EUR',10.00000000,30.00000000,6.00000000,36.00000000,'',NULL,NULL,0,0,NULL,NULL,NULL),(281,65,NULL,25,NULL,'','',20.000,0.000,'0',0.000,'0',1,0,0,NULL,132.00000000,NULL,132.00000000,26.40000000,0.00000000,0.00000000,158.40000000,0,NULL,NULL,0,50.00000000,20,100100400,0,2,NULL,NULL,100,NULL,NULL,1,1,0,'EUR',132.00000000,132.00000000,26.40000000,158.40000000,'',NULL,NULL,0,0,NULL,NULL,NULL),(282,66,NULL,NULL,'Côté PREPARATION','','',0.000,0.000,'0',0.000,'0',1,0,0,NULL,0.00000000,NULL,0.00000000,0.00000000,0.00000000,0.00000000,0.00000000,9,NULL,NULL,0,0.00000000,NULL,0,104777,2,NULL,NULL,100,NULL,NULL,1,1,0,'EUR',0.00000000,0.00000000,0.00000000,0.00000000,'',NULL,NULL,0,0,NULL,NULL,NULL),(283,66,NULL,58,NULL,'','',20.000,0.000,'0',0.000,'0',2,0,0,NULL,208.33000000,NULL,416.67000000,83.33000000,0.00000000,0.00000000,500.00000000,0,NULL,NULL,0,0.00000000,NULL,100100400,0,3,NULL,NULL,100,NULL,1,1,1,0,'EUR',208.33000000,416.67000000,83.33000000,500.00000000,'',NULL,NULL,0,0,NULL,NULL,NULL),(284,66,NULL,NULL,NULL,'D&eacute;molition et d&eacute;pose baignoire, paroi, meuble, robinetteries, plinthes, y compris &eacute;vacuation et traitement des d&eacute;chets','',10.000,0.000,'0',0.000,'0',1,0,0,NULL,1200.00000000,NULL,1200.00000000,120.00000000,0.00000000,0.00000000,1320.00000000,1,NULL,NULL,0,1200.00000000,NULL,100100399,0,4,NULL,NULL,100,NULL,1,1,1,0,'EUR',1200.00000000,1200.00000000,120.00000000,1320.00000000,'',NULL,NULL,0,0,NULL,NULL,NULL),(285,66,NULL,NULL,NULL,'Travaux pr&eacute;paratoire EC EF evacuation selon nouvelle implantation receveur et meuble double vasque','',10.000,0.000,'0',0.000,'0',1,0,0,NULL,981.00000000,NULL,981.00000000,98.10000000,0.00000000,0.00000000,1079.10000000,1,NULL,NULL,0,981.00000000,NULL,100100399,0,5,NULL,NULL,100,NULL,1,1,1,0,'EUR',981.00000000,981.00000000,98.10000000,1079.10000000,'',NULL,NULL,0,0,NULL,NULL,NULL),(286,66,NULL,NULL,NULL,'Travaux pr&eacute;paratoires &eacute;lectrique<br />\r\nChangement appareillage d&#39;une prise<br />\r\nCr&eacute;ation d&#39;une prise . Tirage alimentation miroir<br />\r\nODACE Schneider Blanc','',10.000,0.000,'0',0.000,'0',1,0,0,NULL,650.00000000,NULL,650.00000000,65.00000000,0.00000000,0.00000000,715.00000000,1,NULL,NULL,0,650.00000000,NULL,100100399,0,6,NULL,NULL,100,NULL,1,1,1,0,'EUR',650.00000000,650.00000000,65.00000000,715.00000000,'',NULL,NULL,0,0,NULL,NULL,NULL),(288,66,NULL,25,NULL,'fhgdthdgfhxdfg<br />\r\nghcfgcfghfgd','',20.000,0.000,'0',0.000,'0',1,0,0,NULL,250.00000000,NULL,250.00000000,50.00000000,0.00000000,0.00000000,300.00000000,0,NULL,NULL,0,50.00000000,NULL,100100400,0,7,NULL,NULL,100,NULL,1,1,1,0,'EUR',250.00000000,250.00000000,50.00000000,300.00000000,'',NULL,NULL,0,0,NULL,NULL,NULL),(289,66,NULL,NULL,'Côté PREPARATION','','',0.000,0.000,'0',0.000,'0',99,0,0,NULL,0.00000000,NULL,0.00000000,0.00000000,0.00000000,0.00000000,0.00000000,9,NULL,NULL,0,0.00000000,NULL,0,104777,8,NULL,NULL,100,NULL,NULL,1,1,0,'EUR',0.00000000,0.00000000,0.00000000,0.00000000,'',NULL,NULL,0,0,NULL,NULL,NULL),(290,66,NULL,NULL,'Côté MEUBLES ET SANITAIRES','','',0.000,0.000,'0',0.000,'0',1,0,0,NULL,0.00000000,NULL,0.00000000,0.00000000,0.00000000,0.00000000,0.00000000,9,NULL,NULL,0,0.00000000,NULL,0,104777,9,NULL,NULL,100,NULL,NULL,1,1,0,'EUR',0.00000000,0.00000000,0.00000000,0.00000000,'',NULL,NULL,0,0,NULL,NULL,NULL),(291,66,NULL,NULL,NULL,'Fourniture MIROIR led laqu&eacute; REFLET MOON<br />\r\nD 140','',10.000,0.000,'0',0.000,'0',1,0,0,NULL,1032.08000000,NULL,1032.08000000,103.21000000,0.00000000,0.00000000,1135.29000000,0,NULL,NULL,0,1032.08000000,NULL,100100400,0,10,NULL,NULL,100,NULL,1,1,1,0,'EUR',1032.08000000,1032.08000000,103.21000000,1135.29000000,'',NULL,NULL,0,0,NULL,NULL,NULL),(292,66,NULL,55,NULL,'Fourniture meuble JOLIE MOME<br />\r\nL120*P51*H63<br />\r\nBaltique brillant<br />\r\navec double vasque blanche','',10.000,0.000,'0',0.000,'0',1,0,0,NULL,2703.00000000,NULL,2703.00000000,270.30000000,0.00000000,0.00000000,2973.30000000,0,NULL,NULL,0,0.00000000,NULL,100100400,0,11,NULL,NULL,100,NULL,1,1,1,0,'EUR',2703.00000000,2703.00000000,270.30000000,2973.30000000,'',NULL,NULL,0,0,NULL,NULL,NULL),(293,66,NULL,NULL,'Côté MEUBLES ET SANITAIRES','','',0.000,0.000,'0',0.000,'0',99,0,0,NULL,0.00000000,NULL,0.00000000,0.00000000,0.00000000,0.00000000,0.00000000,9,NULL,NULL,0,0.00000000,NULL,0,104777,12,NULL,NULL,100,NULL,NULL,1,1,0,'EUR',0.00000000,0.00000000,0.00000000,0.00000000,'',NULL,NULL,0,0,NULL,NULL,NULL),(295,66,NULL,25,NULL,'','',20.000,0.000,'0',0.000,'0',1,0,0,NULL,132.00000000,NULL,132.00000000,26.40000000,0.00000000,0.00000000,158.40000000,0,NULL,NULL,0,50.00000000,NULL,100100400,0,13,NULL,NULL,100,NULL,1,1,1,0,'EUR',132.00000000,132.00000000,26.40000000,158.40000000,'',NULL,NULL,0,0,NULL,NULL,NULL),(298,67,NULL,30,NULL,'124 description<br />\r\n(Pays d&#39;origine: France)','',20.000,0.000,'0',0.000,'0',1,0,0,NULL,5.00000000,NULL,5.00000000,1.00000000,0.00000000,0.00000000,6.00000000,0,NULL,NULL,0,500.00000000,NULL,100100400,0,1,NULL,NULL,100,NULL,6,1,1,0,'EUR',5.00000000,5.00000000,1.00000000,6.00000000,'',NULL,NULL,0,0,NULL,NULL,NULL),(300,68,NULL,NULL,'Côté PREPARATION','','',0.000,0.000,'0',0.000,'0',1,0,0,NULL,0.00000000,NULL,0.00000000,0.00000000,0.00000000,0.00000000,0.00000000,9,NULL,NULL,0,0.00000000,NULL,0,104777,1,NULL,NULL,100,NULL,NULL,1,1,0,'EUR',0.00000000,0.00000000,0.00000000,0.00000000,'',NULL,NULL,0,0,NULL,NULL,NULL),(301,68,NULL,58,NULL,'Pr&eacute;paration, protection et nettoyage du chantier','',10.000,0.000,'0',0.000,'0',1,0,0,NULL,240.00000000,NULL,240.00000000,24.00000000,0.00000000,0.00000000,264.00000000,0,NULL,NULL,0,0.00000000,NULL,100100400,0,2,NULL,NULL,100,NULL,1,1,1,0,'EUR',240.00000000,240.00000000,24.00000000,264.00000000,'',NULL,NULL,0,0,NULL,NULL,NULL),(302,68,NULL,NULL,NULL,'D&eacute;molition et d&eacute;pose baignoire, paroi, meuble, robinetteries, plinthes, y compris &eacute;vacuation et traitement des d&eacute;chets','',10.000,0.000,'0',0.000,'0',1,0,0,NULL,1200.00000000,NULL,1200.00000000,120.00000000,0.00000000,0.00000000,1320.00000000,1,NULL,NULL,0,1200.00000000,NULL,100100399,0,3,NULL,NULL,100,NULL,1,1,1,0,'EUR',1200.00000000,1200.00000000,120.00000000,1320.00000000,'',NULL,NULL,0,0,NULL,NULL,NULL),(303,68,NULL,NULL,NULL,'Travaux pr&eacute;paratoire EC EF evacuation selon nouvelle implantation receveur et meuble double vasque','',10.000,0.000,'0',0.000,'0',1,0,0,NULL,981.00000000,NULL,981.00000000,98.10000000,0.00000000,0.00000000,1079.10000000,1,NULL,NULL,0,981.00000000,NULL,100100399,0,4,NULL,NULL,100,NULL,1,1,1,0,'EUR',981.00000000,981.00000000,98.10000000,1079.10000000,'',NULL,NULL,0,0,NULL,NULL,NULL),(304,68,NULL,NULL,NULL,'Travaux pr&eacute;paratoires &eacute;lectrique<br />\r\nChangement appareillage d&#39;une prise<br />\r\nCr&eacute;ation d&#39;une prise . Tirage alimentation miroir<br />\r\nODACE Schneider Blanc','',10.000,0.000,'0',0.000,'0',1,0,0,NULL,650.00000000,NULL,650.00000000,65.00000000,0.00000000,0.00000000,715.00000000,1,NULL,NULL,0,650.00000000,NULL,100100399,0,5,NULL,NULL,100,NULL,1,1,1,0,'EUR',650.00000000,650.00000000,65.00000000,715.00000000,'',NULL,NULL,0,0,NULL,NULL,NULL),(305,68,NULL,NULL,NULL,'Coffrage placo BA13 Hydrofuge<br />\r\nEt traitement des joints<br />\r\nLocalisation : sur murs de douche','',10.000,0.000,'0',0.000,'0',1,0,0,NULL,425.00000000,NULL,425.00000000,42.50000000,0.00000000,0.00000000,467.50000000,1,NULL,NULL,0,425.00000000,NULL,100100399,0,6,NULL,NULL,100,NULL,1,1,1,0,'EUR',425.00000000,425.00000000,42.50000000,467.50000000,'',NULL,NULL,0,0,NULL,NULL,NULL),(306,68,NULL,NULL,'Côté PREPARATION','','',0.000,0.000,'0',0.000,'0',99,0,0,NULL,0.00000000,NULL,0.00000000,0.00000000,0.00000000,0.00000000,0.00000000,9,NULL,NULL,0,0.00000000,NULL,0,104777,7,NULL,NULL,100,NULL,NULL,1,1,0,'EUR',0.00000000,0.00000000,0.00000000,0.00000000,'',NULL,NULL,0,0,NULL,NULL,NULL),(307,68,NULL,NULL,'Côté MEUBLES ET SANITAIRES','','',0.000,0.000,'0',0.000,'0',1,0,0,NULL,0.00000000,NULL,0.00000000,0.00000000,0.00000000,0.00000000,0.00000000,9,NULL,NULL,0,0.00000000,NULL,0,104777,8,NULL,NULL,100,NULL,NULL,1,1,0,'EUR',0.00000000,0.00000000,0.00000000,0.00000000,'',NULL,NULL,0,0,NULL,NULL,NULL),(308,68,NULL,NULL,NULL,'Fourniture MIROIR led laqu&eacute; REFLET MOON<br />\r\nD 140','',10.000,0.000,'0',0.000,'0',1,0,0,NULL,1032.08000000,NULL,1032.08000000,103.21000000,0.00000000,0.00000000,1135.29000000,0,NULL,NULL,0,1032.08000000,NULL,100100400,0,9,NULL,NULL,100,NULL,1,1,1,0,'EUR',1032.08000000,1032.08000000,103.21000000,1135.29000000,'',NULL,NULL,0,0,NULL,NULL,NULL),(309,68,NULL,56,NULL,'Fourniture meuble bas JOLIE MOME<br />\r\ndroite et gauche / charni&egrave;re droite et gauche<br />\r\nL35*P30*H63<br />\r\nBaltique brillant','',10.000,0.000,'0',0.000,'0',2,0,0,NULL,609.00000000,NULL,1218.00000000,121.80000000,0.00000000,0.00000000,1339.80000000,0,NULL,NULL,0,0.00000000,NULL,100100400,0,10,NULL,NULL,100,NULL,1,1,1,0,'EUR',609.00000000,1218.00000000,121.80000000,1339.80000000,'',NULL,NULL,0,0,NULL,NULL,NULL),(310,68,NULL,55,NULL,'Fourniture meuble JOLIE MOME<br />\r\nL120*P51*H63<br />\r\nBaltique brillant<br />\r\navec double vasque blanche','',10.000,0.000,'0',0.000,'0',1,0,0,NULL,2703.00000000,NULL,2703.00000000,270.30000000,0.00000000,0.00000000,2973.30000000,0,NULL,NULL,0,0.00000000,NULL,100100400,0,11,NULL,NULL,100,NULL,1,1,1,0,'EUR',2703.00000000,2703.00000000,270.30000000,2973.30000000,'',NULL,NULL,0,0,NULL,NULL,NULL),(311,68,NULL,NULL,'Côté MEUBLES ET SANITAIRES','','',0.000,0.000,'0',0.000,'0',99,0,0,NULL,0.00000000,NULL,0.00000000,0.00000000,0.00000000,0.00000000,0.00000000,9,NULL,NULL,0,0.00000000,NULL,0,104777,12,NULL,NULL,100,NULL,NULL,1,1,0,'EUR',0.00000000,0.00000000,0.00000000,0.00000000,'',NULL,NULL,0,0,NULL,NULL,NULL),(312,68,NULL,69,NULL,'','',20.000,0.000,'0',0.000,'0',2,0,0,NULL,110.00000000,NULL,220.00000000,44.00000000,0.00000000,0.00000000,264.00000000,0,NULL,NULL,0,0.00000000,NULL,100100400,0,13,NULL,NULL,100,NULL,1,1,1,0,'EUR',110.00000000,220.00000000,44.00000000,264.00000000,'',NULL,NULL,0,0,NULL,NULL,NULL),(313,69,NULL,69,NULL,'','',20.000,0.000,'0',0.000,'0',1,0,0,NULL,110.00000000,NULL,110.00000000,22.00000000,0.00000000,0.00000000,132.00000000,0,NULL,NULL,0,0.00000000,NULL,100100400,0,1,NULL,NULL,100,NULL,1,1,1,0,'EUR',110.00000000,110.00000000,22.00000000,132.00000000,'',NULL,NULL,0,0,NULL,NULL,NULL),(314,70,NULL,69,NULL,'','',20.000,0.000,'0',0.000,'0',2,0,0,NULL,110.00000000,NULL,220.00000000,44.00000000,0.00000000,0.00000000,264.00000000,0,NULL,NULL,0,0.00000000,NULL,100100400,0,1,NULL,NULL,100,NULL,1,1,1,0,'EUR',110.00000000,220.00000000,44.00000000,264.00000000,'',NULL,NULL,0,0,NULL,NULL,NULL),(315,71,NULL,41,NULL,'124 description<br><strong>Couleur:</strong> Rouge<br>\nfgdgd<br>\n(Pays d\'origine: France)','',20.000,0.000,'0',0.000,'0',10,0,0,NULL,7.00000000,NULL,70.00000000,14.00000000,0.00000000,0.00000000,84.00000000,0,'2024-11-19 00:00:00','2024-11-29 00:00:00',0,0.00000000,NULL,0,0,2,NULL,NULL,100,NULL,6,2,2,0,'EUR',7.00000000,70.00000000,14.00000000,84.00000000,'',NULL,NULL,0,0,NULL,'',0),(316,71,NULL,NULL,'Titre','','',0.000,0.000,'0',0.000,'0',1,0,0,NULL,0.00000000,NULL,0.00000000,0.00000000,0.00000000,0.00000000,0.00000000,9,NULL,NULL,0,0.00000000,NULL,0,104777,1,NULL,NULL,100,NULL,NULL,2,2,0,'EUR',0.00000000,0.00000000,0.00000000,0.00000000,'',NULL,NULL,0,0,NULL,'',0),(317,71,NULL,41,NULL,'124 description<br><strong>Couleur:</strong> Rouge<br>\nfdfhdh<br>\n(Pays d\'origine: France)','',5.500,0.000,'0',0.000,'0',10,0,0,NULL,7.00000000,NULL,70.00000000,3.85000000,0.00000000,0.00000000,73.85000000,0,NULL,NULL,0,0.00000000,NULL,0,0,3,NULL,NULL,100,NULL,6,2,2,0,'EUR',7.00000000,70.00000000,3.85000000,73.85000000,'',NULL,NULL,0,0,NULL,'',0),(318,71,NULL,NULL,'Sous total','','',0.000,0.000,'0',0.000,'0',99,0,0,NULL,0.00000000,NULL,0.00000000,0.00000000,0.00000000,0.00000000,0.00000000,9,NULL,NULL,0,0.00000000,NULL,0,104777,4,NULL,NULL,100,NULL,NULL,2,2,0,'EUR',0.00000000,0.00000000,0.00000000,0.00000000,'',NULL,NULL,0,0,NULL,'',0),(319,71,NULL,40,NULL,'124 description<br><strong>Couleur:</strong> Bleue<br>\ndfggdh<br>\n(Pays d\'origine: France)','',20.000,0.000,'0',0.000,'0',10,0,0,NULL,6.00000000,NULL,60.00000000,12.00000000,0.00000000,0.00000000,72.00000000,0,NULL,NULL,0,10.00000000,NULL,0,0,5,NULL,NULL,100,NULL,6,2,2,0,'EUR',6.00000000,60.00000000,12.00000000,72.00000000,'',NULL,NULL,0,0,NULL,'',0),(320,71,NULL,42,NULL,'124 description<br><strong>Couleur:</strong> jaune<br>\n(Pays d\'origine: France)','',20.000,0.000,'0',0.000,'0',1,0,0,NULL,6.00000000,NULL,6.00000000,1.20000000,0.00000000,0.00000000,7.20000000,0,NULL,NULL,0,10.00000000,NULL,0,0,6,NULL,NULL,100,NULL,6,2,2,0,'EUR',6.00000000,6.00000000,1.20000000,7.20000000,'',NULL,NULL,0,0,NULL,'',0),(321,71,NULL,NULL,'Sous Total 2','','',0.000,0.000,'0',0.000,'0',99,0,0,NULL,0.00000000,NULL,0.00000000,0.00000000,0.00000000,0.00000000,0.00000000,9,NULL,NULL,0,0.00000000,NULL,0,104777,7,NULL,NULL,0,NULL,NULL,2,2,0,'EUR',0.00000000,0.00000000,0.00000000,0.00000000,'',NULL,NULL,0,0,NULL,'',0),(322,71,NULL,NULL,'Autre Titre','','',0.000,0.000,'0',0.000,'0',1,0,0,NULL,0.00000000,NULL,0.00000000,0.00000000,0.00000000,0.00000000,0.00000000,9,NULL,NULL,0,0.00000000,NULL,0,104777,8,NULL,NULL,0,NULL,NULL,2,2,0,'EUR',0.00000000,0.00000000,0.00000000,0.00000000,'',NULL,NULL,0,0,NULL,'',0),(323,71,NULL,40,NULL,'124 description<br><strong>Couleur:</strong> Bleue<br>\nsdfgdfdfg<br>\n(Pays d\'origine: France)','',20.000,0.000,'0',0.000,'0',5,0,0,NULL,6.00000000,NULL,30.00000000,6.00000000,0.00000000,0.00000000,36.00000000,0,NULL,NULL,0,10.00000000,NULL,0,0,9,NULL,NULL,100,NULL,6,2,2,0,'EUR',6.00000000,30.00000000,6.00000000,36.00000000,'',NULL,NULL,0,0,NULL,'',0),(324,71,NULL,36,NULL,'b vnvbn','',20.000,0.000,'0',0.000,'0',2,0,0,NULL,150.00000000,NULL,300.00000000,60.00000000,0.00000000,0.00000000,360.00000000,0,NULL,NULL,0,0.00000000,NULL,0,0,10,NULL,NULL,100,NULL,1,2,2,0,'EUR',150.00000000,300.00000000,60.00000000,360.00000000,'',NULL,NULL,0,0,NULL,'',0),(325,71,NULL,NULL,'Sous-total','','',0.000,0.000,'0',0.000,'0',99,0,0,NULL,0.00000000,NULL,0.00000000,0.00000000,0.00000000,0.00000000,0.00000000,9,NULL,NULL,0,0.00000000,NULL,0,104777,11,NULL,NULL,0,NULL,NULL,2,2,0,'EUR',0.00000000,0.00000000,0.00000000,0.00000000,'',NULL,NULL,0,0,NULL,'',0),(326,71,NULL,41,NULL,'124 description<br><strong>Couleur:</strong> Rouge<br>\nfgfhfh<br>\n(Pays d\'origine: France)','',2.100,0.000,'0',0.000,'0',158,0,0,NULL,7.00000000,NULL,1106.00000000,23.23000000,0.00000000,0.00000000,1129.23000000,0,NULL,NULL,0,0.00000000,NULL,0,0,12,NULL,NULL,100,NULL,6,2,2,0,'EUR',7.00000000,1106.00000000,23.23000000,1129.23000000,'',NULL,NULL,0,0,NULL,'',0),(327,71,NULL,42,NULL,'124 description<br><strong>Couleur:</strong> jaune<br>\nfghfhfh<br>\n(Pays d\'origine: France)','',20.000,0.000,'0',0.000,'0',147,0,0,NULL,6.00000000,NULL,882.00000000,176.40000000,0.00000000,0.00000000,1058.40000000,0,NULL,NULL,0,10.00000000,NULL,0,0,13,NULL,NULL,100,NULL,6,2,2,0,'EUR',6.00000000,882.00000000,176.40000000,1058.40000000,'',NULL,NULL,0,0,NULL,'',0),(328,71,NULL,NULL,'Sous-total','','',0.000,0.000,'0',0.000,'0',99,0,0,NULL,0.00000000,NULL,0.00000000,0.00000000,0.00000000,0.00000000,0.00000000,9,NULL,NULL,0,0.00000000,NULL,0,104777,14,NULL,NULL,0,NULL,NULL,2,2,0,'EUR',0.00000000,0.00000000,0.00000000,0.00000000,'',NULL,NULL,0,0,NULL,'',0);

--
-- Table structure for table `t1zhf_facturedet_extrafields`
--

CREATE TABLE `t1zhf_facturedet_extrafields` (
  `rowid` int NOT NULL AUTO_INCREMENT,
  `tms` timestamp NOT NULL DEFAULT CURRENT_TIMESTAMP ON UPDATE CURRENT_TIMESTAMP,
  `fk_object` int NOT NULL,
  `import_key` varchar(14) COLLATE utf8mb3_unicode_ci DEFAULT NULL,
  `show_total_ht` int DEFAULT NULL,
  `show_reduc` int DEFAULT NULL,
  `subtotal_nc` varchar(255) COLLATE utf8mb3_unicode_ci DEFAULT NULL,
  `subtotal_show_qty` int DEFAULT NULL,
  `hideblock` int DEFAULT NULL,
  `reflinenumber` varchar(128) COLLATE utf8mb3_unicode_ci DEFAULT NULL,
  PRIMARY KEY (`rowid`),
  UNIQUE KEY `uk_facturedet_extrafields` (`fk_object`)
) ENGINE=InnoDB AUTO_INCREMENT=402 DEFAULT CHARSET=utf8mb3 COLLATE=utf8mb3_unicode_ci;

--
-- Dumping data for table `t1zhf_facturedet_extrafields`
--

INSERT INTO `t1zhf_facturedet_extrafields` VALUES (1,'2019-01-10 17:46:37',4,NULL,NULL,NULL,NULL,NULL,NULL,NULL),(2,'2019-01-10 17:53:11',5,NULL,NULL,NULL,NULL,NULL,NULL,NULL),(3,'2019-01-10 17:53:11',6,NULL,NULL,NULL,NULL,NULL,NULL,NULL),(4,'2019-01-10 17:53:11',7,NULL,NULL,NULL,NULL,NULL,NULL,NULL),(5,'2019-01-10 17:53:11',10,NULL,NULL,NULL,NULL,NULL,NULL,NULL),(6,'2019-01-10 17:53:11',11,NULL,NULL,NULL,NULL,NULL,NULL,NULL),(13,'2019-01-10 17:55:05',13,NULL,NULL,NULL,NULL,NULL,NULL,NULL),(14,'2019-01-10 17:55:05',14,NULL,NULL,NULL,NULL,NULL,NULL,NULL),(15,'2019-01-10 17:55:05',15,NULL,NULL,NULL,NULL,NULL,NULL,NULL),(16,'2019-01-10 17:55:05',18,NULL,NULL,NULL,NULL,NULL,NULL,NULL),(17,'2019-01-10 17:55:05',19,NULL,NULL,NULL,NULL,NULL,NULL,NULL),(24,'2019-01-10 17:59:51',21,NULL,NULL,NULL,NULL,NULL,NULL,NULL),(25,'2019-01-10 17:59:51',22,NULL,NULL,NULL,NULL,NULL,NULL,NULL),(26,'2019-01-10 17:59:51',23,NULL,NULL,NULL,NULL,NULL,NULL,NULL),(27,'2019-01-10 17:59:51',26,NULL,NULL,NULL,NULL,NULL,NULL,NULL),(28,'2019-01-10 17:59:51',27,NULL,NULL,NULL,NULL,NULL,NULL,NULL),(35,'2019-01-10 18:02:50',29,NULL,NULL,NULL,NULL,NULL,NULL,NULL),(36,'2019-01-10 18:02:50',30,NULL,NULL,NULL,NULL,NULL,NULL,NULL),(37,'2019-01-10 18:02:50',31,NULL,NULL,NULL,NULL,NULL,NULL,NULL),(38,'2019-01-10 18:02:50',34,NULL,NULL,NULL,NULL,NULL,NULL,NULL),(39,'2019-01-10 18:02:50',35,NULL,NULL,NULL,NULL,NULL,NULL,NULL),(40,'2019-01-14 11:08:50',37,NULL,NULL,NULL,NULL,NULL,NULL,NULL),(55,'2019-02-18 11:25:04',49,NULL,NULL,NULL,NULL,NULL,NULL,NULL),(56,'2019-02-18 11:25:13',50,NULL,NULL,NULL,NULL,NULL,NULL,NULL),(59,'2019-02-18 11:26:54',51,NULL,NULL,NULL,NULL,NULL,NULL,NULL),(60,'2019-02-18 11:26:54',52,NULL,NULL,NULL,NULL,NULL,NULL,NULL),(63,'2019-02-18 11:28:12',53,NULL,NULL,NULL,NULL,NULL,NULL,NULL),(64,'2019-02-18 11:28:12',54,NULL,NULL,NULL,NULL,NULL,NULL,NULL),(67,'2019-02-18 11:29:37',55,NULL,NULL,NULL,NULL,NULL,NULL,NULL),(68,'2019-02-18 11:29:37',56,NULL,NULL,NULL,NULL,NULL,NULL,NULL),(71,'2019-02-20 13:48:37',63,NULL,NULL,NULL,NULL,NULL,NULL,NULL),(74,'2019-02-20 13:49:02',59,NULL,NULL,NULL,NULL,NULL,NULL,NULL),(75,'2019-02-20 13:49:18',60,NULL,NULL,NULL,NULL,NULL,NULL,NULL),(76,'2019-02-20 13:49:34',64,NULL,NULL,NULL,NULL,NULL,NULL,NULL),(77,'2019-02-20 13:49:44',65,NULL,NULL,NULL,NULL,NULL,NULL,NULL),(81,'2019-02-20 14:27:57',73,NULL,NULL,NULL,NULL,NULL,NULL,NULL),(82,'2019-02-20 15:52:28',68,NULL,NULL,NULL,NULL,NULL,NULL,NULL),(83,'2019-02-20 15:52:28',69,NULL,NULL,NULL,NULL,NULL,NULL,NULL),(84,'2019-02-20 15:52:28',72,NULL,NULL,NULL,NULL,NULL,NULL,NULL),(85,'2019-02-20 17:51:46',75,NULL,NULL,NULL,NULL,NULL,NULL,NULL),(86,'2019-02-20 17:51:46',76,NULL,NULL,NULL,NULL,NULL,NULL,NULL),(87,'2019-02-20 17:51:46',77,NULL,NULL,NULL,NULL,NULL,NULL,NULL),(88,'2019-02-20 17:51:46',78,NULL,NULL,NULL,NULL,NULL,NULL,NULL),(89,'2019-02-20 17:51:46',79,NULL,NULL,NULL,NULL,NULL,NULL,NULL),(90,'2019-02-20 17:51:47',80,NULL,NULL,NULL,NULL,NULL,NULL,NULL),(91,'2019-02-20 17:51:47',81,NULL,NULL,NULL,NULL,NULL,NULL,NULL),(93,'2019-02-20 17:53:58',83,NULL,NULL,NULL,NULL,NULL,NULL,NULL),(94,'2019-02-20 17:53:58',84,NULL,NULL,NULL,NULL,NULL,NULL,NULL),(95,'2019-02-20 17:53:58',85,NULL,NULL,NULL,NULL,NULL,NULL,NULL),(96,'2019-02-20 17:53:58',86,NULL,NULL,NULL,NULL,NULL,NULL,NULL),(97,'2019-02-20 17:53:58',87,NULL,NULL,NULL,NULL,NULL,NULL,NULL),(98,'2019-02-20 17:53:58',88,NULL,NULL,NULL,NULL,NULL,NULL,NULL),(99,'2019-02-20 17:54:19',82,NULL,NULL,NULL,NULL,NULL,NULL,NULL),(100,'2019-02-20 17:57:18',89,NULL,NULL,NULL,NULL,NULL,NULL,NULL),(103,'2019-02-20 17:57:18',92,NULL,NULL,NULL,NULL,NULL,NULL,NULL),(104,'2019-02-20 17:57:18',93,NULL,NULL,NULL,NULL,NULL,NULL,NULL),(105,'2019-02-20 17:57:18',94,NULL,NULL,NULL,NULL,NULL,NULL,NULL),(106,'2019-02-20 17:57:18',95,NULL,NULL,NULL,NULL,NULL,NULL,NULL),(107,'2019-02-20 17:57:36',90,NULL,NULL,NULL,NULL,NULL,NULL,NULL),(108,'2019-02-20 17:57:50',91,NULL,NULL,NULL,NULL,NULL,NULL,NULL),(109,'2019-02-20 17:59:27',96,NULL,NULL,NULL,NULL,NULL,NULL,NULL),(110,'2019-02-20 17:59:27',97,NULL,NULL,NULL,NULL,NULL,NULL,NULL),(111,'2019-02-20 17:59:27',98,NULL,NULL,NULL,NULL,NULL,NULL,NULL),(114,'2019-02-20 17:59:27',101,NULL,NULL,NULL,NULL,NULL,NULL,NULL),(115,'2019-02-20 17:59:27',102,NULL,NULL,NULL,NULL,NULL,NULL,NULL),(116,'2019-02-20 17:59:45',99,NULL,NULL,NULL,NULL,NULL,NULL,NULL),(117,'2019-02-20 17:59:52',100,NULL,NULL,NULL,NULL,NULL,NULL,NULL),(118,'2019-02-20 18:02:27',103,NULL,NULL,NULL,NULL,NULL,NULL,NULL),(119,'2019-02-20 18:02:27',104,NULL,NULL,NULL,NULL,NULL,NULL,NULL),(120,'2019-02-20 18:02:27',105,NULL,NULL,NULL,NULL,NULL,NULL,NULL),(121,'2019-02-20 18:02:27',106,NULL,NULL,NULL,NULL,NULL,NULL,NULL),(122,'2019-02-20 18:02:27',107,NULL,NULL,NULL,NULL,NULL,NULL,NULL),(124,'2019-02-20 18:02:27',109,NULL,NULL,NULL,NULL,NULL,NULL,NULL),(125,'2019-02-20 18:03:16',108,NULL,NULL,NULL,NULL,NULL,NULL,NULL),(126,'2019-02-20 18:06:43',110,NULL,NULL,NULL,NULL,NULL,NULL,NULL),(127,'2019-02-20 18:06:43',111,NULL,NULL,NULL,NULL,NULL,NULL,NULL),(128,'2019-02-20 18:06:44',112,NULL,NULL,NULL,NULL,NULL,NULL,NULL),(129,'2019-02-20 18:06:44',113,NULL,NULL,NULL,NULL,NULL,NULL,NULL),(130,'2019-02-20 18:06:44',114,NULL,NULL,NULL,NULL,NULL,NULL,NULL),(132,'2019-02-20 18:06:44',116,NULL,NULL,NULL,NULL,NULL,NULL,NULL),(133,'2019-02-20 18:07:04',115,NULL,NULL,NULL,NULL,NULL,NULL,NULL),(134,'2019-02-20 18:08:42',117,NULL,NULL,NULL,NULL,NULL,NULL,NULL),(135,'2019-02-20 18:08:42',118,NULL,NULL,NULL,NULL,NULL,NULL,NULL),(136,'2019-02-20 18:08:42',119,NULL,NULL,NULL,NULL,NULL,NULL,NULL),(137,'2019-02-20 18:08:42',120,NULL,NULL,NULL,NULL,NULL,NULL,NULL),(138,'2019-02-20 18:08:42',121,NULL,NULL,NULL,NULL,NULL,NULL,NULL),(140,'2019-02-20 18:08:42',123,NULL,NULL,NULL,NULL,NULL,NULL,NULL),(141,'2019-02-20 18:08:58',122,NULL,NULL,NULL,NULL,NULL,NULL,NULL),(142,'2019-02-20 18:10:19',124,NULL,NULL,NULL,NULL,NULL,NULL,NULL),(143,'2019-02-20 18:10:19',125,NULL,NULL,NULL,NULL,NULL,NULL,NULL),(144,'2019-02-20 18:10:19',126,NULL,NULL,NULL,NULL,NULL,NULL,NULL),(145,'2019-02-20 18:10:19',127,NULL,NULL,NULL,NULL,NULL,NULL,NULL),(146,'2019-02-20 18:10:19',128,NULL,NULL,NULL,NULL,NULL,NULL,NULL),(147,'2019-02-20 18:10:19',129,NULL,NULL,NULL,NULL,NULL,NULL,NULL),(149,'2019-02-20 18:10:33',130,NULL,NULL,NULL,NULL,NULL,NULL,NULL),(152,'2019-02-22 16:51:00',133,NULL,NULL,NULL,NULL,NULL,NULL,NULL),(153,'2019-02-22 16:51:00',134,NULL,NULL,NULL,NULL,NULL,NULL,NULL),(154,'2019-02-22 16:51:00',135,NULL,NULL,NULL,NULL,NULL,NULL,NULL),(155,'2019-02-22 16:51:00',136,NULL,NULL,NULL,NULL,NULL,NULL,NULL),(156,'2019-02-22 16:51:00',137,NULL,NULL,NULL,NULL,NULL,NULL,NULL),(157,'2019-02-22 16:52:26',131,NULL,NULL,NULL,NULL,NULL,NULL,NULL),(158,'2019-02-22 16:52:47',132,NULL,NULL,NULL,NULL,NULL,NULL,NULL),(203,'2019-02-22 17:02:43',138,NULL,NULL,NULL,NULL,NULL,NULL,NULL),(204,'2019-02-22 17:02:43',139,NULL,NULL,NULL,NULL,NULL,NULL,NULL),(205,'2019-02-22 17:02:43',140,NULL,NULL,NULL,NULL,NULL,NULL,NULL),(206,'2019-02-22 17:02:43',141,NULL,NULL,NULL,NULL,NULL,NULL,NULL),(207,'2019-02-22 17:02:43',142,NULL,NULL,NULL,NULL,NULL,NULL,NULL),(208,'2019-02-22 17:02:43',143,NULL,NULL,NULL,NULL,NULL,NULL,NULL),(209,'2019-02-22 17:02:43',144,NULL,NULL,NULL,NULL,NULL,NULL,NULL),(225,'2019-03-05 15:45:28',153,NULL,NULL,NULL,NULL,NULL,NULL,NULL),(226,'2019-03-05 15:45:28',154,NULL,NULL,NULL,NULL,NULL,NULL,NULL),(227,'2019-03-05 15:45:28',155,NULL,NULL,NULL,NULL,NULL,NULL,NULL),(228,'2019-03-05 15:45:28',156,NULL,NULL,NULL,NULL,NULL,NULL,NULL),(229,'2019-03-05 15:45:28',157,NULL,NULL,NULL,NULL,NULL,NULL,NULL),(232,'2019-03-05 15:45:41',159,NULL,NULL,NULL,NULL,NULL,NULL,NULL),(235,'2019-03-05 15:47:41',158,NULL,NULL,NULL,NULL,NULL,NULL,NULL),(236,'2019-03-05 15:51:01',160,NULL,NULL,NULL,NULL,NULL,NULL,NULL),(237,'2019-03-05 15:51:01',161,NULL,NULL,NULL,NULL,NULL,NULL,NULL),(238,'2019-03-05 15:51:01',162,NULL,NULL,NULL,NULL,NULL,NULL,NULL),(239,'2019-03-05 15:51:01',163,NULL,NULL,NULL,NULL,NULL,NULL,NULL),(240,'2019-03-05 15:51:01',164,NULL,NULL,NULL,NULL,NULL,NULL,NULL),(242,'2019-03-05 15:51:01',166,NULL,NULL,NULL,NULL,NULL,NULL,NULL),(243,'2019-03-05 15:51:40',165,NULL,NULL,NULL,NULL,NULL,NULL,NULL),(245,'2019-06-14 12:44:33',168,NULL,NULL,NULL,NULL,NULL,NULL,NULL),(247,'2019-06-14 12:44:33',170,NULL,NULL,NULL,NULL,NULL,NULL,NULL),(248,'2019-06-14 12:44:33',171,NULL,NULL,NULL,NULL,NULL,NULL,NULL),(249,'2019-06-14 12:44:33',172,NULL,NULL,NULL,NULL,NULL,NULL,NULL),(250,'2019-06-14 12:44:33',173,NULL,NULL,NULL,NULL,NULL,NULL,NULL),(251,'2019-06-14 12:44:33',174,NULL,NULL,NULL,NULL,NULL,NULL,NULL),(252,'2019-06-14 12:45:04',169,NULL,NULL,NULL,NULL,NULL,NULL,NULL),(253,'2019-06-14 13:19:52',175,NULL,NULL,NULL,NULL,NULL,NULL,NULL),(254,'2019-07-13 09:01:41',176,NULL,NULL,NULL,NULL,NULL,NULL,NULL),(255,'2019-07-14 19:05:47',178,NULL,NULL,NULL,NULL,NULL,NULL,NULL),(261,'2019-09-06 13:24:43',181,NULL,NULL,NULL,NULL,NULL,NULL,NULL),(262,'2019-09-06 13:24:43',182,NULL,NULL,NULL,NULL,NULL,NULL,NULL),(264,'2019-09-06 13:24:43',185,NULL,NULL,NULL,NULL,NULL,NULL,NULL),(265,'2019-09-06 13:24:43',186,NULL,NULL,NULL,NULL,NULL,NULL,NULL),(266,'2019-09-06 13:24:43',187,NULL,NULL,NULL,NULL,NULL,NULL,NULL),(278,'2019-09-09 13:26:38',201,NULL,NULL,NULL,NULL,NULL,NULL,NULL),(280,'2019-09-09 13:26:57',203,NULL,NULL,NULL,NULL,NULL,NULL,NULL),(281,'2020-06-22 13:19:37',207,NULL,NULL,NULL,NULL,NULL,NULL,NULL),(282,'2020-06-22 13:19:37',208,NULL,NULL,NULL,NULL,NULL,NULL,NULL),(283,'2020-06-22 13:19:37',209,NULL,NULL,NULL,NULL,NULL,NULL,NULL),(284,'2020-06-22 13:19:37',212,NULL,NULL,NULL,NULL,NULL,NULL,NULL),(285,'2021-03-08 16:26:24',219,NULL,NULL,NULL,NULL,NULL,NULL,NULL),(286,'2021-03-08 16:26:24',220,NULL,NULL,NULL,NULL,NULL,NULL,NULL),(287,'2021-03-24 10:53:06',221,NULL,NULL,NULL,NULL,NULL,NULL,NULL),(288,'2021-03-24 10:53:06',222,NULL,NULL,NULL,NULL,NULL,NULL,NULL),(290,'2021-05-25 14:02:15',224,NULL,NULL,NULL,NULL,NULL,NULL,NULL),(292,'2021-05-25 14:04:58',225,NULL,NULL,NULL,NULL,NULL,NULL,NULL),(294,'2021-05-25 14:07:05',226,NULL,NULL,NULL,NULL,NULL,NULL,NULL),(296,'2021-05-26 14:27:29',228,NULL,NULL,NULL,NULL,NULL,NULL,NULL),(297,'2021-05-26 14:27:29',229,NULL,NULL,NULL,NULL,NULL,NULL,NULL),(298,'2021-05-26 14:27:57',227,NULL,NULL,NULL,NULL,NULL,NULL,NULL),(301,'2021-05-26 14:28:50',232,NULL,NULL,NULL,NULL,NULL,NULL,NULL),(303,'2021-05-26 14:30:09',230,NULL,NULL,NULL,NULL,NULL,NULL,NULL),(304,'2021-05-26 14:30:25',231,NULL,NULL,NULL,NULL,NULL,NULL,NULL),(308,'2021-05-26 14:31:16',233,NULL,NULL,NULL,NULL,NULL,NULL,NULL),(309,'2021-05-26 14:31:16',234,NULL,NULL,NULL,NULL,NULL,NULL,NULL),(310,'2021-05-26 14:31:16',235,NULL,NULL,NULL,NULL,NULL,NULL,NULL),(312,'2021-07-08 09:09:37',237,NULL,NULL,NULL,NULL,NULL,NULL,NULL),(313,'2021-07-08 09:09:37',238,NULL,NULL,NULL,NULL,NULL,NULL,NULL),(314,'2021-07-08 09:09:37',239,NULL,NULL,NULL,NULL,NULL,NULL,NULL),(315,'2021-07-08 09:09:37',240,NULL,NULL,NULL,NULL,NULL,NULL,NULL),(317,'2021-07-08 09:09:37',242,NULL,NULL,NULL,NULL,NULL,NULL,NULL),(318,'2021-07-08 09:09:37',243,NULL,NULL,NULL,NULL,NULL,NULL,NULL),(319,'2021-07-08 09:09:37',244,NULL,NULL,NULL,NULL,NULL,NULL,NULL),(320,'2021-07-08 09:10:03',236,NULL,NULL,NULL,NULL,NULL,NULL,NULL),(321,'2021-07-08 09:10:22',241,NULL,NULL,NULL,NULL,NULL,NULL,NULL),(323,'2021-07-08 09:13:47',246,NULL,NULL,NULL,NULL,NULL,NULL,NULL),(324,'2021-07-08 09:13:47',247,NULL,NULL,NULL,NULL,NULL,NULL,NULL),(326,'2021-07-08 09:13:47',249,NULL,NULL,NULL,NULL,NULL,NULL,NULL),(327,'2021-07-08 09:13:47',250,NULL,NULL,NULL,NULL,NULL,NULL,NULL),(328,'2021-07-08 09:13:47',251,NULL,NULL,NULL,NULL,NULL,NULL,NULL),(329,'2021-07-08 09:13:47',252,NULL,NULL,NULL,NULL,NULL,NULL,NULL),(330,'2021-07-08 09:13:47',253,NULL,NULL,NULL,NULL,NULL,NULL,NULL),(331,'2021-07-08 09:14:03',245,NULL,NULL,NULL,NULL,NULL,NULL,NULL),(332,'2021-07-08 09:14:24',248,NULL,NULL,NULL,NULL,NULL,NULL,NULL),(342,'2021-07-08 09:18:45',254,NULL,NULL,NULL,NULL,NULL,NULL,NULL),(343,'2021-07-08 09:18:45',255,NULL,NULL,NULL,NULL,NULL,NULL,NULL),(344,'2021-07-08 09:18:45',256,NULL,NULL,NULL,NULL,NULL,NULL,NULL),(345,'2021-07-08 09:18:45',257,NULL,NULL,NULL,NULL,NULL,NULL,NULL),(346,'2021-07-08 09:18:45',258,NULL,NULL,NULL,NULL,NULL,NULL,NULL),(347,'2021-07-08 09:18:45',259,NULL,NULL,NULL,NULL,NULL,NULL,NULL),(348,'2021-07-08 09:18:45',260,NULL,NULL,NULL,NULL,NULL,NULL,NULL),(349,'2021-07-08 09:18:45',261,NULL,NULL,NULL,NULL,NULL,NULL,NULL),(350,'2021-07-08 09:18:45',262,NULL,NULL,NULL,NULL,NULL,NULL,NULL),(351,'2021-07-16 13:33:54',263,NULL,NULL,NULL,NULL,NULL,NULL,NULL),(352,'2021-07-16 13:33:54',264,NULL,NULL,NULL,NULL,NULL,NULL,NULL),(353,'2021-07-16 13:33:54',265,NULL,NULL,NULL,NULL,NULL,NULL,NULL),(354,'2021-07-16 13:33:54',266,NULL,NULL,NULL,NULL,NULL,NULL,NULL),(355,'2022-02-18 15:26:07',268,NULL,NULL,NULL,NULL,NULL,NULL,NULL),(356,'2022-02-18 15:26:07',269,NULL,NULL,NULL,NULL,NULL,NULL,NULL),(357,'2022-02-18 15:26:07',270,NULL,NULL,NULL,NULL,NULL,NULL,NULL),(358,'2023-04-25 09:10:57',271,NULL,NULL,NULL,NULL,NULL,NULL,NULL),(359,'2023-04-25 09:10:57',272,NULL,NULL,NULL,NULL,NULL,NULL,NULL),(360,'2023-04-25 09:10:57',273,NULL,NULL,NULL,NULL,NULL,NULL,NULL),(362,'2024-09-09 13:52:34',284,NULL,NULL,NULL,NULL,NULL,NULL,NULL),(363,'2024-09-09 13:52:34',285,NULL,NULL,NULL,NULL,NULL,NULL,NULL),(364,'2024-09-09 13:52:34',286,NULL,NULL,NULL,NULL,NULL,NULL,NULL),(366,'2024-09-09 13:52:34',288,NULL,NULL,NULL,NULL,NULL,NULL,NULL),(367,'2024-09-09 13:52:34',291,NULL,NULL,NULL,NULL,NULL,NULL,NULL),(368,'2024-09-09 13:52:34',292,NULL,NULL,NULL,NULL,NULL,NULL,NULL),(370,'2024-09-09 13:53:16',283,NULL,NULL,NULL,NULL,NULL,NULL,NULL),(371,'2024-09-18 09:29:33',301,NULL,NULL,NULL,NULL,NULL,NULL,NULL),(372,'2024-09-18 09:29:33',302,NULL,NULL,NULL,NULL,NULL,NULL,NULL),(373,'2024-09-18 09:29:33',303,NULL,NULL,NULL,NULL,NULL,NULL,NULL),(374,'2024-09-18 09:29:33',304,NULL,NULL,NULL,NULL,NULL,NULL,NULL),(375,'2024-09-18 09:29:33',305,NULL,NULL,NULL,NULL,NULL,NULL,NULL),(376,'2024-09-18 09:29:33',308,NULL,NULL,NULL,NULL,NULL,NULL,NULL),(377,'2024-09-18 09:29:33',309,NULL,NULL,NULL,NULL,NULL,NULL,NULL),(378,'2024-09-18 09:29:33',310,NULL,NULL,NULL,NULL,NULL,NULL,NULL),(396,'2024-11-29 16:31:53',316,NULL,NULL,NULL,NULL,NULL,NULL,NULL),(398,'2024-11-29 16:40:58',321,NULL,NULL,NULL,NULL,-1,NULL,NULL),(399,'2024-11-29 16:41:16',325,NULL,NULL,NULL,NULL,-1,NULL,NULL),(400,'2024-11-29 16:41:36',328,NULL,NULL,NULL,NULL,-1,NULL,NULL),(401,'2024-11-29 16:43:06',322,NULL,NULL,NULL,NULL,-1,NULL,NULL);

--
-- Table structure for table `t1zhf_facturedet_rec`
--

CREATE TABLE `t1zhf_facturedet_rec` (
  `rowid` int NOT NULL AUTO_INCREMENT,
  `fk_facture` int NOT NULL,
  `fk_parent_line` int DEFAULT NULL,
  `fk_product` int DEFAULT NULL,
  `product_type` int DEFAULT '0',
  `label` varchar(255) COLLATE utf8mb3_unicode_ci DEFAULT NULL,
  `description` text COLLATE utf8mb3_unicode_ci,
  `vat_src_code` varchar(10) COLLATE utf8mb3_unicode_ci DEFAULT '',
  `tva_tx` double(6,3) DEFAULT NULL,
  `localtax1_tx` double(6,3) DEFAULT '0.000',
  `localtax1_type` varchar(10) COLLATE utf8mb3_unicode_ci DEFAULT NULL,
  `localtax2_tx` double(6,3) DEFAULT '0.000',
  `localtax2_type` varchar(10) COLLATE utf8mb3_unicode_ci DEFAULT NULL,
  `qty` double DEFAULT NULL,
  `remise_percent` double DEFAULT '0',
  `remise` double DEFAULT '0',
  `subprice` double(24,8) DEFAULT NULL,
  `price` double(24,8) DEFAULT NULL,
  `total_ht` double(24,8) DEFAULT NULL,
  `total_tva` double(24,8) DEFAULT NULL,
  `total_localtax1` double(24,8) DEFAULT '0.00000000',
  `total_localtax2` double(24,8) DEFAULT '0.00000000',
  `total_ttc` double(24,8) DEFAULT NULL,
  `date_start_fill` int DEFAULT '0',
  `date_end_fill` int DEFAULT '0',
  `info_bits` int DEFAULT '0',
  `special_code` int unsigned DEFAULT '0',
  `rang` int DEFAULT '0',
  `fk_contract_line` int DEFAULT NULL,
  `fk_unit` int DEFAULT NULL,
  `import_key` varchar(14) COLLATE utf8mb3_unicode_ci DEFAULT NULL,
  `fk_multicurrency` int DEFAULT NULL,
  `multicurrency_code` varchar(3) COLLATE utf8mb3_unicode_ci DEFAULT NULL,
  `multicurrency_subprice` double(24,8) DEFAULT '0.00000000',
  `multicurrency_total_ht` double(24,8) DEFAULT '0.00000000',
  `multicurrency_total_tva` double(24,8) DEFAULT '0.00000000',
  `multicurrency_total_ttc` double(24,8) DEFAULT '0.00000000',
  `buy_price_ht` double(24,8) DEFAULT '0.00000000',
  `fk_product_fournisseur_price` int DEFAULT NULL,
  `fk_user_author` int DEFAULT NULL,
  `fk_user_modif` int DEFAULT NULL,
  PRIMARY KEY (`rowid`),
  KEY `fk_facturedet_rec_fk_unit` (`fk_unit`),
  CONSTRAINT `fk_facturedet_rec_fk_unit` FOREIGN KEY (`fk_unit`) REFERENCES `t1zhf_c_units` (`rowid`) ON DELETE RESTRICT ON UPDATE RESTRICT
) ENGINE=InnoDB DEFAULT CHARSET=utf8mb3 COLLATE=utf8mb3_unicode_ci;

--
-- Dumping data for table `t1zhf_facturedet_rec`
--


--
-- Table structure for table `t1zhf_facturedet_rec_extrafields`
--

CREATE TABLE `t1zhf_facturedet_rec_extrafields` (
  `rowid` int NOT NULL AUTO_INCREMENT,
  `tms` timestamp NOT NULL DEFAULT CURRENT_TIMESTAMP ON UPDATE CURRENT_TIMESTAMP,
  `fk_object` int NOT NULL,
  `import_key` varchar(14) COLLATE utf8mb3_unicode_ci DEFAULT NULL,
  PRIMARY KEY (`rowid`),
  UNIQUE KEY `uk_facturedet_rec_extrafields` (`fk_object`)
) ENGINE=InnoDB DEFAULT CHARSET=utf8mb3 COLLATE=utf8mb3_unicode_ci;

--
-- Dumping data for table `t1zhf_facturedet_rec_extrafields`
--


--
-- Table structure for table `t1zhf_fichinter`
--

CREATE TABLE `t1zhf_fichinter` (
  `rowid` int NOT NULL AUTO_INCREMENT,
  `fk_soc` int NOT NULL,
  `fk_projet` int DEFAULT '0',
  `fk_contrat` int DEFAULT '0',
  `ref` varchar(30) COLLATE utf8mb3_unicode_ci NOT NULL,
  `ref_ext` varchar(255) COLLATE utf8mb3_unicode_ci DEFAULT NULL,
  `ref_client` varchar(255) COLLATE utf8mb3_unicode_ci DEFAULT NULL,
  `entity` int NOT NULL DEFAULT '1',
  `tms` timestamp NOT NULL DEFAULT CURRENT_TIMESTAMP ON UPDATE CURRENT_TIMESTAMP,
  `datec` datetime DEFAULT NULL,
  `date_valid` datetime DEFAULT NULL,
  `datei` date DEFAULT NULL,
  `fk_user_author` int DEFAULT NULL,
  `fk_user_modif` int DEFAULT NULL,
  `fk_user_valid` int DEFAULT NULL,
  `fk_statut` smallint DEFAULT '0',
  `dateo` date DEFAULT NULL,
  `datee` date DEFAULT NULL,
  `datet` date DEFAULT NULL,
  `duree` double DEFAULT NULL,
  `signed_status` smallint DEFAULT NULL,
  `description` text COLLATE utf8mb3_unicode_ci,
  `note_private` text COLLATE utf8mb3_unicode_ci,
  `note_public` text COLLATE utf8mb3_unicode_ci,
  `model_pdf` varchar(255) COLLATE utf8mb3_unicode_ci DEFAULT NULL,
  `last_main_doc` varchar(255) COLLATE utf8mb3_unicode_ci DEFAULT NULL,
  `import_key` varchar(14) COLLATE utf8mb3_unicode_ci DEFAULT NULL,
  `extraparams` varchar(255) COLLATE utf8mb3_unicode_ci DEFAULT NULL,
  `online_sign_ip` varchar(48) COLLATE utf8mb3_unicode_ci DEFAULT NULL,
  `online_sign_name` varchar(64) COLLATE utf8mb3_unicode_ci DEFAULT NULL,
  PRIMARY KEY (`rowid`),
  UNIQUE KEY `uk_fichinter_ref` (`ref`,`entity`),
  KEY `idx_fichinter_fk_soc` (`fk_soc`),
  CONSTRAINT `fk_fichinter_fk_soc` FOREIGN KEY (`fk_soc`) REFERENCES `t1zhf_societe` (`rowid`) ON DELETE RESTRICT ON UPDATE RESTRICT
) ENGINE=InnoDB AUTO_INCREMENT=12 DEFAULT CHARSET=utf8mb3 COLLATE=utf8mb3_unicode_ci;

--
-- Dumping data for table `t1zhf_fichinter`
--

INSERT INTO `t1zhf_fichinter` VALUES (1,3,1,0,'FI1902-0001',NULL,NULL,1,'2019-02-08 14:21:27','2019-02-08 14:42:42','2019-02-08 15:21:27',NULL,1,1,3,1,'2019-02-08','2019-02-08',NULL,54600,NULL,NULL,NULL,NULL,'soleil',NULL,NULL,NULL,NULL,NULL),(2,4,2,0,'(PROV2)',NULL,NULL,1,'2019-02-08 14:30:55','2019-02-08 15:30:43',NULL,NULL,4,4,NULL,0,'2019-02-08','2019-02-08',NULL,28800,NULL,NULL,NULL,NULL,'soleil',NULL,NULL,NULL,NULL,NULL),(3,4,3,0,'FI1906-0002',NULL,NULL,1,'2019-06-05 12:38:48','2019-06-05 14:37:04','2019-06-05 14:38:48',NULL,1,1,1,1,'2019-06-05','2019-06-06',NULL,39600,NULL,NULL,NULL,NULL,'soleil',NULL,NULL,NULL,NULL,NULL),(4,4,3,0,'FI1906-0003',NULL,NULL,1,'2019-06-21 09:05:05','2019-06-14 15:14:37','2019-06-14 15:18:02',NULL,1,1,1,0,'2019-06-14','2019-06-14',NULL,28800,NULL,NULL,NULL,NULL,'soleil',NULL,NULL,NULL,NULL,NULL),(5,4,3,0,'FI1907-0004',NULL,NULL,1,'2019-09-09 12:48:24','2019-07-14 21:03:37','2019-09-09 14:48:02',NULL,1,1,4,3,'2019-07-14','2019-07-14',NULL,3600,NULL,NULL,NULL,NULL,'soleil',NULL,NULL,NULL,NULL,NULL),(6,4,8,0,'(PROV6)',NULL,NULL,1,'2019-09-09 13:16:31','2019-09-09 15:16:31',NULL,NULL,1,1,NULL,0,NULL,NULL,NULL,NULL,NULL,NULL,NULL,NULL,'soleil',NULL,NULL,NULL,NULL,NULL),(7,4,8,0,'FI1909-0005',NULL,NULL,1,'2019-09-09 13:22:37','2019-09-09 15:19:54','2019-09-09 15:22:37',NULL,1,1,1,1,'2019-09-09','2019-09-09',NULL,28800,NULL,'essais',NULL,'chantier formeuse de caisse','soleil',NULL,NULL,NULL,NULL,NULL),(8,10,3,0,'FI2105-0006',NULL,NULL,1,'2021-05-26 14:55:18','2021-05-26 16:42:01','2021-05-26 16:55:18',NULL,1,1,1,1,'2021-05-27','2021-05-27',NULL,10800,NULL,'dépannage moteur',NULL,NULL,'soleil',NULL,NULL,NULL,NULL,NULL),(9,10,3,0,'FI2105-0007',NULL,NULL,1,'2021-05-26 15:01:43','2021-05-26 17:01:33','2021-05-26 17:01:43',NULL,1,1,1,1,'2021-05-26','2021-05-26',NULL,3600,NULL,NULL,NULL,NULL,'soleil',NULL,NULL,NULL,NULL,NULL),(10,1,12,0,'FI2107-0008',NULL,NULL,1,'2021-07-16 13:46:03','2021-07-16 15:45:08','2021-07-16 15:46:03',NULL,1,1,1,1,'2021-07-16','2021-07-16',NULL,7200,NULL,'réparation fuite',NULL,NULL,'soleil',NULL,NULL,NULL,NULL,NULL),(11,7,13,0,'FI2107-0009',NULL,NULL,1,'2021-07-16 14:23:58','2021-07-16 16:22:10','2021-07-16 16:23:58',NULL,1,1,1,1,'2021-07-16','2021-07-16',NULL,3600,NULL,NULL,NULL,NULL,'soleil',NULL,NULL,NULL,NULL,NULL);

--
-- Table structure for table `t1zhf_fichinter_extrafields`
--

CREATE TABLE `t1zhf_fichinter_extrafields` (
  `rowid` int NOT NULL AUTO_INCREMENT,
  `tms` timestamp NOT NULL DEFAULT CURRENT_TIMESTAMP ON UPDATE CURRENT_TIMESTAMP,
  `fk_object` int NOT NULL,
  `import_key` varchar(14) COLLATE utf8mb3_unicode_ci DEFAULT NULL,
  PRIMARY KEY (`rowid`),
  UNIQUE KEY `uk_ficheinter_extrafields` (`fk_object`)
) ENGINE=InnoDB DEFAULT CHARSET=utf8mb3 COLLATE=utf8mb3_unicode_ci;

--
-- Dumping data for table `t1zhf_fichinter_extrafields`
--


--
-- Table structure for table `t1zhf_fichinter_rec`
--

CREATE TABLE `t1zhf_fichinter_rec` (
  `rowid` int NOT NULL AUTO_INCREMENT,
  `title` varchar(50) COLLATE utf8mb3_unicode_ci NOT NULL,
  `entity` int NOT NULL DEFAULT '1',
  `fk_soc` int DEFAULT NULL,
  `datec` datetime DEFAULT NULL,
  `fk_contrat` int DEFAULT '0',
  `fk_user_author` int DEFAULT NULL,
  `fk_projet` int DEFAULT NULL,
  `duree` double DEFAULT NULL,
  `description` mediumtext COLLATE utf8mb3_unicode_ci,
  `modelpdf` varchar(255) COLLATE utf8mb3_unicode_ci DEFAULT NULL,
  `note_private` mediumtext COLLATE utf8mb3_unicode_ci,
  `note_public` mediumtext COLLATE utf8mb3_unicode_ci,
  `frequency` int DEFAULT NULL,
  `unit_frequency` varchar(2) COLLATE utf8mb3_unicode_ci DEFAULT 'm',
  `date_when` datetime DEFAULT NULL,
  `date_last_gen` datetime DEFAULT NULL,
  `nb_gen_done` int DEFAULT NULL,
  `nb_gen_max` int DEFAULT NULL,
  `auto_validate` int DEFAULT NULL,
  `status` smallint DEFAULT '0',
  PRIMARY KEY (`rowid`),
  UNIQUE KEY `idx_fichinter_rec_uk_titre` (`title`,`entity`),
  KEY `idx_fichinter_rec_fk_soc` (`fk_soc`),
  KEY `idx_fichinter_rec_fk_user_author` (`fk_user_author`),
  KEY `idx_fichinter_rec_fk_projet` (`fk_projet`),
  CONSTRAINT `fk_fichinter_rec_fk_projet` FOREIGN KEY (`fk_projet`) REFERENCES `t1zhf_projet` (`rowid`) ON DELETE RESTRICT ON UPDATE RESTRICT,
  CONSTRAINT `fk_fichinter_rec_fk_user_author` FOREIGN KEY (`fk_user_author`) REFERENCES `t1zhf_user` (`rowid`) ON DELETE RESTRICT ON UPDATE RESTRICT
) ENGINE=InnoDB DEFAULT CHARSET=utf8mb3 COLLATE=utf8mb3_unicode_ci;

--
-- Dumping data for table `t1zhf_fichinter_rec`
--


--
-- Table structure for table `t1zhf_fichinterdet`
--

CREATE TABLE `t1zhf_fichinterdet` (
  `rowid` int NOT NULL AUTO_INCREMENT,
  `fk_fichinter` int DEFAULT NULL,
  `fk_parent_line` int DEFAULT NULL,
  `date` datetime DEFAULT NULL,
  `description` text COLLATE utf8mb3_unicode_ci,
  `duree` int DEFAULT NULL,
  `rang` int DEFAULT '0',
  PRIMARY KEY (`rowid`),
  KEY `idx_fichinterdet_fk_fichinter` (`fk_fichinter`),
  CONSTRAINT `fk_fichinterdet_fk_fichinter` FOREIGN KEY (`fk_fichinter`) REFERENCES `t1zhf_fichinter` (`rowid`) ON DELETE RESTRICT ON UPDATE RESTRICT
) ENGINE=InnoDB AUTO_INCREMENT=15 DEFAULT CHARSET=utf8mb3 COLLATE=utf8mb3_unicode_ci;

--
-- Dumping data for table `t1zhf_fichinterdet`
--

INSERT INTO `t1zhf_fichinterdet` VALUES (1,1,NULL,'2019-02-08 09:00:00','câblage armoire',28800,0),(2,1,NULL,'2019-02-08 14:00:00','Modif cablage armoir',14400,0),(3,1,NULL,'2019-02-08 08:30:00','Test',11400,0),(4,2,NULL,'2019-02-08 11:00:00','mep',28800,0),(5,3,NULL,'2019-06-05 09:00:00','meca',18000,0),(6,3,NULL,'2019-06-06 08:00:00','electro',21600,0),(7,4,NULL,'2019-06-14 09:00:00','chmt courroie',28800,0),(8,5,NULL,'2019-07-14 03:00:00','Changement contacteur',3600,0),(9,7,NULL,'2019-09-09 00:00:00','main_d_oeuvre - mo<br />\r\n<br />\r\n(Quantit&eacute;: 10)<br />\r\n<br />\r\nchanger oooo',28800,0),(10,8,NULL,'2021-05-27 08:00:00','d&eacute;pannage moteur',10800,0),(11,9,NULL,'2021-05-26 00:00:00','d&eacute;pannage moteur<br> (Quantit&eacute;: 3)',3600,0),(12,10,NULL,'2021-07-16 00:00:00','R&eacute;paration fuite',7200,0),(14,11,NULL,'2021-07-16 00:00:00','reno',3600,0);

--
-- Table structure for table `t1zhf_fichinterdet_extrafields`
--

CREATE TABLE `t1zhf_fichinterdet_extrafields` (
  `rowid` int NOT NULL AUTO_INCREMENT,
  `tms` timestamp NOT NULL DEFAULT CURRENT_TIMESTAMP ON UPDATE CURRENT_TIMESTAMP,
  `fk_object` int NOT NULL,
  `import_key` varchar(14) COLLATE utf8mb3_unicode_ci DEFAULT NULL,
  PRIMARY KEY (`rowid`),
  UNIQUE KEY `uk_ficheinterdet_extrafields` (`fk_object`)
) ENGINE=InnoDB DEFAULT CHARSET=utf8mb3 COLLATE=utf8mb3_unicode_ci;

--
-- Dumping data for table `t1zhf_fichinterdet_extrafields`
--


--
-- Table structure for table `t1zhf_fichinterdet_rec`
--

CREATE TABLE `t1zhf_fichinterdet_rec` (
  `rowid` int NOT NULL AUTO_INCREMENT,
  `fk_fichinter` int NOT NULL,
  `date` datetime DEFAULT NULL,
  `description` mediumtext COLLATE utf8mb3_unicode_ci,
  `duree` int DEFAULT NULL,
  `rang` int DEFAULT '0',
  `total_ht` double(24,8) DEFAULT NULL,
  `subprice` double(24,8) DEFAULT NULL,
  `fk_parent_line` int DEFAULT NULL,
  `fk_product` int DEFAULT NULL,
  `label` varchar(255) COLLATE utf8mb3_unicode_ci DEFAULT NULL,
  `tva_tx` double(6,3) DEFAULT NULL,
  `localtax1_tx` double(6,3) DEFAULT '0.000',
  `localtax1_type` varchar(1) COLLATE utf8mb3_unicode_ci DEFAULT NULL,
  `localtax2_tx` double(6,3) DEFAULT '0.000',
  `localtax2_type` varchar(1) COLLATE utf8mb3_unicode_ci DEFAULT NULL,
  `qty` double DEFAULT NULL,
  `remise_percent` double DEFAULT '0',
  `fk_remise_except` int DEFAULT NULL,
  `price` double(24,8) DEFAULT NULL,
  `total_tva` double(24,8) DEFAULT NULL,
  `total_localtax1` double(24,8) DEFAULT '0.00000000',
  `total_localtax2` double(24,8) DEFAULT '0.00000000',
  `total_ttc` double(24,8) DEFAULT NULL,
  `product_type` int DEFAULT '0',
  `date_start` datetime DEFAULT NULL,
  `date_end` datetime DEFAULT NULL,
  `info_bits` int DEFAULT '0',
  `buy_price_ht` double(24,8) DEFAULT '0.00000000',
  `fk_product_fournisseur_price` int DEFAULT NULL,
  `fk_code_ventilation` int NOT NULL DEFAULT '0',
  `special_code` int unsigned DEFAULT '0',
  `fk_unit` int DEFAULT NULL,
  `import_key` varchar(14) COLLATE utf8mb3_unicode_ci DEFAULT NULL,
  PRIMARY KEY (`rowid`)
) ENGINE=InnoDB DEFAULT CHARSET=utf8mb3 COLLATE=utf8mb3_unicode_ci;

--
-- Dumping data for table `t1zhf_fichinterdet_rec`
--


--
-- Table structure for table `t1zhf_holiday`
--

CREATE TABLE `t1zhf_holiday` (
  `rowid` int NOT NULL AUTO_INCREMENT,
  `ref` varchar(30) COLLATE utf8mb3_unicode_ci NOT NULL,
  `ref_ext` varchar(255) COLLATE utf8mb3_unicode_ci DEFAULT NULL,
  `entity` int NOT NULL DEFAULT '1',
  `fk_user` int NOT NULL,
  `fk_user_create` int DEFAULT NULL,
  `fk_user_modif` int DEFAULT NULL,
  `fk_type` int NOT NULL,
  `date_create` datetime NOT NULL,
  `description` varchar(255) COLLATE utf8mb3_unicode_ci NOT NULL,
  `date_debut` date NOT NULL,
  `date_fin` date NOT NULL,
  `halfday` int DEFAULT '0',
  `statut` int NOT NULL DEFAULT '1',
  `fk_validator` int NOT NULL,
  `date_valid` datetime DEFAULT NULL,
  `fk_user_valid` int DEFAULT NULL,
  `date_refuse` datetime DEFAULT NULL,
  `fk_user_refuse` int DEFAULT NULL,
  `date_cancel` datetime DEFAULT NULL,
  `fk_user_cancel` int DEFAULT NULL,
  `detail_refuse` varchar(250) COLLATE utf8mb3_unicode_ci DEFAULT NULL,
  `note_private` text COLLATE utf8mb3_unicode_ci,
  `note_public` text COLLATE utf8mb3_unicode_ci,
  `tms` timestamp NOT NULL DEFAULT CURRENT_TIMESTAMP ON UPDATE CURRENT_TIMESTAMP,
  `import_key` varchar(14) COLLATE utf8mb3_unicode_ci DEFAULT NULL,
  `extraparams` varchar(255) COLLATE utf8mb3_unicode_ci DEFAULT NULL,
  `date_approval` datetime DEFAULT NULL,
  `fk_user_approve` int DEFAULT NULL,
  `nb_open_day` double(24,8) DEFAULT NULL,
  PRIMARY KEY (`rowid`),
  KEY `idx_holiday_entity` (`entity`),
  KEY `idx_holiday_fk_user` (`fk_user`),
  KEY `idx_holiday_fk_user_create` (`fk_user_create`),
  KEY `idx_holiday_date_create` (`date_create`),
  KEY `idx_holiday_date_debut` (`date_debut`),
  KEY `idx_holiday_date_fin` (`date_fin`),
  KEY `idx_holiday_fk_validator` (`fk_validator`)
) ENGINE=InnoDB AUTO_INCREMENT=2 DEFAULT CHARSET=utf8mb3 COLLATE=utf8mb3_unicode_ci;

--
-- Dumping data for table `t1zhf_holiday`
--

INSERT INTO `t1zhf_holiday` VALUES (1,'HL2306-0001',NULL,1,3,1,NULL,5,'2023-06-02 08:40:03','','2023-06-01','2023-06-03',0,3,1,'2023-06-02 08:40:13',1,NULL,NULL,NULL,NULL,NULL,NULL,NULL,'2023-06-02 06:40:27',NULL,NULL,'2023-06-02 08:40:27',1,NULL);

--
-- Table structure for table `t1zhf_holiday_config`
--

CREATE TABLE `t1zhf_holiday_config` (
  `rowid` int NOT NULL AUTO_INCREMENT,
  `name` varchar(128) COLLATE utf8mb3_unicode_ci NOT NULL,
  `value` text COLLATE utf8mb3_unicode_ci,
  PRIMARY KEY (`rowid`),
  UNIQUE KEY `idx_holiday_config` (`name`)
) ENGINE=InnoDB AUTO_INCREMENT=2 DEFAULT CHARSET=utf8mb3 COLLATE=utf8mb3_unicode_ci;

--
-- Dumping data for table `t1zhf_holiday_config`
--

INSERT INTO `t1zhf_holiday_config` VALUES (1,'lastUpdate','20230602083914');

--
-- Table structure for table `t1zhf_holiday_extrafields`
--

CREATE TABLE `t1zhf_holiday_extrafields` (
  `rowid` int NOT NULL AUTO_INCREMENT,
  `tms` timestamp NULL DEFAULT NULL,
  `fk_object` int NOT NULL,
  `import_key` varchar(14) COLLATE utf8mb3_unicode_ci DEFAULT NULL,
  PRIMARY KEY (`rowid`),
  UNIQUE KEY `uk_holiday_extrafields` (`fk_object`)
) ENGINE=InnoDB DEFAULT CHARSET=utf8mb3 COLLATE=utf8mb3_unicode_ci;

--
-- Dumping data for table `t1zhf_holiday_extrafields`
--


--
-- Table structure for table `t1zhf_holiday_logs`
--

CREATE TABLE `t1zhf_holiday_logs` (
  `rowid` int NOT NULL AUTO_INCREMENT,
  `date_action` datetime NOT NULL,
  `fk_user_action` int NOT NULL,
  `fk_user_update` int NOT NULL,
  `fk_type` int NOT NULL,
  `type_action` varchar(255) COLLATE utf8mb3_unicode_ci NOT NULL,
  `prev_solde` varchar(255) COLLATE utf8mb3_unicode_ci NOT NULL,
  `new_solde` varchar(255) COLLATE utf8mb3_unicode_ci NOT NULL,
  PRIMARY KEY (`rowid`)
) ENGINE=InnoDB AUTO_INCREMENT=2 DEFAULT CHARSET=utf8mb3 COLLATE=utf8mb3_unicode_ci;

--
-- Dumping data for table `t1zhf_holiday_logs`
--

INSERT INTO `t1zhf_holiday_logs` VALUES (1,'2023-06-02 08:40:27',1,3,5,'Congés - HL2306-0001','0','-2');

--
-- Table structure for table `t1zhf_holiday_users`
--

CREATE TABLE `t1zhf_holiday_users` (
  `fk_user` int NOT NULL,
  `fk_type` int NOT NULL,
  `nb_holiday` double NOT NULL DEFAULT '0',
  UNIQUE KEY `uk_holiday_users` (`fk_user`,`fk_type`)
) ENGINE=InnoDB DEFAULT CHARSET=utf8mb3 COLLATE=utf8mb3_unicode_ci;

--
-- Dumping data for table `t1zhf_holiday_users`
--

INSERT INTO `t1zhf_holiday_users` VALUES (3,5,-2);

--
-- Table structure for table `t1zhf_hrm_evaluation`
--

CREATE TABLE `t1zhf_hrm_evaluation` (
  `rowid` int NOT NULL AUTO_INCREMENT,
  `ref` varchar(128) NOT NULL DEFAULT '(PROV)',
  `label` varchar(255) DEFAULT NULL,
  `description` text,
  `note_public` text,
  `note_private` text,
  `date_creation` datetime NOT NULL,
  `tms` timestamp NULL DEFAULT CURRENT_TIMESTAMP ON UPDATE CURRENT_TIMESTAMP,
  `fk_user_creat` int NOT NULL,
  `fk_user_modif` int DEFAULT NULL,
  `import_key` varchar(14) DEFAULT NULL,
  `status` smallint NOT NULL,
  `date_eval` date DEFAULT NULL,
  `fk_user` int NOT NULL,
  `fk_job` int NOT NULL,
  `last_main_doc` varchar(255) DEFAULT NULL,
  `entity` int NOT NULL DEFAULT '1',
  PRIMARY KEY (`rowid`),
  KEY `idx_hrm_evaluation_rowid` (`rowid`),
  KEY `idx_hrm_evaluation_ref` (`ref`),
  KEY `t1zhf_hrm_evaluation_fk_user_creat` (`fk_user_creat`),
  KEY `idx_hrm_evaluation_status` (`status`),
  CONSTRAINT `t1zhf_hrm_evaluation_fk_user_creat` FOREIGN KEY (`fk_user_creat`) REFERENCES `t1zhf_user` (`rowid`) ON DELETE RESTRICT ON UPDATE RESTRICT
) ENGINE=InnoDB AUTO_INCREMENT=5 DEFAULT CHARSET=latin1;

--
-- Dumping data for table `t1zhf_hrm_evaluation`
--

INSERT INTO `t1zhf_hrm_evaluation` VALUES (2,'EVAL2306-0001','','',NULL,NULL,'2023-06-02 08:32:05','2023-06-02 06:32:19',1,NULL,NULL,1,'2023-06-02',6,1,NULL,1),(3,'EVAL2306-0002','','',NULL,NULL,'2023-06-02 08:32:56','2023-06-02 06:33:08',1,NULL,NULL,1,'2023-06-02',5,1,NULL,1),(4,'EVAL2306-0003','','',NULL,NULL,'2023-06-02 08:38:22','2023-06-02 06:38:31',1,NULL,NULL,1,'2023-06-02',3,1,NULL,1);

--
-- Table structure for table `t1zhf_hrm_evaluation_extrafields`
--

CREATE TABLE `t1zhf_hrm_evaluation_extrafields` (
  `rowid` int NOT NULL AUTO_INCREMENT,
  `tms` timestamp NULL DEFAULT CURRENT_TIMESTAMP ON UPDATE CURRENT_TIMESTAMP,
  `fk_object` int NOT NULL,
  `import_key` varchar(14) DEFAULT NULL,
  PRIMARY KEY (`rowid`),
  UNIQUE KEY `uk_evaluation_fk_object` (`fk_object`)
) ENGINE=InnoDB DEFAULT CHARSET=latin1;

--
-- Dumping data for table `t1zhf_hrm_evaluation_extrafields`
--


--
-- Table structure for table `t1zhf_hrm_evaluationdet`
--

CREATE TABLE `t1zhf_hrm_evaluationdet` (
  `rowid` int NOT NULL AUTO_INCREMENT,
  `date_creation` datetime NOT NULL,
  `tms` timestamp NULL DEFAULT CURRENT_TIMESTAMP ON UPDATE CURRENT_TIMESTAMP,
  `fk_user_creat` int NOT NULL,
  `fk_user_modif` int DEFAULT NULL,
  `fk_skill` int NOT NULL,
  `fk_evaluation` int NOT NULL,
  `rankorder` int NOT NULL,
  `required_rank` int NOT NULL,
  `import_key` varchar(14) DEFAULT NULL,
  `comment` text,
  PRIMARY KEY (`rowid`),
  KEY `idx_hrm_evaluationdet_rowid` (`rowid`),
  KEY `t1zhf_hrm_evaluationdet_fk_user_creat` (`fk_user_creat`),
  KEY `idx_hrm_evaluationdet_fk_skill` (`fk_skill`),
  KEY `idx_hrm_evaluationdet_fk_evaluation` (`fk_evaluation`),
  CONSTRAINT `t1zhf_hrm_evaluationdet_fk_evaluation` FOREIGN KEY (`fk_evaluation`) REFERENCES `t1zhf_hrm_evaluation` (`rowid`) ON DELETE RESTRICT ON UPDATE RESTRICT,
  CONSTRAINT `t1zhf_hrm_evaluationdet_fk_user_creat` FOREIGN KEY (`fk_user_creat`) REFERENCES `t1zhf_user` (`rowid`) ON DELETE RESTRICT ON UPDATE RESTRICT
) ENGINE=InnoDB AUTO_INCREMENT=7 DEFAULT CHARSET=latin1;

--
-- Dumping data for table `t1zhf_hrm_evaluationdet`
--

INSERT INTO `t1zhf_hrm_evaluationdet` VALUES (1,'2023-06-02 08:32:05','2023-06-02 06:32:05',1,1,1,2,2,1,NULL,NULL),(2,'2023-06-02 08:32:05','2023-06-02 06:32:05',1,1,2,2,0,1,NULL,NULL),(3,'2023-06-02 08:32:56','2023-06-02 06:32:56',1,1,1,3,3,1,NULL,NULL),(4,'2023-06-02 08:32:56','2023-06-02 06:32:56',1,1,2,3,2,1,NULL,NULL),(5,'2023-06-02 08:38:22','2023-06-02 06:38:22',1,1,1,4,1,1,NULL,NULL),(6,'2023-06-02 08:38:22','2023-06-02 06:38:22',1,1,2,4,1,1,NULL,NULL);

--
-- Table structure for table `t1zhf_hrm_evaluationdet_extrafields`
--

CREATE TABLE `t1zhf_hrm_evaluationdet_extrafields` (
  `rowid` int NOT NULL AUTO_INCREMENT,
  `tms` timestamp NULL DEFAULT CURRENT_TIMESTAMP ON UPDATE CURRENT_TIMESTAMP,
  `fk_object` int NOT NULL,
  `import_key` varchar(14) DEFAULT NULL,
  PRIMARY KEY (`rowid`),
  UNIQUE KEY `uk_evaluationdet_fk_object` (`fk_object`)
) ENGINE=InnoDB DEFAULT CHARSET=latin1;

--
-- Dumping data for table `t1zhf_hrm_evaluationdet_extrafields`
--


--
-- Table structure for table `t1zhf_hrm_job`
--

CREATE TABLE `t1zhf_hrm_job` (
  `rowid` int NOT NULL AUTO_INCREMENT,
  `label` varchar(255) NOT NULL,
  `description` text,
  `date_creation` datetime NOT NULL,
  `tms` timestamp NULL DEFAULT CURRENT_TIMESTAMP ON UPDATE CURRENT_TIMESTAMP,
  `deplacement` varchar(255) DEFAULT NULL,
  `note_public` text,
  `note_private` text,
  `fk_user_creat` int DEFAULT NULL,
  `fk_user_modif` int DEFAULT NULL,
  PRIMARY KEY (`rowid`),
  KEY `idx_hrm_job_rowid` (`rowid`),
  KEY `idx_hrm_job_label` (`label`)
) ENGINE=InnoDB AUTO_INCREMENT=2 DEFAULT CHARSET=latin1;

--
-- Dumping data for table `t1zhf_hrm_job`
--

INSERT INTO `t1zhf_hrm_job` VALUES (1,'usineur cn','','2023-06-02 08:23:41','2023-06-02 06:23:41','0',NULL,NULL,1,NULL);

--
-- Table structure for table `t1zhf_hrm_job_extrafields`
--

CREATE TABLE `t1zhf_hrm_job_extrafields` (
  `rowid` int NOT NULL AUTO_INCREMENT,
  `tms` timestamp NULL DEFAULT CURRENT_TIMESTAMP ON UPDATE CURRENT_TIMESTAMP,
  `fk_object` int NOT NULL,
  `import_key` varchar(14) DEFAULT NULL,
  PRIMARY KEY (`rowid`),
  UNIQUE KEY `uk_job_fk_object` (`fk_object`)
) ENGINE=InnoDB DEFAULT CHARSET=latin1;

--
-- Dumping data for table `t1zhf_hrm_job_extrafields`
--


--
-- Table structure for table `t1zhf_hrm_job_user`
--

CREATE TABLE `t1zhf_hrm_job_user` (
  `rowid` int NOT NULL AUTO_INCREMENT,
  `description` text,
  `date_creation` datetime NOT NULL,
  `tms` timestamp NULL DEFAULT CURRENT_TIMESTAMP ON UPDATE CURRENT_TIMESTAMP,
  `fk_contrat` int DEFAULT NULL,
  `fk_user` int DEFAULT NULL,
  `fk_job` int NOT NULL,
  `date_start` date DEFAULT NULL,
  `date_end` date DEFAULT NULL,
  `abort_comment` varchar(255) DEFAULT NULL,
  `note_public` text,
  `note_private` text,
  `fk_user_creat` int DEFAULT NULL,
  `fk_user_modif` int DEFAULT NULL,
  PRIMARY KEY (`rowid`),
  KEY `idx_hrm_job_user_rowid` (`rowid`)
) ENGINE=InnoDB AUTO_INCREMENT=5 DEFAULT CHARSET=latin1;

--
-- Dumping data for table `t1zhf_hrm_job_user`
--

INSERT INTO `t1zhf_hrm_job_user` VALUES (1,'','2023-06-02 08:24:09','2023-06-02 06:24:09',NULL,5,1,'2022-06-02','2025-06-02',NULL,NULL,NULL,1,NULL),(2,'','2023-06-02 08:30:35','2023-06-02 06:30:35',NULL,6,1,'2021-06-02','2026-06-02',NULL,NULL,NULL,1,NULL),(3,'','2023-06-02 08:36:19','2023-06-02 06:36:19',NULL,3,1,'2021-06-02','2025-06-02',NULL,NULL,NULL,1,NULL),(4,'','2023-06-02 08:37:04','2023-06-02 06:37:04',NULL,3,1,'2023-06-02','2029-06-02',NULL,NULL,NULL,1,NULL);

--
-- Table structure for table `t1zhf_hrm_skill`
--

CREATE TABLE `t1zhf_hrm_skill` (
  `rowid` int NOT NULL AUTO_INCREMENT,
  `label` varchar(255) DEFAULT NULL,
  `description` text,
  `date_creation` datetime NOT NULL,
  `tms` timestamp NULL DEFAULT CURRENT_TIMESTAMP ON UPDATE CURRENT_TIMESTAMP,
  `fk_user_creat` int NOT NULL,
  `fk_user_modif` int DEFAULT NULL,
  `required_level` int NOT NULL,
  `date_validite` int NOT NULL,
  `temps_theorique` double(24,8) NOT NULL,
  `skill_type` int NOT NULL,
  `note_public` text,
  `note_private` text,
  PRIMARY KEY (`rowid`),
  KEY `idx_hrm_skill_rowid` (`rowid`),
  KEY `t1zhf_hrm_skill_fk_user_creat` (`fk_user_creat`),
  KEY `idx_hrm_skill_skill_type` (`skill_type`),
  CONSTRAINT `t1zhf_hrm_skill_fk_user_creat` FOREIGN KEY (`fk_user_creat`) REFERENCES `t1zhf_user` (`rowid`) ON DELETE RESTRICT ON UPDATE RESTRICT
) ENGINE=InnoDB AUTO_INCREMENT=3 DEFAULT CHARSET=latin1;

--
-- Dumping data for table `t1zhf_hrm_skill`
--

INSERT INTO `t1zhf_hrm_skill` VALUES (1,'fraisage cn','usiner sur cn','2023-06-02 08:22:52','2023-06-02 06:22:52',1,1,0,0,0.00000000,0,NULL,NULL),(2,'tournage cn','','2023-06-02 08:23:09','2023-06-02 06:23:09',1,NULL,0,0,0.00000000,0,NULL,NULL);

--
-- Table structure for table `t1zhf_hrm_skill_extrafields`
--

CREATE TABLE `t1zhf_hrm_skill_extrafields` (
  `rowid` int NOT NULL AUTO_INCREMENT,
  `tms` timestamp NULL DEFAULT CURRENT_TIMESTAMP ON UPDATE CURRENT_TIMESTAMP,
  `fk_object` int NOT NULL,
  `import_key` varchar(14) DEFAULT NULL,
  PRIMARY KEY (`rowid`),
  UNIQUE KEY `uk_skill_fk_object` (`fk_object`)
) ENGINE=InnoDB DEFAULT CHARSET=latin1;

--
-- Dumping data for table `t1zhf_hrm_skill_extrafields`
--


--
-- Table structure for table `t1zhf_hrm_skilldet`
--

CREATE TABLE `t1zhf_hrm_skilldet` (
  `rowid` int NOT NULL AUTO_INCREMENT,
  `description` text,
  `fk_user_creat` int NOT NULL,
  `fk_user_modif` int DEFAULT NULL,
  `fk_skill` int NOT NULL,
  `rankorder` int DEFAULT NULL,
  PRIMARY KEY (`rowid`),
  KEY `idx_hrm_skilldet_rowid` (`rowid`),
  KEY `t1zhf_hrm_skilldet_fk_user_creat` (`fk_user_creat`),
  KEY `t1zhf_hrm_skilldet_fk_skill` (`fk_skill`),
  CONSTRAINT `t1zhf_hrm_skilldet_fk_skill` FOREIGN KEY (`fk_skill`) REFERENCES `t1zhf_hrm_skill` (`rowid`) ON DELETE RESTRICT ON UPDATE RESTRICT,
  CONSTRAINT `t1zhf_hrm_skilldet_fk_user_creat` FOREIGN KEY (`fk_user_creat`) REFERENCES `t1zhf_user` (`rowid`) ON DELETE RESTRICT ON UPDATE RESTRICT
) ENGINE=InnoDB AUTO_INCREMENT=7 DEFAULT CHARSET=latin1;

--
-- Dumping data for table `t1zhf_hrm_skilldet`
--

INSERT INTO `t1zhf_hrm_skilldet` VALUES (1,'de base',1,1,1,1),(2,'autonome',1,1,1,2),(3,'formateur',1,1,1,3),(4,'Pas de description 1',1,NULL,2,1),(5,'Pas de description 2',1,NULL,2,2),(6,'Pas de description 3',1,NULL,2,3);

--
-- Table structure for table `t1zhf_hrm_skillrank`
--

CREATE TABLE `t1zhf_hrm_skillrank` (
  `rowid` int NOT NULL AUTO_INCREMENT,
  `fk_skill` int NOT NULL,
  `rankorder` int NOT NULL,
  `fk_object` int NOT NULL,
  `date_creation` datetime NOT NULL,
  `tms` timestamp NULL DEFAULT CURRENT_TIMESTAMP ON UPDATE CURRENT_TIMESTAMP,
  `fk_user_creat` int NOT NULL,
  `fk_user_modif` int DEFAULT NULL,
  `objecttype` varchar(128) NOT NULL,
  PRIMARY KEY (`rowid`),
  KEY `idx_hrm_skillrank_rowid` (`rowid`),
  KEY `idx_hrm_skillrank_fk_skill` (`fk_skill`),
  KEY `t1zhf_hrm_skillrank_fk_user_creat` (`fk_user_creat`),
  CONSTRAINT `t1zhf_hrm_skillrank_fk_skill` FOREIGN KEY (`fk_skill`) REFERENCES `t1zhf_hrm_skill` (`rowid`) ON DELETE RESTRICT ON UPDATE RESTRICT,
  CONSTRAINT `t1zhf_hrm_skillrank_fk_user_creat` FOREIGN KEY (`fk_user_creat`) REFERENCES `t1zhf_user` (`rowid`) ON DELETE RESTRICT ON UPDATE RESTRICT
) ENGINE=InnoDB AUTO_INCREMENT=3 DEFAULT CHARSET=latin1;

--
-- Dumping data for table `t1zhf_hrm_skillrank`
--

INSERT INTO `t1zhf_hrm_skillrank` VALUES (1,1,1,1,'2023-06-02 08:27:49','2023-06-02 06:27:49',1,1,'job'),(2,2,1,1,'2023-06-02 08:27:53','2023-06-02 06:27:53',1,1,'job');

--
-- Table structure for table `t1zhf_import_model`
--

CREATE TABLE `t1zhf_import_model` (
  `rowid` int NOT NULL AUTO_INCREMENT,
  `fk_user` int NOT NULL DEFAULT '0',
  `label` varchar(50) COLLATE utf8mb3_unicode_ci NOT NULL,
  `type` varchar(64) COLLATE utf8mb3_unicode_ci DEFAULT NULL,
  `field` text COLLATE utf8mb3_unicode_ci NOT NULL,
  `entity` int NOT NULL DEFAULT '0',
  PRIMARY KEY (`rowid`),
  UNIQUE KEY `uk_import_model` (`label`,`type`)
) ENGINE=InnoDB DEFAULT CHARSET=utf8mb3 COLLATE=utf8mb3_unicode_ci;

--
-- Dumping data for table `t1zhf_import_model`
--


--
-- Table structure for table `t1zhf_intracommreport`
--

CREATE TABLE `t1zhf_intracommreport` (
  `rowid` int NOT NULL AUTO_INCREMENT,
  `ref` varchar(30) COLLATE utf8mb3_unicode_ci NOT NULL,
  `entity` int NOT NULL DEFAULT '1',
  `type_declaration` varchar(32) COLLATE utf8mb3_unicode_ci DEFAULT NULL,
  `periods` varchar(32) COLLATE utf8mb3_unicode_ci DEFAULT NULL,
  `mode` varchar(32) COLLATE utf8mb3_unicode_ci DEFAULT NULL,
  `content_xml` mediumtext COLLATE utf8mb3_unicode_ci,
  `type_export` varchar(10) COLLATE utf8mb3_unicode_ci DEFAULT NULL,
  `datec` datetime DEFAULT NULL,
  `tms` timestamp NULL DEFAULT CURRENT_TIMESTAMP ON UPDATE CURRENT_TIMESTAMP,
  PRIMARY KEY (`rowid`)
) ENGINE=InnoDB DEFAULT CHARSET=utf8mb3 COLLATE=utf8mb3_unicode_ci;

--
-- Dumping data for table `t1zhf_intracommreport`
--


--
-- Table structure for table `t1zhf_inventory`
--

CREATE TABLE `t1zhf_inventory` (
  `rowid` int NOT NULL AUTO_INCREMENT,
  `entity` int DEFAULT '0',
  `ref` varchar(48) COLLATE utf8mb3_unicode_ci DEFAULT NULL,
  `date_creation` datetime DEFAULT NULL,
  `tms` timestamp NOT NULL DEFAULT CURRENT_TIMESTAMP ON UPDATE CURRENT_TIMESTAMP,
  `fk_user_creat` int DEFAULT NULL,
  `fk_user_modif` int DEFAULT NULL,
  `fk_user_valid` int DEFAULT NULL,
  `fk_warehouse` int DEFAULT NULL,
  `fk_product` int DEFAULT NULL,
  `categories_product` varchar(255) COLLATE utf8mb3_unicode_ci DEFAULT NULL,
  `status` int DEFAULT '0',
  `title` varchar(255) COLLATE utf8mb3_unicode_ci NOT NULL,
  `date_inventory` datetime DEFAULT NULL,
  `date_validation` datetime DEFAULT NULL,
  `import_key` varchar(14) COLLATE utf8mb3_unicode_ci DEFAULT NULL,
  PRIMARY KEY (`rowid`),
  UNIQUE KEY `uk_inventory_ref` (`ref`,`entity`),
  KEY `idx_inventory_tms` (`tms`),
  KEY `idx_inventory_date_creation` (`date_creation`)
) ENGINE=InnoDB DEFAULT CHARSET=utf8mb3 COLLATE=utf8mb3_unicode_ci;

--
-- Dumping data for table `t1zhf_inventory`
--


--
-- Table structure for table `t1zhf_inventory_extrafields`
--

CREATE TABLE `t1zhf_inventory_extrafields` (
  `rowid` int NOT NULL AUTO_INCREMENT,
  `tms` timestamp NULL DEFAULT CURRENT_TIMESTAMP ON UPDATE CURRENT_TIMESTAMP,
  `fk_object` int NOT NULL,
  `import_key` varchar(14) DEFAULT NULL,
  PRIMARY KEY (`rowid`),
  UNIQUE KEY `uk_inventory_extrafields` (`fk_object`)
) ENGINE=InnoDB DEFAULT CHARSET=latin1;

--
-- Dumping data for table `t1zhf_inventory_extrafields`
--


--
-- Table structure for table `t1zhf_inventorydet`
--

CREATE TABLE `t1zhf_inventorydet` (
  `rowid` int NOT NULL AUTO_INCREMENT,
  `datec` datetime DEFAULT NULL,
  `tms` timestamp NOT NULL DEFAULT CURRENT_TIMESTAMP ON UPDATE CURRENT_TIMESTAMP,
  `fk_inventory` int DEFAULT '0',
  `fk_warehouse` int DEFAULT '0',
  `fk_product` int DEFAULT '0',
  `batch` varchar(30) COLLATE utf8mb3_unicode_ci DEFAULT NULL,
  `qty_view` double DEFAULT NULL,
  `qty_stock` double DEFAULT NULL,
  `qty_regulated` double DEFAULT NULL,
  `fk_movement` int DEFAULT NULL,
  `pmp_real` double DEFAULT NULL,
  `pmp_expected` double DEFAULT NULL,
  PRIMARY KEY (`rowid`),
  UNIQUE KEY `uk_inventorydet` (`fk_inventory`,`fk_warehouse`,`fk_product`,`batch`),
  KEY `idx_inventorydet_tms` (`tms`),
  KEY `idx_inventorydet_datec` (`datec`),
  KEY `idx_inventorydet_fk_inventory` (`fk_inventory`)
) ENGINE=InnoDB DEFAULT CHARSET=utf8mb3 COLLATE=utf8mb3_unicode_ci;

--
-- Dumping data for table `t1zhf_inventorydet`
--


--
-- Table structure for table `t1zhf_knowledgemanagement_knowledgerecord`
--

CREATE TABLE `t1zhf_knowledgemanagement_knowledgerecord` (
  `rowid` int NOT NULL AUTO_INCREMENT,
  `ref` varchar(128) NOT NULL,
  `date_creation` datetime NOT NULL,
  `tms` timestamp NULL DEFAULT CURRENT_TIMESTAMP ON UPDATE CURRENT_TIMESTAMP,
  `last_main_doc` varchar(255) DEFAULT NULL,
  `fk_user_creat` int NOT NULL,
  `fk_user_modif` int DEFAULT NULL,
  `fk_user_valid` int DEFAULT NULL,
  `import_key` varchar(14) DEFAULT NULL,
  `model_pdf` varchar(255) DEFAULT NULL,
  `question` text NOT NULL,
  `answer` longtext,
  `url` varchar(255) DEFAULT NULL,
  `fk_ticket` int DEFAULT NULL,
  `fk_c_ticket_category` int DEFAULT NULL,
  `status` int NOT NULL,
  `lang` varchar(6) DEFAULT NULL,
  `entity` int DEFAULT '1',
  PRIMARY KEY (`rowid`),
  KEY `idx_knowledgemanagement_knowledgerecord_rowid` (`rowid`),
  KEY `idx_knowledgemanagement_knowledgerecord_ref` (`ref`),
  KEY `t1zhf_knowledgemanagement_knowledgerecord_fk_user_creat` (`fk_user_creat`),
  KEY `idx_knowledgemanagement_knowledgerecord_status` (`status`),
  CONSTRAINT `t1zhf_knowledgemanagement_knowledgerecord_fk_user_creat` FOREIGN KEY (`fk_user_creat`) REFERENCES `t1zhf_user` (`rowid`) ON DELETE RESTRICT ON UPDATE RESTRICT
) ENGINE=InnoDB AUTO_INCREMENT=2 DEFAULT CHARSET=latin1;

--
-- Dumping data for table `t1zhf_knowledgemanagement_knowledgerecord`
--

INSERT INTO `t1zhf_knowledgemanagement_knowledgerecord` VALUES (1,'KM2306-0001','2023-06-01 19:13:48','2023-06-01 17:13:55',NULL,1,NULL,1,NULL,NULL,'qui','moi',NULL,NULL,NULL,1,'',1);

--
-- Table structure for table `t1zhf_knowledgemanagement_knowledgerecord_extrafields`
--

CREATE TABLE `t1zhf_knowledgemanagement_knowledgerecord_extrafields` (
  `rowid` int NOT NULL AUTO_INCREMENT,
  `tms` timestamp NULL DEFAULT CURRENT_TIMESTAMP ON UPDATE CURRENT_TIMESTAMP,
  `fk_object` int NOT NULL,
  `import_key` varchar(14) DEFAULT NULL,
  PRIMARY KEY (`rowid`),
  UNIQUE KEY `uk_knowledgerecord_fk_object` (`fk_object`)
) ENGINE=InnoDB DEFAULT CHARSET=latin1;

--
-- Dumping data for table `t1zhf_knowledgemanagement_knowledgerecord_extrafields`
--


--
-- Table structure for table `t1zhf_links`
--

CREATE TABLE `t1zhf_links` (
  `rowid` int NOT NULL AUTO_INCREMENT,
  `entity` int NOT NULL DEFAULT '1',
  `datea` datetime NOT NULL,
  `url` varchar(255) COLLATE utf8mb3_unicode_ci NOT NULL,
  `label` varchar(255) COLLATE utf8mb3_unicode_ci NOT NULL,
  `objecttype` varchar(255) COLLATE utf8mb3_unicode_ci NOT NULL,
  `objectid` int NOT NULL,
  PRIMARY KEY (`rowid`),
  UNIQUE KEY `uk_links` (`objectid`,`objecttype`,`label`)
) ENGINE=InnoDB AUTO_INCREMENT=11 DEFAULT CHARSET=utf8mb3 COLLATE=utf8mb3_unicode_ci;

--
-- Dumping data for table `t1zhf_links`
--

INSERT INTO `t1zhf_links` VALUES (1,1,'2019-01-09 08:52:55','https://www.aqtisplus.com/dolibarr/htdocs/compta/facture/document.php?id=2','lien bidon','facture',2),(2,1,'2019-06-24 09:16:36','http://www.aciers-caso.com/Documentation','catalogue','societe',5),(3,1,'2019-07-13 11:14:18','https://www.aqtisplus.com/dolibarr/htdocs/nomenclature/nomenclature.php?fk_product=24','HES52','project',7),(4,1,'2019-07-13 11:14:50','https://www.aqtisplus.com/dolibarr/htdocs/nomenclature/nomenclature.php?fk_product=24','HES52','societe',4),(5,1,'2019-07-13 11:19:06','https://www.aqtisplus.com/dolibarr/htdocs/societe/card.php?socid=4','Google','product',24),(6,1,'2020-06-22 15:02:49','https://www.castorama.fr/','prod','propal',16),(7,1,'2021-03-08 16:51:00','https://nohowstyle.com/fr/009-baskets-en-blanc','chay','societe',6),(8,1,'2021-10-19 15:33:43','https://www.ebay.fr/?mkevt=1&mkcid=2&mkrid=709-162318-301183-6&keyword=conducive&crlp=1634648071401400015&MT_ID=562786&device=Computers&cmpgn=218623','ebay','project',1),(9,1,'2023-05-09 15:31:01','https://www.cedeo.fr/p/sanitaire/meuble-double-vasque-jolie-mome-longueur-120-cm-4-tiroirs-poudre-A6867253','Meuble JOLIE MOME','project',15),(10,1,'2024-09-09 15:26:13','https://www.leroymerlin.fr/login.html?error=login_required&error_description=The+user+is+not+logged+in&state=c3RhdGU9SzNXY1hwc19oZG45SVBZMnFQaFAzcnFsNDlOWW9qclZnWWRILVBMc2xQVT0mY2xpZW50X2lkPW13dUVZVlFtZFQwTWh3UHN2VXhBJnJlZGlyZWN0X3VyaT1odHRwczovL3d3dy5sZX','lm','contact',1);

--
-- Table structure for table `t1zhf_listgpt`
--

CREATE TABLE `t1zhf_listgpt` (
  `rowid` int NOT NULL AUTO_INCREMENT,
  `label` varchar(64) DEFAULT NULL,
  `gptquery` text,
  `gptsql` text,
  `titlemenu` varchar(20) DEFAULT NULL,
  `mainmenu` varchar(50) DEFAULT NULL,
  `leftmenu` varchar(50) DEFAULT NULL,
  `posmenu` varchar(50) DEFAULT '100',
  `author` varchar(50) DEFAULT NULL,
  `active` int DEFAULT NULL,
  `perms` text,
  `entity` int NOT NULL DEFAULT '1',
  PRIMARY KEY (`rowid`)
) ENGINE=InnoDB DEFAULT CHARSET=latin1;

--
-- Dumping data for table `t1zhf_listgpt`
--


--
-- Table structure for table `t1zhf_listgpt_table`
--

CREATE TABLE `t1zhf_listgpt_table` (
  `rowid` int NOT NULL AUTO_INCREMENT,
  `keywords` text,
  `table_element` text,
  `entity` int NOT NULL DEFAULT '1',
  PRIMARY KEY (`rowid`)
) ENGINE=InnoDB AUTO_INCREMENT=29 DEFAULT CHARSET=latin1;

--
-- Dumping data for table `t1zhf_listgpt_table`
--

INSERT INTO `t1zhf_listgpt_table` VALUES (1,'compte','t1zhf_accounting_account(rowid, label,account_number, account_parent, label)',1),(2,'action','t1zhf_actioncomm(rowid, ref, datec, label, priority, location)',1),(3,'operation, compte','t1zhf_bank(rowid, datec, amount, label, fk_account, fk_user_author, fk_type, num_releve, num_chq, numero_compte, fk_bordereau, banque, emetteur)',1),(4,'produit, catégorie','t1zhf_categorie_product(fk_categorie, fk_product, import_key)',1),(5,'fournisseur, produit, clients','t1zhf_categorie(rowid, label, type, fk_soc, visible, date_creation, fk_user_creat, fk_user_modif)',1),(6,'intervention','t1zhf_fichinter(rowid, fk_projet, fk_soc, fk_contrat, ref, datec, fk_statut, duree)',1),(7,'congé','t1zhf_holiday(rowid, ref, entity, fk_type, date_create, date_debut, date_fin, halfday, statut, date_valid, date_refuse)',1),(8,'détail, commande, client','t1zhf_commandedet(rowid, fk_commande, fk_product, label, tva_tx, qty, remise_percent, remise, price, subprice, total_ht, total_tva, total_ttc, product_type, date_start, date_end, buy_price_ht, fk_product_fournisseur_price, fk_commandefourndet)',1),(9,'commande, client','t1zhf_commande(rowid, ref, entity, fk_soc, fk_projet, date_creation, date_valid, date_cloture, date_commande, fk_statut, amount_ht, remise_percent, remise, total_tva, total_ht, total_ttc, fk_cond_reglement, fk_mode_reglement, date_livraison, fk_shipping_method, fk_warehouse, fk_delivery_address)',1),(10,'produit, service','t1zhf_product(rowid, ref, entity, datec,	label, price, price_ttc, tva_tx, fk_product_type, weight, weight_units, length, length_units, width, width_units, height, height_unit, volume, stock, pmp, lifetime, fk_project)',1),(11,'produit, entrepot, stock','t1zhf_product_stock(rowid, fk_product, fk_entrepot)',1),(12,'projet','t1zhf_projet(rowid, fk_soc, datec, ref, public, fk_statut, budget_amount)',1),(13,'propal','t1zhf_propal(rowid, ref, entity, fk_soc, fk_projet, datec, fin_validite, date_valid, date_signature, date_cloture, fk_statut, price, remise_percent, remise, total_ht, total_tva, total_ttc, fk_cond_reglement, fk_mode_reglement, date_livraison, fk_shipping_method, fk_warehouse, fk_delivery_address)',1),(14,'propal, detail','t1zhf_propaldet(rowid, ref, entity, fk_soc, fk_projet, datec, fin_validite, date_valid, date_signature, date_cloture, fk_statut, price, remise_percent, remise, total_ht, total_tva, total_ttc, fk_cond_reglement, fk_mode_reglement, date_livraison, fk_shipping_method, fk_warehouse, fk_delivery_address)',1),(15,'stock, entrepot','t1zhf_stock_mouvement(rowid, datem, fk_product, fk_entrepot, value, price, type_mouvement, label, fk_project, fk_origin, origintype, fk_projet)',1),(16,'facture, fournisseur','t1zhf_facture_fourn(rowid, ref, type, fk_soc, datec, libelle, paye, amount, remise, tva, total, total_ht, total_tva,total_ttc, fk_statut, fk_projet, fk_account, fk_cond_reglement, fk_mode_reglement, date_lim_reglement, fk_transport_mode)',1),(17,'commande, fournisseur','t1zhf_commande_fournisseur(rowid, ref, entity, fk_soc, fk_projet, date_creation, date_valid, date_approve, date_commande, source,	fk_statut, amount_ht, remise_percent, remise, total_tva, total_ht, total_ttc, date_livraison, fk_account, fk_cond_reglement, fk_mode_reglement)',1),(18,'commande, fournisseur, produit, detail','t1zhf_commande_fournisseurdet(rowid, fk_commande, fk_product, ref, label, tva_tx, qty, remise_percent, remise, total_ht, total_tva, total_ttc, product_type, date_start, date_end)',1),(19,'ticket','t1zhf_ticket(rowid, entity, ref, track_id, fk_soc, fk_project, fk_statut, resolution, progress, timing, type_code, category_code, datec)',1),(20,'user','t1zhf_user(rowid, entity, datec, tms, login, pass, civilite, lastname, firstname, user_mobile, email, admin, fk_societe, datelastlogin)',1),(21,'fabrication, ordre, bom','t1zhf_bom_bom(rowid, entity, ref, bomtype, label, fk_product, fk_warehouse, qty, date_creation, date_valid, status)',1),(22,'salaire , employe','t1zhf_salary(rowid, ref, datec, salary, amount, fk_projet, fk_typepayment, num_payment, label,fk_bank, paye, fk_account)',1),(23,'lot, produit, fabrication','t1zhf_mrp_mo(rowid, ref, entity, label, qty, fk_warehouse, date_creation, date_valid, status, fk_product, date_start_planned, date_end_planned, fk_bom, fk_project)',1),(24,'commande , fournisseur, propal','t1zhf_supplier_proposal(rowid, ref, entity, fk_soc, fk_projet, datec, date_valid, date_cloture, fk_statut, price, remise_percent, remise, total_ht, total_tva, total_ttc,	fk_account,	fk_currency, fk_cond_reglement,	fk_mode_reglement, date_livraison, fk_shipping_method)',1),(25,'frais , remboursement, projet','t1zhf_expensereport(rowid, ref, total_ht, total_tva, total_ttc, date_debut, date_fin, date_valid, date_approve, date_refuse, fk_user_author, fk_user_creat, fk_user_modif, fk_user_valid, fk_user_validator, fk_user_approve, fk_user_refuse, fk_statut, fk_c_paiement, paid)',1),(26,'facture','t1zhf_facture(rowid, ref, entity, type, fk_soc, datec, date_valid, date_closing, paye, remise_percent, remise, total_tva, total_ht, total_ttc, fk_projet, fk_cond_reglement,	fk_mode_reglement)',1),(27,'client, tiers, fournisseur','t1zhf_societe(rowid, nom, entity, statut, code_client, code_fournisseur, code_compta, code_compta_fournisseur, address, zip, town, fk_departement, fk_pays, fk_account, phone, fax, url, email,fk_effectif, fk_typent, fk_forme_juridique, fk_currency, siren, siret,	fk_prospectlevel, customer_bad,	customer_rate, supplier_rate, remise_client, remise_supplier, mode_reglement, cond_reglement, transport_mode, mode_reglement_supplier, cond_reglement_supplier, transport_mode_supplier, fk_shipping_method, barcode, fk_barcode_type, price_level,	fk_warehouse, datec)',1),(28,'pays, country','t1zhf_c_country(rowid, code, code_iso, libelle, active)',1);

--
-- Table structure for table `t1zhf_loan`
--

CREATE TABLE `t1zhf_loan` (
  `rowid` int NOT NULL AUTO_INCREMENT,
  `entity` int NOT NULL DEFAULT '1',
  `datec` datetime DEFAULT NULL,
  `tms` timestamp NOT NULL DEFAULT CURRENT_TIMESTAMP ON UPDATE CURRENT_TIMESTAMP,
  `label` varchar(80) COLLATE utf8mb3_unicode_ci NOT NULL,
  `fk_bank` int DEFAULT NULL,
  `capital` double(24,8) NOT NULL DEFAULT '0.00000000',
  `datestart` date DEFAULT NULL,
  `dateend` date DEFAULT NULL,
  `nbterm` double DEFAULT NULL,
  `rate` double NOT NULL,
  `note_private` text COLLATE utf8mb3_unicode_ci,
  `note_public` text COLLATE utf8mb3_unicode_ci,
  `capital_position` double(24,8) DEFAULT '0.00000000',
  `date_position` date DEFAULT NULL,
  `paid` smallint NOT NULL DEFAULT '0',
  `accountancy_account_capital` varchar(32) COLLATE utf8mb3_unicode_ci DEFAULT NULL,
  `accountancy_account_insurance` varchar(32) COLLATE utf8mb3_unicode_ci DEFAULT NULL,
  `accountancy_account_interest` varchar(32) COLLATE utf8mb3_unicode_ci DEFAULT NULL,
  `fk_projet` int DEFAULT NULL,
  `fk_user_author` int DEFAULT NULL,
  `fk_user_modif` int DEFAULT NULL,
  `active` tinyint NOT NULL DEFAULT '1',
  `insurance_amount` double(24,8) DEFAULT '0.00000000',
  PRIMARY KEY (`rowid`)
) ENGINE=InnoDB DEFAULT CHARSET=utf8mb3 COLLATE=utf8mb3_unicode_ci;

--
-- Dumping data for table `t1zhf_loan`
--


--
-- Table structure for table `t1zhf_loan_schedule`
--

CREATE TABLE `t1zhf_loan_schedule` (
  `rowid` int NOT NULL AUTO_INCREMENT,
  `fk_loan` int DEFAULT NULL,
  `datec` datetime DEFAULT NULL,
  `tms` timestamp NOT NULL DEFAULT CURRENT_TIMESTAMP ON UPDATE CURRENT_TIMESTAMP,
  `datep` datetime DEFAULT NULL,
  `amount_capital` double(24,8) DEFAULT '0.00000000',
  `amount_insurance` double(24,8) DEFAULT '0.00000000',
  `amount_interest` double(24,8) DEFAULT '0.00000000',
  `fk_typepayment` int NOT NULL,
  `num_payment` varchar(50) COLLATE utf8mb3_unicode_ci DEFAULT NULL,
  `note_private` text COLLATE utf8mb3_unicode_ci,
  `note_public` text COLLATE utf8mb3_unicode_ci,
  `fk_bank` int NOT NULL,
  `fk_user_creat` int DEFAULT NULL,
  `fk_user_modif` int DEFAULT NULL,
  `fk_payment_loan` int DEFAULT NULL,
  PRIMARY KEY (`rowid`),
  UNIQUE KEY `uk_loan_schedule_ref` (`fk_loan`,`datep`)
) ENGINE=InnoDB DEFAULT CHARSET=utf8mb3 COLLATE=utf8mb3_unicode_ci;

--
-- Dumping data for table `t1zhf_loan_schedule`
--


--
-- Table structure for table `t1zhf_localtax`
--

CREATE TABLE `t1zhf_localtax` (
  `rowid` int NOT NULL AUTO_INCREMENT,
  `entity` int NOT NULL DEFAULT '1',
  `localtaxtype` tinyint DEFAULT NULL,
  `tms` timestamp NOT NULL DEFAULT CURRENT_TIMESTAMP ON UPDATE CURRENT_TIMESTAMP,
  `datep` date DEFAULT NULL,
  `datev` date DEFAULT NULL,
  `amount` double DEFAULT NULL,
  `label` varchar(255) COLLATE utf8mb3_unicode_ci DEFAULT NULL,
  `note` text COLLATE utf8mb3_unicode_ci,
  `fk_bank` int DEFAULT NULL,
  `fk_user_creat` int DEFAULT NULL,
  `fk_user_modif` int DEFAULT NULL,
  PRIMARY KEY (`rowid`)
) ENGINE=InnoDB DEFAULT CHARSET=utf8mb3 COLLATE=utf8mb3_unicode_ci;

--
-- Dumping data for table `t1zhf_localtax`
--


--
-- Table structure for table `t1zhf_mailing`
--

CREATE TABLE `t1zhf_mailing` (
  `rowid` int NOT NULL AUTO_INCREMENT,
  `messtype` varchar(16) COLLATE utf8mb3_unicode_ci DEFAULT 'email',
  `statut` smallint DEFAULT '0',
  `titre` varchar(128) COLLATE utf8mb3_unicode_ci DEFAULT NULL,
  `entity` int NOT NULL DEFAULT '1',
  `sujet` varchar(128) COLLATE utf8mb3_unicode_ci DEFAULT NULL,
  `body` mediumtext COLLATE utf8mb3_unicode_ci,
  `bgcolor` varchar(8) COLLATE utf8mb3_unicode_ci DEFAULT NULL,
  `bgimage` varchar(255) COLLATE utf8mb3_unicode_ci DEFAULT NULL,
  `cible` varchar(60) COLLATE utf8mb3_unicode_ci DEFAULT NULL,
  `nbemail` int DEFAULT NULL,
  `email_from` varchar(160) COLLATE utf8mb3_unicode_ci DEFAULT NULL,
  `name_from` varchar(128) COLLATE utf8mb3_unicode_ci DEFAULT NULL,
  `email_replyto` varchar(160) COLLATE utf8mb3_unicode_ci DEFAULT NULL,
  `email_errorsto` varchar(160) COLLATE utf8mb3_unicode_ci DEFAULT NULL,
  `tag` varchar(128) COLLATE utf8mb3_unicode_ci DEFAULT NULL,
  `date_creat` datetime DEFAULT NULL,
  `date_valid` datetime DEFAULT NULL,
  `date_appro` datetime DEFAULT NULL,
  `date_envoi` datetime DEFAULT NULL,
  `fk_user_creat` int DEFAULT NULL,
  `fk_user_modif` int DEFAULT NULL,
  `fk_user_valid` int DEFAULT NULL,
  `fk_user_appro` int DEFAULT NULL,
  `extraparams` varchar(255) COLLATE utf8mb3_unicode_ci DEFAULT NULL,
  `joined_file1` varchar(255) COLLATE utf8mb3_unicode_ci DEFAULT NULL,
  `joined_file2` varchar(255) COLLATE utf8mb3_unicode_ci DEFAULT NULL,
  `joined_file3` varchar(255) COLLATE utf8mb3_unicode_ci DEFAULT NULL,
  `joined_file4` varchar(255) COLLATE utf8mb3_unicode_ci DEFAULT NULL,
  `tms` timestamp NULL DEFAULT NULL,
  `evenunsubscribe` smallint DEFAULT '0',
  `note_private` text COLLATE utf8mb3_unicode_ci,
  `note_public` text COLLATE utf8mb3_unicode_ci,
  PRIMARY KEY (`rowid`),
  UNIQUE KEY `uk_mailing` (`titre`,`entity`)
) ENGINE=InnoDB DEFAULT CHARSET=utf8mb3 COLLATE=utf8mb3_unicode_ci;

--
-- Dumping data for table `t1zhf_mailing`
--


--
-- Table structure for table `t1zhf_mailing_advtarget`
--

CREATE TABLE `t1zhf_mailing_advtarget` (
  `rowid` int NOT NULL AUTO_INCREMENT,
  `name` varchar(180) COLLATE utf8mb3_unicode_ci NOT NULL,
  `entity` int NOT NULL DEFAULT '1',
  `fk_element` int NOT NULL,
  `type_element` varchar(180) COLLATE utf8mb3_unicode_ci NOT NULL,
  `filtervalue` text COLLATE utf8mb3_unicode_ci,
  `fk_user_author` int NOT NULL,
  `datec` datetime NOT NULL,
  `fk_user_mod` int NOT NULL,
  `tms` timestamp NOT NULL DEFAULT CURRENT_TIMESTAMP ON UPDATE CURRENT_TIMESTAMP,
  PRIMARY KEY (`rowid`),
  UNIQUE KEY `uk_advtargetemailing_name` (`name`)
) ENGINE=InnoDB DEFAULT CHARSET=utf8mb3 COLLATE=utf8mb3_unicode_ci;

--
-- Dumping data for table `t1zhf_mailing_advtarget`
--


--
-- Table structure for table `t1zhf_mailing_cibles`
--

CREATE TABLE `t1zhf_mailing_cibles` (
  `rowid` int NOT NULL AUTO_INCREMENT,
  `fk_mailing` int NOT NULL,
  `fk_contact` int NOT NULL,
  `lastname` varchar(160) COLLATE utf8mb3_unicode_ci DEFAULT NULL,
  `firstname` varchar(160) COLLATE utf8mb3_unicode_ci DEFAULT NULL,
  `email` varchar(160) COLLATE utf8mb3_unicode_ci NOT NULL,
  `other` varchar(255) COLLATE utf8mb3_unicode_ci DEFAULT NULL,
  `tag` varchar(64) COLLATE utf8mb3_unicode_ci DEFAULT NULL,
  `statut` smallint NOT NULL DEFAULT '0',
  `source_url` varchar(255) COLLATE utf8mb3_unicode_ci DEFAULT NULL,
  `source_id` int DEFAULT NULL,
  `source_type` varchar(32) COLLATE utf8mb3_unicode_ci DEFAULT NULL,
  `date_envoi` datetime DEFAULT NULL,
  `error_text` varchar(255) COLLATE utf8mb3_unicode_ci DEFAULT NULL,
  `tms` timestamp NULL DEFAULT NULL,
  PRIMARY KEY (`rowid`),
  UNIQUE KEY `uk_mailing_cibles` (`fk_mailing`,`email`),
  KEY `idx_mailing_cibles_email` (`email`),
  KEY `idx_mailing_cibles_tag` (`tag`)
) ENGINE=InnoDB DEFAULT CHARSET=utf8mb3 COLLATE=utf8mb3_unicode_ci;

--
-- Dumping data for table `t1zhf_mailing_cibles`
--


--
-- Table structure for table `t1zhf_mailing_unsubscribe`
--

CREATE TABLE `t1zhf_mailing_unsubscribe` (
  `rowid` int NOT NULL AUTO_INCREMENT,
  `entity` int NOT NULL DEFAULT '1',
  `email` varchar(255) COLLATE utf8mb3_unicode_ci DEFAULT NULL,
  `unsubscribegroup` varchar(128) COLLATE utf8mb3_unicode_ci DEFAULT '',
  `ip` varchar(128) COLLATE utf8mb3_unicode_ci DEFAULT NULL,
  `date_creat` datetime DEFAULT NULL,
  `tms` timestamp NULL DEFAULT NULL,
  PRIMARY KEY (`rowid`),
  UNIQUE KEY `uk_mailing_unsubscribe` (`email`,`entity`,`unsubscribegroup`)
) ENGINE=InnoDB DEFAULT CHARSET=utf8mb3 COLLATE=utf8mb3_unicode_ci;

--
-- Dumping data for table `t1zhf_mailing_unsubscribe`
--


--
-- Table structure for table `t1zhf_menu`
--

CREATE TABLE `t1zhf_menu` (
  `rowid` int NOT NULL AUTO_INCREMENT,
  `menu_handler` varchar(16) COLLATE utf8mb3_unicode_ci NOT NULL,
  `entity` int NOT NULL DEFAULT '1',
  `module` varchar(255) COLLATE utf8mb3_unicode_ci DEFAULT NULL,
  `type` varchar(4) COLLATE utf8mb3_unicode_ci NOT NULL,
  `mainmenu` varchar(100) COLLATE utf8mb3_unicode_ci NOT NULL,
  `leftmenu` varchar(100) COLLATE utf8mb3_unicode_ci DEFAULT NULL,
  `fk_menu` int NOT NULL,
  `fk_mainmenu` varchar(100) COLLATE utf8mb3_unicode_ci DEFAULT NULL,
  `fk_leftmenu` varchar(100) COLLATE utf8mb3_unicode_ci DEFAULT NULL,
  `position` int NOT NULL,
  `url` text COLLATE utf8mb3_unicode_ci NOT NULL,
  `target` varchar(100) COLLATE utf8mb3_unicode_ci DEFAULT NULL,
  `titre` varchar(255) COLLATE utf8mb3_unicode_ci NOT NULL,
  `prefix` varchar(255) COLLATE utf8mb3_unicode_ci DEFAULT NULL,
  `langs` varchar(100) COLLATE utf8mb3_unicode_ci DEFAULT NULL,
  `level` smallint DEFAULT NULL,
  `perms` text COLLATE utf8mb3_unicode_ci,
  `enabled` text COLLATE utf8mb3_unicode_ci,
  `usertype` int NOT NULL DEFAULT '0',
  `tms` timestamp NOT NULL DEFAULT CURRENT_TIMESTAMP ON UPDATE CURRENT_TIMESTAMP,
  PRIMARY KEY (`rowid`),
  KEY `idx_menu_menuhandler_type` (`menu_handler`,`type`)
) ENGINE=InnoDB AUTO_INCREMENT=401 DEFAULT CHARSET=utf8mb3 COLLATE=utf8mb3_unicode_ci;

--
-- Dumping data for table `t1zhf_menu`
--

INSERT INTO `t1zhf_menu` VALUES (92,'all',1,'process','left','',NULL,-1,'commercial','orders',110,'/process/commande/fullcalendar.php','','CalendarProcess',NULL,'process@process',NULL,'1','1',2,'2019-05-02 10:58:08'),(93,'all',1,'process','left','',NULL,-1,'commercial','orders_suppliers',110,'/process/fourn/commande/fullcalendar.php','','CalendarProcess',NULL,'process@process',NULL,'1','1',2,'2019-05-02 10:58:08'),(94,'all',1,'process','left','',NULL,-1,'commercial','propals',110,'/process/propal/fullcalendar.php','','CalendarProcess',NULL,'process@process',NULL,'1','1',2,'2019-05-02 10:58:08'),(95,'all',1,'process','left','',NULL,-1,'billing','customers_bills',110,'/process/facture/fullcalendar.php','','CalendarProcess',NULL,'process@process',NULL,'1','1',2,'2019-05-02 10:58:08'),(96,'all',1,'process','left','',NULL,-1,'billing','suppliers_bills',110,'/process/fourn/facture/fullcalendar.php','','CalendarProcess',NULL,'process@process',NULL,'1','1',2,'2019-05-02 10:58:08'),(97,'all',1,'process','left','',NULL,-1,'project','projects',122,'/process/projet/fullcalendar.php','','CalendarProcess',NULL,'process@process',NULL,'1','1',2,'2019-05-02 10:58:08'),(98,'all',1,'process','left','agenda','agenda',79,'agenda','agenda',102,'/process/action/fullcalendar.php','','AgendaProcess',NULL,'process@process',NULL,'$user->rights->agenda->allactions->read','1',2,'2019-05-02 10:58:08'),(99,'all',1,'process','left','',NULL,-1,'commercial','ficheinter',100,'/process/fichinter/fullcalendar.php','','CalendarProcess',NULL,'process@process',NULL,'1','1',2,'2019-05-02 10:58:08'),(100,'all',1,'process','left','',NULL,-1,'products','factory',110,'/process/factory/fullcalendar.php','','CalendarProcess',NULL,'process@process',NULL,'1','1',2,'2019-05-02 10:58:08'),(101,'all',1,'process','left','',NULL,-1,'products','equipement',110,'/process/equipement/fullcalendar.php','','Agenda',NULL,'process@process',NULL,'1','1',2,'2019-05-02 10:58:08'),(102,'all',1,'process','left','',NULL,-1,'products','move',110,'/process/localise/fullcalendar.php','','Agenda',NULL,'process@process',NULL,'1','1',2,'2019-05-02 10:58:08'),(138,'all',1,'cdav','left','companies','contacts',-1,'companies','contacts',190,'/cdav/cdavurls.php?type=CardDAV&amp;leftmenu=contacts','','CardDAVurl',NULL,'cdav@cdav',NULL,'$user->rights->societe->contact->lire','$conf->cdav->enabled',0,'2020-10-16 13:33:27'),(139,'all',1,'cdav','left','agenda',NULL,-1,'agenda',NULL,190,'/cdav/cdavurls.php?type=CalDAV&amp;mainmenu=agenda','','CalDAVurl',NULL,'cdav@cdav',NULL,'$user->rights->agenda->myactions->read','$conf->cdav->enabled',0,'2020-10-16 13:33:27'),(140,'all',1,'cdav','left','agenda',NULL,-1,'agenda',NULL,190,'/cdav/cdavurls.php?type=ICS&amp;mainmenu=agenda','','ICSurl',NULL,'cdav@cdav',NULL,'$user->rights->agenda->myactions->read','$conf->cdav->enabled',0,'2020-10-16 13:33:27'),(184,'all',1,'ship2bill','left','products','sendings',-1,'products','sendings',100,'/ship2bill/ship2bill.php','','Exp&eacute;ditions facturables',NULL,'',NULL,'$user->rights->ship2bill->read && $user->rights->expedition->lire','$conf->ship2bill->enabled',2,'2021-06-07 12:20:31'),(220,'all',1,'partnership','left','companies','partnership',-1,'companies',NULL,1101,'/partnership/partnership_list.php','','Partnership','<span class=\"fas fa-handshake  em080 paddingright pictofixedwidth\" style=\" color: #6c6aa8;\"></span>','partnership',NULL,'$user->rights->partnership->read','$conf->partnership->enabled',2,'2023-05-30 15:18:45'),(221,'all',1,'partnership','left','companies','partnership_new',-1,'companies','partnership',1102,'/partnership/partnership_card.php?action=create','','NewPartnership','','partnership',NULL,'$user->rights->partnership->write','$conf->partnership->enabled',2,'2023-05-30 15:18:45'),(222,'all',1,'partnership','left','companies','partnership_list',-1,'companies','partnership',1103,'/partnership/partnership_list.php','','ListOfPartnerships','','partnership',NULL,'$user->rights->partnership->read','$conf->partnership->enabled',2,'2023-05-30 15:18:45'),(226,'all',1,'eventorganization','left','project','eventorganization',-1,'project',NULL,1001,'','','EventOrganizationMenuLeft','<span class=\"fas fa-project-diagram  em088 infobox-project paddingright pictofixedwidth\" style=\"\"></span>','eventorganization',NULL,'$user->rights->eventorganization->read','$conf->eventorganization->enabled',2,'2023-05-30 15:19:47'),(227,'all',1,'eventorganization','left','project',NULL,-1,'project','eventorganization',1002,'/projet/list.php?search_usage_event_organization=1&search_status=99&mainmenu=project&contextpage=organizedevents','','List','','eventorganization@eventorganization',NULL,'$user->rights->eventorganization->read','$conf->eventorganization->enabled',2,'2023-05-30 15:19:47'),(228,'all',1,'eventorganization','left','project',NULL,-1,'project','eventorganization',1003,'/projet/card.php?leftmenu=projects&action=create&usage_organize_event=1&usage_opportunity=0','','New','','eventorganization@eventorganization',NULL,'$user->rights->eventorganization->write','$conf->eventorganization->enabled',2,'2023-05-30 15:19:47'),(229,'all',1,'eventorganization','left','project','eventorganizationconforbooth',-1,'project',NULL,1004,'','','ConferenceOrBooth','<span class=\"fas fa-chalkboard-teacher  em088 infobox-project paddingright pictofixedwidth\" style=\"\"></span>','eventorganization',NULL,'$user->rights->eventorganization->read','$conf->eventorganization->enabled',2,'2023-05-30 15:19:47'),(230,'all',1,'eventorganization','left','project',NULL,-1,'project','eventorganizationconforbooth',1005,'/eventorganization/conferenceorbooth_list.php?mainmenu=project','','List','','eventorganization',NULL,'$user->rights->eventorganization->read','$conf->eventorganization->enabled',2,'2023-05-30 15:19:47'),(231,'all',1,'eventorganization','left','project',NULL,-1,'project','eventorganizationconforbooth',1006,'/eventorganization/conferenceorbooth_card.php?leftmenu=projects&action=create','','New','','eventorganization',NULL,'$user->rights->eventorganization->write','$conf->eventorganization->enabled',2,'2023-05-30 15:19:47'),(314,'all',1,'scaninvoices','left','billing','supplier_bills_scaninvoices',-1,'billing','suppliers_bills',1001,'/scaninvoices/filestoimport_list.php','','ModuleScanInvoicesImportListing','','scaninvoices@scaninvoices',NULL,'$user->rights->scaninvoices->read','$conf->scaninvoices->enabled',2,'2024-09-18 09:12:21'),(315,'all',1,'scaninvoices','left','billing','supplier_bills_manual_import',-1,'billing','supplier_bills_scaninvoices',1002,'/scaninvoices/importinvoice.php','','ModuleScanInvoicesNameManual','','scaninvoices@scaninvoices',NULL,'$user->rights->scaninvoices->write','$conf->scaninvoices->enabled',2,'2024-09-18 09:12:21'),(316,'all',1,'scaninvoices','left','billing','supplier_bills_auto_import',-1,'billing','supplier_bills_scaninvoices',1003,'/scaninvoices/importauto.php','','ModuleScanInvoicesImportAuto','','scaninvoices@scaninvoices',NULL,'$user->rights->scaninvoices->write','$conf->scaninvoices->enabled',2,'2024-09-18 09:12:21'),(329,'all',1,'nomenclature','left','products','nomenclature',-1,'products',NULL,100,'/nomenclature/massUpdate.php','','massUpdateMenu','','nomenclature@nomenclature',NULL,'$user->hasRight(\"nomenclature\",\"global\",\"massUpdate\")','isModEnabled(\"nomenclature\")',0,'2024-09-23 14:36:00'),(330,'all',1,'nomenclature','left','products','nomenclature',-1,'products','product',100,'/nomenclature/list.php','','Nomenclatures','','nomenclature@nomenclature',NULL,'$user->hasRight(\"nomenclature\",\"read\")','isModEnabled(\"nomenclature\")',0,'2024-09-23 14:36:00'),(331,'all',1,'workstationatm','left','project','workstationatmList',-1,'project',NULL,300,'/workstationatm/workstation.php','','Poste de charge','','workstationatm@workstationatm',NULL,'$user->hasRight(\"workstationatm\",\"all\",\"read\")','',2,'2024-09-23 14:36:05'),(332,'all',1,'workstationatm','left','project','workstationatmList',-1,'project','workstationatmList',301,'/workstationatm/workstation.php?action=new','','Nouveau poste de travail','','workstationatm@workstationatm',NULL,'$user->hasRight(\"workstationatm\",\"all\",\"read\")','',2,'2024-09-23 14:36:05'),(333,'all',1,'workstationatm','left','of','workstationatmList',-1,'of',NULL,211,'/workstationatm/workstation.php','','Poste de charge','','workstationatm@workstationatm',NULL,'$user->hasRight(\"workstationatm\",\"all\",\"read\")','$conf->workstationatm->enabled',2,'2024-09-23 14:36:05'),(334,'all',1,'workstationatm','left','of','workstationatmList',-1,'of','workstationatmList',222,'/workstationatm/workstation.php?action=new','','Nouveau poste de travail','','workstationatm@workstationatm',NULL,'$user->hasRight(\"workstationatm\",\"all\",\"read\")','$conf->workstationatm->enabled',2,'2024-09-23 14:36:05'),(335,'all',1,'of','top','of',NULL,0,NULL,NULL,100,'/of/liste_of.php','','GPAO','','of@of',NULL,'$user->hasRight(\"of\",\"of\",\"lire\")','$user->hasRight(\"of\",\"of\",\"lire\")',2,'2024-09-23 14:36:10'),(336,'all',1,'of','left','of','assetOFlist',-1,'of',NULL,300,'/of/liste_of.php','','AssetProductionOrder','','',NULL,'$user->hasRight(\"of\",\"of\",\"lire\")','',2,'2024-09-23 14:36:10'),(337,'all',1,'of','left','of',NULL,-1,'of','assetOFlist',312,'/of/liste_of.php?search_status_of=DRAFT','','AssetProductionOrderDraft','','',NULL,'$user->hasRight(\"of\",\"of\",\"lire\")','',2,'2024-09-23 14:36:10'),(338,'all',1,'of','left','of',NULL,-1,'of','assetOFlist',313,'/of/liste_of.php?search_status_of=NEEDOFFER','','AssetProductionOrderNEEDOFFER','','',NULL,'$user->hasRight(\"of\",\"of\",\"lire\")','',2,'2024-09-23 14:36:10'),(339,'all',1,'of','left','of','AssetProdSOrder',-1,'of','assetOFlist',314,'/of/liste_of.php?search_status_of=ONORDER','','AssetProductionOrderONORDER','','',NULL,'$user->hasRight(\"of\",\"of\",\"lire\")','',2,'2024-09-23 14:36:10'),(340,'all',1,'of','left','of','AssetProductionOrderONORDER',-1,'of','AssetProdSOrder',315,'/of/liste_of.php?mode=supplier_order','','AssetProductionSupplierOrder','','',NULL,'$user->hasRight(\"of\",\"of\",\"lire\")','',2,'2024-09-23 14:36:10'),(341,'all',1,'of','left','of',NULL,-1,'of','assetOFlist',316,'/of/liste_of.php?search_status_of=VALID','','AssetProductionOrderVALID','','',NULL,'$user->hasRight(\"of\",\"of\",\"lire\")','',2,'2024-09-23 14:36:10'),(342,'all',1,'of','left','of',NULL,-1,'of','assetOFlist',317,'/of/liste_of.php?search_status_of=OPEN','','AssetProductionOrderOPEN','','',NULL,'$user->hasRight(\"of\",\"of\",\"lire\")','',2,'2024-09-23 14:36:10'),(343,'all',1,'of','left','of',NULL,-1,'of','assetOFlist',318,'/of/liste_of.php?search_status_of=CLOSE','','AssetProductionOrderCLOSE','','',NULL,'$user->hasRight(\"of\",\"of\",\"lire\")','',2,'2024-09-23 14:36:10'),(344,'all',1,'of','left','of',NULL,-1,'of','assetOFlist',319,'/of/liste_of.php?mode=non_compliant','','AssetProductionOrderNONCOMPLIANT','','',NULL,'$user->hasRight(\"of\",\"of\",\"lire\")','getDolGlobalInt(\"OF_MANAGE_NON_COMPLIANT\")',2,'2024-09-23 14:36:10'),(345,'all',1,'of','left','of',NULL,-1,'of','assetOFlist',320,'/of/fiche_of.php?action=new','','AssetNewProductionOrder','','',NULL,'$user->hasRight(\"of\",\"of\",\"lire\")','',2,'2024-09-23 14:36:10'),(346,'all',1,'of','left','of',NULL,-1,'of','assetOFlist',321,'/of/shipable_prev.php','','ShippablePrevReport','','',NULL,'$user->hasRight(\"of\",\"of\",\"lire\")','',2,'2024-09-23 14:36:10'),(356,'all',1,'bookcal','left','agenda','bookcal',-1,'agenda',NULL,1101,'/bookcal/bookcalindex.php','','MenuBookcalIndex','<span class=\"fas fa-calendar-check paddingright pictofixedwidth em92\" style=\"\"></span>','bookcal',NULL,'$user->rights->bookcal->calendar->read','1',0,'2024-09-25 16:30:29'),(357,'all',1,'bookcal','left','agenda','bookcal_calendar_list',-1,'agenda','bookcal',1102,'/bookcal/calendar_list.php','','Calendar','','bookcal',NULL,'$user->rights->bookcal->calendar->read','$conf->bookcal->enabled',2,'2024-09-25 16:30:29'),(358,'all',1,'bookcal','left','agenda','bookcal_new',-1,'agenda','bookcal_calendar_list',1103,'/bookcal/calendar_card.php?action=create','','NewCalendar','','bookcal',NULL,'$user->rights->bookcal->calendar->read','$conf->bookcal->enabled',2,'2024-09-25 16:30:29'),(359,'all',1,'bookcal','left','agenda','bookcal_availabilities',-1,'agenda','bookcal',1204,'/bookcal/availabilities_list.php','','Availabilities','','bookcal',NULL,'$user->rights->bookcal->availabilities->read','$conf->bookcal->enabled',2,'2024-09-25 16:30:29'),(360,'all',1,'bookcal','left','agenda','bookcal_availabilities',-1,'agenda','bookcal_availabilities',1205,'/bookcal/availabilities_card.php?action=create','','NewAvailabilities','','bookcal',NULL,'$user->rights->bookcal->availabilities->read','$conf->bookcal->enabled',2,'2024-09-25 16:30:29'),(361,'all',1,'agenda','top','agenda',NULL,0,NULL,NULL,86,'/comm/action/index.php','','TMenuAgenda','<span class=\"fas fa-calendar-alt infobox-action pictofixedwidth\" style=\"\"></span>','agenda',NULL,'$user->hasRight(\"agenda\", \"myactions\", \"read\") || $user->hasRight(\"resource\", \"read\")','isModEnabled(\"agenda\") || isModEnabled(\"resource\")',2,'2024-09-25 16:59:52'),(362,'all',1,'agenda','left','agenda',NULL,361,NULL,NULL,100,'/comm/action/index.php?mainmenu=agenda&amp;leftmenu=agenda','','Actions','<span class=\"fas fa-calendar-alt infobox-action paddingright pictofixedwidth\" style=\"\"></span>','agenda',NULL,'$user->hasRight(\"agenda\", \"myactions\", \"read\")','isModEnabled(\"agenda\")',2,'2024-09-25 16:59:52'),(363,'all',1,'agenda','left','agenda',NULL,362,NULL,NULL,101,'/comm/action/card.php?mainmenu=agenda&amp;leftmenu=agenda&amp;action=create','','NewAction','','commercial',NULL,'($user->hasRight(\"agenda\", \"myactions\", \"create\") || $user->hasRight(\"agenda\", \"allactions\", \"create\"))','isModEnabled(\"agenda\")',2,'2024-09-25 16:59:52'),(364,'all',1,'agenda','left','agenda',NULL,362,NULL,NULL,140,'/comm/action/index.php?mainmenu=agenda&amp;leftmenu=agenda','','Calendar','','agenda',NULL,'$user->hasRight(\"agenda\", \"myactions\", \"read\")','isModEnabled(\"agenda\")',2,'2024-09-25 16:59:52'),(365,'all',1,'agenda','left','agenda',NULL,364,NULL,NULL,141,'/comm/action/index.php?mainmenu=agenda&amp;leftmenu=agenda&amp;status=todo&amp;filter=mine','','MenuToDoMyActions','','agenda',NULL,'$user->hasRight(\"agenda\", \"myactions\", \"read\")','isModEnabled(\"agenda\")',2,'2024-09-25 16:59:52'),(366,'all',1,'agenda','left','agenda',NULL,364,NULL,NULL,142,'/comm/action/index.php?mainmenu=agenda&amp;leftmenu=agenda&amp;status=done&amp;filter=mine','','MenuDoneMyActions','','agenda',NULL,'$user->hasRight(\"agenda\", \"myactions\", \"read\")','isModEnabled(\"agenda\")',2,'2024-09-25 16:59:52'),(367,'all',1,'agenda','left','agenda',NULL,364,NULL,NULL,143,'/comm/action/index.php?mainmenu=agenda&amp;leftmenu=agenda&amp;status=todo&amp;filtert=-1','','MenuToDoActions','','agenda',NULL,'$user->hasRight(\"agenda\", \"allactions\", \"read\")','isModEnabled(\"agenda\")',2,'2024-09-25 16:59:52'),(368,'all',1,'agenda','left','agenda',NULL,364,NULL,NULL,144,'/comm/action/index.php?mainmenu=agenda&amp;leftmenu=agenda&amp;status=done&amp;filtert=-1','','MenuDoneActions','','agenda',NULL,'$user->hasRight(\"agenda\", \"allactions\", \"read\")','isModEnabled(\"agenda\")',2,'2024-09-25 16:59:52'),(369,'all',1,'agenda','left','agenda',NULL,362,NULL,NULL,110,'/comm/action/list.php?mode=show_list&amp;mainmenu=agenda&amp;leftmenu=agenda','','List','','agenda',NULL,'$user->hasRight(\"agenda\", \"myactions\", \"read\")','isModEnabled(\"agenda\")',2,'2024-09-25 16:59:52'),(370,'all',1,'agenda','left','agenda',NULL,369,NULL,NULL,111,'/comm/action/list.php?mode=show_list&amp;mainmenu=agenda&amp;leftmenu=agenda&amp;status=todo&amp;filter=mine','','MenuToDoMyActions','','agenda',NULL,'$user->hasRight(\"agenda\", \"myactions\", \"read\")','isModEnabled(\"agenda\")',2,'2024-09-25 16:59:52'),(371,'all',1,'agenda','left','agenda',NULL,369,NULL,NULL,112,'/comm/action/list.php?mode=show_list&amp;mainmenu=agenda&amp;leftmenu=agenda&amp;status=done&amp;filter=mine','','MenuDoneMyActions','','agenda',NULL,'$user->hasRight(\"agenda\", \"myactions\", \"read\")','isModEnabled(\"agenda\")',2,'2024-09-25 16:59:52'),(372,'all',1,'agenda','left','agenda',NULL,369,NULL,NULL,113,'/comm/action/list.php?mode=show_list&amp;mainmenu=agenda&amp;leftmenu=agenda&amp;status=todo&amp;filtert=-1','','MenuToDoActions','','agenda',NULL,'$user->hasRight(\"agenda\", \"allactions\", \"read\")','isModEnabled(\"agenda\")',2,'2024-09-25 16:59:52'),(373,'all',1,'agenda','left','agenda',NULL,369,NULL,NULL,114,'/comm/action/list.php?mode=show_list&amp;mainmenu=agenda&amp;leftmenu=agenda&amp;status=done&amp;filtert=-1','','MenuDoneActions','','agenda',NULL,'$user->hasRight(\"agenda\", \"allactions\", \"read\")','isModEnabled(\"agenda\")',2,'2024-09-25 16:59:52'),(374,'all',1,'agenda','left','agenda',NULL,362,NULL,NULL,160,'/comm/action/rapport/index.php?mainmenu=agenda&amp;leftmenu=agenda','','Reportings','','agenda',NULL,'$user->hasRight(\"agenda\", \"allactions\", \"read\")','isModEnabled(\"agenda\")',2,'2024-09-25 16:59:52'),(375,'all',1,'agenda','left','agenda',NULL,362,NULL,NULL,170,'/categories/index.php?mainmenu=agenda&amp;leftmenu=agenda&type=10','','Categories','','agenda',NULL,'$user->hasRight(\"agenda\", \"allactions\", \"read\")','isModEnabled(\"category\")',2,'2024-09-25 16:59:52'),(376,'all',1,'barcode','left','tools','barcodeprint',-1,'tools',NULL,200,'/barcode/printsheet.php?mainmenu=tools&leftmenu=barcodeprint','','BarCodePrintsheet','<span class=\"fas fa-barcode paddingright pictofixedwidth\" style=\"\"></span>','products',NULL,'$user->hasRight(\"barcode\", \"read\")','isModEnabled(\"barcode\")',0,'2024-09-25 16:59:52'),(377,'all',1,'barcode','left','home',NULL,-1,'home','admintools',300,'/barcode/codeinit.php?mainmenu=home&leftmenu=admintools','','MassBarcodeInit','','products',NULL,'$user->admin','isModEnabled(\"barcode\") && preg_match(\'/^(admintools|all)/\',$leftmenu)',0,'2024-09-25 16:59:52'),(378,'all',1,'blockedlog','left','tools','blockedlogbrowser',-1,'tools',NULL,200,'/blockedlog/admin/blockedlog_list.php?mainmenu=tools&leftmenu=blockedlogbrowser','','BrowseBlockedLog','<span class=\"fas fa-cogs  em080 paddingright pictofixedwidth\" style=\" color: #999;\"></span>','blockedlog',NULL,'$user->hasRight(\"blockedlog\", \"read\")','isModEnabled(\"blockedlog\")',2,'2024-09-25 16:59:52'),(379,'all',1,'ecm','top','ecm',NULL,0,NULL,NULL,82,'/ecm/index.php','','MenuECM','<span class=\"fas fa-folder-open pictofixedwidth\" style=\"\"></span>','ecm',NULL,'$user->rights->ecm->read || $user->rights->ecm->upload || $user->rights->ecm->setup','isModEnabled(\"ecm\")',2,'2024-09-25 16:59:52'),(380,'all',1,'ecm','left','ecm','ecm',-1,'ecm',NULL,101,'/ecm/index.php?mainmenu=ecm&leftmenu=ecm','','ECMArea','<span class=\"fas fa-folder-open paddingright pictofixedwidth\" style=\"\"></span>','ecm',NULL,'$user->rights->ecm->read || $user->rights->ecm->upload','$user->rights->ecm->read || $user->rights->ecm->upload',2,'2024-09-25 16:59:52'),(381,'all',1,'ecm','left','ecm','ecm_manual',-1,'ecm','ecm',102,'/ecm/index.php?action=file_manager&mainmenu=ecm&leftmenu=ecm','','ECMSectionsManual','','ecm',NULL,'$user->rights->ecm->read || $user->rights->ecm->upload','$user->rights->ecm->read || $user->rights->ecm->upload',2,'2024-09-25 16:59:52'),(382,'all',1,'ecm','left','ecm',NULL,-1,'ecm','ecm',103,'/ecm/index_auto.php?action=file_manager&mainmenu=ecm&leftmenu=ecm','','ECMSectionsAuto','','ecm',NULL,'$user->rights->ecm->read || $user->rights->ecm->upload','($user->rights->ecm->read || $user->rights->ecm->upload) && !getDolGlobalInt(\"ECM_AUTO_TREE_HIDEN\")',2,'2024-09-25 16:59:52'),(383,'all',1,'ecm','left','ecm',NULL,-1,'ecm','ecm',104,'/ecm/index_medias.php?action=file_manager&mainmenu=ecm&leftmenu=ecm','','ECMSectionsMedias','','ecm',NULL,'$user->rights->ecm->read || $user->rights->ecm->upload','($user->rights->ecm->read || $user->rights->ecm->upload) && getDolGlobalInt(\"MAIN_FEATURES_LEVEL\") == 2',2,'2024-09-25 16:59:52'),(384,'all',1,'margins','left','billing','margins',-1,'billing',NULL,100,'/margin/index.php','','Margins','<span class=\"fas fa-calculator infobox-bank_account paddingright pictofixedwidth\" style=\"\"></span>','margins',NULL,'$user->rights->margins->liretous','isModEnabled(\"margin\")',2,'2024-09-25 16:59:54'),(385,'all',1,'resource','left','agenda','resource',-1,'agenda',NULL,100,'/resource/list.php','','MenuResourceIndex','<span class=\"fas fa-laptop-house  em092 infobox-action paddingright pictofixedwidth em92\" style=\"\"></span>','resource',NULL,'$user->rights->resource->read','1',0,'2024-09-25 16:59:54'),(386,'all',1,'resource','left','agenda','resource_add',-1,'agenda','resource',101,'/resource/card.php?action=create','','MenuResourceAdd','','resource',NULL,'$user->rights->resource->write','1',0,'2024-09-25 16:59:54'),(387,'all',1,'resource','left','agenda','resource_list',-1,'agenda','resource',102,'/resource/list.php','','List','','resource',NULL,'$user->rights->resource->read','1',0,'2024-09-25 16:59:54'),(394,'all',1,'mylist','top','patastools','mylist',0,NULL,NULL,100,'/mylist/core/patastools.php?mainmenu=patastools&leftmenu=mylist','','PatasTools','','mylist@mylist',NULL,'','1',0,'2024-10-30 10:54:12'),(395,'all',1,'mylist','left','patastools','mylist',-1,'patastools',NULL,110,'/mylist/index.php','','myList','','mylist@mylist',NULL,'$user->rights->mylist->setup','1',2,'2024-10-30 10:54:12'),(396,'all',1,'mylist','left','',NULL,-1,'patastools','mylist',110,'/mylist/card.php?action=create','','NewList','','mylist@mylist',NULL,'$user->rights->mylist->setup','1',2,'2024-10-30 10:54:12'),(397,'all',1,'mylist','left','',NULL,-1,'patastools','mylist',110,'/mylist/list.php','','mylist','','mylist@mylist',NULL,'$user->rights->mylist->setup','1',2,'2024-10-30 10:54:12'),(398,'all',1,'mylist','left','',NULL,-1,'patastools','mylist',110,'/mylist/card.php?action=importexport','','ImportList','','mylist@mylist',NULL,'$user->rights->mylist->setup','1',2,'2024-10-30 10:54:12'),(399,'all',1,'listgpt','left','patastools','listgpt',-1,'patastools',NULL,120,'/listgpt/index.php','','ListGPT','<img src=\"/dolibarr/htdocs/custom/listgpt/img/object_listgpt.png\" alt=\"\" style=\"padding-right: 10px\">','listgpt@listgpt',NULL,'$user->hasRight(\"listgpt\", \"lire\")','1',2,'2024-10-30 11:38:03'),(400,'all',1,'visualquery','left','home','visualquery',-1,'home',NULL,100,'/visualquery/src/index.php','_blank','VisualQueryWithIcon','','visualquery@visualquery',NULL,'$user->rights->visualquery->use','1',2,'2024-10-31 10:16:07');

--
