-- Table structure for table `t1zhf_contrat`
--

CREATE TABLE `t1zhf_contrat` (
  `rowid` int NOT NULL AUTO_INCREMENT,
  `ref` varchar(255) COLLATE utf8mb3_unicode_ci DEFAULT NULL,
  `ref_customer` varchar(255) COLLATE utf8mb3_unicode_ci DEFAULT NULL,
  `ref_supplier` varchar(255) COLLATE utf8mb3_unicode_ci DEFAULT NULL,
  `ref_ext` varchar(255) COLLATE utf8mb3_unicode_ci DEFAULT NULL,
  `entity` int NOT NULL DEFAULT '1',
  `tms` timestamp NOT NULL DEFAULT CURRENT_TIMESTAMP ON UPDATE CURRENT_TIMESTAMP,
  `datec` datetime DEFAULT NULL,
  `date_contrat` datetime DEFAULT NULL,
  `signed_status` smallint DEFAULT NULL,
  `statut` smallint DEFAULT '0',
  `mise_en_service` datetime DEFAULT NULL,
  `fin_validite` datetime DEFAULT NULL,
  `date_cloture` datetime DEFAULT NULL,
  `fk_soc` int NOT NULL,
  `fk_projet` int DEFAULT NULL,
  `fk_commercial_signature` int DEFAULT NULL,
  `fk_commercial_suivi` int DEFAULT NULL,
  `fk_user_author` int NOT NULL DEFAULT '0',
  `fk_user_modif` int DEFAULT NULL,
  `fk_user_mise_en_service` int DEFAULT NULL,
  `fk_user_cloture` int DEFAULT NULL,
  `note_private` text COLLATE utf8mb3_unicode_ci,
  `note_public` text COLLATE utf8mb3_unicode_ci,
  `model_pdf` varchar(255) COLLATE utf8mb3_unicode_ci DEFAULT NULL,
  `last_main_doc` varchar(255) COLLATE utf8mb3_unicode_ci DEFAULT NULL,
  `import_key` varchar(14) COLLATE utf8mb3_unicode_ci DEFAULT NULL,
  `extraparams` varchar(255) COLLATE utf8mb3_unicode_ci DEFAULT NULL,
  `online_sign_ip` varchar(48) COLLATE utf8mb3_unicode_ci DEFAULT NULL,
  `online_sign_name` varchar(64) COLLATE utf8mb3_unicode_ci DEFAULT NULL,
  PRIMARY KEY (`rowid`),
  UNIQUE KEY `uk_contrat_ref` (`ref`,`entity`),
  KEY `idx_contrat_fk_soc` (`fk_soc`),
  KEY `idx_contrat_fk_user_author` (`fk_user_author`),
  CONSTRAINT `fk_contrat_fk_soc` FOREIGN KEY (`fk_soc`) REFERENCES `t1zhf_societe` (`rowid`) ON DELETE RESTRICT ON UPDATE RESTRICT,
  CONSTRAINT `fk_contrat_user_author` FOREIGN KEY (`fk_user_author`) REFERENCES `t1zhf_user` (`rowid`) ON DELETE RESTRICT ON UPDATE RESTRICT
) ENGINE=InnoDB AUTO_INCREMENT=4 DEFAULT CHARSET=utf8mb3 COLLATE=utf8mb3_unicode_ci;

--
-- Dumping data for table `t1zhf_contrat`
--

INSERT INTO `t1zhf_contrat` VALUES (1,'CT1902-0001',NULL,NULL,NULL,1,'2019-07-14 19:04:02','2019-02-22 17:50:31','2019-02-22 00:00:00',NULL,1,NULL,NULL,NULL,1,NULL,2,2,2,NULL,NULL,NULL,NULL,NULL,'strato',NULL,NULL,NULL,NULL,NULL),(2,'(PROV2)',NULL,NULL,NULL,1,'2019-09-09 12:30:39','2019-09-09 14:30:39','2019-09-09 00:00:00',NULL,0,NULL,NULL,NULL,4,8,1,1,1,NULL,NULL,NULL,NULL,NULL,NULL,NULL,NULL,NULL,NULL,NULL),(3,'CT2306-0002',NULL,NULL,NULL,1,'2023-06-01 17:09:37','2023-06-01 19:09:12','2023-06-01 00:00:00',NULL,1,NULL,NULL,NULL,9,NULL,1,1,1,NULL,NULL,NULL,NULL,NULL,NULL,'contract/CT2306-0002/CT2306-0002.pdf',NULL,NULL,NULL,NULL);

--
-- Table structure for table `t1zhf_contrat_extrafields`
--

CREATE TABLE `t1zhf_contrat_extrafields` (
  `rowid` int NOT NULL AUTO_INCREMENT,
  `tms` timestamp NOT NULL DEFAULT CURRENT_TIMESTAMP ON UPDATE CURRENT_TIMESTAMP,
  `fk_object` int NOT NULL,
  `import_key` varchar(14) COLLATE utf8mb3_unicode_ci DEFAULT NULL,
  PRIMARY KEY (`rowid`),
  UNIQUE KEY `uk_contrat_extrafields` (`fk_object`)
) ENGINE=InnoDB DEFAULT CHARSET=utf8mb3 COLLATE=utf8mb3_unicode_ci;

--
-- Dumping data for table `t1zhf_contrat_extrafields`
--


--
-- Table structure for table `t1zhf_contratdet`
--

CREATE TABLE `t1zhf_contratdet` (
  `rowid` int NOT NULL AUTO_INCREMENT,
  `tms` timestamp NOT NULL DEFAULT CURRENT_TIMESTAMP ON UPDATE CURRENT_TIMESTAMP,
  `fk_contrat` int NOT NULL,
  `fk_product` int DEFAULT NULL,
  `statut` smallint DEFAULT '0',
  `label` text COLLATE utf8mb3_unicode_ci,
  `description` text COLLATE utf8mb3_unicode_ci,
  `fk_remise_except` int DEFAULT NULL,
  `date_commande` datetime DEFAULT NULL,
  `date_ouverture_prevue` datetime DEFAULT NULL,
  `date_ouverture` datetime DEFAULT NULL,
  `date_fin_validite` datetime DEFAULT NULL,
  `date_cloture` datetime DEFAULT NULL,
  `vat_src_code` varchar(10) COLLATE utf8mb3_unicode_ci DEFAULT '',
  `tva_tx` double(6,3) DEFAULT '0.000',
  `localtax1_tx` double(6,3) DEFAULT '0.000',
  `localtax1_type` varchar(10) COLLATE utf8mb3_unicode_ci DEFAULT NULL,
  `localtax2_tx` double(6,3) DEFAULT '0.000',
  `localtax2_type` varchar(10) COLLATE utf8mb3_unicode_ci DEFAULT NULL,
  `qty` double NOT NULL,
  `remise_percent` double DEFAULT '0',
  `subprice` double(24,8) DEFAULT '0.00000000',
  `price_ht` double DEFAULT NULL,
  `remise` double DEFAULT '0',
  `total_ht` double(24,8) DEFAULT '0.00000000',
  `total_tva` double(24,8) DEFAULT '0.00000000',
  `total_localtax1` double(24,8) DEFAULT '0.00000000',
  `total_localtax2` double(24,8) DEFAULT '0.00000000',
  `total_ttc` double(24,8) DEFAULT '0.00000000',
  `product_type` int DEFAULT '1',
  `info_bits` int DEFAULT '0',
  `rang` int DEFAULT '0',
  `buy_price_ht` double(24,8) DEFAULT NULL,
  `fk_product_fournisseur_price` int DEFAULT NULL,
  `fk_user_author` int NOT NULL DEFAULT '0',
  `fk_user_ouverture` int DEFAULT NULL,
  `fk_user_cloture` int DEFAULT NULL,
  `commentaire` text COLLATE utf8mb3_unicode_ci,
  `fk_unit` int DEFAULT NULL,
  `fk_multicurrency` int DEFAULT NULL,
  `multicurrency_code` varchar(3) COLLATE utf8mb3_unicode_ci DEFAULT NULL,
  `multicurrency_subprice` double(24,8) DEFAULT '0.00000000',
  `multicurrency_total_ht` double(24,8) DEFAULT '0.00000000',
  `multicurrency_total_tva` double(24,8) DEFAULT '0.00000000',
  `multicurrency_total_ttc` double(24,8) DEFAULT '0.00000000',
  PRIMARY KEY (`rowid`),
  KEY `idx_contratdet_fk_contrat` (`fk_contrat`),
  KEY `idx_contratdet_fk_product` (`fk_product`),
  KEY `idx_contratdet_date_ouverture_prevue` (`date_ouverture_prevue`),
  KEY `idx_contratdet_date_ouverture` (`date_ouverture`),
  KEY `idx_contratdet_date_fin_validite` (`date_fin_validite`),
  KEY `fk_contratdet_fk_unit` (`fk_unit`),
  KEY `idx_contratdet_statut` (`statut`),
  CONSTRAINT `fk_contratdet_fk_contrat` FOREIGN KEY (`fk_contrat`) REFERENCES `t1zhf_contrat` (`rowid`) ON DELETE RESTRICT ON UPDATE RESTRICT,
  CONSTRAINT `fk_contratdet_fk_product` FOREIGN KEY (`fk_product`) REFERENCES `t1zhf_product` (`rowid`) ON DELETE RESTRICT ON UPDATE RESTRICT,
  CONSTRAINT `fk_contratdet_fk_unit` FOREIGN KEY (`fk_unit`) REFERENCES `t1zhf_c_units` (`rowid`) ON DELETE RESTRICT ON UPDATE RESTRICT
) ENGINE=InnoDB AUTO_INCREMENT=3 DEFAULT CHARSET=utf8mb3 COLLATE=utf8mb3_unicode_ci;

--
-- Dumping data for table `t1zhf_contratdet`
--

INSERT INTO `t1zhf_contratdet` VALUES (1,'2023-05-09 12:26:52',1,11,4,'','Avant projet, estimation',NULL,NULL,NULL,'2019-07-14 21:04:14',NULL,NULL,NULL,20.000,0.000,'0',0.000,'0',1,0,0.00000000,0,0,0.00000000,0.00000000,0.00000000,0.00000000,0.00000000,1,0,1,0.00000000,NULL,0,1,NULL,'',1,NULL,NULL,0.00000000,0.00000000,0.00000000,0.00000000),(2,'2023-06-01 17:10:12',3,52,4,'','',NULL,NULL,NULL,'2023-06-01 12:00:00',NULL,NULL,NULL,20.000,0.000,'0',0.000,'0',1,0,50.00000000,50,0,50.00000000,10.00000000,0.00000000,0.00000000,60.00000000,1,0,1,50.00000000,0,0,1,NULL,'',1,NULL,NULL,0.00000000,0.00000000,0.00000000,0.00000000);

--
-- Table structure for table `t1zhf_contratdet_extrafields`
--

CREATE TABLE `t1zhf_contratdet_extrafields` (
  `rowid` int NOT NULL AUTO_INCREMENT,
  `tms` timestamp NOT NULL DEFAULT CURRENT_TIMESTAMP ON UPDATE CURRENT_TIMESTAMP,
  `fk_object` int NOT NULL,
  `import_key` varchar(14) COLLATE utf8mb3_unicode_ci DEFAULT NULL,
  PRIMARY KEY (`rowid`),
  UNIQUE KEY `uk_contratdet_extrafields` (`fk_object`)
) ENGINE=InnoDB DEFAULT CHARSET=utf8mb3 COLLATE=utf8mb3_unicode_ci;

--
-- Dumping data for table `t1zhf_contratdet_extrafields`
--


--
-- Table structure for table `t1zhf_contratdet_log`
--

CREATE TABLE `t1zhf_contratdet_log` (
  `rowid` int NOT NULL AUTO_INCREMENT,
  `tms` timestamp NOT NULL DEFAULT CURRENT_TIMESTAMP ON UPDATE CURRENT_TIMESTAMP,
  `fk_contratdet` int NOT NULL,
  `date` datetime NOT NULL,
  `statut` smallint NOT NULL,
  `fk_user_author` int NOT NULL,
  `commentaire` text COLLATE utf8mb3_unicode_ci,
  PRIMARY KEY (`rowid`),
  KEY `idx_contratdet_log_fk_contratdet` (`fk_contratdet`),
  KEY `idx_contratdet_log_date` (`date`),
  CONSTRAINT `fk_contratdet_log_fk_contratdet` FOREIGN KEY (`fk_contratdet`) REFERENCES `t1zhf_contratdet` (`rowid`) ON DELETE RESTRICT ON UPDATE RESTRICT
) ENGINE=InnoDB DEFAULT CHARSET=utf8mb3 COLLATE=utf8mb3_unicode_ci;

--
-- Dumping data for table `t1zhf_contratdet_log`
--


--
-- Table structure for table `t1zhf_cronjob`
--

CREATE TABLE `t1zhf_cronjob` (
  `rowid` int NOT NULL AUTO_INCREMENT,
  `tms` timestamp NOT NULL DEFAULT CURRENT_TIMESTAMP ON UPDATE CURRENT_TIMESTAMP,
  `datec` datetime DEFAULT NULL,
  `jobtype` varchar(10) COLLATE utf8mb3_unicode_ci NOT NULL,
  `label` varchar(255) COLLATE utf8mb3_unicode_ci NOT NULL,
  `command` varchar(255) COLLATE utf8mb3_unicode_ci DEFAULT NULL,
  `classesname` varchar(255) COLLATE utf8mb3_unicode_ci DEFAULT NULL,
  `objectname` varchar(255) COLLATE utf8mb3_unicode_ci DEFAULT NULL,
  `methodename` varchar(255) COLLATE utf8mb3_unicode_ci DEFAULT NULL,
  `params` text COLLATE utf8mb3_unicode_ci,
  `md5params` varchar(32) COLLATE utf8mb3_unicode_ci DEFAULT NULL,
  `module_name` varchar(255) COLLATE utf8mb3_unicode_ci DEFAULT NULL,
  `priority` int DEFAULT '0',
  `datelastrun` datetime DEFAULT NULL,
  `datenextrun` datetime DEFAULT NULL,
  `datestart` datetime DEFAULT NULL,
  `dateend` datetime DEFAULT NULL,
  `datelastresult` datetime DEFAULT NULL,
  `lastresult` text COLLATE utf8mb3_unicode_ci,
  `lastoutput` text COLLATE utf8mb3_unicode_ci,
  `unitfrequency` varchar(255) COLLATE utf8mb3_unicode_ci NOT NULL DEFAULT '3600',
  `frequency` int NOT NULL DEFAULT '0',
  `maxrun` int NOT NULL DEFAULT '0',
  `nbrun` int DEFAULT NULL,
  `autodelete` int DEFAULT '0',
  `status` int NOT NULL DEFAULT '1',
  `processing` int NOT NULL DEFAULT '0',
  `test` varchar(255) COLLATE utf8mb3_unicode_ci DEFAULT '1',
  `fk_user_author` int DEFAULT NULL,
  `fk_user_mod` int DEFAULT NULL,
  `fk_mailing` int DEFAULT NULL,
  `note` text COLLATE utf8mb3_unicode_ci,
  `libname` varchar(255) COLLATE utf8mb3_unicode_ci DEFAULT NULL,
  `entity` int DEFAULT '0',
  `email_alert` varchar(128) COLLATE utf8mb3_unicode_ci DEFAULT NULL,
  `pid` int DEFAULT NULL,
  PRIMARY KEY (`rowid`),
  UNIQUE KEY `uk_cronjob` (`label`,`entity`),
  KEY `idx_cronjob_status` (`status`),
  KEY `idx_cronjob_datelastrun` (`datelastrun`),
  KEY `idx_cronjob_datenextrun` (`datenextrun`),
  KEY `idx_cronjob_datestart` (`datestart`),
  KEY `idx_cronjob_dateend` (`dateend`)
) ENGINE=InnoDB AUTO_INCREMENT=18 DEFAULT CHARSET=utf8mb3 COLLATE=utf8mb3_unicode_ci;

--
-- Dumping data for table `t1zhf_cronjob`
--

INSERT INTO `t1zhf_cronjob` VALUES (1,'2023-05-09 12:26:38','2019-01-08 10:14:10','method','RecurringInvoicesJob',NULL,'compta/facture/class/facture-rec.class.php','FactureRec','createRecurringInvoices',NULL,NULL,'facture',50,NULL,NULL,'2019-01-08 10:14:10',NULL,NULL,NULL,NULL,'86400',1,0,NULL,0,1,0,'$conf->facture->enabled',NULL,NULL,NULL,'Generate recurring invoices',NULL,1,NULL,NULL),(2,'2019-05-02 10:57:14','2019-05-02 12:57:14','method','SendEmailsReminders',NULL,'comm/action/class/actioncomm.class.php','ActionComm','sendEmailsReminder',NULL,NULL,'agenda',10,NULL,NULL,'2019-05-02 12:57:14',NULL,NULL,NULL,NULL,'60',10,0,NULL,0,1,0,'$conf->agenda->enabled',NULL,NULL,NULL,'SendEMailsReminder',NULL,1,NULL,NULL),(3,'2021-05-26 11:58:55','2021-05-26 13:58:55','method','MyJob label',NULL,'/statistiques/class/myobject.class.php','MyObject','doScheduledJob',NULL,NULL,'statistiques',50,NULL,NULL,'2021-05-26 13:58:55',NULL,NULL,NULL,NULL,'3600',2,0,NULL,0,0,0,'$conf->statistiques->enabled',NULL,NULL,NULL,'Comment',NULL,1,NULL,NULL),(4,'2023-05-09 12:26:52','2023-05-09 14:26:52','method','SendEmailsRemindersOnInvoiceDueDate',NULL,'compta/facture/class/facture.class.php','Facture','sendEmailsRemindersOnInvoiceDueDate','10,all,EmailTemplateCode',NULL,'facture',50,NULL,NULL,'2023-05-09 23:00:00',NULL,NULL,NULL,NULL,'86400',1,0,NULL,0,0,0,'$conf->facture->enabled',NULL,NULL,NULL,'Send an emails when we reach the due date - n days of an invoice. First param is n, the number of days before due date to send the remind, second parameter is \"all\" or a payment mode code, last parameter is the code of email template to use (an email template with the EmailTemplateCode must exists. The version of the email template in the language of the thirdparty will be used in priority. Language of the thirdparty will be also used to update the PDF of the sent invoice).',NULL,1,NULL,NULL),(5,'2023-05-09 12:26:52','2023-05-09 14:26:52','method','RecurringSupplierInvoicesJob',NULL,'fourn/class/fournisseur.facture-rec.class.php','FactureFournisseurRec','createRecurringInvoices',NULL,NULL,'fournisseur',51,NULL,NULL,'2023-05-09 23:00:00',NULL,NULL,NULL,NULL,'86400',1,0,NULL,0,1,0,'',NULL,NULL,NULL,'Generate recurring supplier invoices',NULL,1,NULL,NULL),(6,'2023-05-09 12:26:52','2023-05-09 14:26:52','method','HolidayBalanceMonthlyUpdate:holiday',NULL,'holiday/class/holiday.class.php','Holiday','updateBalance',NULL,NULL,'holiday',50,NULL,NULL,'2023-05-09 04:00:00',NULL,NULL,NULL,NULL,'86400',1,0,NULL,0,1,0,'$conf->holiday->enabled',NULL,NULL,NULL,'Update holiday balance every month',NULL,1,NULL,NULL),(7,'2023-05-17 14:25:30','2023-05-17 16:25:30','method','SendReminderForExpiredSubscriptionTitle',NULL,'adherents/class/adherent.class.php','Adherent','sendReminderForExpiredSubscription','10;0',NULL,'adherent',50,NULL,NULL,'2023-05-17 22:00:00',NULL,NULL,NULL,NULL,'86400',1,0,NULL,0,1,0,'$conf->adherent->enabled',NULL,NULL,NULL,'SendReminderForExpiredSubscription',NULL,1,NULL,NULL),(8,'2023-05-30 15:18:45','2023-05-30 17:18:45','method','CancelPartnershipForExpiredMembers',NULL,'/partnership/class/partnershiputils.class.php','PartnershipUtils','doCancelStatusOfMemberPartnership',NULL,NULL,'partnership',60,NULL,NULL,'2023-05-30 21:15:00',NULL,NULL,NULL,NULL,'86400',1,0,NULL,0,1,0,'$conf->partnership->enabled',NULL,NULL,NULL,'Cancel status of partnership when subscription is expired + x days.',NULL,1,NULL,NULL),(9,'2023-05-30 15:18:45','2023-05-30 17:18:45','method','PartnershipCheckBacklink',NULL,'/partnership/class/partnershiputils.class.php','PartnershipUtils','doWarningOfPartnershipIfDolibarrBacklinkNotfound',NULL,NULL,'partnership',61,NULL,NULL,'2023-05-30 21:15:00',NULL,NULL,NULL,NULL,'86400',1,0,NULL,0,0,0,'$conf->partnership->enabled',NULL,NULL,NULL,'Warning of partnership if Dolibarr backlink not found on partner website.',NULL,1,NULL,NULL),(10,'2023-06-27 08:44:45','2023-06-27 10:44:45','method','ScanInvoices_background_import_service',NULL,'/scaninvoices/class/filestoimport.class.php','Filestoimport','doScheduledJob',NULL,NULL,'scaninvoices',50,NULL,NULL,'2023-06-27 10:44:45',NULL,NULL,NULL,NULL,'3600',3,0,NULL,0,1,0,'$conf->scaninvoices->enabled',NULL,NULL,NULL,'SCANINVOICES_BACKGROUND_SERVER_DETAILS',NULL,1,NULL,NULL),(11,'2023-06-27 08:44:45','2023-06-27 10:44:45','method','ScanInvoices auto pay supplier invoices (CB/LCR/PREV)',NULL,'/scaninvoices/class/supplierautopayinvoices.class.php','Supplierautopayinvoices','doScheduledJob',NULL,NULL,'scaninvoices',50,NULL,NULL,'2023-06-27 10:44:45',NULL,NULL,NULL,NULL,'3600',24,0,NULL,0,0,0,'$conf->scaninvoices->enabled',NULL,NULL,NULL,'Comment',NULL,1,NULL,NULL),(12,'2023-06-27 08:44:45','2023-06-27 10:44:45','method','PurgeDeleteTemporaryFilesShort',NULL,'core/class/utils.class.php','Utils','purgeFiles','tempfilesold+logfiles',NULL,'cron',50,NULL,NULL,'2023-06-27 10:44:45',NULL,NULL,NULL,NULL,'604800',2,0,NULL,0,1,0,'1',NULL,NULL,NULL,'PurgeDeleteTemporaryFiles',NULL,0,NULL,NULL),(13,'2023-06-27 08:44:45','2023-06-27 10:44:45','method','MakeLocalDatabaseDumpShort',NULL,'core/class/utils.class.php','Utils','dumpDatabase','none,auto,1,auto,10,0,0',NULL,'cron',90,NULL,NULL,'2023-06-27 10:44:45',NULL,NULL,NULL,NULL,'604800',1,0,NULL,0,0,0,'in_array($conf->db->type, array(\'mysql\', \'mysqli\'))',NULL,NULL,NULL,'MakeLocalDatabaseDump',NULL,0,NULL,NULL),(14,'2023-06-27 08:44:45','2023-06-27 10:44:45','method','MakeSendLocalDatabaseDumpShort',NULL,'core/class/utils.class.php','Utils','sendBackup',',,,,,sql',NULL,'cron',91,NULL,NULL,'2023-06-27 10:44:45',NULL,NULL,NULL,NULL,'604800',1,0,NULL,0,0,0,'!empty($conf->global->MAIN_ALLOW_BACKUP_BY_EMAIL) && in_array($conf->db->type, array(\'mysql\', \'mysqli\'))',NULL,NULL,NULL,'MakeSendLocalDatabaseDump',NULL,0,NULL,NULL),(15,'2023-06-27 08:44:45','2023-06-27 10:44:45','method','CleanUnfinishedCronjobShort',NULL,'core/class/utils.class.php','Utils','cleanUnfinishedCronjob',NULL,NULL,'cron',10,NULL,NULL,'2023-06-27 10:44:45',NULL,NULL,NULL,NULL,'60',5,0,NULL,0,0,0,'getDolGlobalInt(\"MAIN_FEATURES_LEVEL\") >= 2',NULL,NULL,NULL,'CleanUnfinishedCronjob',NULL,0,NULL,NULL),(16,'2024-09-18 10:20:31','2024-09-18 12:20:31','method','Stockage encours OFs',NULL,'of/class/of_amount.class.php','AssetOFAmounts','stockCurrentAmount','',NULL,'of',0,NULL,'2024-09-18 12:20:31','2024-09-18 12:20:31',NULL,NULL,NULL,NULL,'86400',1,0,0,0,1,0,NULL,1,1,NULL,NULL,NULL,1,NULL,NULL),(17,'2024-09-25 16:59:53','2024-09-25 18:59:53','method','SendEmailsRemindersOnSupplierInvoiceDueDate',NULL,'fourn/class/fournisseur.facture.class.php','FactureFournisseur','sendEmailsRemindersOnSupplierInvoiceDueDate','10,all,EmailTemplateCode,duedate',NULL,'fournisseur',50,NULL,NULL,'2024-09-25 23:00:00',NULL,NULL,NULL,NULL,'86400',1,0,NULL,0,0,0,'isModEnabled(\"supplier_invoice\")',NULL,NULL,NULL,'Send an email when we reach the supplier invoice due date (or supplier invoice date) - n days. First param is n, the number of days before due date (or supplier invoice date) to send the remind (or after if value is negative), second parameter is \"all\" or a payment mode code, third parameter is the code of the email template to use (an email template with the EmailTemplateCode must exists. The version of the email template in the language of the thirdparty will be used in priority. Language of the thirdparty will be also used to update the PDF of the sent supplier invoice). The fourth parameter is the string \"duedate\" (default) or \"invoicedate\" to define which date of the supplier invoice to use.',NULL,1,NULL,NULL);

--
-- Table structure for table `t1zhf_default_values`
--

CREATE TABLE `t1zhf_default_values` (
  `rowid` int NOT NULL AUTO_INCREMENT,
  `entity` int NOT NULL DEFAULT '1',
  `type` varchar(10) COLLATE utf8mb3_unicode_ci DEFAULT NULL,
  `user_id` int NOT NULL DEFAULT '0',
  `page` varchar(255) COLLATE utf8mb3_unicode_ci DEFAULT NULL,
  `param` varchar(255) COLLATE utf8mb3_unicode_ci DEFAULT NULL,
  `value` varchar(128) COLLATE utf8mb3_unicode_ci DEFAULT NULL,
  PRIMARY KEY (`rowid`),
  UNIQUE KEY `uk_default_values` (`type`,`entity`,`user_id`,`page`,`param`)
) ENGINE=InnoDB DEFAULT CHARSET=utf8mb3 COLLATE=utf8mb3_unicode_ci;

--
-- Dumping data for table `t1zhf_default_values`
--


--
-- Table structure for table `t1zhf_delivery`
--

CREATE TABLE `t1zhf_delivery` (
  `rowid` int NOT NULL AUTO_INCREMENT,
  `tms` timestamp NOT NULL DEFAULT CURRENT_TIMESTAMP ON UPDATE CURRENT_TIMESTAMP,
  `ref` varchar(30) COLLATE utf8mb3_unicode_ci NOT NULL,
  `entity` int NOT NULL DEFAULT '1',
  `fk_soc` int NOT NULL,
  `ref_ext` varchar(255) COLLATE utf8mb3_unicode_ci DEFAULT NULL,
  `ref_int` varchar(255) COLLATE utf8mb3_unicode_ci DEFAULT NULL,
  `ref_customer` varchar(255) COLLATE utf8mb3_unicode_ci DEFAULT NULL,
  `date_creation` datetime DEFAULT NULL,
  `fk_user_author` int DEFAULT NULL,
  `date_valid` datetime DEFAULT NULL,
  `fk_user_valid` int DEFAULT NULL,
  `date_delivery` datetime DEFAULT NULL,
  `fk_address` int DEFAULT NULL,
  `fk_statut` smallint DEFAULT '0',
  `total_ht` double(24,8) DEFAULT '0.00000000',
  `note_private` text COLLATE utf8mb3_unicode_ci,
  `note_public` text COLLATE utf8mb3_unicode_ci,
  `model_pdf` varchar(255) COLLATE utf8mb3_unicode_ci DEFAULT NULL,
  `last_main_doc` varchar(255) COLLATE utf8mb3_unicode_ci DEFAULT NULL,
  `fk_incoterms` int DEFAULT NULL,
  `location_incoterms` varchar(255) COLLATE utf8mb3_unicode_ci DEFAULT NULL,
  `import_key` varchar(14) COLLATE utf8mb3_unicode_ci DEFAULT NULL,
  `extraparams` varchar(255) COLLATE utf8mb3_unicode_ci DEFAULT NULL,
  PRIMARY KEY (`rowid`),
  UNIQUE KEY `idx_delivery_uk_ref` (`ref`,`entity`),
  KEY `idx_delivery_fk_soc` (`fk_soc`),
  KEY `idx_delivery_fk_user_author` (`fk_user_author`),
  KEY `idx_delivery_fk_user_valid` (`fk_user_valid`),
  CONSTRAINT `fk_delivery_fk_soc` FOREIGN KEY (`fk_soc`) REFERENCES `t1zhf_societe` (`rowid`) ON DELETE RESTRICT ON UPDATE RESTRICT,
  CONSTRAINT `fk_delivery_fk_user_author` FOREIGN KEY (`fk_user_author`) REFERENCES `t1zhf_user` (`rowid`) ON DELETE RESTRICT ON UPDATE RESTRICT,
  CONSTRAINT `fk_delivery_fk_user_valid` FOREIGN KEY (`fk_user_valid`) REFERENCES `t1zhf_user` (`rowid`) ON DELETE RESTRICT ON UPDATE RESTRICT
) ENGINE=InnoDB DEFAULT CHARSET=utf8mb3 COLLATE=utf8mb3_unicode_ci;

--
-- Dumping data for table `t1zhf_delivery`
--


--
-- Table structure for table `t1zhf_delivery_extrafields`
--

CREATE TABLE `t1zhf_delivery_extrafields` (
  `rowid` int NOT NULL AUTO_INCREMENT,
  `tms` timestamp NOT NULL DEFAULT CURRENT_TIMESTAMP ON UPDATE CURRENT_TIMESTAMP,
  `fk_object` int NOT NULL,
  `import_key` varchar(14) COLLATE utf8mb3_unicode_ci DEFAULT NULL,
  PRIMARY KEY (`rowid`),
  UNIQUE KEY `uk_delivery_extrafields` (`fk_object`),
  KEY `idx_livraison_extrafields` (`fk_object`)
) ENGINE=InnoDB DEFAULT CHARSET=utf8mb3 COLLATE=utf8mb3_unicode_ci;

--
-- Dumping data for table `t1zhf_delivery_extrafields`
--


--
-- Table structure for table `t1zhf_deliverydet`
--

CREATE TABLE `t1zhf_deliverydet` (
  `rowid` int NOT NULL AUTO_INCREMENT,
  `fk_delivery` int DEFAULT NULL,
  `fk_origin_line` int DEFAULT NULL,
  `fk_product` int DEFAULT NULL,
  `description` text COLLATE utf8mb3_unicode_ci,
  `qty` double DEFAULT NULL,
  `subprice` double(24,8) DEFAULT '0.00000000',
  `total_ht` double(24,8) DEFAULT '0.00000000',
  `rang` int DEFAULT '0',
  PRIMARY KEY (`rowid`),
  KEY `idx_deliverydet_fk_delivery` (`fk_delivery`),
  CONSTRAINT `fk_deliverydet_fk_delivery` FOREIGN KEY (`fk_delivery`) REFERENCES `t1zhf_delivery` (`rowid`) ON DELETE RESTRICT ON UPDATE RESTRICT
) ENGINE=InnoDB DEFAULT CHARSET=utf8mb3 COLLATE=utf8mb3_unicode_ci;

--
-- Dumping data for table `t1zhf_deliverydet`
--


--
-- Table structure for table `t1zhf_deliverydet_extrafields`
--

CREATE TABLE `t1zhf_deliverydet_extrafields` (
  `rowid` int NOT NULL AUTO_INCREMENT,
  `tms` timestamp NOT NULL DEFAULT CURRENT_TIMESTAMP ON UPDATE CURRENT_TIMESTAMP,
  `fk_object` int NOT NULL,
  `import_key` varchar(14) COLLATE utf8mb3_unicode_ci DEFAULT NULL,
  PRIMARY KEY (`rowid`),
  UNIQUE KEY `uk_deliverydet_extrafields` (`fk_object`),
  KEY `idx_livraisondet_extrafields` (`fk_object`)
) ENGINE=InnoDB DEFAULT CHARSET=utf8mb3 COLLATE=utf8mb3_unicode_ci;

--
-- Dumping data for table `t1zhf_deliverydet_extrafields`
--


--
-- Table structure for table `t1zhf_deplacement`
--

CREATE TABLE `t1zhf_deplacement` (
  `rowid` int NOT NULL AUTO_INCREMENT,
  `ref` varchar(30) COLLATE utf8mb3_unicode_ci DEFAULT NULL,
  `entity` int NOT NULL DEFAULT '1',
  `datec` datetime NOT NULL,
  `tms` timestamp NOT NULL DEFAULT CURRENT_TIMESTAMP ON UPDATE CURRENT_TIMESTAMP,
  `dated` datetime DEFAULT NULL,
  `fk_user` int NOT NULL,
  `fk_user_author` int DEFAULT NULL,
  `fk_user_modif` int DEFAULT NULL,
  `type` varchar(12) COLLATE utf8mb3_unicode_ci NOT NULL,
  `fk_statut` int NOT NULL DEFAULT '1',
  `km` double DEFAULT NULL,
  `fk_soc` int DEFAULT NULL,
  `fk_projet` int DEFAULT '0',
  `note_private` text COLLATE utf8mb3_unicode_ci,
  `note_public` text COLLATE utf8mb3_unicode_ci,
  `extraparams` varchar(255) COLLATE utf8mb3_unicode_ci DEFAULT NULL,
  PRIMARY KEY (`rowid`)
) ENGINE=InnoDB DEFAULT CHARSET=utf8mb3 COLLATE=utf8mb3_unicode_ci;

--
-- Dumping data for table `t1zhf_deplacement`
--


--
-- Table structure for table `t1zhf_document_model`
--

CREATE TABLE `t1zhf_document_model` (
  `rowid` int NOT NULL AUTO_INCREMENT,
  `nom` varchar(50) COLLATE utf8mb3_unicode_ci DEFAULT NULL,
  `entity` int NOT NULL DEFAULT '1',
  `type` varchar(64) COLLATE utf8mb3_unicode_ci DEFAULT NULL,
  `libelle` varchar(255) COLLATE utf8mb3_unicode_ci DEFAULT NULL,
  `description` text COLLATE utf8mb3_unicode_ci,
  PRIMARY KEY (`rowid`),
  UNIQUE KEY `uk_document_model` (`nom`,`type`,`entity`)
) ENGINE=InnoDB AUTO_INCREMENT=81 DEFAULT CHARSET=utf8mb3 COLLATE=utf8mb3_unicode_ci;

--
-- Dumping data for table `t1zhf_document_model`
--

INSERT INTO `t1zhf_document_model` VALUES (5,'strato',1,'contract',NULL,NULL),(13,'',1,'task',NULL,NULL),(14,'beluga',1,'project',NULL,NULL),(15,'baleine',1,'project',NULL,NULL),(21,'sponge_btp',1,'invoice','sponge_btp',NULL),(23,'stdmovement',1,'movement',NULL,NULL),(25,'crabe_jobard',1,'invoice','crabe_jobard',NULL),(35,'standard',1,'product','standard',NULL),(38,'einstein',1,'order',NULL,NULL),(39,'crabe',1,'invoice',NULL,NULL),(40,'muscadet',1,'order_supplier',NULL,NULL),(42,'cyan',1,'propal','cyan',NULL),(45,'sepamandate',1,'bankaccount',NULL,NULL),(48,'rubis',1,'propal','rubis',NULL),(49,'edison',1,'order','edison',NULL),(50,'homard',1,'invoice','homard',NULL),(51,'standard',1,'member',NULL,NULL),(52,'rouget',1,'shipping',NULL,NULL),(53,'typhon',1,'delivery',NULL,NULL),(59,'standard_recruitmentjobposition',1,'recruitmentjobposition',NULL,NULL),(60,'generic_recruitmentjobposition_odt',1,'recruitmentjobposition',NULL,NULL),(65,'squille',1,'reception',NULL,NULL),(67,'aurore',1,'supplier_proposal',NULL,NULL),(69,'standard',1,'stock',NULL,NULL),(70,'stdmovement',1,'mouvement',NULL,NULL),(71,'espadon',1,'shipping',NULL,NULL),(72,'storm',1,'delivery',NULL,NULL),(73,'crabe_btp',1,'invoice','crabe_btp',NULL),(74,'vinci',1,'mrp',NULL,NULL),(75,'1',1,'member',NULL,NULL),(76,'eratosthene',1,'order',NULL,NULL),(77,'standard',1,'expensereport',NULL,NULL),(78,'sponge',1,'invoice',NULL,NULL),(79,'cornas',1,'order_supplier',NULL,NULL),(80,'soleil',1,'ficheinter',NULL,NULL);

--
-- Table structure for table `t1zhf_don`
--

CREATE TABLE `t1zhf_don` (
  `rowid` int NOT NULL AUTO_INCREMENT,
  `ref` varchar(30) COLLATE utf8mb3_unicode_ci DEFAULT NULL,
  `entity` int NOT NULL DEFAULT '1',
  `tms` timestamp NOT NULL DEFAULT CURRENT_TIMESTAMP ON UPDATE CURRENT_TIMESTAMP,
  `fk_statut` smallint NOT NULL DEFAULT '0',
  `datedon` datetime DEFAULT NULL,
  `amount` double(24,8) DEFAULT '0.00000000',
  `fk_payment` int DEFAULT NULL,
  `paid` smallint NOT NULL DEFAULT '0',
  `firstname` varchar(50) COLLATE utf8mb3_unicode_ci DEFAULT NULL,
  `lastname` varchar(50) COLLATE utf8mb3_unicode_ci DEFAULT NULL,
  `societe` varchar(50) COLLATE utf8mb3_unicode_ci DEFAULT NULL,
  `address` text COLLATE utf8mb3_unicode_ci,
  `zip` varchar(30) COLLATE utf8mb3_unicode_ci DEFAULT NULL,
  `town` varchar(50) COLLATE utf8mb3_unicode_ci DEFAULT NULL,
  `country` varchar(50) COLLATE utf8mb3_unicode_ci DEFAULT NULL,
  `fk_country` int NOT NULL,
  `email` varchar(255) COLLATE utf8mb3_unicode_ci DEFAULT NULL,
  `phone` varchar(24) COLLATE utf8mb3_unicode_ci DEFAULT NULL,
  `phone_mobile` varchar(24) COLLATE utf8mb3_unicode_ci DEFAULT NULL,
  `public` smallint NOT NULL DEFAULT '1',
  `fk_projet` int DEFAULT NULL,
  `datec` datetime DEFAULT NULL,
  `fk_user_author` int NOT NULL,
  `date_valid` datetime DEFAULT NULL,
  `fk_user_valid` int DEFAULT NULL,
  `note_private` text COLLATE utf8mb3_unicode_ci,
  `note_public` text COLLATE utf8mb3_unicode_ci,
  `model_pdf` varchar(255) COLLATE utf8mb3_unicode_ci DEFAULT NULL,
  `import_key` varchar(14) COLLATE utf8mb3_unicode_ci DEFAULT NULL,
  `extraparams` varchar(255) COLLATE utf8mb3_unicode_ci DEFAULT NULL,
  `fk_soc` int DEFAULT NULL,
  `fk_user_modif` int DEFAULT NULL,
  PRIMARY KEY (`rowid`),
  UNIQUE KEY `idx_don_uk_ref` (`ref`,`entity`),
  KEY `idx_don_fk_soc` (`fk_soc`),
  KEY `idx_don_fk_project` (`fk_projet`),
  KEY `idx_don_fk_user_author` (`fk_user_author`),
  KEY `idx_don_fk_user_valid` (`fk_user_valid`)
) ENGINE=InnoDB DEFAULT CHARSET=utf8mb3 COLLATE=utf8mb3_unicode_ci;

--
-- Dumping data for table `t1zhf_don`
--


--
-- Table structure for table `t1zhf_don_extrafields`
--

CREATE TABLE `t1zhf_don_extrafields` (
  `rowid` int NOT NULL AUTO_INCREMENT,
  `tms` timestamp NOT NULL DEFAULT CURRENT_TIMESTAMP ON UPDATE CURRENT_TIMESTAMP,
  `fk_object` int NOT NULL,
  `import_key` varchar(14) COLLATE utf8mb3_unicode_ci DEFAULT NULL,
  PRIMARY KEY (`rowid`),
  KEY `idx_don_extrafields` (`fk_object`)
) ENGINE=InnoDB DEFAULT CHARSET=utf8mb3 COLLATE=utf8mb3_unicode_ci;

--
-- Dumping data for table `t1zhf_don_extrafields`
--


--
-- Table structure for table `t1zhf_ecm_directories`
--

CREATE TABLE `t1zhf_ecm_directories` (
  `rowid` int NOT NULL AUTO_INCREMENT,
  `label` varchar(64) COLLATE utf8mb3_unicode_ci NOT NULL,
  `entity` int NOT NULL DEFAULT '1',
  `fk_parent` int DEFAULT NULL,
  `description` varchar(255) COLLATE utf8mb3_unicode_ci NOT NULL,
  `cachenbofdoc` int NOT NULL DEFAULT '0',
  `fullpath` varchar(750) COLLATE utf8mb3_unicode_ci DEFAULT NULL,
  `extraparams` varchar(255) COLLATE utf8mb3_unicode_ci DEFAULT NULL,
  `date_c` datetime DEFAULT NULL,
  `tms` timestamp NULL DEFAULT CURRENT_TIMESTAMP ON UPDATE CURRENT_TIMESTAMP,
  `fk_user_c` int DEFAULT NULL,
  `fk_user_m` int DEFAULT NULL,
  `acl` text COLLATE utf8mb3_unicode_ci,
  PRIMARY KEY (`rowid`),
  UNIQUE KEY `uk_ecm_directories` (`label`,`fk_parent`,`entity`),
  KEY `idx_ecm_directories_fk_user_c` (`fk_user_c`),
  KEY `idx_ecm_directories_fk_user_m` (`fk_user_m`),
  CONSTRAINT `fk_ecm_directories_fk_user_c` FOREIGN KEY (`fk_user_c`) REFERENCES `t1zhf_user` (`rowid`) ON DELETE RESTRICT ON UPDATE RESTRICT,
  CONSTRAINT `fk_ecm_directories_fk_user_m` FOREIGN KEY (`fk_user_m`) REFERENCES `t1zhf_user` (`rowid`) ON DELETE RESTRICT ON UPDATE RESTRICT
) ENGINE=InnoDB AUTO_INCREMENT=2 DEFAULT CHARSET=utf8mb3 COLLATE=utf8mb3_unicode_ci;

--
-- Dumping data for table `t1zhf_ecm_directories`
--

INSERT INTO `t1zhf_ecm_directories` VALUES (1,'Instructions',1,0,'',0,NULL,NULL,'2019-12-08 18:32:42','2019-12-08 17:32:43',1,NULL,NULL);

--
-- Table structure for table `t1zhf_ecm_directories_extrafields`
--

CREATE TABLE `t1zhf_ecm_directories_extrafields` (
  `rowid` int NOT NULL AUTO_INCREMENT,
  `tms` timestamp NULL DEFAULT CURRENT_TIMESTAMP ON UPDATE CURRENT_TIMESTAMP,
  `fk_object` int NOT NULL,
  `import_key` varchar(14) COLLATE utf8mb3_unicode_ci DEFAULT NULL,
  PRIMARY KEY (`rowid`),
  UNIQUE KEY `uk_ecm_directories_extrafields` (`fk_object`)
) ENGINE=InnoDB DEFAULT CHARSET=utf8mb3 COLLATE=utf8mb3_unicode_ci;

--
-- Dumping data for table `t1zhf_ecm_directories_extrafields`
--


--
-- Table structure for table `t1zhf_ecm_files_extrafields`
--

CREATE TABLE `t1zhf_ecm_files_extrafields` (
  `rowid` int NOT NULL AUTO_INCREMENT,
  `tms` timestamp NULL DEFAULT CURRENT_TIMESTAMP ON UPDATE CURRENT_TIMESTAMP,
  `fk_object` int NOT NULL,
  `import_key` varchar(14) COLLATE utf8mb3_unicode_ci DEFAULT NULL,
  PRIMARY KEY (`rowid`),
  UNIQUE KEY `uk_ecm_files_extrafields` (`fk_object`)
) ENGINE=InnoDB DEFAULT CHARSET=utf8mb3 COLLATE=utf8mb3_unicode_ci;

--
-- Dumping data for table `t1zhf_ecm_files_extrafields`
--


--
-- Table structure for table `t1zhf_element_categorie`
--

CREATE TABLE `t1zhf_element_categorie` (
  `rowid` int NOT NULL AUTO_INCREMENT,
  `fk_categorie` int NOT NULL,
  `fk_element` int NOT NULL,
  `import_key` varchar(14) DEFAULT NULL,
  PRIMARY KEY (`rowid`),
  UNIQUE KEY `idx_element_categorie_idx` (`fk_element`,`fk_categorie`),
  KEY `idx_element_categorie_fk_categorie` (`fk_categorie`),
  CONSTRAINT `fk_element_categorie_fk_categorie` FOREIGN KEY (`fk_categorie`) REFERENCES `t1zhf_categorie` (`rowid`) ON DELETE RESTRICT ON UPDATE RESTRICT
) ENGINE=InnoDB DEFAULT CHARSET=latin1;

--
-- Dumping data for table `t1zhf_element_categorie`
--


--
-- Table structure for table `t1zhf_element_contact`
--

CREATE TABLE `t1zhf_element_contact` (
  `rowid` int NOT NULL AUTO_INCREMENT,
  `datecreate` datetime DEFAULT NULL,
  `statut` smallint DEFAULT '5',
  `element_id` int NOT NULL,
  `fk_c_type_contact` int NOT NULL,
  `fk_socpeople` int NOT NULL,
  PRIMARY KEY (`rowid`),
  UNIQUE KEY `idx_element_contact_idx1` (`element_id`,`fk_c_type_contact`,`fk_socpeople`),
  KEY `fk_element_contact_fk_c_type_contact` (`fk_c_type_contact`),
  KEY `idx_element_contact_fk_socpeople` (`fk_socpeople`),
  CONSTRAINT `fk_element_contact_fk_c_type_contact` FOREIGN KEY (`fk_c_type_contact`) REFERENCES `t1zhf_c_type_contact` (`rowid`)
) ENGINE=InnoDB AUTO_INCREMENT=93 DEFAULT CHARSET=utf8mb3 COLLATE=utf8mb3_unicode_ci;

--
-- Dumping data for table `t1zhf_element_contact`
--

INSERT INTO `t1zhf_element_contact` VALUES (2,'2019-01-08 11:36:27',4,1,101,1),(4,'2019-02-08 14:47:36',4,1,120,3),(5,'2019-02-08 15:06:42',4,1,160,1),(6,'2019-02-08 15:06:58',4,1,161,3),(7,'2019-02-08 15:28:34',4,2,160,1),(8,'2019-02-08 15:28:57',4,2,161,4),(9,'2019-02-11 13:04:27',4,3,160,2),(10,'2019-02-22 17:50:31',4,1,10,2),(11,'2019-02-22 17:50:31',4,1,11,2),(12,'2019-02-28 11:05:11',4,4,160,1),(13,'2019-02-28 11:24:41',4,4,161,2),(14,'2019-02-28 11:24:50',4,4,171,1),(15,'2019-02-28 11:26:30',4,4,171,2),(16,'2019-02-28 11:43:46',4,1,180,1),(17,'2019-02-28 11:45:50',4,1,180,2),(18,'2019-03-05 16:10:57',4,5,160,1),(19,'2019-06-24 09:30:19',4,6,160,1),(20,'2019-07-13 11:08:55',4,7,160,1),(21,'2019-09-09 14:17:17',4,8,160,1),(22,'2019-09-09 14:30:39',4,2,10,1),(23,'2019-09-09 14:30:39',4,2,11,1),(28,'2019-12-09 11:18:23',4,2,101,4),(29,'2020-10-20 11:00:41',4,2,180,1),(30,'2020-10-20 11:01:09',4,2,181,3),(31,'2021-03-08 17:06:55',4,9,160,1),(32,'2021-05-25 15:06:13',4,10,160,1),(33,'2021-05-25 15:08:59',4,3,180,1),(34,'2021-05-25 15:47:12',4,8,101,2),(35,'2021-05-25 15:54:58',4,9,101,2),(36,'2021-05-25 15:57:08',4,10,101,2),(37,'2021-05-26 16:42:22',4,8,120,6),(38,'2021-05-26 17:02:28',4,9,120,6),(39,'2021-05-26 17:16:16',4,7,161,6),(40,'2021-05-26 17:16:40',4,4,180,6),(42,'2021-07-16 15:00:38',4,12,160,1),(43,'2021-07-16 15:06:46',4,12,161,2),(44,'2021-07-16 15:06:51',4,12,161,3),(45,'2021-07-16 15:06:59',4,12,161,6),(46,'2021-07-16 15:07:07',4,12,171,1),(47,'2021-07-16 15:09:41',4,5,180,2),(49,'2021-07-16 15:10:06',4,5,180,1),(51,'2021-07-16 15:39:29',4,12,161,4),(52,'2021-07-16 15:40:38',4,5,180,4),(53,'2021-07-16 15:40:43',4,5,180,3),(54,'2021-07-16 15:40:53',4,5,180,6),(55,'2021-07-16 16:10:07',4,13,161,2),(56,'2021-07-16 16:10:07',4,13,161,6),(57,'2021-07-16 16:10:07',4,13,160,1),(58,'2021-07-16 16:10:08',4,13,161,3),(59,'2021-07-16 16:10:08',4,13,161,4),(60,'2021-07-16 16:10:08',4,13,171,1),(61,'2021-07-16 16:10:08',4,6,180,2),(62,'2021-07-16 16:10:08',4,6,180,6),(63,'2021-07-16 16:10:08',4,6,180,1),(64,'2021-07-16 16:10:08',4,6,180,3),(65,'2021-07-16 16:10:08',4,6,180,4),(66,'2021-07-16 16:23:16',4,11,120,3),(67,'2021-07-16 16:23:22',4,11,120,4),(68,'2021-10-19 15:38:05',4,30,41,4),(69,'2021-10-19 15:43:43',4,14,101,4),(70,'2022-02-18 19:17:45',4,14,160,1),(71,'2022-02-18 19:19:17',4,7,180,1),(72,'2022-02-18 19:20:10',4,8,180,1),(73,'2022-02-18 19:21:19',4,9,180,1),(74,'2022-02-18 19:29:06',4,14,161,4),(75,'2022-02-18 19:32:42',4,7,180,4),(76,'2022-02-18 19:33:02',4,8,180,4),(77,'2022-02-18 19:33:19',4,9,180,4),(78,'2023-05-09 14:56:15',4,15,160,1),(80,'2023-05-09 15:28:03',4,15,161,8),(81,'2023-05-09 15:28:03',4,10,181,8),(82,'2023-05-09 15:29:03',4,11,180,8),(83,'2023-05-16 15:01:54',4,16,160,8),(84,'2023-06-01 19:09:12',4,3,10,1),(85,'2023-06-01 19:09:12',4,3,11,1),(86,'2023-06-01 19:10:39',4,61,50,1),(87,'2024-09-09 15:44:16',4,36,40,7),(88,'2024-09-09 15:44:25',4,36,31,1),(89,'2024-09-09 15:52:34',4,66,50,1),(90,'2024-09-09 15:52:34',4,66,60,7),(91,'2024-09-18 10:27:55',4,17,160,1),(92,'2024-09-18 18:31:56',4,26,101,1);

--
-- Table structure for table `t1zhf_element_element`
--

CREATE TABLE `t1zhf_element_element` (
  `rowid` int NOT NULL AUTO_INCREMENT,
  `fk_source` int NOT NULL,
  `sourcetype` varchar(64) COLLATE utf8mb3_unicode_ci NOT NULL,
  `fk_target` int NOT NULL,
  `targettype` varchar(64) COLLATE utf8mb3_unicode_ci NOT NULL,
  `relationtype` varchar(64) COLLATE utf8mb3_unicode_ci DEFAULT NULL,
  PRIMARY KEY (`rowid`),
  UNIQUE KEY `idx_element_element_idx1` (`fk_source`,`sourcetype`,`fk_target`,`targettype`),
  KEY `idx_element_element_fk_target` (`fk_target`)
) ENGINE=InnoDB AUTO_INCREMENT=114 DEFAULT CHARSET=utf8mb3 COLLATE=utf8mb3_unicode_ci;

--
-- Dumping data for table `t1zhf_element_element`
--

INSERT INTO `t1zhf_element_element` VALUES (2,1,'commande',1,'facture',NULL),(3,1,'order_supplier',1,'invoice_supplier',NULL),(8,6,'facture',7,'facture',NULL),(9,7,'facture',8,'facture',NULL),(11,11,'facture',12,'facture',NULL),(12,12,'facture',13,'facture',NULL),(13,13,'facture',14,'facture',NULL),(15,15,'facture',16,'facture',NULL),(18,18,'facture',19,'facture',NULL),(19,19,'facture',20,'facture',NULL),(20,20,'facture',21,'facture',NULL),(21,21,'facture',22,'facture',NULL),(22,22,'facture',23,'facture',NULL),(23,23,'facture',24,'facture',NULL),(29,29,'facture',30,'facture',NULL),(31,4,'fichinter',33,'facture',NULL),(32,2,'order_supplier',2,'invoice_supplier',NULL),(33,33,'facture',2,'fichinter',NULL),(34,5,'fichinter',34,'facture',NULL),(41,2,'commande',1,'shipping',NULL),(42,1,'shipping',39,'facture',NULL),(43,2,'commande',39,'facture',NULL),(44,3,'commande',2,'shipping',NULL),(45,2,'shipping',40,'facture',NULL),(46,3,'commande',40,'facture',NULL),(48,4,'commande',41,'facture',NULL),(49,5,'commande',3,'shipping',NULL),(50,3,'shipping',42,'facture',NULL),(51,5,'commande',42,'facture',NULL),(52,4,'order_supplier',3,'invoice_supplier',NULL),(53,5,'commande',4,'shipping',NULL),(55,6,'commande',44,'facture',NULL),(56,6,'order_supplier',5,'invoice_supplier',NULL),(57,7,'commande',5,'shipping',NULL),(58,7,'commande',45,'facture',NULL),(60,8,'commande',6,'shipping',NULL),(61,9,'commande',7,'shipping',NULL),(62,9,'commande',8,'shipping',NULL),(63,9,'commande',46,'facture',NULL),(64,9,'commande',47,'facture',NULL),(65,46,'facture',47,'facture',NULL),(66,9,'commande',48,'facture',NULL),(67,46,'facture',48,'facture',NULL),(68,47,'facture',48,'facture',NULL),(69,1,'supplier_proposal',8,'order_supplier',NULL),(70,7,'supplier_proposal',9,'order_supplier',NULL),(71,9,'order_supplier',6,'invoice_supplier',NULL),(73,11,'commande',49,'facture',NULL),(74,11,'commande',50,'facture',NULL),(75,49,'facture',50,'facture',NULL),(76,11,'commande',51,'facture',NULL),(77,49,'facture',51,'facture',NULL),(78,50,'facture',51,'facture',NULL),(79,12,'commande',9,'shipping',NULL),(83,13,'commande',52,'facture',NULL),(84,13,'commande',53,'facture',NULL),(85,52,'facture',53,'facture',NULL),(86,13,'commande',54,'facture',NULL),(87,52,'facture',54,'facture',NULL),(88,53,'facture',54,'facture',NULL),(89,28,'propal',55,'facture',NULL),(90,30,'propal',14,'commande',NULL),(91,14,'commande',10,'shipping',NULL),(92,10,'shipping',56,'facture',NULL),(93,14,'commande',56,'facture',NULL),(94,32,'propal',15,'commande',NULL),(95,15,'commande',57,'facture',NULL),(96,15,'commande',58,'facture',NULL),(97,16,'commande',11,'shipping',NULL),(98,16,'commande',12,'shipping',NULL),(99,1,'commande',13,'shipping',NULL),(100,3,'contrat',61,'facture',NULL),(101,36,'propal',66,'facture',NULL),(102,33,'propal',68,'facture',NULL),(103,19,'commande',14,'shipping',NULL),(104,19,'commande',15,'shipping',NULL),(105,19,'commande',16,'shipping',NULL),(106,12,'commande',17,'shipping',NULL),(107,12,'commande',18,'shipping',NULL),(108,24,'commande',19,'shipping',NULL),(109,19,'shipping',70,'facture',NULL),(110,24,'commande',70,'facture',NULL),(111,27,'commande',20,'shipping',NULL),(112,29,'commande',21,'shipping',NULL),(113,36,'commande',22,'shipping',NULL);

--
-- Table structure for table `t1zhf_element_resources`
--

CREATE TABLE `t1zhf_element_resources` (
  `rowid` int NOT NULL AUTO_INCREMENT,
  `element_id` int DEFAULT NULL,
  `element_type` varchar(64) COLLATE utf8mb3_unicode_ci DEFAULT NULL,
  `resource_id` int DEFAULT NULL,
  `resource_type` varchar(64) COLLATE utf8mb3_unicode_ci DEFAULT NULL,
  `busy` int DEFAULT NULL,
  `mandatory` int DEFAULT NULL,
  `duree` double DEFAULT NULL,
  `fk_user_create` int DEFAULT NULL,
  `tms` timestamp NOT NULL DEFAULT CURRENT_TIMESTAMP ON UPDATE CURRENT_TIMESTAMP,
  PRIMARY KEY (`rowid`),
  UNIQUE KEY `idx_element_resources_idx1` (`resource_id`,`resource_type`,`element_id`,`element_type`),
  KEY `idx_element_element_element_id` (`element_id`)
) ENGINE=InnoDB DEFAULT CHARSET=utf8mb3 COLLATE=utf8mb3_unicode_ci;

--
-- Dumping data for table `t1zhf_element_resources`
--


--
-- Table structure for table `t1zhf_element_tag`
--

CREATE TABLE `t1zhf_element_tag` (
  `rowid` int NOT NULL AUTO_INCREMENT,
  `fk_categorie` int NOT NULL,
  `fk_element` int NOT NULL,
  `import_key` varchar(14) DEFAULT NULL,
  PRIMARY KEY (`rowid`),
  UNIQUE KEY `idx_element_tag_uk` (`fk_categorie`,`fk_element`),
  CONSTRAINT `fk_element_tag_categorie_rowid` FOREIGN KEY (`fk_categorie`) REFERENCES `t1zhf_categorie` (`rowid`) ON DELETE RESTRICT ON UPDATE RESTRICT
) ENGINE=InnoDB DEFAULT CHARSET=latin1;

--
-- Dumping data for table `t1zhf_element_tag`
--


--
-- Table structure for table `t1zhf_element_time`
--

CREATE TABLE `t1zhf_element_time` (
  `rowid` int NOT NULL AUTO_INCREMENT,
  `fk_element` int NOT NULL,
  `elementtype` varchar(32) COLLATE utf8mb3_unicode_ci NOT NULL DEFAULT 'task',
  `element_date` date DEFAULT NULL,
  `element_datehour` datetime DEFAULT NULL,
  `element_date_withhour` int DEFAULT NULL,
  `element_duration` double DEFAULT NULL,
  `fk_user` int DEFAULT NULL,
  `thm` double(24,8) DEFAULT NULL,
  `invoice_id` int DEFAULT NULL,
  `invoice_line_id` int DEFAULT NULL,
  `import_key` varchar(14) COLLATE utf8mb3_unicode_ci DEFAULT NULL,
  `datec` datetime DEFAULT NULL,
  `tms` timestamp NULL DEFAULT CURRENT_TIMESTAMP ON UPDATE CURRENT_TIMESTAMP,
  `note` text COLLATE utf8mb3_unicode_ci,
  `intervention_id` int DEFAULT NULL,
  `intervention_line_id` int DEFAULT NULL,
  `fk_product` int DEFAULT NULL,
  `ref_ext` varchar(32) COLLATE utf8mb3_unicode_ci DEFAULT NULL,
  PRIMARY KEY (`rowid`),
  KEY `idx_element_time_task` (`fk_element`),
  KEY `idx_element_time_date` (`element_date`),
  KEY `idx_element_time_datehour` (`element_datehour`)
) ENGINE=InnoDB AUTO_INCREMENT=23 DEFAULT CHARSET=utf8mb3 COLLATE=utf8mb3_unicode_ci;

--
-- Dumping data for table `t1zhf_element_time`
--

INSERT INTO `t1zhf_element_time` VALUES (1,1,'task','2019-02-28','2019-02-28 09:00:00',1,7200,1,NULL,NULL,NULL,NULL,NULL,'2019-02-28 10:46:52','',NULL,NULL,NULL,NULL),(2,3,'task','2021-05-25','2021-05-25 08:00:00',1,14400,1,NULL,NULL,NULL,NULL,NULL,'2021-05-25 13:12:33','',NULL,NULL,NULL,NULL),(3,4,'task','2021-05-26','2021-05-26 07:00:00',1,7200,1,NULL,NULL,NULL,NULL,NULL,'2021-05-26 15:17:43','',NULL,NULL,NULL,NULL),(7,5,'task','2021-07-16','2021-07-16 12:00:00',0,18000,1,56.00000000,NULL,NULL,NULL,NULL,'2021-07-16 13:30:34','',NULL,NULL,NULL,NULL),(8,5,'task','2021-07-16','2021-07-16 12:00:00',0,14400,2,56.00000000,NULL,NULL,NULL,NULL,'2021-07-16 13:30:51','',NULL,NULL,NULL,NULL),(9,5,'task','2021-07-16','2021-07-16 12:00:00',0,18000,3,50.00000000,NULL,NULL,NULL,NULL,'2021-07-16 13:31:10','',NULL,NULL,NULL,NULL),(10,6,'task','2021-07-12','2021-07-12 00:00:00',0,3600,1,56.00000000,NULL,NULL,NULL,NULL,'2021-07-16 14:17:55','',NULL,NULL,NULL,NULL),(11,6,'task','2021-07-13','2021-07-13 00:00:00',0,3600,1,56.00000000,NULL,NULL,NULL,NULL,'2021-07-16 14:17:55','',NULL,NULL,NULL,NULL),(12,6,'task','2021-07-15','2021-07-15 00:00:00',0,3600,1,56.00000000,NULL,NULL,NULL,NULL,'2021-07-16 14:17:55','',NULL,NULL,NULL,NULL),(13,6,'task','2021-07-16','2021-07-16 00:00:00',0,3600,1,56.00000000,NULL,NULL,NULL,NULL,'2021-07-16 14:17:55','',NULL,NULL,NULL,NULL),(14,6,'task','2021-07-18','2021-07-18 00:00:00',0,3600,1,56.00000000,NULL,NULL,NULL,NULL,'2021-07-16 14:17:55','',NULL,NULL,NULL,NULL),(15,6,'task','2021-07-19','2021-07-19 12:00:00',0,7200,2,56.00000000,NULL,NULL,NULL,NULL,'2021-07-19 13:52:03','',NULL,NULL,NULL,NULL),(16,6,'task','2021-07-19','2021-07-19 12:00:00',0,3600,4,50.00000000,NULL,NULL,NULL,NULL,'2021-07-19 13:56:33','',NULL,NULL,NULL,NULL),(17,6,'task','2021-07-19','2021-07-19 00:00:00',0,1800,2,56.00000000,NULL,NULL,NULL,NULL,'2021-07-19 13:58:36','',NULL,NULL,NULL,NULL),(18,6,'task','2021-07-20','2021-07-20 00:00:00',0,2700,2,56.00000000,NULL,NULL,NULL,NULL,'2021-07-19 13:58:36','',NULL,NULL,NULL,NULL),(19,7,'task','2022-02-16','2022-02-16 08:00:00',1,7200,4,50.00000000,NULL,NULL,NULL,NULL,'2022-02-18 18:24:17','',NULL,NULL,NULL,NULL),(21,8,'task','2022-02-17','2022-02-17 12:00:00',0,10800,4,50.00000000,NULL,NULL,NULL,NULL,'2022-02-18 18:25:04','',NULL,NULL,NULL,NULL),(22,9,'task','2022-02-18','2022-02-18 12:00:00',0,18000,4,50.00000000,NULL,NULL,NULL,NULL,'2022-02-18 18:25:25','',NULL,NULL,NULL,NULL);

--
-- Table structure for table `t1zhf_emailcollector_emailcollector`
--

CREATE TABLE `t1zhf_emailcollector_emailcollector` (
  `rowid` int NOT NULL AUTO_INCREMENT,
  `entity` int NOT NULL DEFAULT '1',
  `ref` varchar(128) COLLATE utf8mb3_unicode_ci NOT NULL,
  `label` varchar(255) COLLATE utf8mb3_unicode_ci DEFAULT NULL,
  `description` mediumtext COLLATE utf8mb3_unicode_ci,
  `host` varchar(255) COLLATE utf8mb3_unicode_ci DEFAULT NULL,
  `login` varchar(128) COLLATE utf8mb3_unicode_ci DEFAULT NULL,
  `password` varchar(128) COLLATE utf8mb3_unicode_ci DEFAULT NULL,
  `source_directory` varchar(255) COLLATE utf8mb3_unicode_ci NOT NULL,
  `target_directory` varchar(255) COLLATE utf8mb3_unicode_ci DEFAULT NULL,
  `datelastresult` datetime DEFAULT NULL,
  `codelastresult` varchar(16) COLLATE utf8mb3_unicode_ci DEFAULT NULL,
  `lastresult` text COLLATE utf8mb3_unicode_ci,
  `note_public` mediumtext COLLATE utf8mb3_unicode_ci,
  `note_private` mediumtext COLLATE utf8mb3_unicode_ci,
  `date_creation` datetime NOT NULL,
  `tms` timestamp NULL DEFAULT CURRENT_TIMESTAMP ON UPDATE CURRENT_TIMESTAMP,
  `fk_user_creat` int NOT NULL,
  `fk_user_modif` int DEFAULT NULL,
  `import_key` varchar(14) COLLATE utf8mb3_unicode_ci DEFAULT NULL,
  `status` int NOT NULL,
  `datelastok` datetime DEFAULT NULL,
  `maxemailpercollect` int DEFAULT '100',
  `hostcharset` varchar(16) COLLATE utf8mb3_unicode_ci DEFAULT 'UTF-8',
  `imap_encryption` varchar(16) COLLATE utf8mb3_unicode_ci DEFAULT 'ssl',
  `norsh` int DEFAULT '0',
  `position` int NOT NULL DEFAULT '0',
  `port` varchar(10) COLLATE utf8mb3_unicode_ci DEFAULT '993',
  `acces_type` int DEFAULT '0',
  `oauth_service` varchar(128) COLLATE utf8mb3_unicode_ci DEFAULT NULL,
  PRIMARY KEY (`rowid`),
  UNIQUE KEY `uk_emailcollector_emailcollector_ref` (`ref`,`entity`),
  KEY `idx_emailcollector_entity` (`entity`),
  KEY `idx_emailcollector_status` (`status`)
) ENGINE=InnoDB DEFAULT CHARSET=utf8mb3 COLLATE=utf8mb3_unicode_ci;

--
-- Dumping data for table `t1zhf_emailcollector_emailcollector`
--


--
-- Table structure for table `t1zhf_emailcollector_emailcollectoraction`
--

CREATE TABLE `t1zhf_emailcollector_emailcollectoraction` (
  `rowid` int NOT NULL AUTO_INCREMENT,
  `fk_emailcollector` int NOT NULL,
  `type` varchar(128) COLLATE utf8mb3_unicode_ci NOT NULL,
  `actionparam` text COLLATE utf8mb3_unicode_ci,
  `date_creation` datetime NOT NULL,
  `tms` timestamp NOT NULL,
  `fk_user_creat` int NOT NULL,
  `fk_user_modif` int DEFAULT NULL,
  `position` int DEFAULT '0',
  `import_key` varchar(14) COLLATE utf8mb3_unicode_ci DEFAULT NULL,
  `status` int NOT NULL,
  PRIMARY KEY (`rowid`),
  UNIQUE KEY `uk_emailcollector_emailcollectoraction` (`fk_emailcollector`,`type`),
  KEY `idx_emailcollector_fk_emailcollector` (`fk_emailcollector`),
  CONSTRAINT `fk_emailcollectoraction_fk_emailcollector` FOREIGN KEY (`fk_emailcollector`) REFERENCES `t1zhf_emailcollector_emailcollector` (`rowid`) ON DELETE RESTRICT ON UPDATE RESTRICT
) ENGINE=InnoDB DEFAULT CHARSET=utf8mb3 COLLATE=utf8mb3_unicode_ci;

--
-- Dumping data for table `t1zhf_emailcollector_emailcollectoraction`
--


--
-- Table structure for table `t1zhf_emailcollector_emailcollectorfilter`
--

CREATE TABLE `t1zhf_emailcollector_emailcollectorfilter` (
  `rowid` int NOT NULL AUTO_INCREMENT,
  `fk_emailcollector` int NOT NULL,
  `type` varchar(128) COLLATE utf8mb3_unicode_ci NOT NULL,
  `rulevalue` varchar(255) COLLATE utf8mb3_unicode_ci DEFAULT NULL,
  `date_creation` datetime NOT NULL,
  `tms` timestamp NOT NULL,
  `fk_user_creat` int NOT NULL,
  `fk_user_modif` int DEFAULT NULL,
  `import_key` varchar(14) COLLATE utf8mb3_unicode_ci DEFAULT NULL,
  `status` int NOT NULL,
  PRIMARY KEY (`rowid`),
  UNIQUE KEY `uk_emailcollector_emailcollectorfilter` (`fk_emailcollector`,`type`,`rulevalue`),
  KEY `idx_emailcollector_fk_emailcollector` (`fk_emailcollector`),
  CONSTRAINT `fk_emailcollectorfilter_fk_emailcollector` FOREIGN KEY (`fk_emailcollector`) REFERENCES `t1zhf_emailcollector_emailcollector` (`rowid`) ON DELETE RESTRICT ON UPDATE RESTRICT
) ENGINE=InnoDB DEFAULT CHARSET=utf8mb3 COLLATE=utf8mb3_unicode_ci;

--
-- Dumping data for table `t1zhf_emailcollector_emailcollectorfilter`
--


--
-- Table structure for table `t1zhf_entrepot`
--

CREATE TABLE `t1zhf_entrepot` (
  `rowid` int NOT NULL AUTO_INCREMENT,
  `ref` varchar(255) COLLATE utf8mb3_unicode_ci NOT NULL,
  `datec` datetime DEFAULT NULL,
  `tms` timestamp NOT NULL DEFAULT CURRENT_TIMESTAMP ON UPDATE CURRENT_TIMESTAMP,
  `entity` int NOT NULL DEFAULT '1',
  `fk_project` int DEFAULT NULL,
  `description` text COLLATE utf8mb3_unicode_ci,
  `lieu` varchar(64) COLLATE utf8mb3_unicode_ci DEFAULT NULL,
  `address` varchar(255) COLLATE utf8mb3_unicode_ci DEFAULT NULL,
  `zip` varchar(10) COLLATE utf8mb3_unicode_ci DEFAULT NULL,
  `town` varchar(50) COLLATE utf8mb3_unicode_ci DEFAULT NULL,
  `fk_departement` int DEFAULT NULL,
  `fk_pays` int DEFAULT '0',
  `statut` tinyint DEFAULT '1',
  `fk_user_author` int DEFAULT NULL,
  `model_pdf` varchar(255) COLLATE utf8mb3_unicode_ci DEFAULT NULL,
  `import_key` varchar(14) COLLATE utf8mb3_unicode_ci DEFAULT NULL,
  `fk_parent` int DEFAULT '0',
  `fax` varchar(20) COLLATE utf8mb3_unicode_ci DEFAULT NULL,
  `phone` varchar(20) COLLATE utf8mb3_unicode_ci DEFAULT NULL,
  `warehouse_usage` int DEFAULT '1',
  `barcode` varchar(180) COLLATE utf8mb3_unicode_ci DEFAULT NULL,
  `fk_barcode_type` int DEFAULT NULL,
  PRIMARY KEY (`rowid`),
  UNIQUE KEY `uk_entrepot_label` (`ref`,`entity`)
) ENGINE=InnoDB AUTO_INCREMENT=2 DEFAULT CHARSET=utf8mb3 COLLATE=utf8mb3_unicode_ci;

--
-- Dumping data for table `t1zhf_entrepot`
--

INSERT INTO `t1zhf_entrepot` VALUES (1,'la verrie','2019-06-24 09:56:55','2019-06-24 07:56:55',1,NULL,'','','','','',NULL,1,1,1,NULL,NULL,NULL,NULL,NULL,1,NULL,NULL);

--
-- Table structure for table `t1zhf_entrepot_extrafields`
--

CREATE TABLE `t1zhf_entrepot_extrafields` (
  `rowid` int NOT NULL AUTO_INCREMENT,
  `tms` timestamp NULL DEFAULT NULL,
  `fk_object` int NOT NULL,
  `import_key` varchar(14) COLLATE utf8mb3_unicode_ci DEFAULT NULL,
  PRIMARY KEY (`rowid`),
  UNIQUE KEY `uk_entrepot_extrafields` (`fk_object`)
) ENGINE=InnoDB DEFAULT CHARSET=utf8mb3 COLLATE=utf8mb3_unicode_ci;

--
-- Dumping data for table `t1zhf_entrepot_extrafields`
--


--
-- Table structure for table `t1zhf_establishment`
--

CREATE TABLE `t1zhf_establishment` (
  `rowid` int NOT NULL AUTO_INCREMENT,
  `entity` int NOT NULL DEFAULT '1',
  `name` varchar(50) COLLATE utf8mb3_unicode_ci DEFAULT NULL,
  `address` varchar(255) COLLATE utf8mb3_unicode_ci DEFAULT NULL,
  `zip` varchar(25) COLLATE utf8mb3_unicode_ci DEFAULT NULL,
  `town` varchar(50) COLLATE utf8mb3_unicode_ci DEFAULT NULL,
  `fk_state` int DEFAULT '0',
  `fk_country` int DEFAULT '0',
  `profid1` varchar(20) COLLATE utf8mb3_unicode_ci DEFAULT NULL,
  `profid2` varchar(20) COLLATE utf8mb3_unicode_ci DEFAULT NULL,
  `profid3` varchar(20) COLLATE utf8mb3_unicode_ci DEFAULT NULL,
  `phone` varchar(20) COLLATE utf8mb3_unicode_ci DEFAULT NULL,
  `fk_user_author` int NOT NULL,
  `fk_user_mod` int DEFAULT NULL,
  `datec` datetime NOT NULL,
  `tms` timestamp NOT NULL DEFAULT CURRENT_TIMESTAMP ON UPDATE CURRENT_TIMESTAMP,
  `status` tinyint DEFAULT '1',
  `ref` varchar(30) COLLATE utf8mb3_unicode_ci NOT NULL,
  `label` varchar(128) COLLATE utf8mb3_unicode_ci DEFAULT NULL,
  PRIMARY KEY (`rowid`)
) ENGINE=InnoDB DEFAULT CHARSET=utf8mb3 COLLATE=utf8mb3_unicode_ci;

--
-- Dumping data for table `t1zhf_establishment`
--


--
-- Table structure for table `t1zhf_event_element`
--

CREATE TABLE `t1zhf_event_element` (
  `rowid` int NOT NULL AUTO_INCREMENT,
  `fk_source` int NOT NULL,
  `fk_target` int NOT NULL,
  `targettype` varchar(32) COLLATE utf8mb3_unicode_ci NOT NULL,
  PRIMARY KEY (`rowid`)
) ENGINE=InnoDB DEFAULT CHARSET=utf8mb3 COLLATE=utf8mb3_unicode_ci;

--
-- Dumping data for table `t1zhf_event_element`
--


--
-- Table structure for table `t1zhf_eventorganization_conferenceorboothattendee`
--

CREATE TABLE `t1zhf_eventorganization_conferenceorboothattendee` (
  `rowid` int NOT NULL AUTO_INCREMENT,
  `ref` varchar(128) NOT NULL,
  `fk_soc` int DEFAULT NULL,
  `fk_actioncomm` int DEFAULT NULL,
  `fk_project` int NOT NULL,
  `fk_invoice` int DEFAULT NULL,
  `email` varchar(100) DEFAULT NULL,
  `email_company` varchar(128) DEFAULT NULL,
  `date_subscription` datetime DEFAULT NULL,
  `amount` double DEFAULT NULL,
  `note_public` text,
  `note_private` text,
  `date_creation` datetime NOT NULL,
  `tms` timestamp NULL DEFAULT CURRENT_TIMESTAMP ON UPDATE CURRENT_TIMESTAMP,
  `fk_user_creat` int DEFAULT NULL,
  `fk_user_modif` int DEFAULT NULL,
  `last_main_doc` varchar(255) DEFAULT NULL,
  `import_key` varchar(14) DEFAULT NULL,
  `model_pdf` varchar(255) DEFAULT NULL,
  `status` smallint NOT NULL,
  `firstname` varchar(100) DEFAULT NULL,
  `lastname` varchar(100) DEFAULT NULL,
  `ip` varchar(250) DEFAULT NULL,
  PRIMARY KEY (`rowid`),
  UNIQUE KEY `uk_eventorganization_conferenceorboothattendee` (`fk_project`,`email`,`fk_actioncomm`),
  KEY `idx_eventorganization_conferenceorboothattendee_rowid` (`rowid`),
  KEY `idx_eventorganization_conferenceorboothattendee_ref` (`ref`),
  KEY `idx_eventorganization_conferenceorboothattendee_fk_soc` (`fk_soc`),
  KEY `idx_eventorganization_conferenceorboothattendee_fk_actioncomm` (`fk_actioncomm`),
  KEY `idx_eventorganization_conferenceorboothattendee_email` (`email`),
  KEY `idx_eventorganization_conferenceorboothattendee_status` (`status`)
) ENGINE=InnoDB DEFAULT CHARSET=latin1;

--
-- Dumping data for table `t1zhf_eventorganization_conferenceorboothattendee`
--


--
-- Table structure for table `t1zhf_eventorganization_conferenceorboothattendee_extrafields`
--

CREATE TABLE `t1zhf_eventorganization_conferenceorboothattendee_extrafields` (
  `rowid` int NOT NULL AUTO_INCREMENT,
  `tms` timestamp NULL DEFAULT CURRENT_TIMESTAMP ON UPDATE CURRENT_TIMESTAMP,
  `fk_object` int NOT NULL,
  `import_key` varchar(14) DEFAULT NULL,
  PRIMARY KEY (`rowid`),
  UNIQUE KEY `uk_conferenceorboothattendee_fk_object` (`fk_object`)
) ENGINE=InnoDB DEFAULT CHARSET=latin1;

--
-- Dumping data for table `t1zhf_eventorganization_conferenceorboothattendee_extrafields`
--


--
-- Table structure for table `t1zhf_events`
--

CREATE TABLE `t1zhf_events` (
  `rowid` int NOT NULL AUTO_INCREMENT,
  `tms` timestamp NOT NULL DEFAULT CURRENT_TIMESTAMP ON UPDATE CURRENT_TIMESTAMP,
  `type` varchar(32) COLLATE utf8mb3_unicode_ci NOT NULL,
  `entity` int NOT NULL DEFAULT '1',
  `dateevent` datetime DEFAULT NULL,
  `fk_user` int DEFAULT NULL,
  `description` varchar(250) COLLATE utf8mb3_unicode_ci NOT NULL,
  `ip` varchar(250) COLLATE utf8mb3_unicode_ci NOT NULL,
  `user_agent` varchar(255) COLLATE utf8mb3_unicode_ci DEFAULT NULL,
  `fk_object` int DEFAULT NULL,
  `prefix_session` varchar(255) COLLATE utf8mb3_unicode_ci DEFAULT NULL,
  `authentication_method` varchar(64) COLLATE utf8mb3_unicode_ci DEFAULT NULL,
  `fk_oauth_token` int DEFAULT NULL,
  PRIMARY KEY (`rowid`),
  KEY `idx_events_dateevent` (`dateevent`)
) ENGINE=InnoDB DEFAULT CHARSET=utf8mb3 COLLATE=utf8mb3_unicode_ci;

--
-- Dumping data for table `t1zhf_events`
--


--
-- Table structure for table `t1zhf_expedition`
--

CREATE TABLE `t1zhf_expedition` (
  `rowid` int NOT NULL AUTO_INCREMENT,
  `tms` timestamp NOT NULL DEFAULT CURRENT_TIMESTAMP ON UPDATE CURRENT_TIMESTAMP,
  `ref` varchar(30) COLLATE utf8mb3_unicode_ci NOT NULL,
  `entity` int NOT NULL DEFAULT '1',
  `fk_soc` int NOT NULL,
  `fk_projet` int DEFAULT NULL,
  `ref_ext` varchar(255) COLLATE utf8mb3_unicode_ci DEFAULT NULL,
  `ref_int` varchar(255) COLLATE utf8mb3_unicode_ci DEFAULT NULL,
  `ref_customer` varchar(255) COLLATE utf8mb3_unicode_ci DEFAULT NULL,
  `date_creation` datetime DEFAULT NULL,
  `fk_user_author` int DEFAULT NULL,
  `fk_user_modif` int DEFAULT NULL,
  `date_valid` datetime DEFAULT NULL,
  `fk_user_valid` int DEFAULT NULL,
  `date_delivery` datetime DEFAULT NULL,
  `date_expedition` datetime DEFAULT NULL,
  `fk_address` int DEFAULT NULL,
  `fk_shipping_method` int DEFAULT NULL,
  `tracking_number` varchar(50) COLLATE utf8mb3_unicode_ci DEFAULT NULL,
  `fk_statut` smallint DEFAULT '0',
  `billed` smallint DEFAULT '0',
  `signed_status` smallint DEFAULT NULL,
  `height` float DEFAULT NULL,
  `width` float DEFAULT NULL,
  `size_units` int DEFAULT NULL,
  `size` float DEFAULT NULL,
  `weight_units` int DEFAULT NULL,
  `weight` float DEFAULT NULL,
  `note_private` text COLLATE utf8mb3_unicode_ci,
  `note_public` text COLLATE utf8mb3_unicode_ci,
  `model_pdf` varchar(255) COLLATE utf8mb3_unicode_ci DEFAULT NULL,
  `last_main_doc` varchar(255) COLLATE utf8mb3_unicode_ci DEFAULT NULL,
  `fk_incoterms` int DEFAULT NULL,
  `location_incoterms` varchar(255) COLLATE utf8mb3_unicode_ci DEFAULT NULL,
  `import_key` varchar(14) COLLATE utf8mb3_unicode_ci DEFAULT NULL,
  `extraparams` varchar(255) COLLATE utf8mb3_unicode_ci DEFAULT NULL,
  `online_sign_ip` varchar(48) COLLATE utf8mb3_unicode_ci DEFAULT NULL,
  `online_sign_name` varchar(64) COLLATE utf8mb3_unicode_ci DEFAULT NULL,
  PRIMARY KEY (`rowid`),
  UNIQUE KEY `idx_expedition_uk_ref` (`ref`,`entity`),
  KEY `idx_expedition_fk_soc` (`fk_soc`),
  KEY `idx_expedition_fk_user_author` (`fk_user_author`),
  KEY `idx_expedition_fk_user_valid` (`fk_user_valid`),
  KEY `idx_expedition_fk_shipping_method` (`fk_shipping_method`),
  CONSTRAINT `fk_expedition_fk_shipping_method` FOREIGN KEY (`fk_shipping_method`) REFERENCES `t1zhf_c_shipment_mode` (`rowid`) ON DELETE RESTRICT ON UPDATE RESTRICT,
  CONSTRAINT `fk_expedition_fk_soc` FOREIGN KEY (`fk_soc`) REFERENCES `t1zhf_societe` (`rowid`) ON DELETE RESTRICT ON UPDATE RESTRICT,
  CONSTRAINT `fk_expedition_fk_user_author` FOREIGN KEY (`fk_user_author`) REFERENCES `t1zhf_user` (`rowid`) ON DELETE RESTRICT ON UPDATE RESTRICT,
  CONSTRAINT `fk_expedition_fk_user_valid` FOREIGN KEY (`fk_user_valid`) REFERENCES `t1zhf_user` (`rowid`) ON DELETE RESTRICT ON UPDATE RESTRICT
) ENGINE=InnoDB AUTO_INCREMENT=23 DEFAULT CHARSET=utf8mb3 COLLATE=utf8mb3_unicode_ci;

--
-- Dumping data for table `t1zhf_expedition`
--

INSERT INTO `t1zhf_expedition` VALUES (1,'2019-12-09 10:22:05','SH1912-0001',1,4,8,NULL,NULL,'hj;khjkhjk','2019-12-09 11:21:38',1,NULL,'2019-12-09 11:22:05',1,'2019-12-24 00:00:00',NULL,NULL,2,'',1,0,NULL,NULL,NULL,0,NULL,0,NULL,NULL,NULL,'rouget',NULL,0,'',NULL,NULL,NULL,NULL),(2,'2020-01-14 14:13:08','SH2001-0002',1,1,0,NULL,NULL,'13112019','2020-01-14 15:12:42',1,NULL,'2020-01-14 15:13:08',1,'2020-01-31 00:00:00',NULL,NULL,NULL,'',1,0,NULL,NULL,NULL,0,NULL,0,NULL,NULL,NULL,'rouget',NULL,0,'',NULL,NULL,NULL,NULL),(3,'2020-11-02 11:25:34','SH2011-0003',1,1,0,NULL,NULL,NULL,'2020-11-02 12:25:28',1,NULL,'2020-11-02 12:25:34',1,NULL,NULL,NULL,NULL,'',1,0,NULL,NULL,NULL,0,NULL,0,NULL,NULL,NULL,NULL,NULL,0,'',NULL,NULL,NULL,NULL),(4,'2020-11-02 11:34:56','SH2011-0004',1,1,0,NULL,NULL,NULL,'2020-11-02 12:34:43',1,NULL,'2020-11-02 12:34:56',1,NULL,NULL,NULL,NULL,'',1,0,NULL,NULL,NULL,0,NULL,0,NULL,NULL,NULL,NULL,NULL,0,'',NULL,NULL,NULL,NULL),(5,'2021-03-24 10:46:35','SH2103-0005',1,1,0,NULL,NULL,'123456789','2021-03-24 11:44:42',1,NULL,'2021-03-24 11:45:09',1,'2021-03-31 00:00:00',NULL,NULL,2,'',1,0,NULL,NULL,NULL,0,NULL,0,NULL,'hjgh<br />\r\nghjjg','ghjghjgh<br />\r\nghjghjghjgh<br />\r\nghjghjghjghjg','rouget',NULL,0,'',NULL,NULL,NULL,NULL),(6,'2021-05-25 13:51:44','SH2105-0006',1,2,10,NULL,NULL,'123456','2021-05-25 15:51:37',1,NULL,'2021-05-25 15:51:44',1,'2021-12-31 00:00:00',NULL,NULL,NULL,'',1,0,NULL,NULL,NULL,0,NULL,0,NULL,NULL,'REPARATION',NULL,NULL,0,'',NULL,NULL,NULL,NULL),(7,'2021-05-25 13:55:54','SH2105-0007',1,2,10,NULL,NULL,NULL,'2021-05-25 15:55:49',1,NULL,'2021-05-25 15:55:54',1,'2021-12-31 00:00:00',NULL,NULL,NULL,'',1,0,NULL,NULL,NULL,0,NULL,0,NULL,NULL,'REPARATION',NULL,NULL,0,'',NULL,NULL,NULL,NULL),(8,'2021-05-25 13:56:26','SH2105-0008',1,2,10,NULL,NULL,NULL,'2021-05-25 15:56:22',1,NULL,'2021-05-25 15:56:26',1,'2021-12-31 00:00:00',NULL,NULL,NULL,'',1,0,NULL,NULL,NULL,0,NULL,0,NULL,NULL,'REPARATION',NULL,NULL,0,'',NULL,NULL,NULL,NULL),(9,'2021-05-26 14:33:03','SH2105-0009',1,10,0,NULL,NULL,NULL,'2021-05-26 16:32:58',1,NULL,'2021-05-26 16:33:03',1,NULL,NULL,NULL,NULL,'',1,0,NULL,NULL,NULL,0,NULL,0,NULL,NULL,NULL,NULL,NULL,0,'',NULL,NULL,NULL,NULL),(10,'2021-10-19 13:54:25','SH2110-0010',1,4,0,NULL,NULL,NULL,'2021-10-19 15:54:16',1,NULL,'2021-10-19 15:54:25',1,NULL,NULL,NULL,NULL,'',1,0,NULL,NULL,NULL,0,NULL,0,NULL,NULL,NULL,NULL,NULL,0,'',NULL,NULL,NULL,NULL),(11,'2023-04-25 09:32:49','SH2304-0011',1,3,0,NULL,NULL,NULL,'2023-04-25 11:32:39',1,NULL,'2023-04-25 11:32:49',1,'2023-04-29 08:00:00',NULL,NULL,2,'',1,0,NULL,NULL,NULL,0,NULL,0,NULL,NULL,NULL,NULL,NULL,0,'',NULL,NULL,NULL,NULL),(12,'2023-05-30 16:35:01','SH2305-0012',1,3,NULL,NULL,NULL,NULL,'2023-05-30 18:34:56',1,NULL,'2023-05-30 18:35:01',1,'2023-04-29 08:00:00',NULL,NULL,2,'',1,0,NULL,NULL,NULL,0,NULL,0,NULL,NULL,NULL,NULL,'expedition/sending/SH2305-0012/SH2305-0012.pdf',0,'',NULL,NULL,NULL,NULL),(13,'2023-05-30 16:43:08','SH2305-0013',1,1,NULL,NULL,NULL,NULL,'2023-05-30 18:42:56',1,NULL,'2023-05-30 18:43:02',1,'2019-05-02 00:00:00',NULL,NULL,NULL,'',2,0,NULL,NULL,NULL,0,NULL,0,NULL,NULL,NULL,NULL,'expedition/sending/SH2305-0013/SH2305-0013.pdf',0,'',NULL,NULL,NULL,NULL),(14,'2024-09-18 09:43:59','(PROV14)',1,13,NULL,NULL,NULL,NULL,'2024-09-18 11:43:59',1,NULL,NULL,NULL,'2023-05-17 00:00:00',NULL,NULL,NULL,'',0,0,NULL,NULL,NULL,0,NULL,0,NULL,NULL,NULL,'rouget',NULL,0,'',NULL,NULL,NULL,NULL),(15,'2024-09-18 09:45:21','SH2409-0014',1,13,NULL,NULL,NULL,NULL,'2024-09-18 11:45:15',1,NULL,'2024-09-18 11:45:21',1,'2023-05-17 00:00:00',NULL,NULL,NULL,'',1,0,NULL,NULL,NULL,0,NULL,0,NULL,NULL,NULL,'rouget','expedition/sending/SH2409-0014/SH2409-0014.pdf',0,'',NULL,NULL,NULL,NULL),(16,'2024-09-18 09:55:51','(PROV16)',1,13,16,NULL,NULL,NULL,'2024-09-18 11:55:51',1,NULL,NULL,NULL,'2023-05-17 00:00:00',NULL,NULL,NULL,'',0,0,NULL,NULL,NULL,0,NULL,0,NULL,NULL,NULL,'rouget',NULL,0,'',NULL,NULL,NULL,NULL),(17,'2024-09-18 09:58:49','(PROV17)',1,10,NULL,NULL,NULL,NULL,'2024-09-18 11:58:49',1,NULL,NULL,NULL,NULL,NULL,NULL,NULL,'',0,0,NULL,NULL,NULL,0,NULL,0,NULL,NULL,NULL,'rouget',NULL,0,'',NULL,NULL,NULL,NULL),(18,'2024-09-18 10:00:52','SH2409-0015',1,10,3,NULL,NULL,NULL,'2024-09-18 12:00:28',1,NULL,'2024-09-18 12:00:52',1,NULL,NULL,NULL,NULL,'',1,0,NULL,NULL,NULL,0,NULL,0,NULL,NULL,NULL,'rouget','expedition/sending/SH2409-0015/SH2409-0015.pdf',0,'',NULL,NULL,NULL,NULL),(19,'2024-09-18 10:09:15','SH2409-0016',1,1,9,NULL,NULL,NULL,'2024-09-18 12:09:01',1,NULL,'2024-09-18 12:09:15',1,NULL,NULL,NULL,NULL,'',1,0,NULL,NULL,NULL,0,NULL,0,NULL,NULL,NULL,'rouget','expedition/sending/SH2409-0016/SH2409-0016.pdf',0,'',NULL,NULL,NULL,NULL),(20,'2024-09-18 16:44:16','SH2409-0017',1,7,NULL,NULL,NULL,NULL,'2024-09-18 18:44:10',1,NULL,'2024-09-18 18:44:16',1,NULL,NULL,NULL,NULL,'',1,0,NULL,NULL,NULL,0,NULL,0,NULL,NULL,NULL,'rouget','expedition/sending/SH2409-0017/SH2409-0017.pdf',0,'',NULL,NULL,NULL,NULL),(21,'2024-09-23 14:29:49','SH2409-0018',1,9,NULL,NULL,NULL,NULL,'2024-09-23 16:29:39',1,NULL,'2024-09-23 16:29:48',1,NULL,NULL,NULL,NULL,'',1,0,NULL,NULL,NULL,0,NULL,0,NULL,NULL,NULL,'rouget','expedition/sending/SH2409-0018/SH2409-0018.pdf',0,'',NULL,NULL,NULL,NULL),(22,'2024-09-23 17:15:33','SH2409-0019',1,3,24,NULL,NULL,NULL,'2024-09-23 19:15:29',1,NULL,'2024-09-23 19:15:33',1,NULL,NULL,NULL,NULL,'',1,0,NULL,NULL,NULL,0,NULL,0,NULL,NULL,NULL,'rouget','expedition/sending/SH2409-0019/SH2409-0019.pdf',0,'',NULL,NULL,NULL,NULL);

--
-- Table structure for table `t1zhf_expedition_extrafields`
--

CREATE TABLE `t1zhf_expedition_extrafields` (
  `rowid` int NOT NULL AUTO_INCREMENT,
  `tms` timestamp NOT NULL DEFAULT CURRENT_TIMESTAMP ON UPDATE CURRENT_TIMESTAMP,
  `fk_object` int NOT NULL,
  `import_key` varchar(14) COLLATE utf8mb3_unicode_ci DEFAULT NULL,
  PRIMARY KEY (`rowid`),
  UNIQUE KEY `uk_expedition_extrafields` (`fk_object`)
) ENGINE=InnoDB DEFAULT CHARSET=utf8mb3 COLLATE=utf8mb3_unicode_ci;

--
-- Dumping data for table `t1zhf_expedition_extrafields`
--


--
-- Table structure for table `t1zhf_expedition_package`
--

CREATE TABLE `t1zhf_expedition_package` (
  `rowid` int NOT NULL AUTO_INCREMENT,
  `fk_expedition` int NOT NULL,
  `description` varchar(255) COLLATE utf8mb3_unicode_ci DEFAULT NULL,
  `value` double(24,8) DEFAULT '0.00000000',
  `fk_parcel_type` int DEFAULT NULL,
  `height` float DEFAULT NULL,
  `width` float DEFAULT NULL,
  `size` float DEFAULT NULL,
  `size_units` int DEFAULT NULL,
  `weight` float DEFAULT NULL,
  `weight_units` int DEFAULT NULL,
  `dangerous_goods` smallint DEFAULT '0',
  `tail_lift` smallint DEFAULT '0',
  `rang` int DEFAULT '0',
  PRIMARY KEY (`rowid`)
) ENGINE=InnoDB DEFAULT CHARSET=utf8mb3 COLLATE=utf8mb3_unicode_ci;

--
-- Dumping data for table `t1zhf_expedition_package`
--


--
-- Table structure for table `t1zhf_expeditiondet`
--

CREATE TABLE `t1zhf_expeditiondet` (
  `rowid` int NOT NULL AUTO_INCREMENT,
  `fk_expedition` int NOT NULL,
  `fk_elementdet` int DEFAULT NULL,
  `fk_entrepot` int DEFAULT NULL,
  `qty` double DEFAULT NULL,
  `rang` int DEFAULT '0',
  `fk_product` int DEFAULT NULL,
  `fk_element` int DEFAULT NULL,
  `element_type` varchar(50) COLLATE utf8mb3_unicode_ci NOT NULL DEFAULT 'commande',
  PRIMARY KEY (`rowid`),
  KEY `idx_expeditiondet_fk_expedition` (`fk_expedition`),
  KEY `idx_expeditiondet_fk_elementdet` (`fk_elementdet`),
  CONSTRAINT `fk_expeditiondet_fk_expedition` FOREIGN KEY (`fk_expedition`) REFERENCES `t1zhf_expedition` (`rowid`) ON DELETE RESTRICT ON UPDATE RESTRICT
) ENGINE=InnoDB AUTO_INCREMENT=27 DEFAULT CHARSET=utf8mb3 COLLATE=utf8mb3_unicode_ci;

--
-- Dumping data for table `t1zhf_expeditiondet`
--

INSERT INTO `t1zhf_expeditiondet` VALUES (1,1,5,1,1,0,NULL,NULL,'commande'),(2,1,8,1,1,0,NULL,NULL,'commande'),(3,2,9,1,1500,0,NULL,NULL,'commande'),(4,3,17,1,5,1,NULL,NULL,'commande'),(5,3,18,1,15,2,NULL,NULL,'commande'),(6,3,19,1,15,3,NULL,NULL,'commande'),(7,4,17,1,5,1,NULL,NULL,'commande'),(8,4,18,1,5,2,NULL,NULL,'commande'),(9,4,19,1,15,3,NULL,NULL,'commande'),(10,5,22,1,5,1,NULL,NULL,'commande'),(11,6,24,NULL,1,1,NULL,NULL,'commande'),(12,7,25,NULL,3,1,NULL,NULL,'commande'),(13,8,25,NULL,2,1,NULL,NULL,'commande'),(14,9,30,NULL,1,2,NULL,NULL,'commande'),(15,9,31,NULL,1,3,NULL,NULL,'commande'),(16,10,44,NULL,1,1,NULL,NULL,'commande'),(17,11,49,1,1,2,NULL,NULL,'commande'),(18,12,48,1,1,1,NULL,NULL,'commande'),(19,13,2,1,1,2,NULL,NULL,'commande'),(20,15,67,1,2,4,NULL,NULL,'commande'),(21,17,32,1,1,4,NULL,NULL,'commande'),(22,18,32,1,1,4,NULL,NULL,'commande'),(23,19,68,1,2,1,NULL,NULL,'commande'),(24,20,71,1,1,1,NULL,NULL,'commande'),(25,21,73,1,10,1,NULL,NULL,'commande'),(26,22,80,1,10,1,NULL,NULL,'commande');

--
-- Table structure for table `t1zhf_expeditiondet_batch`
--

CREATE TABLE `t1zhf_expeditiondet_batch` (
  `rowid` int NOT NULL AUTO_INCREMENT,
  `fk_expeditiondet` int NOT NULL,
  `eatby` date DEFAULT NULL,
  `sellby` date DEFAULT NULL,
  `batch` varchar(128) COLLATE utf8mb3_unicode_ci DEFAULT NULL,
  `qty` double NOT NULL DEFAULT '0',
  `fk_origin_stock` int NOT NULL,
  `fk_warehouse` int DEFAULT NULL,
  PRIMARY KEY (`rowid`),
  KEY `idx_fk_expeditiondet` (`fk_expeditiondet`),
  CONSTRAINT `fk_expeditiondet_batch_fk_expeditiondet` FOREIGN KEY (`fk_expeditiondet`) REFERENCES `t1zhf_expeditiondet` (`rowid`) ON DELETE RESTRICT ON UPDATE RESTRICT
) ENGINE=InnoDB DEFAULT CHARSET=utf8mb3 COLLATE=utf8mb3_unicode_ci;

--
-- Dumping data for table `t1zhf_expeditiondet_batch`
--


--
-- Table structure for table `t1zhf_expeditiondet_extrafields`
--

CREATE TABLE `t1zhf_expeditiondet_extrafields` (
  `rowid` int NOT NULL AUTO_INCREMENT,
  `tms` timestamp NOT NULL DEFAULT CURRENT_TIMESTAMP ON UPDATE CURRENT_TIMESTAMP,
  `fk_object` int NOT NULL,
  `import_key` varchar(14) COLLATE utf8mb3_unicode_ci DEFAULT NULL,
  `reflinenumber` varchar(128) COLLATE utf8mb3_unicode_ci DEFAULT NULL,
  PRIMARY KEY (`rowid`),
  UNIQUE KEY `uk_expeditiondet_extrafields` (`fk_object`)
) ENGINE=InnoDB DEFAULT CHARSET=utf8mb3 COLLATE=utf8mb3_unicode_ci;

--
-- Dumping data for table `t1zhf_expeditiondet_extrafields`
--


--
-- Table structure for table `t1zhf_expensereport`
--

CREATE TABLE `t1zhf_expensereport` (
  `rowid` int NOT NULL AUTO_INCREMENT,
  `ref` varchar(50) COLLATE utf8mb3_unicode_ci NOT NULL,
  `entity` int NOT NULL DEFAULT '1',
  `ref_number_int` int DEFAULT NULL,
  `ref_ext` int DEFAULT NULL,
  `total_ht` double(24,8) DEFAULT '0.00000000',
  `total_tva` double(24,8) DEFAULT '0.00000000',
  `localtax1` double(24,8) DEFAULT '0.00000000',
  `localtax2` double(24,8) DEFAULT '0.00000000',
  `total_ttc` double(24,8) DEFAULT '0.00000000',
  `date_debut` date NOT NULL,
  `date_fin` date NOT NULL,
  `date_create` datetime NOT NULL,
  `date_valid` datetime DEFAULT NULL,
  `date_approve` datetime DEFAULT NULL,
  `date_refuse` datetime DEFAULT NULL,
  `date_cancel` datetime DEFAULT NULL,
  `tms` timestamp NOT NULL DEFAULT CURRENT_TIMESTAMP ON UPDATE CURRENT_TIMESTAMP,
  `fk_user_author` int NOT NULL,
  `fk_user_modif` int DEFAULT NULL,
  `fk_user_valid` int DEFAULT NULL,
  `fk_user_validator` int DEFAULT NULL,
  `fk_user_approve` int DEFAULT NULL,
  `fk_user_refuse` int DEFAULT NULL,
  `fk_user_cancel` int DEFAULT NULL,
  `fk_statut` int NOT NULL,
  `fk_c_paiement` int DEFAULT NULL,
  `paid` smallint NOT NULL DEFAULT '0',
  `note_public` text COLLATE utf8mb3_unicode_ci,
  `note_private` text COLLATE utf8mb3_unicode_ci,
  `detail_refuse` varchar(255) COLLATE utf8mb3_unicode_ci DEFAULT NULL,
  `detail_cancel` varchar(255) COLLATE utf8mb3_unicode_ci DEFAULT NULL,
  `integration_compta` int DEFAULT NULL,
  `fk_bank_account` int DEFAULT NULL,
  `model_pdf` varchar(255) COLLATE utf8mb3_unicode_ci DEFAULT NULL,
  `last_main_doc` varchar(255) COLLATE utf8mb3_unicode_ci DEFAULT NULL,
  `fk_multicurrency` int DEFAULT NULL,
  `multicurrency_code` varchar(3) COLLATE utf8mb3_unicode_ci DEFAULT NULL,
  `multicurrency_tx` double(24,8) DEFAULT '1.00000000',
  `multicurrency_total_ht` double(24,8) DEFAULT '0.00000000',
  `multicurrency_total_tva` double(24,8) DEFAULT '0.00000000',
  `multicurrency_total_ttc` double(24,8) DEFAULT '0.00000000',
  `import_key` varchar(14) COLLATE utf8mb3_unicode_ci DEFAULT NULL,
  `extraparams` varchar(255) COLLATE utf8mb3_unicode_ci DEFAULT NULL,
  `fk_user_creat` int DEFAULT NULL,
  PRIMARY KEY (`rowid`),
  UNIQUE KEY `idx_expensereport_uk_ref` (`ref`,`entity`),
  KEY `idx_expensereport_date_debut` (`date_debut`),
  KEY `idx_expensereport_date_fin` (`date_fin`),
  KEY `idx_expensereport_fk_statut` (`fk_statut`),
  KEY `idx_expensereport_fk_user_author` (`fk_user_author`),
  KEY `idx_expensereport_fk_user_valid` (`fk_user_valid`),
  KEY `idx_expensereport_fk_user_approve` (`fk_user_approve`),
  KEY `idx_expensereport_fk_user_refuse` (`fk_user_refuse`)
) ENGINE=InnoDB AUTO_INCREMENT=3 DEFAULT CHARSET=utf8mb3 COLLATE=utf8mb3_unicode_ci;

--
-- Dumping data for table `t1zhf_expensereport`
--

INSERT INTO `t1zhf_expensereport` VALUES (1,'ER2306-0001',1,NULL,NULL,10.00000000,0.00000000,0.00000000,0.00000000,10.00000000,'2023-06-01','2023-06-30','2023-06-01 09:02:16','2023-06-01 09:05:35','2023-06-01 09:05:49',NULL,NULL,'2023-06-01 07:05:49',2,NULL,1,1,1,NULL,NULL,5,NULL,0,NULL,NULL,NULL,NULL,NULL,NULL,NULL,'expensereport/ER2306-0001/ER2306-0001.pdf',NULL,NULL,1.00000000,0.00000000,0.00000000,0.00000000,NULL,NULL,1),(2,'(PROV2)',1,NULL,NULL,0.00000000,0.00000000,0.00000000,0.00000000,0.00000000,'2023-09-01','2023-09-30','2023-09-14 11:42:29',NULL,NULL,NULL,NULL,'2023-09-14 09:42:29',1,NULL,NULL,NULL,NULL,NULL,NULL,0,NULL,0,NULL,NULL,NULL,NULL,NULL,NULL,NULL,NULL,NULL,NULL,1.00000000,0.00000000,0.00000000,0.00000000,NULL,NULL,1);

--
-- Table structure for table `t1zhf_expensereport_det`
--

CREATE TABLE `t1zhf_expensereport_det` (
  `rowid` int NOT NULL AUTO_INCREMENT,
  `fk_expensereport` int NOT NULL,
  `docnumber` varchar(128) COLLATE utf8mb3_unicode_ci DEFAULT NULL,
  `fk_c_type_fees` int NOT NULL,
  `fk_c_exp_tax_cat` int DEFAULT NULL,
  `fk_projet` int DEFAULT NULL,
  `comments` text COLLATE utf8mb3_unicode_ci NOT NULL,
  `product_type` int DEFAULT '-1',
  `qty` double NOT NULL,
  `subprice` double(24,8) NOT NULL DEFAULT '0.00000000',
  `value_unit` double(24,8) NOT NULL,
  `remise_percent` double DEFAULT NULL,
  `vat_src_code` varchar(10) COLLATE utf8mb3_unicode_ci DEFAULT '',
  `tva_tx` double(6,3) DEFAULT NULL,
  `localtax1_tx` double(6,3) DEFAULT '0.000',
  `localtax1_type` varchar(10) COLLATE utf8mb3_unicode_ci DEFAULT NULL,
  `localtax2_tx` double(6,3) DEFAULT '0.000',
  `localtax2_type` varchar(10) COLLATE utf8mb3_unicode_ci DEFAULT NULL,
  `total_ht` double(24,8) NOT NULL DEFAULT '0.00000000',
  `total_tva` double(24,8) NOT NULL DEFAULT '0.00000000',
  `total_localtax1` double(24,8) DEFAULT '0.00000000',
  `total_localtax2` double(24,8) DEFAULT '0.00000000',
  `total_ttc` double(24,8) NOT NULL DEFAULT '0.00000000',
  `date` date NOT NULL,
  `info_bits` int DEFAULT '0',
  `special_code` int DEFAULT '0',
  `fk_multicurrency` int DEFAULT NULL,
  `multicurrency_code` varchar(3) COLLATE utf8mb3_unicode_ci DEFAULT NULL,
  `multicurrency_subprice` double(24,8) DEFAULT '0.00000000',
  `multicurrency_total_ht` double(24,8) DEFAULT '0.00000000',
  `multicurrency_total_tva` double(24,8) DEFAULT '0.00000000',
  `multicurrency_total_ttc` double(24,8) DEFAULT '0.00000000',
  `fk_facture` int DEFAULT '0',
  `fk_code_ventilation` int DEFAULT '0',
  `rang` int DEFAULT '0',
  `import_key` varchar(14) COLLATE utf8mb3_unicode_ci DEFAULT NULL,
  `rule_warning_message` text COLLATE utf8mb3_unicode_ci,
  `fk_ecm_files` int DEFAULT NULL,
  PRIMARY KEY (`rowid`)
) ENGINE=InnoDB AUTO_INCREMENT=2 DEFAULT CHARSET=utf8mb3 COLLATE=utf8mb3_unicode_ci;

--
-- Dumping data for table `t1zhf_expensereport_det`
--

INSERT INTO `t1zhf_expensereport_det` VALUES (1,1,NULL,3,0,NULL,'',-1,1,0.00000000,10.00000000,NULL,'',0.000,0.000,'0',0.000,'0',10.00000000,0.00000000,0.00000000,0.00000000,10.00000000,'2023-06-01',0,0,NULL,NULL,0.00000000,0.00000000,0.00000000,0.00000000,0,0,0,NULL,'',223);

--
-- Table structure for table `t1zhf_expensereport_extrafields`
--

CREATE TABLE `t1zhf_expensereport_extrafields` (
  `rowid` int NOT NULL AUTO_INCREMENT,
  `tms` timestamp NOT NULL DEFAULT CURRENT_TIMESTAMP ON UPDATE CURRENT_TIMESTAMP,
  `fk_object` int NOT NULL,
  `import_key` varchar(14) COLLATE utf8mb3_unicode_ci DEFAULT NULL,
  PRIMARY KEY (`rowid`),
  UNIQUE KEY `uk_expensereport_extrafields` (`fk_object`)
) ENGINE=InnoDB DEFAULT CHARSET=utf8mb3 COLLATE=utf8mb3_unicode_ci;

--
-- Dumping data for table `t1zhf_expensereport_extrafields`
--


--
-- Table structure for table `t1zhf_expensereport_ik`
--

CREATE TABLE `t1zhf_expensereport_ik` (
  `rowid` int NOT NULL AUTO_INCREMENT,
  `datec` datetime DEFAULT NULL,
  `tms` timestamp NOT NULL DEFAULT CURRENT_TIMESTAMP ON UPDATE CURRENT_TIMESTAMP,
  `fk_c_exp_tax_cat` int NOT NULL DEFAULT '0',
  `fk_range` int NOT NULL DEFAULT '0',
  `coef` double NOT NULL DEFAULT '0',
  `ikoffset` double NOT NULL DEFAULT '0',
  `active` int DEFAULT '1',
  PRIMARY KEY (`rowid`)
) ENGINE=InnoDB AUTO_INCREMENT=16 DEFAULT CHARSET=utf8mb3 COLLATE=utf8mb3_unicode_ci;

--
-- Dumping data for table `t1zhf_expensereport_ik`
--

INSERT INTO `t1zhf_expensereport_ik` VALUES (1,NULL,'2019-01-08 08:55:28',4,1,0.41,0,1),(2,NULL,'2019-01-08 08:55:28',4,2,0.244,824,1),(3,NULL,'2019-01-08 08:55:28',4,3,0.286,0,1),(4,NULL,'2019-01-08 08:55:28',5,4,0.493,0,1),(5,NULL,'2019-01-08 08:55:28',5,5,0.277,1082,1),(6,NULL,'2019-01-08 08:55:28',5,6,0.332,0,1),(7,NULL,'2019-01-08 08:55:28',6,7,0.543,0,1),(8,NULL,'2019-01-08 08:55:28',6,8,0.305,1180,1),(9,NULL,'2019-01-08 08:55:28',6,9,0.364,0,1),(10,NULL,'2019-01-08 08:55:28',7,10,0.568,0,1),(11,NULL,'2019-01-08 08:55:28',7,11,0.32,1244,1),(12,NULL,'2019-01-08 08:55:28',7,12,0.382,0,1),(13,NULL,'2019-01-08 08:55:28',8,13,0.595,0,1),(14,NULL,'2019-01-08 08:55:28',8,14,0.337,1288,1),(15,NULL,'2019-01-08 08:55:28',8,15,0.401,0,1);

--
-- Table structure for table `t1zhf_expensereport_rules`
--

CREATE TABLE `t1zhf_expensereport_rules` (
  `rowid` int NOT NULL AUTO_INCREMENT,
  `datec` datetime DEFAULT NULL,
  `tms` timestamp NOT NULL DEFAULT CURRENT_TIMESTAMP ON UPDATE CURRENT_TIMESTAMP,
  `dates` datetime NOT NULL,
  `datee` datetime NOT NULL,
  `amount` double(24,8) NOT NULL,
  `restrictive` tinyint NOT NULL,
  `fk_user` int DEFAULT NULL,
  `fk_usergroup` int DEFAULT NULL,
  `fk_c_type_fees` int NOT NULL,
  `code_expense_rules_type` varchar(50) COLLATE utf8mb3_unicode_ci NOT NULL,
  `is_for_all` tinyint DEFAULT '0',
  `entity` int DEFAULT '1',
  PRIMARY KEY (`rowid`)
) ENGINE=InnoDB DEFAULT CHARSET=utf8mb3 COLLATE=utf8mb3_unicode_ci;

--
-- Dumping data for table `t1zhf_expensereport_rules`
--


--
-- Table structure for table `t1zhf_export_compta`
--

CREATE TABLE `t1zhf_export_compta` (
  `rowid` int NOT NULL AUTO_INCREMENT,
  `ref` varchar(12) COLLATE utf8mb3_unicode_ci NOT NULL,
  `date_export` datetime NOT NULL,
  `fk_user` int NOT NULL,
  `note` text COLLATE utf8mb3_unicode_ci,
  PRIMARY KEY (`rowid`)
) ENGINE=InnoDB DEFAULT CHARSET=utf8mb3 COLLATE=utf8mb3_unicode_ci;

--
-- Dumping data for table `t1zhf_export_compta`
--


--
-- Table structure for table `t1zhf_export_model`
--

CREATE TABLE `t1zhf_export_model` (
  `rowid` int NOT NULL AUTO_INCREMENT,
  `fk_user` int NOT NULL DEFAULT '0',
  `label` varchar(50) COLLATE utf8mb3_unicode_ci NOT NULL,
  `type` varchar(64) COLLATE utf8mb3_unicode_ci DEFAULT NULL,
  `field` text COLLATE utf8mb3_unicode_ci NOT NULL,
  `filter` text COLLATE utf8mb3_unicode_ci,
  `entity` int NOT NULL DEFAULT '0',
  PRIMARY KEY (`rowid`),
  UNIQUE KEY `uk_export_model` (`label`,`type`)
) ENGINE=InnoDB DEFAULT CHARSET=utf8mb3 COLLATE=utf8mb3_unicode_ci;

--
-- Dumping data for table `t1zhf_export_model`
--


--
-- Table structure for table `t1zhf_extrafields`
--

CREATE TABLE `t1zhf_extrafields` (
  `rowid` int NOT NULL AUTO_INCREMENT,
  `name` varchar(64) COLLATE utf8mb3_unicode_ci NOT NULL,
  `entity` int NOT NULL DEFAULT '1',
  `elementtype` varchar(64) COLLATE utf8mb3_unicode_ci NOT NULL DEFAULT 'member',
  `label` varchar(255) COLLATE utf8mb3_unicode_ci NOT NULL,
  `type` varchar(8) COLLATE utf8mb3_unicode_ci DEFAULT NULL,
  `size` varchar(8) COLLATE utf8mb3_unicode_ci DEFAULT NULL,
  `fieldcomputed` text COLLATE utf8mb3_unicode_ci,
  `fielddefault` text COLLATE utf8mb3_unicode_ci,
  `fieldunique` int DEFAULT '0',
  `fieldrequired` int DEFAULT '0',
  `perms` varchar(255) COLLATE utf8mb3_unicode_ci DEFAULT NULL,
  `enabled` varchar(255) COLLATE utf8mb3_unicode_ci DEFAULT NULL,
  `pos` int DEFAULT '0',
  `alwayseditable` int DEFAULT '0',
  `param` text COLLATE utf8mb3_unicode_ci,
  `list` varchar(255) COLLATE utf8mb3_unicode_ci DEFAULT '1',
  `totalizable` tinyint(1) DEFAULT '0',
  `langs` varchar(64) COLLATE utf8mb3_unicode_ci DEFAULT NULL,
  `fk_user_author` int DEFAULT NULL,
  `fk_user_modif` int DEFAULT NULL,
  `datec` datetime DEFAULT NULL,
  `tms` timestamp NOT NULL DEFAULT CURRENT_TIMESTAMP ON UPDATE CURRENT_TIMESTAMP,
  `help` text COLLATE utf8mb3_unicode_ci,
  `printable` int DEFAULT '0',
  `css` varchar(128) COLLATE utf8mb3_unicode_ci DEFAULT NULL,
  `cssview` varchar(128) COLLATE utf8mb3_unicode_ci DEFAULT NULL,
  `csslist` varchar(128) COLLATE utf8mb3_unicode_ci DEFAULT NULL,
  PRIMARY KEY (`rowid`),
  UNIQUE KEY `uk_extrafields_name` (`name`,`entity`,`elementtype`)
) ENGINE=InnoDB AUTO_INCREMENT=143 DEFAULT CHARSET=utf8mb3 COLLATE=utf8mb3_unicode_ci;

--
-- Dumping data for table `t1zhf_extrafields`
--

INSERT INTO `t1zhf_extrafields` VALUES (1,'show_total_ht',1,'propaldet','Afficher le Total HT sur le sous-total','int','10',NULL,NULL,0,0,NULL,'1',0,0,'a:1:{s:7:\"options\";a:1:{s:0:\"\";N;}}','0',0,NULL,1,1,'2019-01-10 16:38:53','2019-01-10 15:38:53',NULL,0,NULL,NULL,NULL),(2,'show_reduc',1,'propaldet','Afficher la réduction sur le sous-total','int','10',NULL,NULL,0,0,NULL,'1',0,0,'a:1:{s:7:\"options\";a:1:{s:0:\"\";N;}}','0',0,NULL,1,1,'2019-01-10 16:38:54','2019-01-10 15:38:54',NULL,0,NULL,NULL,NULL),(3,'show_total_ht',1,'commandedet','Afficher le Total HT sur le sous-total','int','10',NULL,NULL,0,0,NULL,'1',0,0,'a:1:{s:7:\"options\";a:1:{s:0:\"\";N;}}','0',0,NULL,1,1,'2019-01-10 16:38:54','2019-01-10 15:38:54',NULL,0,NULL,NULL,NULL),(4,'show_reduc',1,'commandedet','Afficher la réduction sur le sous-total','int','10',NULL,NULL,0,0,NULL,'1',0,0,'a:1:{s:7:\"options\";a:1:{s:0:\"\";N;}}','0',0,NULL,1,1,'2019-01-10 16:38:54','2019-01-10 15:38:54',NULL,0,NULL,NULL,NULL),(5,'show_total_ht',1,'facturedet','Afficher le Total HT sur le sous-total','int','10',NULL,NULL,0,0,NULL,'1',0,0,'a:1:{s:7:\"options\";a:1:{s:0:\"\";N;}}','0',0,NULL,1,1,'2019-01-10 16:38:54','2019-01-10 15:38:54',NULL,0,NULL,NULL,NULL),(6,'show_reduc',1,'facturedet','Afficher la réduction sur le sous-total','int','10',NULL,NULL,0,0,NULL,'1',0,0,'a:1:{s:7:\"options\";a:1:{s:0:\"\";N;}}','0',0,NULL,1,1,'2019-01-10 16:38:55','2019-01-10 15:38:55',NULL,0,NULL,NULL,NULL),(7,'show_total_ht',1,'supplier_proposaldet','Afficher le Total HT sur le sous-total','int','10',NULL,NULL,0,0,NULL,'1',0,0,'a:1:{s:7:\"options\";a:1:{s:0:\"\";N;}}','0',0,NULL,1,1,'2019-01-10 16:38:55','2019-01-10 15:38:55',NULL,0,NULL,NULL,NULL),(8,'show_reduc',1,'supplier_proposaldet','Afficher la réduction sur le sous-total','int','10',NULL,NULL,0,0,NULL,'1',0,0,'a:1:{s:7:\"options\";a:1:{s:0:\"\";N;}}','0',0,NULL,1,1,'2019-01-10 16:38:55','2019-01-10 15:38:55',NULL,0,NULL,NULL,NULL),(9,'show_total_ht',1,'commande_fournisseurdet','Afficher le Total HT sur le sous-total','int','10',NULL,NULL,0,0,NULL,'1',0,0,'a:1:{s:7:\"options\";a:1:{s:0:\"\";N;}}','0',0,NULL,1,1,'2019-01-10 16:38:55','2019-01-10 15:38:55',NULL,0,NULL,NULL,NULL),(10,'show_reduc',1,'commande_fournisseurdet','Afficher la réduction sur le sous-total','int','10',NULL,NULL,0,0,NULL,'1',0,0,'a:1:{s:7:\"options\";a:1:{s:0:\"\";N;}}','0',0,NULL,1,1,'2019-01-10 16:38:55','2019-01-10 15:38:55',NULL,0,NULL,NULL,NULL),(11,'show_total_ht',1,'facture_fourn_det','Afficher le Total HT sur le sous-total','int','10',NULL,NULL,0,0,NULL,'1',0,0,'a:1:{s:7:\"options\";a:1:{s:0:\"\";N;}}','0',0,NULL,1,1,'2019-01-10 16:38:56','2019-01-10 15:38:56',NULL,0,NULL,NULL,NULL),(12,'show_reduc',1,'facture_fourn_det','Afficher la réduction sur le sous-total','int','10',NULL,NULL,0,0,NULL,'1',0,0,'a:1:{s:7:\"options\";a:1:{s:0:\"\";N;}}','0',0,NULL,1,1,'2019-01-10 16:38:56','2019-01-10 15:38:56',NULL,0,NULL,NULL,NULL),(13,'fk_workstation',1,'projet_task','Poste de charge','sellist','',NULL,NULL,0,0,NULL,'1',0,0,'a:1:{s:7:\"options\";a:1:{s:22:\"workstation:name:rowid\";N;}}','-1',0,NULL,1,1,'2019-01-10 16:39:31','2019-01-10 15:39:31',NULL,0,NULL,NULL,NULL),(14,'pv_force',1,'propaldet','Prix de vente forcé','boolean','',NULL,NULL,0,0,NULL,'1',0,0,'','0',0,NULL,1,1,'2019-01-10 16:39:45','2019-01-10 15:39:45',NULL,0,NULL,NULL,NULL),(15,'type_remise',1,'product','Type tarif','select','',NULL,NULL,0,0,NULL,'1',0,0,'a:1:{s:7:\"options\";a:2:{s:3:\"qte\";s:8:\"quantite\";s:15:\"conditionnement\";s:15:\"conditionnement\";}}','-1',0,NULL,1,1,'2019-01-10 16:40:03','2019-01-10 15:40:03',NULL,0,NULL,NULL,NULL),(16,'unite_vente',1,'product','Unité de vente','select','',NULL,NULL,0,0,NULL,'1',0,0,'a:1:{s:7:\"options\";a:5:{s:6:\"weight\";s:5:\"Poids\";s:4:\"size\";s:8:\"Longueur\";s:7:\"surface\";s:7:\"Surface\";s:6:\"volume\";s:6:\"Volume\";s:5:\"unite\";s:6:\"Unité\";}}','-1',0,NULL,1,1,'2019-01-10 16:40:03','2019-01-10 15:40:03',NULL,0,NULL,NULL,NULL),(17,'subtotal_nc',1,'propaldet','Non compris','varchar','255',NULL,NULL,0,0,NULL,'1',0,0,'a:1:{s:7:\"options\";a:1:{s:0:\"\";N;}}','0',0,NULL,1,1,'2019-01-10 17:20:38','2019-01-10 16:20:37',NULL,0,NULL,NULL,NULL),(18,'subtotal_nc',1,'commandedet','Non compris','varchar','255',NULL,NULL,0,0,NULL,'1',0,0,'a:1:{s:7:\"options\";a:1:{s:0:\"\";N;}}','0',0,NULL,1,1,'2019-01-10 17:20:38','2019-01-10 16:20:37',NULL,0,NULL,NULL,NULL),(19,'subtotal_nc',1,'facturedet','Non compris','varchar','255',NULL,NULL,0,0,NULL,'1',0,0,'a:1:{s:7:\"options\";a:1:{s:0:\"\";N;}}','0',0,NULL,1,1,'2019-01-10 17:20:38','2019-01-10 16:20:37',NULL,0,NULL,NULL,NULL),(20,'subtotal_nc',1,'supplier_proposaldet','Non compris','varchar','255',NULL,NULL,0,0,NULL,'1',0,0,'a:1:{s:7:\"options\";a:1:{s:0:\"\";N;}}','0',0,NULL,1,1,'2019-01-10 17:20:38','2019-01-10 16:20:37',NULL,0,NULL,NULL,NULL),(21,'subtotal_nc',1,'commande_fournisseurdet','Non compris','varchar','255',NULL,NULL,0,0,NULL,'1',0,0,'a:1:{s:7:\"options\";a:1:{s:0:\"\";N;}}','0',0,NULL,1,1,'2019-01-10 17:20:38','2019-01-10 16:20:37',NULL,0,NULL,NULL,NULL),(22,'subtotal_nc',1,'facture_fourn_det','Non compris','varchar','255',NULL,NULL,0,0,NULL,'1',0,0,'a:1:{s:7:\"options\";a:1:{s:0:\"\";N;}}','0',0,NULL,1,1,'2019-01-10 17:20:39','2019-01-10 16:20:38',NULL,0,NULL,NULL,NULL),(68,'typeprod',1,'product','Type Produit','select','',NULL,'Piece',0,0,NULL,'1',100,1,'a:1:{s:7:\"options\";a:3:{i:1;s:7:\"Secteur\";i:2;s:7:\"Machine\";i:3;s:5:\"Piece\";}}','1',0,NULL,1,1,'2019-07-15 11:58:03','2019-07-15 09:58:03',NULL,0,NULL,NULL,NULL),(69,'qten',1,'societe','Qte négociée','int','10',NULL,NULL,0,0,NULL,'1',100,1,'a:1:{s:7:\"options\";a:1:{s:0:\"\";N;}}','1',0,NULL,1,1,'2020-01-14 14:53:56','2020-01-14 13:53:56',NULL,0,NULL,NULL,NULL),(70,'qten',1,'product','Qte négociée','double','24,8',NULL,NULL,0,0,NULL,'1',100,1,'a:1:{s:7:\"options\";a:1:{s:0:\"\";N;}}','1',0,NULL,1,1,'2020-01-14 14:54:54','2020-01-14 13:54:54',NULL,0,NULL,NULL,NULL),(71,'cdav_duration',1,'commandedet','DurationEx','varchar','10',NULL,NULL,0,0,NULL,'1',1,1,'','1',0,NULL,1,1,'2020-10-16 15:33:27','2020-10-16 13:33:27',NULL,0,NULL,NULL,NULL),(73,'s2b_bill_management',1,'societe','Regroupement des expéditions dans une facture lors de la génération en masse','select','0',NULL,NULL,0,0,NULL,'1',0,1,'a:1:{s:7:\"options\";a:3:{i:1;s:21:\"Une facture par tiers\";i:2;s:27:\"Une facture par expédition\";i:3;s:24:\"Une facture par commande\";}}','0',0,NULL,1,1,'2021-06-07 14:20:31','2021-06-07 12:20:31',NULL,0,NULL,NULL,NULL),(74,'tpmo',1,'commande','Temps prévu M.O.','double','24,8',NULL,NULL,0,0,NULL,'1',100,1,'a:1:{s:7:\"options\";a:1:{s:0:\"\";N;}}','1',1,NULL,1,1,'2021-10-19 16:14:45','2021-10-19 14:14:45',NULL,0,NULL,NULL,NULL),(75,'emp',1,'product','Emplacement','varchar','255',NULL,NULL,0,0,NULL,'1',100,1,'a:1:{s:7:\"options\";a:1:{s:0:\"\";N;}}','1',0,NULL,1,1,'2023-04-25 11:36:24','2023-04-25 09:36:24',NULL,0,NULL,NULL,NULL),(76,'marque',1,'product','Marque','varchar','25',NULL,NULL,0,0,NULL,'1',12,1,'a:1:{s:7:\"options\";a:1:{s:0:\"\";N;}}','1',0,NULL,1,1,NULL,'2023-05-30 15:20:06',NULL,0,NULL,NULL,NULL),(77,'stock',1,'projet','Stock Client','sellist','',NULL,NULL,0,0,NULL,'1',100,1,'a:1:{s:7:\"options\";a:1:{s:27:\"societe:nom:rowid::status=1\";N;}}','1',0,NULL,1,1,'2023-06-10 15:20:52','2023-06-10 13:20:52',NULL,0,NULL,NULL,NULL),(83,'subtotal_show_qty',1,'propaldet','Afficher la Quantité du Sous-Total','int','10',NULL,NULL,0,0,NULL,'1',0,0,'a:1:{s:7:\"options\";a:1:{s:0:\"\";N;}}','0',0,NULL,1,1,'2024-09-18 11:21:48','2024-09-18 09:21:48','1',0,NULL,NULL,NULL),(86,'subtotal_show_qty',1,'commandedet','Afficher la Quantité du Sous-Total','int','10',NULL,NULL,0,0,NULL,'1',0,0,'a:1:{s:7:\"options\";a:1:{s:0:\"\";N;}}','0',0,NULL,1,1,'2024-09-18 11:21:48','2024-09-18 09:21:48','1',0,NULL,NULL,NULL),(89,'subtotal_show_qty',1,'facturedet','Afficher la Quantité du Sous-Total','int','10',NULL,NULL,0,0,NULL,'1',0,0,'a:1:{s:7:\"options\";a:1:{s:0:\"\";N;}}','0',0,NULL,1,1,'2024-09-18 11:21:48','2024-09-18 09:21:48','1',0,NULL,NULL,NULL),(92,'subtotal_show_qty',1,'supplier_proposaldet','Afficher la Quantité du Sous-Total','int','10',NULL,NULL,0,0,NULL,'1',0,0,'a:1:{s:7:\"options\";a:1:{s:0:\"\";N;}}','0',0,NULL,1,1,'2024-09-18 11:21:48','2024-09-18 09:21:48','1',0,NULL,NULL,NULL),(95,'subtotal_show_qty',1,'commande_fournisseurdet','Afficher la Quantité du Sous-Total','int','10',NULL,NULL,0,0,NULL,'1',0,0,'a:1:{s:7:\"options\";a:1:{s:0:\"\";N;}}','0',0,NULL,1,1,'2024-09-18 11:21:48','2024-09-18 09:21:48','1',0,NULL,NULL,NULL),(98,'subtotal_show_qty',1,'facture_fourn_det','Afficher la Quantité du Sous-Total','int','10',NULL,NULL,0,0,NULL,'1',0,0,'a:1:{s:7:\"options\";a:1:{s:0:\"\";N;}}','0',0,NULL,1,1,'2024-09-18 11:21:48','2024-09-18 09:21:48','1',0,NULL,NULL,NULL),(99,'hideblock',1,'propaldet','Cacher les lignes contenues dans ce titre','int','2',NULL,NULL,0,0,NULL,'1',4,0,'a:1:{s:7:\"options\";a:1:{s:0:\"\";N;}}','0',0,NULL,1,1,'2024-09-18 11:21:48','2024-09-18 09:21:48','1',0,NULL,NULL,NULL),(100,'hideblock',1,'commandedet','Cacher les lignes contenues dans ce titre','int','2',NULL,NULL,0,0,NULL,'1',4,0,'a:1:{s:7:\"options\";a:1:{s:0:\"\";N;}}','0',0,NULL,1,1,'2024-09-18 11:21:48','2024-09-18 09:21:48','1',0,NULL,NULL,NULL),(101,'hideblock',1,'commande_fournisseurdet','Cacher les lignes contenues dans ce titre','int','2',NULL,NULL,0,0,NULL,'1',4,0,'a:1:{s:7:\"options\";a:1:{s:0:\"\";N;}}','0',0,NULL,1,1,'2024-09-18 11:21:48','2024-09-18 09:21:48','1',0,NULL,NULL,NULL),(102,'hideblock',1,'facturedet','Cacher les lignes contenues dans ce titre','int','2',NULL,NULL,0,0,NULL,'1',4,0,'a:1:{s:7:\"options\";a:1:{s:0:\"\";N;}}','0',0,NULL,1,1,'2024-09-18 11:21:48','2024-09-18 09:21:48','1',0,NULL,NULL,NULL),(103,'hideblock',1,'facture_fourn_det','Cacher les lignes contenues dans ce titre','int','2',NULL,NULL,0,0,NULL,'1',4,0,'a:1:{s:7:\"options\";a:1:{s:0:\"\";N;}}','0',0,NULL,1,1,'2024-09-18 11:21:48','2024-09-18 09:21:48','1',0,NULL,NULL,NULL),(104,'fk_of',1,'projet_task','Ordre de Fabrication','sellist','',NULL,NULL,0,0,NULL,'1',0,0,'a:1:{s:7:\"options\";a:1:{s:20:\"assetOf:numero:rowid\";N;}}','-1',0,NULL,1,1,'2024-09-18 12:20:31','2024-09-18 10:20:31',NULL,0,NULL,NULL,NULL),(105,'fk_product',1,'projet_task','Produit à fabriquer','sellist','',NULL,NULL,0,0,NULL,'1',0,0,'a:1:{s:7:\"options\";a:1:{s:19:\"product:label:rowid\";N;}}','-1',0,NULL,1,1,'2024-09-18 12:20:31','2024-09-18 10:20:31',NULL,0,NULL,NULL,NULL),(106,'of_check_prev',1,'propal','A prendre en compte pour le prévisionnel de production','boolean','',NULL,NULL,0,0,NULL,'1',0,0,'','-1',0,NULL,1,1,'2024-09-18 12:20:31','2024-09-18 10:20:31',NULL,0,NULL,NULL,NULL),(107,'reflinenumber',1,'commandedet','RefLineNumber','varchar','128',NULL,NULL,0,0,NULL,'1',100,0,'a:1:{s:7:\"options\";a:1:{s:0:\"\";N;}}','0',0,NULL,1,1,'2024-09-18 12:20:31','2024-09-18 10:20:31',NULL,0,NULL,NULL,NULL),(108,'reflinenumber',1,'propaldet','RefLineNumber','varchar','128',NULL,NULL,0,0,NULL,'1',100,0,'a:1:{s:7:\"options\";a:1:{s:0:\"\";N;}}','0',0,NULL,1,1,'2024-09-18 12:20:31','2024-09-18 10:20:31',NULL,0,NULL,NULL,NULL),(109,'reflinenumber',1,'facturedet','RefLineNumber','varchar','128',NULL,NULL,0,0,NULL,'1',100,0,'a:1:{s:7:\"options\";a:1:{s:0:\"\";N;}}','0',0,NULL,1,1,'2024-09-18 12:20:31','2024-09-18 10:20:31',NULL,0,NULL,NULL,NULL),(110,'reflinenumber',1,'expeditiondet','RefLineNumber','varchar','128',NULL,NULL,0,0,NULL,'1',100,0,'a:1:{s:7:\"options\";a:1:{s:0:\"\";N;}}','0',0,NULL,1,1,'2024-09-18 12:20:31','2024-09-18 10:20:31',NULL,0,NULL,NULL,NULL);

--
-- Table structure for table `t1zhf_facture`
--

CREATE TABLE `t1zhf_facture` (
  `rowid` int NOT NULL AUTO_INCREMENT,
  `ref` varchar(30) COLLATE utf8mb3_unicode_ci NOT NULL,
  `entity` int NOT NULL DEFAULT '1',
  `ref_ext` varchar(255) COLLATE utf8mb3_unicode_ci DEFAULT NULL,
  `ref_int` varchar(255) COLLATE utf8mb3_unicode_ci DEFAULT NULL,
  `ref_client` varchar(255) COLLATE utf8mb3_unicode_ci DEFAULT NULL,
  `type` smallint NOT NULL DEFAULT '0',
  `increment` varchar(10) COLLATE utf8mb3_unicode_ci DEFAULT NULL,
  `fk_soc` int NOT NULL,
  `datec` datetime DEFAULT NULL,
  `datef` date DEFAULT NULL,
  `date_pointoftax` date DEFAULT NULL,
  `date_valid` datetime DEFAULT NULL,
  `date_closing` datetime DEFAULT NULL,
  `tms` timestamp NOT NULL DEFAULT CURRENT_TIMESTAMP ON UPDATE CURRENT_TIMESTAMP,
  `paye` smallint NOT NULL DEFAULT '0',
  `remise_percent` double DEFAULT '0',
  `remise_absolue` double DEFAULT '0',
  `remise` double DEFAULT '0',
  `close_code` varchar(16) COLLATE utf8mb3_unicode_ci DEFAULT NULL,
  `close_missing_amount` double(24,8) DEFAULT NULL,
  `close_note` varchar(128) COLLATE utf8mb3_unicode_ci DEFAULT NULL,
  `total_tva` double(24,8) DEFAULT '0.00000000',
  `localtax1` double(24,8) DEFAULT '0.00000000',
  `localtax2` double(24,8) DEFAULT '0.00000000',
  `revenuestamp` double(24,8) DEFAULT '0.00000000',
  `total_ht` double(24,8) DEFAULT '0.00000000',
  `total_ttc` double(24,8) DEFAULT '0.00000000',
  `fk_statut` smallint NOT NULL DEFAULT '0',
  `fk_user_author` int DEFAULT NULL,
  `fk_user_modif` int DEFAULT NULL,
  `fk_user_valid` int DEFAULT NULL,
  `fk_user_closing` int DEFAULT NULL,
  `fk_fac_rec_source` int DEFAULT NULL,
  `fk_facture_source` int DEFAULT NULL,
  `fk_projet` int DEFAULT NULL,
  `fk_account` int DEFAULT NULL,
  `fk_currency` varchar(3) COLLATE utf8mb3_unicode_ci DEFAULT NULL,
  `fk_cond_reglement` int NOT NULL DEFAULT '1',
  `fk_mode_reglement` int DEFAULT NULL,
  `date_lim_reglement` date DEFAULT NULL,
  `note_private` text COLLATE utf8mb3_unicode_ci,
  `note_public` text COLLATE utf8mb3_unicode_ci,
  `model_pdf` varchar(255) COLLATE utf8mb3_unicode_ci DEFAULT NULL,
  `last_main_doc` varchar(255) COLLATE utf8mb3_unicode_ci DEFAULT NULL,
  `fk_incoterms` int DEFAULT NULL,
  `location_incoterms` varchar(255) COLLATE utf8mb3_unicode_ci DEFAULT NULL,
  `fk_transport_mode` int DEFAULT NULL,
  `situation_cycle_ref` int DEFAULT NULL,
  `situation_counter` smallint DEFAULT NULL,
  `situation_final` smallint DEFAULT NULL,
  `retained_warranty` double DEFAULT NULL,
  `retained_warranty_date_limit` date DEFAULT NULL,
  `retained_warranty_fk_cond_reglement` int DEFAULT NULL,
  `import_key` varchar(14) COLLATE utf8mb3_unicode_ci DEFAULT NULL,
  `extraparams` varchar(255) COLLATE utf8mb3_unicode_ci DEFAULT NULL,
  `fk_multicurrency` int DEFAULT NULL,
  `multicurrency_code` varchar(3) COLLATE utf8mb3_unicode_ci DEFAULT NULL,
  `multicurrency_tx` double(24,8) DEFAULT '1.00000000',
  `multicurrency_total_ht` double(24,8) DEFAULT '0.00000000',
  `multicurrency_total_tva` double(24,8) DEFAULT '0.00000000',
  `multicurrency_total_ttc` double(24,8) DEFAULT '0.00000000',
  `module_source` varchar(32) COLLATE utf8mb3_unicode_ci DEFAULT NULL,
  `pos_source` varchar(32) COLLATE utf8mb3_unicode_ci DEFAULT NULL,
  `prorata_discount` double DEFAULT NULL,
  `subtype` smallint DEFAULT NULL,
  PRIMARY KEY (`rowid`),
  UNIQUE KEY `uk_facture_ref` (`ref`,`entity`),
  KEY `idx_facture_fk_soc` (`fk_soc`),
  KEY `idx_facture_fk_user_author` (`fk_user_author`),
  KEY `idx_facture_fk_user_valid` (`fk_user_valid`),
  KEY `idx_facture_fk_facture_source` (`fk_facture_source`),
  KEY `idx_facture_fk_projet` (`fk_projet`),
  KEY `idx_facture_fk_account` (`fk_account`),
  KEY `idx_facture_fk_currency` (`fk_currency`),
  KEY `idx_facture_fk_statut` (`fk_statut`),
  KEY `idx_facture_datef` (`datef`),
  KEY `idx_facture_tms` (`tms`),
  CONSTRAINT `fk_facture_fk_facture_source` FOREIGN KEY (`fk_facture_source`) REFERENCES `t1zhf_facture` (`rowid`) ON DELETE RESTRICT ON UPDATE RESTRICT,
  CONSTRAINT `fk_facture_fk_projet` FOREIGN KEY (`fk_projet`) REFERENCES `t1zhf_projet` (`rowid`) ON DELETE RESTRICT ON UPDATE RESTRICT,
  CONSTRAINT `fk_facture_fk_soc` FOREIGN KEY (`fk_soc`) REFERENCES `t1zhf_societe` (`rowid`) ON DELETE RESTRICT ON UPDATE RESTRICT,
  CONSTRAINT `fk_facture_fk_user_author` FOREIGN KEY (`fk_user_author`) REFERENCES `t1zhf_user` (`rowid`) ON DELETE RESTRICT ON UPDATE RESTRICT,
  CONSTRAINT `fk_facture_fk_user_valid` FOREIGN KEY (`fk_user_valid`) REFERENCES `t1zhf_user` (`rowid`) ON DELETE RESTRICT ON UPDATE RESTRICT
) ENGINE=InnoDB AUTO_INCREMENT=72 DEFAULT CHARSET=utf8mb3 COLLATE=utf8mb3_unicode_ci;

--
-- Dumping data for table `t1zhf_facture`
--

INSERT INTO `t1zhf_facture` VALUES (1,'FA1901-0001',1,NULL,NULL,NULL,0,NULL,1,'2019-01-08 11:37:12','2019-01-08',NULL,'2019-01-08 00:00:00',NULL,'2019-01-08 10:38:04',1,NULL,NULL,0,NULL,NULL,NULL,28.00000000,0.00000000,0.00000000,0.00000000,140.00000000,168.00000000,2,1,NULL,1,NULL,NULL,NULL,NULL,1,NULL,1,2,'2019-01-09',NULL,NULL,'crabe','facture/FA1901-0001/FA1901-0001.pdf',0,'',NULL,NULL,NULL,0,NULL,NULL,NULL,NULL,NULL,0,'EUR',1.00000000,140.00000000,28.00000000,168.00000000,NULL,NULL,NULL,NULL),(2,'FA1901-0002',1,NULL,NULL,NULL,0,NULL,1,'2019-01-09 08:51:13','2019-01-09',NULL,'2019-01-09 00:00:00',NULL,'2019-03-05 15:58:28',1,NULL,NULL,0,NULL,NULL,NULL,14.00000000,0.00000000,0.00000000,0.00000000,70.00000000,84.00000000,2,1,NULL,1,NULL,NULL,NULL,NULL,1,NULL,1,2,'2019-01-10',NULL,NULL,'crabe','facture/FA1901-0002/FA1901-0002.pdf',0,'',NULL,NULL,NULL,0,NULL,NULL,NULL,NULL,NULL,0,'EUR',1.00000000,70.00000000,14.00000000,84.00000000,NULL,NULL,NULL,NULL),(4,'FA1901-0003',1,NULL,NULL,NULL,5,NULL,1,'2019-01-10 18:43:09','2019-01-10',NULL,'2019-01-10 00:00:00',NULL,'2019-03-05 15:58:28',1,NULL,NULL,0,NULL,NULL,NULL,14.00000000,0.00000000,0.00000000,0.00000000,70.00000000,84.00000000,2,1,NULL,1,NULL,NULL,NULL,NULL,1,NULL,1,2,'2019-01-11',NULL,NULL,'crabe_btp',NULL,0,'',NULL,1,1,0,NULL,NULL,NULL,NULL,NULL,0,'EUR',1.00000000,70.00000000,14.00000000,84.00000000,NULL,NULL,NULL,NULL),(6,'FA1901-0004',1,NULL,NULL,NULL,5,NULL,1,'2019-01-10 18:54:27','2019-01-10',NULL,'2019-01-10 00:00:00','2021-03-24 12:00:48','2021-03-24 11:00:48',1,NULL,NULL,0,NULL,NULL,NULL,12.80000000,0.00000000,0.00000000,0.00000000,64.00000000,76.80000000,2,1,NULL,1,1,NULL,NULL,NULL,1,NULL,1,2,'2019-01-11',NULL,NULL,'crabe_btp',NULL,0,'',NULL,2,1,0,NULL,NULL,NULL,NULL,NULL,0,'EUR',1.00000000,64.00000000,12.80000000,76.80000000,NULL,NULL,NULL,NULL),(7,'FA1901-0005',1,NULL,NULL,NULL,5,NULL,1,'2019-01-10 18:59:42','2019-01-10',NULL,'2019-01-10 00:00:00',NULL,'2019-03-05 15:58:28',1,NULL,NULL,0,NULL,NULL,NULL,51.20000000,0.00000000,0.00000000,0.00000000,256.00000000,307.20000000,2,1,NULL,1,NULL,NULL,6,NULL,NULL,NULL,1,2,'2019-01-11',NULL,NULL,'crabe_btp','facture/FA1901-0005/FA1901-0005.pdf',0,'',NULL,2,2,0,NULL,NULL,NULL,NULL,NULL,0,'EUR',1.00000000,256.00000000,51.20000000,307.20000000,NULL,NULL,NULL,NULL),(8,'FA1901-0006',1,NULL,NULL,NULL,5,NULL,1,'2019-01-10 19:02:42','2019-01-10',NULL,'2019-01-10 00:00:00','2021-03-24 12:00:49','2021-03-24 11:00:49',1,NULL,NULL,0,NULL,NULL,NULL,64.00000000,0.00000000,0.00000000,0.00000000,320.00000000,384.00000000,2,1,NULL,1,1,NULL,7,NULL,NULL,NULL,1,2,'2019-01-11',NULL,NULL,'crabe_btp','facture/FA1901-0006/FA1901-0006.pdf',0,'',NULL,2,3,0,NULL,NULL,NULL,NULL,NULL,0,'EUR',1.00000000,320.00000000,64.00000000,384.00000000,NULL,NULL,NULL,NULL),(9,'FA1901-0007',1,NULL,NULL,NULL,0,NULL,1,'2019-01-14 11:44:16','2019-01-14',NULL,'2019-01-14 00:00:00',NULL,'2019-02-11 11:54:23',0,NULL,NULL,0,NULL,NULL,NULL,16.00000000,0.00000000,0.00000000,0.00000000,80.00000000,96.00000000,0,1,NULL,1,NULL,NULL,NULL,NULL,1,NULL,1,6,'2019-01-15',NULL,NULL,'crabe','facture/FA1901-0007/FA1901-0007.pdf',0,'',NULL,NULL,NULL,1,NULL,NULL,NULL,NULL,NULL,0,'EUR',1.00000000,80.00000000,16.00000000,96.00000000,NULL,NULL,NULL,NULL),(11,'FA1902-0008',1,NULL,NULL,NULL,5,NULL,3,'2019-02-18 12:24:31','2019-02-18',NULL,'2019-02-18 00:00:00','2021-05-25 18:43:39','2021-05-25 16:43:39',1,NULL,NULL,0,NULL,NULL,NULL,100.00000000,0.00000000,0.00000000,0.00000000,500.00000000,600.00000000,2,1,NULL,1,1,NULL,NULL,NULL,NULL,NULL,1,0,'2019-02-19',NULL,NULL,'crabe_btp','facture/FA1902-0008/FA1902-0008.pdf',0,'',NULL,3,1,0,NULL,NULL,NULL,NULL,NULL,0,'EUR',1.00000000,500.00000000,100.00000000,600.00000000,NULL,NULL,NULL,NULL),(12,'FA1902-0009',1,NULL,NULL,NULL,5,NULL,3,'2019-02-18 12:26:45','2019-02-18',NULL,'2019-02-18 00:00:00','2021-05-25 18:43:39','2021-05-25 16:43:39',1,NULL,NULL,0,NULL,NULL,NULL,160.00000000,0.00000000,0.00000000,0.00000000,800.00000000,960.00000000,2,1,NULL,1,1,NULL,11,NULL,NULL,NULL,1,0,'2019-02-19',NULL,NULL,'crabe_btp','facture/(PROV12)/(PROV12).pdf',0,'',NULL,3,2,0,NULL,NULL,NULL,NULL,NULL,0,'EUR',1.00000000,800.00000000,160.00000000,960.00000000,NULL,NULL,NULL,NULL),(13,'FA1902-0010',1,NULL,NULL,NULL,5,NULL,3,'2019-02-18 12:28:06','2019-02-18',NULL,'2019-02-18 00:00:00','2021-05-25 18:43:39','2021-05-25 16:43:39',1,NULL,NULL,0,NULL,NULL,NULL,390.00000000,0.00000000,0.00000000,0.00000000,1950.00000000,2340.00000000,2,1,NULL,1,1,NULL,12,NULL,NULL,NULL,1,0,'2019-02-19',NULL,NULL,'crabe_btp','facture/FA1902-0010/FA1902-0010.pdf',0,'',NULL,3,3,0,NULL,NULL,NULL,NULL,NULL,0,'EUR',1.00000000,1950.00000000,390.00000000,2340.00000000,NULL,NULL,NULL,NULL),(14,'FA1902-0011',1,NULL,NULL,NULL,5,NULL,3,'2019-02-18 12:29:32','2019-02-18',NULL,'2019-02-18 00:00:00','2021-05-25 18:43:40','2021-05-25 16:43:40',1,NULL,NULL,0,NULL,NULL,NULL,650.00000000,0.00000000,0.00000000,0.00000000,3250.00000000,3900.00000000,2,1,NULL,1,1,NULL,13,NULL,NULL,NULL,1,0,'2019-02-19',NULL,NULL,'crabe_btp','facture/FA1902-0011/FA1902-0011.pdf',0,'',NULL,3,4,1,NULL,NULL,NULL,NULL,NULL,0,'EUR',1.00000000,3250.00000000,650.00000000,3900.00000000,NULL,NULL,NULL,NULL),(15,'FA1902-0012',1,NULL,NULL,NULL,5,NULL,3,'2019-02-20 14:48:37','2019-02-20',NULL,'2019-02-20 00:00:00','2021-05-25 18:43:40','2021-05-25 16:43:40',1,NULL,NULL,0,NULL,NULL,NULL,1230.00000000,0.00000000,0.00000000,0.00000000,8430.00000000,9660.00000000,2,1,NULL,1,1,NULL,NULL,3,NULL,NULL,1,0,'2019-02-21',NULL,NULL,'crabe_btp','facture/(PROV15)/(PROV15).pdf',0,'',NULL,4,1,0,NULL,NULL,NULL,NULL,NULL,0,'EUR',1.00000000,8430.00000000,1230.00000000,9660.00000000,NULL,NULL,NULL,NULL),(16,'FA1902-0013',1,NULL,NULL,NULL,5,NULL,3,'2019-02-20 15:27:57','2019-02-20',NULL,'2019-02-20 00:00:00',NULL,'2019-02-20 16:00:39',0,NULL,NULL,0,NULL,NULL,NULL,546.00000000,0.00000000,0.00000000,0.00000000,2730.00000000,3276.00000000,0,1,NULL,1,NULL,NULL,15,3,NULL,NULL,1,0,'2019-02-21',NULL,NULL,'crabe_btp','facture/FA1902-0013/FA1902-0013.pdf',0,'',NULL,4,2,0,NULL,NULL,NULL,NULL,NULL,0,'EUR',1.00000000,2730.00000000,546.00000000,3276.00000000,NULL,NULL,NULL,NULL),(18,'FA1902-0014',1,NULL,NULL,'aq',5,NULL,1,'2019-02-20 18:53:58','2019-02-20',NULL,'2019-02-20 00:00:00','2021-03-24 12:00:49','2021-03-24 11:00:49',1,NULL,NULL,0,NULL,NULL,NULL,111.56000000,0.00000000,0.00000000,0.00000000,557.81000000,669.37000000,2,1,NULL,1,1,NULL,NULL,4,1,NULL,1,2,'2019-02-21',NULL,'<div style=\"text-align:center\"><span style=\"font-size:12px\"><span style=\"font-family:Arial,Helvetica,sans-serif\"><strong>NOTE D&rsquo;HONORAIRES SUIVANT MONTANT du CONTRAT<br />\r\nHONORAIRES DES PHASES EX&Eacute;CUT&Eacute;ES</strong></span></span></div>\r\n\r\n<table border=\"1\" cellpadding=\"5\" cellspacing=\"0\" style=\"width:100%\">\r\n	<tbody>\r\n		<tr>\r\n			<td>&nbsp;</td>\r\n			<td>HT</td>\r\n			<td>TVA</td>\r\n			<td>TTC</td>\r\n		</tr>\r\n		<tr>\r\n			<td>MONTANT PREVISIONNEL DES TRAVAUX</td>\r\n			<td>127 500,00 &euro;</td>\r\n			<td>25 500,00 &euro;</td>\r\n			<td>153 000,00 &euro;</td>\r\n		</tr>\r\n		<tr>\r\n			<td>MONTANT TOTAL DES HONORAIRES 8,75% pour une mission compl&egrave;te</td>\r\n			<td>11 156,25</td>\r\n			<td>2 231,25 &euro;</td>\r\n			<td>13 387,50 &euro;</td>\r\n		</tr>\r\n	</tbody>\r\n</table>','crabe_btp','facture/FA1902-0014/FA1902-0014.pdf',0,'',NULL,5,1,0,NULL,NULL,NULL,NULL,NULL,0,'EUR',1.00000000,557.81000000,111.56000000,669.37000000,NULL,NULL,NULL,NULL),(19,'FA1903-0015',1,NULL,NULL,'aq',5,NULL,1,'2019-02-20 18:57:18','2019-03-01',NULL,'2019-02-20 00:00:00','2021-05-25 18:42:48','2021-05-25 16:42:48',1,NULL,NULL,0,NULL,NULL,NULL,780.94000000,0.00000000,0.00000000,0.00000000,3904.69000000,4685.63000000,2,1,NULL,1,1,NULL,18,4,NULL,NULL,1,2,'2019-03-02',NULL,'<div style=\"text-align:center\"><span style=\"font-size:12px\"><span style=\"font-family:Arial,Helvetica,sans-serif\"><strong>NOTE D&rsquo;HONORAIRES SUIVANT MONTANT du CONTRAT<br />\r\nHONORAIRES DES PHASES EX&Eacute;CUT&Eacute;ES</strong></span></span></div>\r\n\r\n<table border=\"1\" cellpadding=\"5\" cellspacing=\"0\" style=\"width:100%\">\r\n	<tbody>\r\n		<tr>\r\n			<td>&nbsp;</td>\r\n			<td>HT</td>\r\n			<td>TVA</td>\r\n			<td>TTC</td>\r\n		</tr>\r\n		<tr>\r\n			<td>MONTANT PREVISIONNEL DES TRAVAUX</td>\r\n			<td>127 500,00 &euro;</td>\r\n			<td>25 500,00 &euro;</td>\r\n			<td>153 000,00 &euro;</td>\r\n		</tr>\r\n		<tr>\r\n			<td>MONTANT TOTAL DES HONORAIRES 8,75% pour une mission compl&egrave;te</td>\r\n			<td>11 156,25</td>\r\n			<td>2 231,25 &euro;</td>\r\n			<td>13 387,50 &euro;</td>\r\n		</tr>\r\n	</tbody>\r\n</table>','crabe_btp','facture/FA1903-0015/FA1903-0015.pdf',0,'',NULL,5,2,0,NULL,NULL,NULL,NULL,NULL,0,'EUR',1.00000000,3904.69000000,780.94000000,4685.63000000,NULL,NULL,NULL,NULL),(20,'FA1904-0016',1,NULL,NULL,'aq',5,NULL,1,'2019-02-20 18:59:27','2019-04-01',NULL,'2019-02-20 00:00:00','2021-03-24 12:00:50','2021-03-24 11:00:50',1,NULL,NULL,0,NULL,NULL,NULL,669.38000000,0.00000000,0.00000000,0.00000000,3346.88000000,4016.26000000,2,1,NULL,1,1,NULL,19,4,NULL,NULL,1,2,'2019-04-02',NULL,'<div style=\"text-align:center\"><span style=\"font-size:12px\"><span style=\"font-family:Arial,Helvetica,sans-serif\"><strong>NOTE D&rsquo;HONORAIRES SUIVANT MONTANT du CONTRAT<br />\r\nHONORAIRES DES PHASES EX&Eacute;CUT&Eacute;ES</strong></span></span></div>\r\n\r\n<table border=\"1\" cellpadding=\"5\" cellspacing=\"0\" style=\"width:100%\">\r\n	<tbody>\r\n		<tr>\r\n			<td>&nbsp;</td>\r\n			<td>HT</td>\r\n			<td>TVA</td>\r\n			<td>TTC</td>\r\n		</tr>\r\n		<tr>\r\n			<td>MONTANT PREVISIONNEL DES TRAVAUX</td>\r\n			<td>127 500,00 &euro;</td>\r\n			<td>25 500,00 &euro;</td>\r\n			<td>153 000,00 &euro;</td>\r\n		</tr>\r\n		<tr>\r\n			<td>MONTANT TOTAL DES HONORAIRES 8,75% pour une mission compl&egrave;te</td>\r\n			<td>11 156,25</td>\r\n			<td>2 231,25 &euro;</td>\r\n			<td>13 387,50 &euro;</td>\r\n		</tr>\r\n	</tbody>\r\n</table>','crabe_btp','facture/FA1904-0016/FA1904-0016.pdf',0,'',NULL,5,3,0,NULL,NULL,NULL,NULL,NULL,0,'EUR',1.00000000,3346.88000000,669.38000000,4016.26000000,NULL,NULL,NULL,NULL),(21,'FA1905-0017',1,NULL,NULL,'aq',5,NULL,1,'2019-02-20 19:02:27','2019-05-01',NULL,'2019-02-20 00:00:00','2021-05-25 18:42:49','2021-05-25 16:42:49',1,NULL,NULL,0,NULL,NULL,NULL,62.47000000,0.00000000,0.00000000,0.00000000,312.38000000,374.85000000,2,1,NULL,1,1,NULL,20,4,NULL,NULL,1,2,'2019-05-02',NULL,'<div style=\"text-align:center\"><span style=\"font-size:12px\"><span style=\"font-family:Arial,Helvetica,sans-serif\"><strong>NOTE D&rsquo;HONORAIRES SUIVANT MONTANT du CONTRAT<br />\r\nHONORAIRES DES PHASES EX&Eacute;CUT&Eacute;ES</strong></span></span></div>\r\n\r\n<table border=\"1\" cellpadding=\"5\" cellspacing=\"0\" style=\"width:100%\">\r\n	<tbody>\r\n		<tr>\r\n			<td>&nbsp;</td>\r\n			<td>HT</td>\r\n			<td>TVA</td>\r\n			<td>TTC</td>\r\n		</tr>\r\n		<tr>\r\n			<td>MONTANT PREVISIONNEL DES TRAVAUX</td>\r\n			<td>127 500,00 &euro;</td>\r\n			<td>25 500,00 &euro;</td>\r\n			<td>153 000,00 &euro;</td>\r\n		</tr>\r\n		<tr>\r\n			<td>MONTANT TOTAL DES HONORAIRES 8,75% pour une mission compl&egrave;te</td>\r\n			<td>11 156,25</td>\r\n			<td>2 231,25 &euro;</td>\r\n			<td>13 387,50 &euro;</td>\r\n		</tr>\r\n	</tbody>\r\n</table>','crabe_btp','facture/FA1905-0017/FA1905-0017.pdf',0,'',NULL,5,4,0,NULL,NULL,NULL,NULL,NULL,0,'EUR',1.00000000,312.38000000,62.47000000,374.85000000,NULL,NULL,NULL,NULL),(22,'FA1906-0018',1,NULL,NULL,'aq',5,NULL,1,'2019-02-20 19:06:43','2019-06-01',NULL,'2019-02-20 00:00:00','2021-05-25 18:42:49','2021-05-25 16:42:49',1,NULL,NULL,0,NULL,NULL,NULL,249.90000000,0.00000000,0.00000000,0.00000000,1249.50000000,1499.40000000,2,1,NULL,1,1,NULL,21,4,NULL,NULL,1,2,'2019-06-02',NULL,'<div style=\"text-align:center\"><span style=\"font-size:12px\"><span style=\"font-family:Arial,Helvetica,sans-serif\"><strong>NOTE D&rsquo;HONORAIRES SUIVANT MONTANT du CONTRAT<br />\r\nHONORAIRES DES PHASES EX&Eacute;CUT&Eacute;ES</strong></span></span></div>\r\n\r\n<table border=\"1\" cellpadding=\"5\" cellspacing=\"0\" style=\"width:100%\">\r\n	<tbody>\r\n		<tr>\r\n			<td>&nbsp;</td>\r\n			<td>HT</td>\r\n			<td>TVA</td>\r\n			<td>TTC</td>\r\n		</tr>\r\n		<tr>\r\n			<td>MONTANT PREVISIONNEL DES TRAVAUX</td>\r\n			<td>127 500,00 &euro;</td>\r\n			<td>25 500,00 &euro;</td>\r\n			<td>153 000,00 &euro;</td>\r\n		</tr>\r\n		<tr>\r\n			<td>MONTANT TOTAL DES HONORAIRES 8,75% pour une mission compl&egrave;te</td>\r\n			<td>11 156,25</td>\r\n			<td>2 231,25 &euro;</td>\r\n			<td>13 387,50 &euro;</td>\r\n		</tr>\r\n	</tbody>\r\n</table>','crabe_btp','facture/FA1906-0018/FA1906-0018.pdf',0,'',NULL,5,5,0,NULL,NULL,NULL,NULL,NULL,0,'EUR',1.00000000,1249.50000000,249.90000000,1499.40000000,NULL,NULL,NULL,NULL),(23,'FA1907-0019',1,NULL,NULL,'aq',5,NULL,1,'2019-02-20 19:08:42','2019-07-01',NULL,'2019-02-20 00:00:00','2021-05-25 18:42:49','2021-05-25 16:42:49',1,NULL,NULL,0,NULL,NULL,NULL,312.38000000,0.00000000,0.00000000,0.00000000,1561.87000000,1874.25000000,2,1,NULL,1,1,NULL,22,4,NULL,NULL,1,2,'2019-07-02',NULL,'<div style=\"text-align:center\"><span style=\"font-size:12px\"><span style=\"font-family:Arial,Helvetica,sans-serif\"><strong>NOTE D&rsquo;HONORAIRES SUIVANT MONTANT du CONTRAT<br />\r\nHONORAIRES DES PHASES EX&Eacute;CUT&Eacute;ES</strong></span></span></div>\r\n\r\n<table border=\"1\" cellpadding=\"5\" cellspacing=\"0\" style=\"width:100%\">\r\n	<tbody>\r\n		<tr>\r\n			<td>&nbsp;</td>\r\n			<td>HT</td>\r\n			<td>TVA</td>\r\n			<td>TTC</td>\r\n		</tr>\r\n		<tr>\r\n			<td>MONTANT PREVISIONNEL DES TRAVAUX</td>\r\n			<td>127 500,00 &euro;</td>\r\n			<td>25 500,00 &euro;</td>\r\n			<td>153 000,00 &euro;</td>\r\n		</tr>\r\n		<tr>\r\n			<td>MONTANT TOTAL DES HONORAIRES 8,75% pour une mission compl&egrave;te</td>\r\n			<td>11 156,25</td>\r\n			<td>2 231,25 &euro;</td>\r\n			<td>13 387,50 &euro;</td>\r\n		</tr>\r\n	</tbody>\r\n</table>','crabe_btp','facture/FA1907-0019/FA1907-0019.pdf',0,'',NULL,5,6,0,NULL,NULL,NULL,NULL,NULL,0,'EUR',1.00000000,1561.87000000,312.38000000,1874.25000000,NULL,NULL,NULL,NULL),(24,'FA1908-0020',1,NULL,NULL,'aq',5,NULL,1,'2019-02-20 19:10:19','2019-08-01',NULL,'2019-02-28 00:00:00','2021-05-25 18:42:49','2021-05-25 16:42:49',1,NULL,NULL,0,NULL,NULL,NULL,44.75000000,0.00000000,0.00000000,0.00000000,223.75000000,268.50000000,2,1,NULL,1,1,NULL,23,4,NULL,NULL,1,2,'2019-08-02',NULL,'<div style=\"text-align:center\"><span style=\"font-size:12px\"><span style=\"font-family:Arial,Helvetica,sans-serif\"><strong>NOTE D&rsquo;HONORAIRES SUIVANT MONTANT du CONTRAT<br />\r\nHONORAIRES DES PHASES EX&Eacute;CUT&Eacute;ES</strong></span></span></div>\r\n\r\n<table border=\"1\" cellpadding=\"5\" cellspacing=\"0\" style=\"width:100%\">\r\n	<tbody>\r\n		<tr>\r\n			<td>&nbsp;</td>\r\n			<td>HT</td>\r\n			<td>TVA</td>\r\n			<td>TTC</td>\r\n		</tr>\r\n		<tr>\r\n			<td>MONTANT PREVISIONNEL DES TRAVAUX</td>\r\n			<td>127 500,00 &euro;</td>\r\n			<td>25 500,00 &euro;</td>\r\n			<td>153 000,00 &euro;</td>\r\n		</tr>\r\n		<tr>\r\n			<td>MONTANT TOTAL DES HONORAIRES 8,75% pour une mission compl&egrave;te</td>\r\n			<td>11 156,25</td>\r\n			<td>2 231,25 &euro;</td>\r\n			<td>13 387,50 &euro;</td>\r\n		</tr>\r\n	</tbody>\r\n</table>','crabe_btp','facture/FA1908-0020/FA1908-0020.pdf',0,'',NULL,5,7,1,NULL,NULL,NULL,NULL,NULL,0,'EUR',1.00000000,223.75000000,44.75000000,268.50000000,NULL,NULL,NULL,NULL),(26,'FA1902-0021',1,NULL,NULL,NULL,5,NULL,1,'2019-02-22 17:55:09','2019-02-22',NULL,'2019-02-22 00:00:00',NULL,'2019-03-05 15:58:29',1,NULL,NULL,0,NULL,NULL,NULL,1108.32000000,0.00000000,0.00000000,0.00000000,5541.76000000,6650.08000000,2,1,NULL,1,NULL,NULL,NULL,NULL,1,NULL,1,2,'2019-02-23',NULL,'<div style=\"text-align:center\"><span style=\"font-size:12px\"><span style=\"font-family:Arial,Helvetica,sans-serif\"><strong>NOTE D&rsquo;HONORAIRES SUIVANT MONTANT du CONTRAT<br />\r\nHONORAIRES DES PHASES EX&Eacute;CUT&Eacute;ES</strong></span></span></div>\r\n\r\n<table border=\"1\" cellpadding=\"5\" cellspacing=\"0\" style=\"width:100%\">\r\n	<tbody>\r\n		<tr>\r\n			<td>&nbsp;</td>\r\n			<td>HT</td>\r\n			<td>TVA</td>\r\n			<td>TTC</td>\r\n		</tr>\r\n		<tr>\r\n			<td>MONTANT PREVISIONNEL DES TRAVAUX</td>\r\n			<td>127 500,00 &euro;</td>\r\n			<td>25 500,00 &euro;</td>\r\n			<td>153 000,00 &euro;</td>\r\n		</tr>\r\n		<tr>\r\n			<td>MONTANT TOTAL DES HONORAIRES 8,75% pour une mission compl&egrave;te</td>\r\n			<td>11 156,25</td>\r\n			<td>2 231,25 &euro;</td>\r\n			<td>13 387,50 &euro;</td>\r\n		</tr>\r\n	</tbody>\r\n</table>','crabe_btp',NULL,0,'',NULL,6,1,0,NULL,NULL,NULL,NULL,NULL,0,'EUR',1.00000000,5541.76000000,1108.32000000,6650.08000000,NULL,NULL,NULL,NULL),(29,'FA1903-0022',1,NULL,NULL,NULL,5,NULL,1,'2019-03-05 16:45:00','2019-03-05',NULL,'2019-03-05 00:00:00','2021-03-24 12:00:49','2021-03-24 11:00:49',1,NULL,NULL,0,NULL,NULL,NULL,1624.35000000,0.00000000,0.00000000,0.00000000,8121.76000000,9746.11000000,2,1,NULL,1,1,NULL,NULL,4,1,NULL,1,2,'2019-03-06',NULL,'<div style=\"text-align:center\"><span style=\"font-size:12px\"><span style=\"font-family:Arial,Helvetica,sans-serif\"><strong>ANNEXE FINANCIER</strong></span></span></div>\r\n\r\n<table border=\"1\" cellpadding=\"5\" cellspacing=\"0\" style=\"width:100%\">\r\n	<tbody>\r\n		<tr>\r\n			<td style=\"width:50%\">&nbsp;</td>\r\n			<td style=\"width:16%\">HT</td>\r\n			<td style=\"width:16%\">TVA</td>\r\n			<td style=\"width:16%\">TTC</td>\r\n		</tr>\r\n		<tr>\r\n			<td>MONTANT PREVISIONNEL DES TRAVAUX</td>\r\n			<td>127 500,00 &euro;</td>\r\n			<td>25 500,00 &euro;</td>\r\n			<td>153 000,00 &euro;</td>\r\n		</tr>\r\n		<tr>\r\n			<td>MONTANT TOTAL DES HONORAIRES 8,75% pour une mission compl&egrave;te</td>\r\n			<td>11 156,25</td>\r\n			<td>2 231,25 &euro;</td>\r\n			<td>13 387,50 &euro;</td>\r\n		</tr>\r\n	</tbody>\r\n</table>','crabe_btp','facture/(PROV29)/(PROV29).pdf',0,'',NULL,8,1,0,NULL,NULL,NULL,NULL,NULL,0,'EUR',1.00000000,8121.76000000,1624.35000000,9746.11000000,NULL,NULL,NULL,NULL),(30,'FA1904-0023',1,NULL,NULL,NULL,5,NULL,1,'2019-03-05 16:51:01','2019-04-02',NULL,'2019-03-05 00:00:00','2021-03-24 12:00:50','2021-03-24 11:00:50',1,NULL,NULL,0,NULL,NULL,NULL,187.43000000,0.00000000,0.00000000,0.00000000,937.12000000,1124.55000000,2,1,NULL,1,1,NULL,29,4,NULL,NULL,1,2,'2019-04-03',NULL,'<div style=\"text-align:center\"><span style=\"font-size:12px\"><span style=\"font-family:Arial,Helvetica,sans-serif\"><strong>ANNEXE FINANCIER</strong></span></span></div>\r\n\r\n<table border=\"1\" cellpadding=\"5\" cellspacing=\"0\" style=\"width:100%\">\r\n	<tbody>\r\n		<tr>\r\n			<td style=\"width:50%\">&nbsp;</td>\r\n			<td style=\"width:16%\">HT</td>\r\n			<td style=\"width:16%\">TVA</td>\r\n			<td style=\"width:16%\">TTC</td>\r\n		</tr>\r\n		<tr>\r\n			<td>MONTANT PREVISIONNEL DES TRAVAUX</td>\r\n			<td>127 500,00 &euro;</td>\r\n			<td>25 500,00 &euro;</td>\r\n			<td>153 000,00 &euro;</td>\r\n		</tr>\r\n		<tr>\r\n			<td>MONTANT TOTAL DES HONORAIRES 8,75% pour une mission compl&egrave;te</td>\r\n			<td>11 156,25</td>\r\n			<td>2 231,25 &euro;</td>\r\n			<td>13 387,50 &euro;</td>\r\n		</tr>\r\n	</tbody>\r\n</table>','crabe_btp','facture/(PROV30)/(PROV30).pdf',0,'',NULL,8,2,0,NULL,NULL,NULL,NULL,NULL,0,'EUR',1.00000000,937.12000000,187.43000000,1124.55000000,NULL,NULL,NULL,NULL),(32,'FA1906-0024',1,NULL,NULL,NULL,0,NULL,1,'2019-06-14 14:44:33','2019-06-14',NULL,'2019-06-14 00:00:00','2021-05-25 18:42:49','2021-05-25 16:42:49',1,NULL,NULL,0,NULL,NULL,NULL,5132.01000000,0.00000000,0.00000000,0.00000000,25660.03000000,30792.04000000,2,1,NULL,1,1,NULL,NULL,4,1,NULL,1,2,'2019-06-15',NULL,'<div style=\"text-align:center\"><span style=\"font-size:12px\"><span style=\"font-family:Arial,Helvetica,sans-serif\"><strong>ANNEXE FINANCIER</strong></span></span></div>\r\n\r\n<table border=\"1\" cellpadding=\"5\" cellspacing=\"0\" style=\"width:100%\">\r\n	<tbody>\r\n		<tr>\r\n			<td style=\"width:50%\">&nbsp;</td>\r\n			<td style=\"width:16%\">HT</td>\r\n			<td style=\"width:16%\">TVA</td>\r\n			<td style=\"width:16%\">TTC</td>\r\n		</tr>\r\n		<tr>\r\n			<td>MONTANT PREVISIONNEL DES TRAVAUX</td>\r\n			<td>127 500,00 &euro;</td>\r\n			<td>25 500,00 &euro;</td>\r\n			<td>153 000,00 &euro;</td>\r\n		</tr>\r\n		<tr>\r\n			<td>MONTANT TOTAL DES HONORAIRES 8,75% pour une mission compl&egrave;te</td>\r\n			<td>11 156,25</td>\r\n			<td>2 231,25 &euro;</td>\r\n			<td>13 387,50 &euro;</td>\r\n		</tr>\r\n	</tbody>\r\n</table>','crabe','facture/FA1906-0024/FA1906-0024.pdf',0,'',NULL,NULL,NULL,0,NULL,NULL,NULL,NULL,NULL,0,'EUR',1.00000000,25660.03000000,5132.01000000,30792.04000000,NULL,NULL,NULL,NULL),(33,'FA1906-0025',1,NULL,NULL,NULL,0,NULL,4,'2019-06-14 15:19:31','2019-06-14',NULL,'2021-05-26 00:00:00',NULL,'2021-05-26 14:58:41',0,NULL,NULL,0,NULL,NULL,NULL,0.00000000,0.00000000,0.00000000,0.00000000,440.00000000,440.00000000,0,1,NULL,1,NULL,NULL,NULL,3,NULL,NULL,1,0,'2019-06-15',NULL,NULL,'crabe','facture/FA1906-0025/FA1906-0025.pdf',0,'',NULL,NULL,NULL,1,NULL,NULL,NULL,NULL,NULL,0,'EUR',1.00000000,440.00000000,0.00000000,440.00000000,NULL,NULL,NULL,NULL),(34,'FA1907-0026',1,NULL,NULL,NULL,0,NULL,4,'2019-07-14 21:05:28','2019-07-14',NULL,'2019-07-14 00:00:00','2023-04-25 11:45:01','2023-04-25 09:45:01',1,NULL,NULL,0,NULL,NULL,NULL,0.00000000,0.00000000,0.00000000,0.00000000,0.00000000,0.00000000,2,1,NULL,1,1,NULL,NULL,3,NULL,NULL,1,0,'2019-07-15',NULL,NULL,'crabe','facture/FA1907-0026/FA1907-0026.pdf',0,'',NULL,NULL,NULL,1,NULL,NULL,NULL,NULL,NULL,0,'EUR',1.00000000,0.00000000,0.00000000,0.00000000,NULL,NULL,NULL,NULL),(35,'FA1909-0027',1,NULL,NULL,NULL,5,NULL,3,'2019-09-06 15:24:05','2019-09-06',NULL,'2019-09-06 00:00:00','2021-05-25 18:43:40','2021-05-25 16:43:40',1,NULL,NULL,0,NULL,NULL,NULL,1605.00000000,0.00000000,0.00000000,0.00000000,9450.00000000,11055.00000000,2,1,1,1,1,NULL,NULL,3,NULL,NULL,1,0,'2019-09-07',NULL,'Montant total du marché :','crabe_btp','facture/FA1909-0027/FA1909-0027.pdf',0,'',NULL,9,1,0,NULL,NULL,NULL,NULL,NULL,0,'EUR',1.00000000,9450.00000000,1605.00000000,11055.00000000,NULL,NULL,NULL,NULL),(38,'FA1908-0028',1,NULL,NULL,NULL,0,NULL,4,'2019-09-09 15:26:38','2019-08-29',NULL,'2019-09-09 00:00:00',NULL,'2019-12-09 10:26:45',1,NULL,NULL,0,NULL,NULL,NULL,17.00000000,0.00000000,0.00000000,0.00000000,85.00000000,102.00000000,2,1,NULL,1,NULL,NULL,NULL,8,NULL,NULL,3,2,'2019-09-30',NULL,'chantier formeuse de caisse','crabe','facture/FA1908-0028/FA1908-0028.pdf',0,'',NULL,NULL,NULL,1,NULL,NULL,NULL,NULL,NULL,0,'EUR',1.00000000,85.00000000,17.00000000,102.00000000,NULL,NULL,NULL,NULL),(39,'FA1912-0029',1,NULL,NULL,'hj;khjkhjk',0,NULL,4,'2019-12-09 11:22:40','2019-12-09',NULL,'2019-12-09 00:00:00',NULL,'2019-12-09 10:26:45',1,NULL,NULL,0,NULL,NULL,NULL,61.00000000,0.00000000,0.00000000,0.00000000,305.00000000,366.00000000,2,1,NULL,1,NULL,NULL,NULL,8,1,NULL,1,2,'2019-12-10',NULL,NULL,'crabe','facture/FA1912-0029/FA1912-0029.pdf',0,'',NULL,NULL,NULL,1,NULL,NULL,NULL,NULL,NULL,0,'EUR',1.00000000,305.00000000,61.00000000,366.00000000,NULL,NULL,NULL,NULL),(40,'FA2001-0030',1,NULL,NULL,'13112019',0,NULL,1,'2020-01-14 15:17:07','2020-01-14',NULL,'2020-01-14 00:00:00','2021-05-25 18:42:50','2021-05-25 16:42:50',1,NULL,NULL,0,NULL,NULL,NULL,300.00000000,0.00000000,0.00000000,0.00000000,1500.00000000,1800.00000000,2,1,NULL,1,1,NULL,NULL,NULL,1,NULL,3,2,'2020-02-29',NULL,NULL,'crabe','facture/FA2001-0030/FA2001-0030.pdf',0,'',NULL,NULL,NULL,1,NULL,NULL,NULL,NULL,NULL,0,'EUR',1.00000000,1500.00000000,300.00000000,1800.00000000,NULL,NULL,NULL,NULL),(41,'FA2006-0031',1,NULL,NULL,NULL,0,NULL,4,'2020-06-22 15:19:37','2020-06-22',NULL,'2020-06-22 00:00:00','2021-05-25 18:44:33','2021-05-25 16:44:33',1,NULL,NULL,0,NULL,NULL,NULL,211.80000000,0.00000000,0.00000000,0.00000000,1059.00000000,1270.80000000,2,1,NULL,1,1,NULL,NULL,8,NULL,NULL,3,2,'2020-07-31',NULL,NULL,'crabe','facture/FA2006-0031/FA2006-0031.pdf',0,'',NULL,NULL,NULL,1,0,NULL,0,NULL,NULL,0,'EUR',1.00000000,1059.00000000,211.80000000,1270.80000000,NULL,NULL,NULL,NULL),(42,'FA2011-0032',1,NULL,NULL,NULL,0,NULL,1,'2020-11-02 12:26:19','2020-11-02',NULL,'2020-11-02 00:00:00','2021-05-25 18:42:50','2021-05-25 16:42:50',1,NULL,NULL,0,NULL,NULL,NULL,80.00000000,0.00000000,0.00000000,0.00000000,400.00000000,480.00000000,2,1,NULL,1,1,NULL,NULL,NULL,1,NULL,1,2,'2020-11-03',NULL,NULL,'crabe','facture/FA2011-0032/FA2011-0032.pdf',0,'',NULL,NULL,NULL,1,0,NULL,0,NULL,NULL,0,'EUR',1.00000000,400.00000000,80.00000000,480.00000000,NULL,NULL,NULL,NULL),(43,'FA2102-0033',1,NULL,NULL,NULL,0,NULL,7,'2021-02-11 14:44:38','2021-02-10',NULL,'2021-02-11 00:00:00','2021-02-11 15:04:19','2021-02-11 14:04:19',1,NULL,NULL,0,NULL,NULL,NULL,64.00000000,0.00000000,0.00000000,0.00000000,320.00000000,384.00000000,2,1,NULL,1,1,NULL,NULL,NULL,1,NULL,1,7,'2021-02-11',NULL,NULL,'crabe','facture/FA2102-0033/FA2102-0033.pdf',0,'',NULL,NULL,NULL,1,0,NULL,0,NULL,NULL,0,'EUR',1.00000000,320.00000000,64.00000000,384.00000000,NULL,NULL,NULL,NULL),(44,'FA2103-0034',1,NULL,NULL,NULL,0,NULL,1,'2021-03-08 17:26:24','2021-03-08',NULL,'2021-03-08 00:00:00','2021-05-25 18:42:50','2021-05-25 16:42:50',1,NULL,NULL,0,NULL,NULL,NULL,400.00000000,0.00000000,0.00000000,0.00000000,2000.00000000,2400.00000000,2,1,NULL,1,1,NULL,NULL,9,1,NULL,2,2,'2021-04-07',NULL,NULL,'crabe','facture/FA2103-0034/FA2103-0034.pdf',0,'',NULL,NULL,NULL,1,0,NULL,0,NULL,NULL,0,'EUR',1.00000000,2000.00000000,400.00000000,2400.00000000,NULL,NULL,NULL,NULL),(45,'FA2103-0035',1,NULL,NULL,'123456789',0,NULL,1,'2021-03-24 11:53:06','2021-03-31',NULL,'2021-03-24 00:00:00','2021-05-25 18:42:50','2021-05-25 16:42:50',1,NULL,NULL,0,NULL,NULL,NULL,35.40000000,0.00000000,0.00000000,0.00000000,177.00000000,212.40000000,2,1,NULL,1,1,NULL,NULL,NULL,1,NULL,13,2,'2021-04-30',NULL,NULL,'crabe','facture/FA2103-0035/FA2103-0035.pdf',0,'',NULL,NULL,NULL,1,0,NULL,0,NULL,NULL,0,'EUR',1.00000000,177.00000000,35.40000000,212.40000000,NULL,NULL,NULL,NULL),(46,'FA2105-0036',1,NULL,NULL,NULL,5,NULL,2,'2021-05-25 16:01:54','2021-05-25',NULL,'2021-05-25 00:00:00','2021-05-25 18:44:57','2021-05-25 16:44:57',1,NULL,NULL,0,NULL,NULL,NULL,148.00000000,0.00000000,0.00000000,0.00000000,740.00000000,888.00000000,2,1,NULL,1,1,NULL,NULL,10,1,NULL,2,2,'2021-06-24',NULL,NULL,'crabe_btp','facture/FA2105-0036/FA2105-0036.pdf',0,'',NULL,10,1,0,0,'2021-06-24',0,NULL,NULL,0,'EUR',1.00000000,740.00000000,148.00000000,888.00000000,NULL,NULL,NULL,NULL),(47,'FA2105-0037',1,NULL,NULL,NULL,5,NULL,2,'2021-05-25 16:04:45','2021-05-25',NULL,'2021-05-25 00:00:00','2021-05-25 18:44:57','2021-05-25 16:44:57',1,NULL,NULL,0,NULL,NULL,NULL,592.00000000,0.00000000,0.00000000,0.00000000,2960.00000000,3552.00000000,2,1,NULL,1,1,NULL,46,10,NULL,NULL,2,2,'2021-06-24',NULL,NULL,'crabe_btp','facture/(PROV47)/(PROV47).pdf',0,'',NULL,10,2,0,0,'2021-06-24',0,NULL,NULL,0,'EUR',1.00000000,2960.00000000,592.00000000,3552.00000000,NULL,NULL,NULL,NULL),(48,'FA2105-0038',1,NULL,NULL,NULL,5,NULL,2,'2021-05-25 16:06:51','2021-05-25',NULL,'2021-05-25 00:00:00','2021-05-25 18:44:57','2021-05-25 16:44:57',1,NULL,NULL,0,NULL,NULL,NULL,740.00000000,0.00000000,0.00000000,0.00000000,3700.00000000,4440.00000000,2,1,NULL,1,1,NULL,47,10,NULL,NULL,2,2,'2021-06-24',NULL,NULL,'crabe_btp','facture/FA2105-0038/FA2105-0038.pdf',0,'',NULL,10,3,1,0,'2021-06-24',0,NULL,NULL,0,'EUR',1.00000000,3700.00000000,740.00000000,4440.00000000,NULL,NULL,NULL,NULL),(49,'FA2105-0039',1,NULL,NULL,NULL,5,NULL,10,'2021-05-26 16:27:28','2021-05-26',NULL,'2021-05-26 00:00:00',NULL,'2021-05-26 14:28:19',0,NULL,NULL,0,NULL,NULL,NULL,14.40000000,0.00000000,0.00000000,0.00000000,72.00000000,86.40000000,1,1,NULL,1,NULL,NULL,NULL,NULL,NULL,NULL,4,0,'2021-07-25',NULL,NULL,'crabe_btp','facture/FA2105-0039/FA2105-0039.pdf',0,'',NULL,11,1,0,0,'2021-07-25',0,NULL,NULL,0,'EUR',1.00000000,72.00000000,14.40000000,86.40000000,NULL,NULL,NULL,NULL),(50,'FA2105-0040',1,NULL,NULL,NULL,5,NULL,10,'2021-05-26 16:28:50','2021-05-26',NULL,'2021-05-26 00:00:00',NULL,'2021-05-26 14:30:29',0,NULL,NULL,0,NULL,NULL,NULL,25.40000000,0.00000000,0.00000000,0.00000000,127.00000000,152.40000000,1,1,NULL,1,NULL,NULL,49,NULL,NULL,NULL,4,0,'2021-07-25',NULL,NULL,'crabe_btp','facture/(PROV50)/(PROV50).pdf',0,'',NULL,11,2,0,0,'2021-07-25',0,NULL,NULL,0,'EUR',1.00000000,127.00000000,25.40000000,152.40000000,NULL,NULL,NULL,NULL),(51,'FA2105-0041',1,NULL,NULL,NULL,5,NULL,10,'2021-05-26 16:31:10','2021-05-26',NULL,'2021-05-26 00:00:00',NULL,'2021-05-26 14:31:20',0,NULL,NULL,0,NULL,NULL,NULL,20.80000000,0.00000000,0.00000000,0.00000000,104.00000000,124.80000000,1,1,NULL,1,NULL,NULL,50,NULL,NULL,NULL,4,0,'2021-07-25',NULL,NULL,'crabe_btp','facture/(PROV51)/(PROV51).pdf',0,'',NULL,11,3,1,0,'2021-07-25',0,NULL,NULL,0,'EUR',1.00000000,104.00000000,20.80000000,124.80000000,NULL,NULL,NULL,NULL),(52,'FA2107-0042',1,NULL,NULL,'ghghghgh',5,NULL,1,'2021-07-08 11:09:37','2021-07-08',NULL,'2021-07-08 00:00:00','2021-10-19 16:01:30','2021-10-19 14:01:30',1,NULL,NULL,0,NULL,NULL,NULL,224.64300000,0.00000000,0.00000000,0.00000000,1123.21500000,1347.85800000,2,1,NULL,1,1,NULL,NULL,NULL,1,NULL,3,2,'2021-08-31',NULL,NULL,'crabe','facture/FA2107-0042/FA2107-0042.pdf',0,'',NULL,12,1,0,0,'2021-08-31',0,NULL,NULL,0,'EUR',1.00000000,1123.21500000,224.64300000,1347.85800000,NULL,NULL,NULL,NULL),(53,'FA2107-0043',1,NULL,NULL,'ghghghgh',5,NULL,1,'2021-07-08 11:13:47','2021-07-08',NULL,'2021-07-08 00:00:00','2021-10-19 16:01:30','2021-10-19 14:01:30',1,NULL,NULL,0,NULL,NULL,NULL,714.00000000,0.00000000,0.00000000,0.00000000,3570.00000000,4284.00000000,2,1,NULL,1,1,NULL,52,NULL,NULL,NULL,3,2,'2021-08-31',NULL,NULL,'crabe_btp','facture/FA2107-0043/FA2107-0043.pdf',0,'',NULL,12,2,0,0,'2021-08-31',0,NULL,NULL,0,'EUR',1.00000000,3570.00000000,714.00000000,4284.00000000,NULL,NULL,NULL,NULL),(54,'FA2107-0044',1,NULL,NULL,'ghghghgh',5,NULL,1,'2021-07-08 11:18:38','2021-07-08',NULL,'2021-07-08 00:00:00',NULL,'2021-07-08 09:18:59',0,NULL,NULL,0,NULL,NULL,NULL,863.70300000,0.00000000,0.00000000,0.00000000,4318.51500000,5182.21800000,1,1,NULL,1,NULL,NULL,53,NULL,NULL,NULL,3,2,'2021-08-31',NULL,NULL,'crabe_btp','facture/(PROV54)/(PROV54).pdf',0,'',NULL,12,3,1,0,'2021-08-31',0,NULL,NULL,0,'EUR',1.00000000,4318.51500000,863.70300000,5182.21800000,NULL,NULL,NULL,NULL),(55,'FA2107-0045',1,NULL,NULL,NULL,0,NULL,1,'2021-07-16 15:33:54','2021-07-16',NULL,'2021-07-16 00:00:00','2021-10-19 16:01:30','2021-10-19 14:01:30',1,NULL,NULL,0,NULL,NULL,NULL,816.20000000,0.00000000,0.00000000,0.00000000,5258.00000000,6074.20000000,2,1,NULL,1,1,NULL,NULL,12,1,NULL,2,2,'2021-08-15',NULL,NULL,'crabe','facture/FA2107-0045/FA2107-0045.pdf',0,'',NULL,NULL,NULL,1,0,'2021-08-15',0,NULL,NULL,0,'EUR',1.00000000,5258.00000000,816.20000000,6074.20000000,NULL,NULL,NULL,NULL),(56,'FA2110-0046',1,NULL,NULL,NULL,0,NULL,4,'2021-10-19 15:56:02','2021-10-19',NULL,'2021-10-19 00:00:00','2023-04-25 11:45:01','2023-04-25 09:45:01',1,NULL,NULL,0,NULL,NULL,NULL,72.00000000,0.00000000,0.00000000,0.00000000,360.00000000,432.00000000,2,1,NULL,1,1,NULL,NULL,NULL,NULL,NULL,7,2,'2021-10-20',NULL,NULL,'crabe','facture/FA2110-0046/FA2110-0046.pdf',0,'',NULL,NULL,NULL,1,0,'2021-10-20',0,NULL,NULL,0,'EUR',1.00000000,360.00000000,72.00000000,432.00000000,NULL,NULL,NULL,NULL),(57,'FA2202-0047',1,NULL,NULL,NULL,0,NULL,1,'2022-02-18 16:26:07','2022-02-18',NULL,'2022-02-18 00:00:00','2022-02-18 16:28:38','2022-02-18 15:28:38',1,NULL,NULL,0,NULL,NULL,NULL,37.60000000,0.00000000,0.00000000,0.00000000,188.00000000,225.60000000,2,1,NULL,1,1,NULL,NULL,NULL,1,NULL,2,2,'2022-03-20',NULL,NULL,'crabe','facture/FA2202-0047/FA2202-0047.pdf',0,'',NULL,NULL,NULL,1,0,'2022-03-20',0,NULL,NULL,0,'EUR',1.00000000,188.00000000,37.60000000,225.60000000,NULL,NULL,NULL,NULL),(58,'FA2304-0048',1,NULL,NULL,NULL,0,NULL,1,'2023-04-25 11:10:57','2023-04-25',NULL,'2023-04-25 00:00:00',NULL,'2023-04-25 09:16:28',0,NULL,NULL,0,NULL,NULL,NULL,37.60000000,0.00000000,0.00000000,0.00000000,188.00000000,225.60000000,1,1,NULL,1,NULL,NULL,NULL,NULL,1,NULL,2,2,'2023-05-25',NULL,NULL,'crabe','facture/FA2304-0048/FA2304-0048.pdf',0,'',NULL,NULL,NULL,1,0,'2023-05-25',0,NULL,NULL,0,'EUR',1.00000000,188.00000000,37.60000000,225.60000000,NULL,NULL,NULL,NULL),(59,'FA2305-0055',1,NULL,NULL,NULL,0,NULL,13,'2023-05-16 15:05:43','2023-05-16',NULL,'2024-09-09 16:01:50',NULL,'2024-09-09 14:01:51',0,NULL,NULL,0,NULL,NULL,NULL,3.60000000,0.00000000,0.00000000,0.00000000,18.00000000,21.60000000,1,8,NULL,1,NULL,NULL,NULL,NULL,NULL,NULL,1,0,'2023-05-17',NULL,NULL,'crabe','facture/FA2305-0055/FA2305-0055.pdf',0,'',NULL,NULL,NULL,0,0,'2023-05-17',0,NULL,NULL,0,'EUR',1.00000000,18.00000000,3.60000000,21.60000000,NULL,NULL,NULL,NULL),(60,'FA2305-0050',1,NULL,NULL,NULL,0,NULL,7,'2023-05-16 17:31:51','2023-05-16',NULL,'2023-06-01 19:15:35',NULL,'2023-06-01 17:15:35',0,NULL,NULL,0,NULL,NULL,NULL,4.00000000,0.00000000,0.00000000,0.00000000,20.00000000,24.00000000,1,8,NULL,1,NULL,NULL,NULL,13,NULL,NULL,2,2,'2023-06-15',NULL,NULL,'crabe','facture/FA2305-0050/FA2305-0050.pdf',0,'',NULL,NULL,NULL,0,0,'2023-06-15',0,NULL,NULL,0,'EUR',1.00000000,20.00000000,4.00000000,24.00000000,NULL,NULL,NULL,NULL),(61,'FA2306-0049',1,NULL,NULL,NULL,0,NULL,9,'2023-06-01 19:10:39','2023-06-01',NULL,'2023-06-01 19:10:54',NULL,'2023-06-13 08:31:19',0,NULL,NULL,0,NULL,NULL,NULL,10.00000000,0.00000000,0.00000000,0.00000000,50.00000000,60.00000000,1,1,NULL,1,NULL,NULL,NULL,NULL,NULL,NULL,13,0,'2023-06-30',NULL,NULL,'homard','facture/FA2306-0049/FA2306-0049.pdf',0,'',NULL,NULL,NULL,0,0,'2023-06-30',0,NULL,NULL,0,'EUR',1.00000000,50.00000000,10.00000000,60.00000000,NULL,NULL,NULL,NULL),(62,'FA2306-0051',1,NULL,NULL,NULL,0,NULL,1,'2023-06-28 11:06:49','2023-06-28',NULL,'2023-06-28 11:07:27','2023-06-28 11:11:41','2023-06-28 09:11:41',1,NULL,NULL,0,NULL,NULL,NULL,200.00000000,0.00000000,0.00000000,0.00000000,1000.00000000,1200.00000000,2,1,NULL,1,1,NULL,NULL,NULL,1,NULL,2,7,'2023-07-28',NULL,NULL,'crabe','facture/FA2306-0051/FA2306-0051.pdf',0,'',NULL,NULL,NULL,0,0,'2023-07-28',0,NULL,NULL,0,'EUR',1.00000000,1000.00000000,200.00000000,1200.00000000,NULL,NULL,NULL,NULL),(63,'FA2306-0052',1,NULL,NULL,NULL,0,NULL,1,'2023-06-28 11:36:21','2023-06-28',NULL,'2023-06-28 11:38:11','2023-06-28 11:42:08','2023-06-28 09:42:08',1,NULL,NULL,0,NULL,NULL,NULL,0.25000000,0.00000000,0.00000000,0.00000000,1.25000000,1.50000000,2,1,NULL,1,1,NULL,NULL,NULL,NULL,NULL,0,6,'2023-06-28',NULL,NULL,NULL,'facture/FA2306-0052/FA2306-0052.pdf',0,'',NULL,NULL,NULL,0,0,NULL,0,NULL,NULL,0,'EUR',1.00000000,1.25000000,0.25000000,1.50000000,'cashdesk','0',NULL,NULL),(64,'FA2309-0053',1,NULL,NULL,NULL,0,NULL,1,'2023-09-14 16:52:54','2023-09-14',NULL,'2023-09-14 16:52:54','2023-09-14 16:52:55','2023-09-14 14:52:55',1,NULL,NULL,0,NULL,NULL,NULL,6.00000000,0.00000000,0.00000000,0.00000000,30.00000000,36.00000000,2,1,NULL,1,1,NULL,NULL,NULL,NULL,NULL,0,6,'2023-09-14',NULL,NULL,NULL,'facture/FA2309-0053/FA2309-0053.pdf',0,'',NULL,NULL,NULL,0,0,NULL,0,NULL,NULL,0,'EUR',1.00000000,30.00000000,6.00000000,36.00000000,'cashdesk','0',NULL,NULL),(65,'TC1-2309-0001',1,NULL,NULL,NULL,0,NULL,1,'2023-09-14 17:00:35','2023-09-14',NULL,'2023-09-14 17:02:34','2023-09-14 17:02:34','2023-09-14 15:02:34',1,NULL,NULL,0,NULL,NULL,NULL,26.40000000,0.00000000,0.00000000,0.00000000,132.00000000,158.40000000,2,1,NULL,1,1,NULL,NULL,NULL,NULL,NULL,0,7,'2023-09-14',NULL,NULL,NULL,'facture/TC1-2309-0001/TC1-2309-0001.pdf',0,'',NULL,NULL,NULL,0,0,NULL,0,NULL,NULL,0,'EUR',1.00000000,132.00000000,26.40000000,158.40000000,'takepos','1',NULL,NULL),(66,'FA2409-0054',1,NULL,NULL,NULL,0,NULL,9,'2024-09-09 15:52:34','2024-10-01',NULL,'2024-09-09 15:55:50',NULL,'2024-09-09 13:55:50',0,0,0,0,NULL,NULL,NULL,816.34000000,0.00000000,0.00000000,0.00000000,7364.75000000,8181.09000000,1,NULL,NULL,1,NULL,NULL,NULL,NULL,1,NULL,1,2,'2024-10-02',NULL,NULL,'crabe','facture/FA2409-0054/FA2409-0054.pdf',0,'',NULL,NULL,NULL,0,0,'2024-09-10',0,NULL,NULL,0,'EUR',1.00000000,7364.75000000,816.34000000,8181.09000000,NULL,NULL,NULL,NULL),(67,'FA2409-0056',1,NULL,NULL,NULL,0,NULL,1,'2024-09-18 11:03:30','2024-09-18',NULL,'2024-09-18 11:09:45',NULL,'2024-09-18 09:09:45',0,0,0,0,NULL,NULL,NULL,1.00000000,0.00000000,0.00000000,0.00000000,5.00000000,6.00000000,1,1,NULL,1,NULL,NULL,NULL,NULL,1,NULL,2,2,'2024-10-18',NULL,NULL,'crabe','facture/FA2409-0056/FA2409-0056.pdf',0,'',NULL,NULL,NULL,0,0,'2024-10-18',0,NULL,NULL,0,'EUR',1.00000000,5.00000000,1.00000000,6.00000000,NULL,NULL,NULL,NULL),(68,'FA2409-0057',1,NULL,NULL,NULL,0,NULL,1,'2024-09-18 11:29:33','2024-09-18',NULL,'2024-09-18 11:31:25',NULL,'2024-09-18 09:31:25',0,0,0,0,NULL,NULL,NULL,888.91000000,0.00000000,0.00000000,0.00000000,8669.08000000,9557.99000000,1,1,NULL,1,NULL,NULL,NULL,15,1,NULL,2,2,'2024-10-18',NULL,NULL,'crabe','facture/FA2409-0057/FA2409-0057.pdf',0,'',NULL,NULL,NULL,1,0,'2024-10-18',0,NULL,NULL,0,'EUR',1.00000000,8669.08000000,888.91000000,9557.99000000,NULL,NULL,NULL,NULL),(69,'FA2409-0058',1,NULL,NULL,NULL,0,NULL,1,'2024-09-18 11:39:20','2024-09-18',NULL,'2024-09-18 11:39:33',NULL,'2024-09-18 09:39:34',0,0,0,0,NULL,NULL,NULL,22.00000000,0.00000000,0.00000000,0.00000000,110.00000000,132.00000000,1,1,NULL,1,NULL,NULL,NULL,NULL,1,NULL,2,2,'2024-10-18',NULL,NULL,'crabe','facture/FA2409-0058/FA2409-0058.pdf',0,'',NULL,NULL,NULL,1,0,'2024-10-18',0,NULL,NULL,0,'EUR',1.00000000,110.00000000,22.00000000,132.00000000,NULL,NULL,NULL,NULL),(70,'FA2409-0059',1,NULL,NULL,NULL,0,NULL,1,'2024-09-18 12:09:44','2024-09-18',NULL,'2024-09-18 12:09:51',NULL,'2024-09-18 10:09:52',0,0,0,0,NULL,NULL,NULL,44.00000000,0.00000000,0.00000000,0.00000000,220.00000000,264.00000000,1,1,NULL,1,NULL,NULL,NULL,9,1,NULL,2,2,'2024-10-18',NULL,NULL,'crabe','facture/FA2409-0059/FA2409-0059.pdf',0,'',NULL,NULL,NULL,1,0,'2024-10-18',0,NULL,NULL,0,'EUR',1.00000000,220.00000000,44.00000000,264.00000000,NULL,NULL,NULL,NULL),(71,'FA2411-0060',1,NULL,NULL,NULL,0,NULL,10,'2024-11-29 14:09:53','2024-11-29',NULL,'2024-11-29 14:19:40',NULL,'2024-11-29 16:35:50',0,0,0,0,NULL,NULL,NULL,296.68000000,0.00000000,0.00000000,0.00000000,2524.00000000,2820.68000000,0,2,NULL,2,NULL,NULL,NULL,NULL,1,NULL,1,6,'2024-11-30',NULL,NULL,'crabe','facture/FA2411-0060/FA2411-0060.pdf',0,'',NULL,NULL,NULL,1,0,'2024-11-30',0,NULL,NULL,0,'EUR',1.00000000,2524.00000000,296.68000000,2820.68000000,NULL,NULL,NULL,NULL);

--
-- Table structure for table `t1zhf_facture_extrafields`
--

CREATE TABLE `t1zhf_facture_extrafields` (
  `rowid` int NOT NULL AUTO_INCREMENT,
  `tms` timestamp NOT NULL DEFAULT CURRENT_TIMESTAMP ON UPDATE CURRENT_TIMESTAMP,
  `fk_object` int NOT NULL,
  `import_key` varchar(14) COLLATE utf8mb3_unicode_ci DEFAULT NULL,
  PRIMARY KEY (`rowid`),
  UNIQUE KEY `uk_facture_extrafields` (`fk_object`)
) ENGINE=InnoDB DEFAULT CHARSET=utf8mb3 COLLATE=utf8mb3_unicode_ci;

--
-- Dumping data for table `t1zhf_facture_extrafields`
--


--
-- Table structure for table `t1zhf_facture_fourn`
--

CREATE TABLE `t1zhf_facture_fourn` (
  `rowid` int NOT NULL AUTO_INCREMENT,
  `ref` varchar(180) COLLATE utf8mb3_unicode_ci NOT NULL,
  `ref_supplier` varchar(180) COLLATE utf8mb3_unicode_ci NOT NULL,
  `entity` int NOT NULL DEFAULT '1',
  `ref_ext` varchar(255) COLLATE utf8mb3_unicode_ci DEFAULT NULL,
  `type` smallint NOT NULL DEFAULT '0',
  `fk_soc` int NOT NULL,
  `datec` datetime DEFAULT NULL,
  `datef` date DEFAULT NULL,
  `date_pointoftax` date DEFAULT NULL,
  `date_valid` date DEFAULT NULL,
  `date_closing` datetime DEFAULT NULL,
  `tms` timestamp NOT NULL DEFAULT CURRENT_TIMESTAMP ON UPDATE CURRENT_TIMESTAMP,
  `libelle` varchar(255) COLLATE utf8mb3_unicode_ci DEFAULT NULL,
  `paye` smallint NOT NULL DEFAULT '0',
  `amount` double(24,8) NOT NULL DEFAULT '0.00000000',
  `remise` double(24,8) DEFAULT '0.00000000',
  `close_code` varchar(16) COLLATE utf8mb3_unicode_ci DEFAULT NULL,
  `close_missing_amount` double(24,8) DEFAULT NULL,
  `close_note` varchar(128) COLLATE utf8mb3_unicode_ci DEFAULT NULL,
  `vat_reverse_charge` tinyint DEFAULT '0',
  `tva` double(24,8) DEFAULT '0.00000000',
  `localtax1` double(24,8) DEFAULT '0.00000000',
  `localtax2` double(24,8) DEFAULT '0.00000000',
  `total_ht` double(24,8) DEFAULT '0.00000000',
  `total_tva` double(24,8) DEFAULT '0.00000000',
  `total_ttc` double(24,8) DEFAULT '0.00000000',
  `fk_statut` smallint NOT NULL DEFAULT '0',
  `fk_user_author` int DEFAULT NULL,
  `fk_user_modif` int DEFAULT NULL,
  `fk_user_valid` int DEFAULT NULL,
  `fk_user_closing` int DEFAULT NULL,
  `fk_facture_source` int DEFAULT NULL,
  `fk_projet` int DEFAULT NULL,
  `fk_account` int DEFAULT NULL,
  `fk_cond_reglement` int DEFAULT NULL,
  `fk_mode_reglement` int DEFAULT NULL,
  `date_lim_reglement` date DEFAULT NULL,
  `note_private` text COLLATE utf8mb3_unicode_ci,
  `note_public` text COLLATE utf8mb3_unicode_ci,
  `fk_incoterms` int DEFAULT NULL,
  `location_incoterms` varchar(255) COLLATE utf8mb3_unicode_ci DEFAULT NULL,
  `fk_transport_mode` int DEFAULT NULL,
  `model_pdf` varchar(255) COLLATE utf8mb3_unicode_ci DEFAULT NULL,
  `last_main_doc` varchar(255) COLLATE utf8mb3_unicode_ci DEFAULT NULL,
  `import_key` varchar(14) COLLATE utf8mb3_unicode_ci DEFAULT NULL,
  `extraparams` varchar(255) COLLATE utf8mb3_unicode_ci DEFAULT NULL,
  `fk_multicurrency` int DEFAULT NULL,
  `multicurrency_code` varchar(3) COLLATE utf8mb3_unicode_ci DEFAULT NULL,
  `multicurrency_tx` double(24,8) DEFAULT '1.00000000',
  `multicurrency_total_ht` double(24,8) DEFAULT '0.00000000',
  `multicurrency_total_tva` double(24,8) DEFAULT '0.00000000',
  `multicurrency_total_ttc` double(24,8) DEFAULT '0.00000000',
  `fk_fac_rec_source` int DEFAULT NULL,
  `revenuestamp` double(24,8) DEFAULT '0.00000000',
  `subtype` smallint DEFAULT NULL,
  PRIMARY KEY (`rowid`),
  UNIQUE KEY `uk_facture_fourn_ref` (`ref`,`entity`),
  UNIQUE KEY `uk_facture_fourn_ref_supplier` (`ref_supplier`,`fk_soc`,`entity`),
  KEY `idx_facture_fourn_date_lim_reglement` (`date_lim_reglement`),
  KEY `idx_facture_fourn_fk_soc` (`fk_soc`),
  KEY `idx_facture_fourn_fk_user_author` (`fk_user_author`),
  KEY `idx_facture_fourn_fk_user_valid` (`fk_user_valid`),
  KEY `idx_facture_fourn_fk_projet` (`fk_projet`),
  KEY `idx_facture_fourn_tms` (`tms`),
  CONSTRAINT `fk_facture_fourn_fk_projet` FOREIGN KEY (`fk_projet`) REFERENCES `t1zhf_projet` (`rowid`) ON DELETE RESTRICT ON UPDATE RESTRICT,
  CONSTRAINT `fk_facture_fourn_fk_soc` FOREIGN KEY (`fk_soc`) REFERENCES `t1zhf_societe` (`rowid`) ON DELETE RESTRICT ON UPDATE RESTRICT,
  CONSTRAINT `fk_facture_fourn_fk_user_author` FOREIGN KEY (`fk_user_author`) REFERENCES `t1zhf_user` (`rowid`) ON DELETE RESTRICT ON UPDATE RESTRICT,
  CONSTRAINT `fk_facture_fourn_fk_user_valid` FOREIGN KEY (`fk_user_valid`) REFERENCES `t1zhf_user` (`rowid`) ON DELETE RESTRICT ON UPDATE RESTRICT
) ENGINE=InnoDB AUTO_INCREMENT=12 DEFAULT CHARSET=utf8mb3 COLLATE=utf8mb3_unicode_ci;

--
-- Dumping data for table `t1zhf_facture_fourn`
--

INSERT INTO `t1zhf_facture_fourn` VALUES (1,'SI1901-0001','123456',1,NULL,0,2,'2019-01-08 11:40:27','2019-01-08',NULL,'2019-01-08',NULL,'2019-01-08 10:40:43','',1,0.00000000,0.00000000,NULL,NULL,NULL,0,0.00000000,0.00000000,0.00000000,650.00000000,130.00000000,780.00000000,2,1,NULL,1,NULL,NULL,NULL,NULL,1,6,'2019-01-09','','',0,'',NULL,NULL,NULL,NULL,NULL,0,'EUR',1.00000000,650.00000000,130.00000000,780.00000000,NULL,0.00000000,NULL),(2,'SI1906-0002','12458',1,NULL,0,5,'2019-06-24 09:48:05','2019-06-24',NULL,'2019-06-24',NULL,'2021-05-25 16:45:54','',1,0.00000000,0.00000000,NULL,NULL,NULL,0,0.00000000,0.00000000,0.00000000,8.52000000,1.70000000,10.22000000,2,1,NULL,1,NULL,NULL,6,1,2,2,'2019-06-24','','',0,'',NULL,NULL,NULL,NULL,NULL,0,'EUR',1.00000000,8.52000000,1.70000000,10.22000000,NULL,0.00000000,NULL),(3,'SI2011-0003','454534',1,NULL,0,1,'2020-11-02 12:28:26','2020-11-02',NULL,'2020-11-02',NULL,'2020-11-02 11:28:39','',1,0.00000000,0.00000000,NULL,NULL,NULL,0,0.00000000,0.00000000,0.00000000,500.00000000,100.00000000,600.00000000,2,1,NULL,1,NULL,NULL,NULL,1,1,NULL,'2020-11-03','','',0,'',NULL,NULL,NULL,NULL,NULL,0,'EUR',1.00000000,500.00000000,100.00000000,600.00000000,NULL,0.00000000,NULL),(4,'SI2102-0004','11022021a',1,NULL,0,1,'2021-02-11 15:15:13','2021-02-11',NULL,'2021-02-11',NULL,'2021-02-11 14:24:56','',1,0.00000000,0.00000000,NULL,NULL,NULL,0,0.00000000,0.00000000,0.00000000,50.00000000,10.00000000,60.00000000,2,1,NULL,1,NULL,NULL,NULL,1,2,2,'2021-02-28','','',0,'',NULL,NULL,NULL,NULL,NULL,0,'EUR',1.00000000,50.00000000,10.00000000,60.00000000,NULL,0.00000000,NULL),(5,'SI2103-0005','dfdfbdf',1,NULL,0,4,'2021-03-08 17:33:35','2021-03-08',NULL,'2021-03-08',NULL,'2021-03-08 16:34:34','',1,0.00000000,0.00000000,NULL,NULL,NULL,0,0.00000000,0.00000000,0.00000000,500.00000000,100.00000000,600.00000000,2,1,NULL,1,NULL,NULL,9,1,3,2,'2021-03-31','','',0,'',NULL,NULL,NULL,NULL,NULL,0,'EUR',1.00000000,500.00000000,100.00000000,600.00000000,NULL,0.00000000,NULL),(6,'SI2105-0006','148586',1,NULL,0,6,'2021-05-25 16:31:44','2021-05-25',NULL,'2021-05-25',NULL,'2021-05-25 14:35:00','',1,0.00000000,0.00000000,NULL,NULL,NULL,0,0.00000000,0.00000000,0.00000000,17.03330000,3.40670000,20.44000000,2,1,NULL,1,NULL,NULL,10,1,13,2,'2021-06-30','','',0,'',NULL,NULL,NULL,NULL,NULL,0,'EUR',1.00000000,17.03330000,3.40670000,20.44000000,NULL,0.00000000,NULL),(7,'SI2107-0007','591',1,NULL,0,5,'2021-07-16 15:48:14','2021-07-16',NULL,'2021-07-19',NULL,'2021-07-19 14:56:39','',0,0.00000000,0.00000000,NULL,NULL,NULL,0,0.00000000,0.00000000,0.00000000,1000.00000000,200.00000000,1200.00000000,1,1,NULL,1,NULL,NULL,12,NULL,13,NULL,'2021-07-31','','',0,'',NULL,NULL,NULL,NULL,NULL,0,'EUR',1.00000000,1000.00000000,200.00000000,1200.00000000,NULL,0.00000000,NULL),(8,'SI2306-0008','FV20230009225t',1,'',0,2,'2023-06-01 19:05:09','2023-06-01',NULL,'2023-06-01',NULL,'2023-06-01 17:12:59','',0,0.00000000,0.00000000,NULL,NULL,NULL,0,0.00000000,0.00000000,0.00000000,10.00000000,0.00000000,10.00000000,1,1,NULL,1,NULL,NULL,NULL,1,1,2,'2023-06-01','','',0,'',NULL,NULL,NULL,NULL,NULL,0,'EUR',1.00000000,10.00000000,0.00000000,10.00000000,NULL,0.00000000,NULL),(10,'SI2306-0009','123456a',1,'',0,2,'2023-06-01 19:22:54','2023-06-01',NULL,'2023-06-01',NULL,'2023-06-01 17:27:45','',0,0.00000000,0.00000000,NULL,NULL,NULL,0,0.00000000,0.00000000,0.00000000,120.00000000,0.00000000,120.00000000,1,1,NULL,1,NULL,NULL,NULL,NULL,13,2,'2023-06-30','','',0,'',NULL,NULL,NULL,NULL,NULL,0,'EUR',1.00000000,120.00000000,0.00000000,120.00000000,NULL,0.00000000,NULL),(11,'(PROV11)','ref1234',1,'',0,5,'2023-09-14 10:36:31','2023-09-14',NULL,NULL,NULL,'2023-09-14 08:36:31','',0,0.00000000,0.00000000,NULL,NULL,NULL,0,0.00000000,0.00000000,0.00000000,0.00000000,0.00000000,0.00000000,0,1,NULL,NULL,NULL,NULL,NULL,1,7,2,'2023-09-14','','',0,'',NULL,NULL,NULL,NULL,NULL,0,'EUR',1.00000000,0.00000000,0.00000000,0.00000000,NULL,0.00000000,NULL);

--
-- Table structure for table `t1zhf_facture_fourn_det`
--

CREATE TABLE `t1zhf_facture_fourn_det` (
  `rowid` int NOT NULL AUTO_INCREMENT,
  `fk_facture_fourn` int NOT NULL,
  `fk_parent_line` int DEFAULT NULL,
  `fk_product` int DEFAULT NULL,
  `ref` varchar(128) COLLATE utf8mb3_unicode_ci DEFAULT NULL,
  `label` varchar(255) COLLATE utf8mb3_unicode_ci DEFAULT NULL,
  `description` text COLLATE utf8mb3_unicode_ci,
  `pu_ht` double(24,8) DEFAULT NULL,
  `pu_ttc` double(24,8) DEFAULT NULL,
  `qty` double DEFAULT NULL,
  `remise_percent` double DEFAULT '0',
  `fk_remise_except` int DEFAULT NULL,
  `vat_src_code` varchar(10) COLLATE utf8mb3_unicode_ci DEFAULT '',
  `tva_tx` double(6,3) DEFAULT NULL,
  `localtax1_tx` double(6,3) DEFAULT '0.000',
  `localtax1_type` varchar(10) COLLATE utf8mb3_unicode_ci DEFAULT NULL,
  `localtax2_tx` double(6,3) DEFAULT '0.000',
  `localtax2_type` varchar(10) COLLATE utf8mb3_unicode_ci DEFAULT NULL,
  `total_ht` double(24,8) DEFAULT NULL,
  `tva` double(24,8) DEFAULT NULL,
  `total_localtax1` double(24,8) DEFAULT '0.00000000',
  `total_localtax2` double(24,8) DEFAULT '0.00000000',
  `total_ttc` double(24,8) DEFAULT NULL,
  `product_type` int DEFAULT '0',
  `date_start` datetime DEFAULT NULL,
  `date_end` datetime DEFAULT NULL,
  `info_bits` int DEFAULT '0',
  `fk_code_ventilation` int NOT NULL DEFAULT '0',
  `special_code` int DEFAULT '0',
  `rang` int DEFAULT '0',
  `import_key` varchar(14) COLLATE utf8mb3_unicode_ci DEFAULT NULL,
  `fk_unit` int DEFAULT NULL,
  `fk_multicurrency` int DEFAULT NULL,
  `multicurrency_code` varchar(3) COLLATE utf8mb3_unicode_ci DEFAULT NULL,
  `multicurrency_subprice` double(24,8) DEFAULT '0.00000000',
  `multicurrency_total_ht` double(24,8) DEFAULT '0.00000000',
  `multicurrency_total_tva` double(24,8) DEFAULT '0.00000000',
  `multicurrency_total_ttc` double(24,8) DEFAULT '0.00000000',
  `date_cre` datetime DEFAULT NULL,
  `date_maj` datetime DEFAULT NULL,
  `poids` int NOT NULL DEFAULT '0',
  `tarif_poids` double NOT NULL DEFAULT '0',
  `metre` varchar(255) COLLATE utf8mb3_unicode_ci DEFAULT NULL,
  PRIMARY KEY (`rowid`),
  UNIQUE KEY `uk_fk_remise_except` (`fk_remise_except`,`fk_facture_fourn`),
  KEY `idx_facture_fourn_det_fk_facture` (`fk_facture_fourn`),
  KEY `idx_facture_fourn_det_fk_product` (`fk_product`),
  KEY `idx_facture_fourn_det_fk_code_ventilation` (`fk_code_ventilation`),
  KEY `fk_facture_fourn_det_fk_unit` (`fk_unit`),
  CONSTRAINT `fk_facture_fourn_det_fk_facture` FOREIGN KEY (`fk_facture_fourn`) REFERENCES `t1zhf_facture_fourn` (`rowid`) ON DELETE RESTRICT ON UPDATE RESTRICT,
  CONSTRAINT `fk_facture_fourn_det_fk_unit` FOREIGN KEY (`fk_unit`) REFERENCES `t1zhf_c_units` (`rowid`) ON DELETE RESTRICT ON UPDATE RESTRICT
) ENGINE=InnoDB AUTO_INCREMENT=12 DEFAULT CHARSET=utf8mb3 COLLATE=utf8mb3_unicode_ci;

--
-- Dumping data for table `t1zhf_facture_fourn_det`
--

INSERT INTO `t1zhf_facture_fourn_det` VALUES (1,1,NULL,1,'',NULL,'Disque Dur 1To',65.00000000,78.00000000,10,0,NULL,'',20.000,0.000,'0',0.000,'0',650.00000000,130.00000000,0.00000000,0.00000000,780.00000000,0,NULL,NULL,0,100100329,0,1,NULL,NULL,0,'EUR',65.00000000,650.00000000,130.00000000,780.00000000,NULL,NULL,0,0,NULL),(2,2,NULL,21,'',NULL,'xc38 diam45<br />\r\nen &eacute;tir&eacute; 6 m coup&eacute;<br>\nEnl&egrave;vement par packservice',1.42000000,1.70333333,6,0,NULL,'',20.000,0.000,'0',0.000,'0',8.52000000,1.70000000,0.00000000,0.00000000,10.22000000,0,NULL,NULL,0,100100329,0,1,NULL,1,0,'EUR',1.42000000,8.52000000,1.70000000,10.22000000,NULL,NULL,0,0,NULL),(3,3,NULL,30,'123456',NULL,'bidon',500.00000000,600.00000000,1,0,NULL,'',20.000,0.000,'0',0.000,'0',500.00000000,100.00000000,0.00000000,0.00000000,600.00000000,0,NULL,NULL,0,100100329,0,1,NULL,6,0,'EUR',500.00000000,500.00000000,100.00000000,600.00000000,NULL,NULL,0,0,NULL),(4,4,NULL,26,'',NULL,'',10.00000000,12.00000000,5,0,NULL,'',20.000,0.000,'0',0.000,'0',50.00000000,10.00000000,0.00000000,0.00000000,60.00000000,0,NULL,NULL,0,100100329,0,1,NULL,1,0,'EUR',10.00000000,50.00000000,10.00000000,60.00000000,NULL,NULL,0,0,NULL),(5,5,NULL,43,'ref12345',NULL,'Table 120 x 80',500.00000000,600.00000000,1,0,NULL,'',20.000,0.000,'0',0.000,'0',500.00000000,100.00000000,0.00000000,0.00000000,600.00000000,0,NULL,NULL,0,100100329,0,1,NULL,1,0,'EUR',500.00000000,500.00000000,100.00000000,600.00000000,NULL,NULL,0,0,NULL),(6,6,NULL,21,'123456',NULL,'xc38 diam45<br />\r\nen &eacute;tir&eacute; 6 m coup&eacute;',1.45000000,1.74000000,6,0,NULL,'',20.000,0.000,'0',0.000,'0',8.70000000,1.74000000,0.00000000,0.00000000,10.44000000,0,NULL,NULL,0,100100329,0,1,NULL,NULL,0,'EUR',1.45000000,8.70000000,1.74000000,10.44000000,NULL,NULL,0,0,NULL),(7,6,NULL,NULL,'',NULL,'port',8.33333000,10.00000000,1,0,NULL,'',20.000,0.000,'0',0.000,'0',8.33330000,1.66670000,0.00000000,0.00000000,10.00000000,0,NULL,NULL,0,100100329,0,2,NULL,1,0,'EUR',8.33333000,8.33330000,1.66670000,10.00000000,NULL,NULL,0,0,NULL),(8,7,NULL,53,'lint1',NULL,'',200.00000000,240.00000000,1,0,NULL,'',20.000,0.000,'0',0.000,'0',200.00000000,40.00000000,0.00000000,0.00000000,240.00000000,0,NULL,NULL,0,100100329,0,1,NULL,1,0,'EUR',200.00000000,200.00000000,40.00000000,240.00000000,NULL,NULL,0,0,NULL),(9,7,NULL,53,'lint1',NULL,'',800.00000000,960.00000000,1,0,NULL,'',20.000,0.000,'0',0.000,'0',800.00000000,160.00000000,0.00000000,0.00000000,960.00000000,0,NULL,NULL,0,100100329,0,2,NULL,1,0,'EUR',800.00000000,800.00000000,160.00000000,960.00000000,NULL,NULL,0,0,NULL),(10,8,NULL,17,'w10',NULL,'',10.00000000,10.00000000,1,0,NULL,'',0.000,0.000,'0',0.000,'0',10.00000000,0.00000000,0.00000000,0.00000000,10.00000000,0,NULL,NULL,0,100100329,0,1,NULL,1,0,'EUR',10.00000000,10.00000000,0.00000000,10.00000000,NULL,NULL,0,0,NULL),(11,10,NULL,17,'w10',NULL,'',120.00000000,120.00000000,1,0,NULL,'',0.000,0.000,'0',0.000,'0',120.00000000,0.00000000,0.00000000,0.00000000,120.00000000,0,NULL,NULL,0,100100329,0,1,NULL,1,0,'EUR',120.00000000,120.00000000,0.00000000,120.00000000,NULL,NULL,0,0,NULL);

--
-- Table structure for table `t1zhf_facture_fourn_det_extrafields`
--

CREATE TABLE `t1zhf_facture_fourn_det_extrafields` (
  `rowid` int NOT NULL AUTO_INCREMENT,
  `tms` timestamp NOT NULL DEFAULT CURRENT_TIMESTAMP ON UPDATE CURRENT_TIMESTAMP,
  `fk_object` int NOT NULL,
  `import_key` varchar(14) COLLATE utf8mb3_unicode_ci DEFAULT NULL,
  `show_total_ht` int DEFAULT NULL,
  `show_reduc` int DEFAULT NULL,
  `subtotal_nc` varchar(255) COLLATE utf8mb3_unicode_ci DEFAULT NULL,
  `subtotal_show_qty` int DEFAULT NULL,
  `hideblock` int DEFAULT NULL,
  PRIMARY KEY (`rowid`),
  UNIQUE KEY `uk_facture_fourn_det_extrafields` (`fk_object`)
) ENGINE=InnoDB AUTO_INCREMENT=3 DEFAULT CHARSET=utf8mb3 COLLATE=utf8mb3_unicode_ci;

--
-- Dumping data for table `t1zhf_facture_fourn_det_extrafields`
--

INSERT INTO `t1zhf_facture_fourn_det_extrafields` VALUES (1,'2019-06-24 07:48:05',2,NULL,NULL,NULL,NULL,NULL,NULL),(2,'2021-05-25 14:31:45',6,NULL,NULL,NULL,NULL,NULL,NULL);

--
-- Table structure for table `t1zhf_facture_fourn_det_rec`
--

CREATE TABLE `t1zhf_facture_fourn_det_rec` (
  `rowid` int NOT NULL AUTO_INCREMENT,
  `fk_facture_fourn` int NOT NULL,
  `fk_parent_line` int DEFAULT NULL,
  `fk_product` int DEFAULT NULL,
  `ref` varchar(50) DEFAULT NULL,
  `label` varchar(255) DEFAULT NULL,
  `description` text,
  `pu_ht` double(24,8) DEFAULT NULL,
  `pu_ttc` double(24,8) DEFAULT NULL,
  `qty` double DEFAULT NULL,
  `remise_percent` double DEFAULT '0',
  `fk_remise_except` int DEFAULT NULL,
  `vat_src_code` varchar(10) DEFAULT '',
  `tva_tx` double(7,4) DEFAULT NULL,
  `localtax1_tx` double(7,4) DEFAULT '0.0000',
  `localtax1_type` varchar(10) DEFAULT NULL,
  `localtax2_tx` double(7,4) DEFAULT '0.0000',
  `localtax2_type` varchar(10) DEFAULT NULL,
  `total_ht` double(24,8) DEFAULT NULL,
  `total_tva` double(24,8) DEFAULT NULL,
  `total_localtax1` double(24,8) DEFAULT '0.00000000',
  `total_localtax2` double(24,8) DEFAULT '0.00000000',
  `total_ttc` double(24,8) DEFAULT NULL,
  `product_type` int DEFAULT '0',
  `date_start` int DEFAULT NULL,
  `date_end` int DEFAULT NULL,
  `info_bits` int DEFAULT '0',
  `special_code` int unsigned DEFAULT '0',
  `rang` int DEFAULT '0',
  `fk_unit` int DEFAULT NULL,
  `import_key` varchar(14) DEFAULT NULL,
  `fk_user_author` int DEFAULT NULL,
  `fk_user_modif` int DEFAULT NULL,
  `fk_multicurrency` int DEFAULT NULL,
  `multicurrency_code` varchar(3) DEFAULT NULL,
  `multicurrency_subprice` double(24,8) DEFAULT '0.00000000',
  `multicurrency_total_ht` double(24,8) DEFAULT '0.00000000',
  `multicurrency_total_tva` double(24,8) DEFAULT '0.00000000',
  `multicurrency_total_ttc` double(24,8) DEFAULT '0.00000000',
  PRIMARY KEY (`rowid`),
  KEY `fk_facture_fourn_det_rec_fk_unit` (`fk_unit`),
  CONSTRAINT `fk_facture_fourn_det_rec_fk_unit` FOREIGN KEY (`fk_unit`) REFERENCES `t1zhf_c_units` (`rowid`) ON DELETE RESTRICT ON UPDATE RESTRICT
) ENGINE=InnoDB DEFAULT CHARSET=latin1;

--
-- Dumping data for table `t1zhf_facture_fourn_det_rec`
--


--
-- Table structure for table `t1zhf_facture_fourn_det_rec_extrafields`
--

CREATE TABLE `t1zhf_facture_fourn_det_rec_extrafields` (
  `rowid` int NOT NULL AUTO_INCREMENT,
  `tms` timestamp NULL DEFAULT CURRENT_TIMESTAMP ON UPDATE CURRENT_TIMESTAMP,
  `fk_object` int NOT NULL,
  `import_key` varchar(14) DEFAULT NULL,
  PRIMARY KEY (`rowid`),
  UNIQUE KEY `uk_facture_fourn_det_rec_extrafields` (`fk_object`)
) ENGINE=InnoDB DEFAULT CHARSET=latin1;

--
-- Dumping data for table `t1zhf_facture_fourn_det_rec_extrafields`
--


--
-- Table structure for table `t1zhf_facture_fourn_extrafields`
--

CREATE TABLE `t1zhf_facture_fourn_extrafields` (
  `rowid` int NOT NULL AUTO_INCREMENT,
  `tms` timestamp NOT NULL DEFAULT CURRENT_TIMESTAMP ON UPDATE CURRENT_TIMESTAMP,
  `fk_object` int NOT NULL,
  `import_key` varchar(14) COLLATE utf8mb3_unicode_ci DEFAULT NULL,
  PRIMARY KEY (`rowid`),
  UNIQUE KEY `uk_facture_fourn_extrafields` (`fk_object`)
) ENGINE=InnoDB DEFAULT CHARSET=utf8mb3 COLLATE=utf8mb3_unicode_ci;

--
-- Dumping data for table `t1zhf_facture_fourn_extrafields`
--


--
-- Table structure for table `t1zhf_facture_fourn_rec`
--

CREATE TABLE `t1zhf_facture_fourn_rec` (
  `rowid` int NOT NULL AUTO_INCREMENT,
  `titre` varchar(200) NOT NULL,
  `ref_supplier` varchar(180) NOT NULL,
  `entity` int NOT NULL DEFAULT '1',
  `subtype` smallint DEFAULT NULL,
  `fk_soc` int NOT NULL,
  `datec` datetime DEFAULT NULL,
  `tms` timestamp NULL DEFAULT CURRENT_TIMESTAMP ON UPDATE CURRENT_TIMESTAMP,
  `suspended` int DEFAULT '0',
  `libelle` varchar(255) DEFAULT NULL,
  `amount` double(24,8) NOT NULL DEFAULT '0.00000000',
  `remise` double DEFAULT '0',
  `vat_src_code` varchar(10) DEFAULT '',
  `localtax1` double(24,8) DEFAULT '0.00000000',
  `localtax2` double(24,8) DEFAULT '0.00000000',
  `total_ht` double(24,8) DEFAULT '0.00000000',
  `total_tva` double(24,8) DEFAULT '0.00000000',
  `total_ttc` double(24,8) DEFAULT '0.00000000',
  `fk_user_author` int DEFAULT NULL,
  `fk_user_modif` int DEFAULT NULL,
  `fk_projet` int DEFAULT NULL,
  `fk_account` int DEFAULT NULL,
  `fk_cond_reglement` int DEFAULT NULL,
  `fk_mode_reglement` int DEFAULT NULL,
  `date_lim_reglement` date DEFAULT NULL,
  `note_private` text,
  `note_public` text,
  `modelpdf` varchar(255) DEFAULT NULL,
  `fk_multicurrency` int DEFAULT NULL,
  `multicurrency_code` varchar(3) DEFAULT NULL,
  `multicurrency_tx` double(24,8) DEFAULT '1.00000000',
  `multicurrency_total_ht` double(24,8) DEFAULT '0.00000000',
  `multicurrency_total_tva` double(24,8) DEFAULT '0.00000000',
  `multicurrency_total_ttc` double(24,8) DEFAULT '0.00000000',
  `usenewprice` int DEFAULT '0',
  `frequency` int DEFAULT NULL,
  `unit_frequency` varchar(2) DEFAULT 'm',
  `date_when` datetime DEFAULT NULL,
  `date_last_gen` datetime DEFAULT NULL,
  `nb_gen_done` int DEFAULT NULL,
  `nb_gen_max` int DEFAULT NULL,
  `auto_validate` int DEFAULT '0',
  `generate_pdf` int DEFAULT '1',
  PRIMARY KEY (`rowid`),
  UNIQUE KEY `uk_facture_fourn_rec_ref` (`titre`,`entity`),
  UNIQUE KEY `uk_facture_fourn_rec_ref_supplier` (`ref_supplier`,`fk_soc`,`entity`),
  KEY `idx_facture_fourn_rec_date_lim_reglement` (`date_lim_reglement`),
  KEY `idx_facture_fourn_rec_fk_soc` (`fk_soc`),
  KEY `idx_facture_fourn_rec_fk_user_author` (`fk_user_author`),
  KEY `idx_facture_fourn_rec_fk_projet` (`fk_projet`),
  CONSTRAINT `fk_facture_fourn_rec_fk_projet` FOREIGN KEY (`fk_projet`) REFERENCES `t1zhf_projet` (`rowid`) ON DELETE RESTRICT ON UPDATE RESTRICT,
  CONSTRAINT `fk_facture_fourn_rec_fk_soc` FOREIGN KEY (`fk_soc`) REFERENCES `t1zhf_societe` (`rowid`) ON DELETE RESTRICT ON UPDATE RESTRICT,
  CONSTRAINT `fk_facture_fourn_rec_fk_user_author` FOREIGN KEY (`fk_user_author`) REFERENCES `t1zhf_user` (`rowid`) ON DELETE RESTRICT ON UPDATE RESTRICT
) ENGINE=InnoDB DEFAULT CHARSET=latin1;

--
-- Dumping data for table `t1zhf_facture_fourn_rec`
--


--
-- Table structure for table `t1zhf_facture_fourn_rec_extrafields`
--

CREATE TABLE `t1zhf_facture_fourn_rec_extrafields` (
  `rowid` int NOT NULL AUTO_INCREMENT,
  `tms` timestamp NULL DEFAULT CURRENT_TIMESTAMP ON UPDATE CURRENT_TIMESTAMP,
  `fk_object` int NOT NULL,
  `import_key` varchar(14) DEFAULT NULL,
  PRIMARY KEY (`rowid`),
  UNIQUE KEY `uk_facture_fourn_rec_extrafields` (`fk_object`)
) ENGINE=InnoDB DEFAULT CHARSET=latin1;

--
-- Dumping data for table `t1zhf_facture_fourn_rec_extrafields`
--


--
-- Table structure for table `t1zhf_facture_rec`
--

CREATE TABLE `t1zhf_facture_rec` (
  `rowid` int NOT NULL AUTO_INCREMENT,
  `titre` varchar(200) COLLATE utf8mb3_unicode_ci NOT NULL,
  `entity` int NOT NULL DEFAULT '1',
  `subtype` smallint DEFAULT NULL,
  `fk_soc` int NOT NULL,
  `datec` datetime DEFAULT NULL,
  `tms` timestamp NOT NULL DEFAULT CURRENT_TIMESTAMP ON UPDATE CURRENT_TIMESTAMP,
  `suspended` int DEFAULT '0',
  `amount` double(24,8) NOT NULL DEFAULT '0.00000000',
  `remise` double DEFAULT '0',
  `remise_percent` double DEFAULT '0',
  `remise_absolue` double DEFAULT '0',
  `vat_src_code` varchar(10) COLLATE utf8mb3_unicode_ci DEFAULT '',
  `total_tva` double(24,8) DEFAULT '0.00000000',
  `localtax1` double(24,8) DEFAULT '0.00000000',
  `localtax2` double(24,8) DEFAULT '0.00000000',
  `revenuestamp` double(24,8) DEFAULT '0.00000000',
  `total_ht` double(24,8) DEFAULT '0.00000000',
  `total_ttc` double(24,8) DEFAULT '0.00000000',
  `fk_user_author` int DEFAULT NULL,
  `fk_user_modif` int DEFAULT NULL,
  `fk_projet` int DEFAULT NULL,
  `fk_cond_reglement` int NOT NULL DEFAULT '1',
  `fk_mode_reglement` int DEFAULT '0',
  `date_lim_reglement` date DEFAULT NULL,
  `fk_account` int DEFAULT NULL,
  `note_private` text COLLATE utf8mb3_unicode_ci,
  `note_public` text COLLATE utf8mb3_unicode_ci,
  `modelpdf` varchar(255) COLLATE utf8mb3_unicode_ci DEFAULT NULL,
  `fk_multicurrency` int DEFAULT NULL,
  `multicurrency_code` varchar(3) COLLATE utf8mb3_unicode_ci DEFAULT NULL,
  `multicurrency_tx` double(24,8) DEFAULT '1.00000000',
  `multicurrency_total_ht` double(24,8) DEFAULT '0.00000000',
  `multicurrency_total_tva` double(24,8) DEFAULT '0.00000000',
  `multicurrency_total_ttc` double(24,8) DEFAULT '0.00000000',
  `usenewprice` int DEFAULT '0',
  `frequency` int DEFAULT NULL,
  `unit_frequency` varchar(2) COLLATE utf8mb3_unicode_ci DEFAULT 'm',
  `date_when` datetime DEFAULT NULL,
  `date_last_gen` datetime DEFAULT NULL,
  `nb_gen_done` int DEFAULT NULL,
  `nb_gen_max` int DEFAULT NULL,
  `auto_validate` int DEFAULT '0',
  `generate_pdf` int DEFAULT '1',
  PRIMARY KEY (`rowid`),
  UNIQUE KEY `idx_facture_rec_uk_titre` (`titre`,`entity`),
  KEY `idx_facture_rec_fk_soc` (`fk_soc`),
  KEY `idx_facture_rec_fk_user_author` (`fk_user_author`),
  KEY `idx_facture_rec_fk_projet` (`fk_projet`),
  KEY `idx_facture_rec_datec` (`datec`),
  CONSTRAINT `fk_facture_rec_fk_projet` FOREIGN KEY (`fk_projet`) REFERENCES `t1zhf_projet` (`rowid`) ON DELETE RESTRICT ON UPDATE RESTRICT,
  CONSTRAINT `fk_facture_rec_fk_soc` FOREIGN KEY (`fk_soc`) REFERENCES `t1zhf_societe` (`rowid`) ON DELETE RESTRICT ON UPDATE RESTRICT,
  CONSTRAINT `fk_facture_rec_fk_user_author` FOREIGN KEY (`fk_user_author`) REFERENCES `t1zhf_user` (`rowid`) ON DELETE RESTRICT ON UPDATE RESTRICT
) ENGINE=InnoDB DEFAULT CHARSET=utf8mb3 COLLATE=utf8mb3_unicode_ci;

--
-- Dumping data for table `t1zhf_facture_rec`
--


--
-- Table structure for table `t1zhf_facture_rec_extrafields`
--

CREATE TABLE `t1zhf_facture_rec_extrafields` (
  `rowid` int NOT NULL AUTO_INCREMENT,
  `tms` timestamp NOT NULL DEFAULT CURRENT_TIMESTAMP ON UPDATE CURRENT_TIMESTAMP,
  `fk_object` int NOT NULL,
  `import_key` varchar(14) COLLATE utf8mb3_unicode_ci DEFAULT NULL,
  PRIMARY KEY (`rowid`),
  UNIQUE KEY `uk_facture_rec_extrafields` (`fk_object`)
) ENGINE=InnoDB DEFAULT CHARSET=utf8mb3 COLLATE=utf8mb3_unicode_ci;

--
-- Dumping data for table `t1zhf_facture_rec_extrafields`
--


--
-- Table structure for table `t1zhf_facturedet`
--

CREATE TABLE `t1zhf_facturedet` (
  `rowid` int NOT NULL AUTO_INCREMENT,
  `fk_facture` int NOT NULL,
  `fk_parent_line` int DEFAULT NULL,
  `fk_product` int DEFAULT NULL,
  `label` varchar(255) COLLATE utf8mb3_unicode_ci DEFAULT NULL,
  `description` text COLLATE utf8mb3_unicode_ci,
  `vat_src_code` varchar(10) COLLATE utf8mb3_unicode_ci DEFAULT '',
  `tva_tx` double(6,3) DEFAULT NULL,
  `localtax1_tx` double(6,3) DEFAULT '0.000',
  `localtax1_type` varchar(10) COLLATE utf8mb3_unicode_ci DEFAULT NULL,
  `localtax2_tx` double(6,3) DEFAULT '0.000',
  `localtax2_type` varchar(10) COLLATE utf8mb3_unicode_ci DEFAULT NULL,
  `qty` double DEFAULT NULL,
  `remise_percent` double DEFAULT '0',
  `remise` double DEFAULT '0',
  `fk_remise_except` int DEFAULT NULL,
  `subprice` double(24,8) DEFAULT NULL,
  `price` double(24,8) DEFAULT NULL,
  `total_ht` double(24,8) DEFAULT NULL,
  `total_tva` double(24,8) DEFAULT NULL,
  `total_localtax1` double(24,8) DEFAULT '0.00000000',
  `total_localtax2` double(24,8) DEFAULT '0.00000000',
  `total_ttc` double(24,8) DEFAULT NULL,
  `product_type` int DEFAULT '0',
  `date_start` datetime DEFAULT NULL,
  `date_end` datetime DEFAULT NULL,
  `info_bits` int DEFAULT '0',
  `buy_price_ht` double(24,8) DEFAULT '0.00000000',
  `fk_product_fournisseur_price` int DEFAULT NULL,
  `fk_code_ventilation` int NOT NULL DEFAULT '0',
  `special_code` int DEFAULT '0',
  `rang` int DEFAULT '0',
  `fk_contract_line` int DEFAULT NULL,
  `import_key` varchar(14) COLLATE utf8mb3_unicode_ci DEFAULT NULL,
  `situation_percent` double DEFAULT '100',
  `fk_prev_id` int DEFAULT NULL,
  `fk_unit` int DEFAULT NULL,
  `fk_user_author` int DEFAULT NULL,
  `fk_user_modif` int DEFAULT NULL,
  `fk_multicurrency` int DEFAULT NULL,
  `multicurrency_code` varchar(3) COLLATE utf8mb3_unicode_ci DEFAULT NULL,
  `multicurrency_subprice` double(24,8) DEFAULT '0.00000000',
  `multicurrency_total_ht` double(24,8) DEFAULT '0.00000000',
  `multicurrency_total_tva` double(24,8) DEFAULT '0.00000000',
  `multicurrency_total_ttc` double(24,8) DEFAULT '0.00000000',
  `ref_ext` varchar(255) COLLATE utf8mb3_unicode_ci DEFAULT NULL,
  `date_cre` datetime DEFAULT NULL,
  `date_maj` datetime DEFAULT NULL,
  `poids` int NOT NULL DEFAULT '0',
  `tarif_poids` double NOT NULL DEFAULT '0',
  `metre` varchar(255) COLLATE utf8mb3_unicode_ci DEFAULT NULL,
  `batch` varchar(128) COLLATE utf8mb3_unicode_ci DEFAULT NULL,
  `fk_warehouse` int DEFAULT NULL,
  PRIMARY KEY (`rowid`),
  UNIQUE KEY `uk_fk_remise_except` (`fk_remise_except`,`fk_facture`),
  KEY `idx_facturedet_fk_facture` (`fk_facture`),
  KEY `idx_facturedet_fk_product` (`fk_product`),
  KEY `idx_facturedet_fk_code_ventilation` (`fk_code_ventilation`),
  KEY `fk_facturedet_fk_unit` (`fk_unit`),
  CONSTRAINT `fk_facturedet_fk_facture` FOREIGN KEY (`fk_facture`) REFERENCES `t1zhf_facture` (`rowid`) ON DELETE RESTRICT ON UPDATE RESTRICT,
  CONSTRAINT `fk_facturedet_fk_unit` FOREIGN KEY (`fk_unit`) REFERENCES `t1zhf_c_units` (`rowid`) ON DELETE RESTRICT ON UPDATE RESTRICT
) ENGINE=InnoDB AUTO_INCREMENT=329 DEFAULT CHARSET=utf8mb3 COLLATE=utf8mb3_unicode_ci;

--
-- Dumping data for table `t1zhf_facturedet`
--

INSERT INTO `t1zhf_facturedet` VALUES (1,1,NULL,1,NULL,'Disque Dur 1To','',20.000,0.000,'0',0.000,'0',2,0,0,NULL,70.00000000,NULL,140.00000000,28.00000000,0.00000000,0.00000000,168.00000000,0,NULL,NULL,0,65.00000000,NULL,100100400,0,1,NULL,NULL,100,NULL,NULL,1,1,0,'EUR',70.00000000,140.00000000,28.00000000,168.00000000,NULL,NULL,NULL,0,0,NULL,NULL,NULL),(2,2,NULL,1,NULL,'Disque Dur 1To','',20.000,0.000,'0',0.000,'0',1,0,0,NULL,70.00000000,NULL,70.00000000,14.00000000,0.00000000,0.00000000,84.00000000,0,NULL,NULL,0,65.00000000,NULL,100100400,0,1,NULL,NULL,100,NULL,NULL,1,1,0,'EUR',70.00000000,70.00000000,14.00000000,84.00000000,NULL,NULL,NULL,0,0,NULL,NULL,NULL),(4,4,NULL,1,NULL,'Disque Dur 1To','',20.000,0.000,'0',0.000,'0',2,0,0,NULL,70.00000000,NULL,70.00000000,14.00000000,0.00000000,0.00000000,84.00000000,0,NULL,NULL,0,65.00000000,NULL,100100400,0,1,NULL,NULL,50,NULL,1,1,1,0,'EUR',70.00000000,70.00000000,14.00000000,84.00000000,NULL,NULL,NULL,0,0,'',NULL,NULL),(13,6,NULL,NULL,'local 1','','',0.000,0.000,'0',0.000,'0',1,0,0,NULL,0.00000000,NULL,0.00000000,0.00000000,0.00000000,0.00000000,0.00000000,9,NULL,NULL,0,0.00000000,NULL,0,104777,1,NULL,NULL,0,NULL,NULL,1,1,0,'EUR',0.00000000,0.00000000,0.00000000,0.00000000,NULL,NULL,NULL,0,0,'',NULL,NULL),(14,6,NULL,1,NULL,'Disque Dur 1To','',20.000,0.000,'0',0.000,'0',3,0,0,NULL,70.00000000,NULL,21.00000000,4.20000000,0.00000000,0.00000000,25.20000000,0,NULL,NULL,0,65.00000000,NULL,100100400,0,2,NULL,NULL,10,NULL,NULL,1,1,0,'EUR',70.00000000,21.00000000,4.20000000,25.20000000,NULL,NULL,NULL,0,0,'',NULL,NULL),(15,6,NULL,2,NULL,'Main d\'oeuvre réparation','',20.000,0.000,'0',0.000,'0',3,0,0,NULL,55.00000000,NULL,16.50000000,3.30000000,0.00000000,0.00000000,19.80000000,1,NULL,NULL,0,0.00000000,NULL,100100399,0,3,NULL,NULL,10,NULL,1,1,1,0,'EUR',55.00000000,16.50000000,3.30000000,19.80000000,NULL,NULL,NULL,0,0,'',NULL,NULL),(16,6,NULL,NULL,'total local 1','','',0.000,0.000,'0',0.000,'0',99,0,0,NULL,0.00000000,NULL,0.00000000,0.00000000,0.00000000,0.00000000,0.00000000,9,NULL,NULL,0,0.00000000,NULL,0,104777,4,NULL,NULL,0,NULL,NULL,1,1,0,'EUR',0.00000000,0.00000000,0.00000000,0.00000000,NULL,NULL,NULL,0,0,'',NULL,NULL),(17,6,NULL,NULL,'local 2','','',0.000,0.000,'0',0.000,'0',1,0,0,NULL,0.00000000,NULL,0.00000000,0.00000000,0.00000000,0.00000000,0.00000000,9,NULL,NULL,0,0.00000000,NULL,0,104777,5,NULL,NULL,0,NULL,NULL,1,1,0,'EUR',0.00000000,0.00000000,0.00000000,0.00000000,NULL,NULL,NULL,0,0,'',NULL,NULL),(18,6,NULL,1,NULL,'Disque Dur 1To','',20.000,0.000,'0',0.000,'0',3,0,0,NULL,70.00000000,NULL,21.00000000,4.20000000,0.00000000,0.00000000,25.20000000,0,NULL,NULL,0,65.00000000,NULL,100100400,0,6,NULL,NULL,10,NULL,NULL,1,1,0,'EUR',70.00000000,21.00000000,4.20000000,25.20000000,NULL,NULL,NULL,0,0,'',NULL,NULL),(19,6,NULL,2,NULL,'Main d\'oeuvre réparation','',20.000,0.000,'0',0.000,'0',1,0,0,NULL,55.00000000,NULL,5.50000000,1.10000000,0.00000000,0.00000000,6.60000000,1,NULL,NULL,0,0.00000000,NULL,100100399,0,7,NULL,NULL,10,NULL,NULL,1,1,0,'EUR',55.00000000,5.50000000,1.10000000,6.60000000,NULL,NULL,NULL,0,0,'',NULL,NULL),(20,6,NULL,NULL,'tot l2','','',0.000,0.000,'0',0.000,'0',99,0,0,NULL,0.00000000,NULL,0.00000000,0.00000000,0.00000000,0.00000000,0.00000000,9,NULL,NULL,0,0.00000000,NULL,0,104777,8,NULL,NULL,0,NULL,NULL,1,1,0,'EUR',0.00000000,0.00000000,0.00000000,0.00000000,NULL,NULL,NULL,0,0,'',NULL,NULL),(21,7,NULL,NULL,'local 1','','',0.000,0.000,'0',0.000,'0',1,0,0,NULL,0.00000000,NULL,0.00000000,0.00000000,0.00000000,0.00000000,0.00000000,9,NULL,NULL,0,0.00000000,NULL,0,104777,1,NULL,NULL,0,13,NULL,1,1,0,'EUR',0.00000000,0.00000000,0.00000000,0.00000000,NULL,NULL,NULL,0,0,'',NULL,NULL),(22,7,NULL,1,NULL,'Disque Dur 1To','',20.000,0.000,'0',0.000,'0',3,0,0,NULL,70.00000000,NULL,105.00000000,21.00000000,0.00000000,0.00000000,126.00000000,0,NULL,NULL,0,65.00000000,NULL,100100400,0,2,NULL,NULL,50,14,NULL,1,1,0,'EUR',70.00000000,105.00000000,21.00000000,126.00000000,NULL,NULL,NULL,0,0,'',NULL,NULL),(23,7,NULL,2,NULL,'Main d\'oeuvre réparation','',20.000,0.000,'0',0.000,'0',3,0,0,NULL,55.00000000,NULL,82.50000000,16.50000000,0.00000000,0.00000000,99.00000000,1,NULL,NULL,0,0.00000000,NULL,100100399,0,3,NULL,NULL,50,15,1,1,1,0,'EUR',55.00000000,82.50000000,16.50000000,99.00000000,NULL,NULL,NULL,0,0,'',NULL,NULL),(24,7,NULL,NULL,'total local 1','','',0.000,0.000,'0',0.000,'0',99,0,0,NULL,0.00000000,NULL,0.00000000,0.00000000,0.00000000,0.00000000,0.00000000,9,NULL,NULL,0,0.00000000,NULL,0,104777,4,NULL,NULL,0,16,NULL,1,1,0,'EUR',0.00000000,0.00000000,0.00000000,0.00000000,NULL,NULL,NULL,0,0,'',NULL,NULL),(25,7,NULL,NULL,'local 2','','',0.000,0.000,'0',0.000,'0',1,0,0,NULL,0.00000000,NULL,0.00000000,0.00000000,0.00000000,0.00000000,0.00000000,9,NULL,NULL,0,0.00000000,NULL,0,104777,5,NULL,NULL,0,17,NULL,1,1,0,'EUR',0.00000000,0.00000000,0.00000000,0.00000000,NULL,NULL,NULL,0,0,'',NULL,NULL),(26,7,NULL,1,NULL,'Disque Dur 1To','',20.000,0.000,'0',0.000,'0',3,0,0,NULL,70.00000000,NULL,105.00000000,21.00000000,0.00000000,0.00000000,126.00000000,0,NULL,NULL,0,65.00000000,NULL,100100400,0,6,NULL,NULL,50,18,NULL,1,1,0,'EUR',70.00000000,105.00000000,21.00000000,126.00000000,NULL,NULL,NULL,0,0,'',NULL,NULL),(27,7,NULL,2,NULL,'Main d\'oeuvre réparation','',20.000,0.000,'0',0.000,'0',1,0,0,NULL,55.00000000,NULL,27.50000000,5.50000000,0.00000000,0.00000000,33.00000000,1,NULL,NULL,0,0.00000000,NULL,100100399,0,7,NULL,NULL,50,19,NULL,1,1,0,'EUR',55.00000000,27.50000000,5.50000000,33.00000000,NULL,NULL,NULL,0,0,'',NULL,NULL),(28,7,NULL,NULL,'tot l2','','',0.000,0.000,'0',0.000,'0',99,0,0,NULL,0.00000000,NULL,0.00000000,0.00000000,0.00000000,0.00000000,0.00000000,9,NULL,NULL,0,0.00000000,NULL,0,104777,8,NULL,NULL,0,20,NULL,1,1,0,'EUR',0.00000000,0.00000000,0.00000000,0.00000000,NULL,NULL,NULL,0,0,'',NULL,NULL),(29,8,NULL,NULL,'local 1','','',0.000,0.000,'0',0.000,'0',1,0,0,NULL,0.00000000,NULL,0.00000000,0.00000000,0.00000000,0.00000000,0.00000000,9,NULL,NULL,0,0.00000000,NULL,0,104777,1,NULL,NULL,0,21,NULL,1,1,0,'EUR',0.00000000,0.00000000,0.00000000,0.00000000,NULL,NULL,NULL,0,0,'',NULL,NULL),(30,8,NULL,1,NULL,'Disque Dur 1To','',20.000,0.000,'0',0.000,'0',3,0,0,NULL,70.00000000,NULL,210.00000000,42.00000000,0.00000000,0.00000000,252.00000000,0,NULL,NULL,0,65.00000000,NULL,100100400,0,2,NULL,NULL,100,22,NULL,1,1,0,'EUR',70.00000000,210.00000000,42.00000000,252.00000000,NULL,NULL,NULL,0,0,'',NULL,NULL),(31,8,NULL,2,NULL,'Main d\'oeuvre réparation','',20.000,0.000,'0',0.000,'0',3,0,0,NULL,55.00000000,NULL,165.00000000,33.00000000,0.00000000,0.00000000,198.00000000,1,NULL,NULL,0,0.00000000,NULL,100100399,0,3,NULL,NULL,100,23,1,1,1,0,'EUR',55.00000000,165.00000000,33.00000000,198.00000000,NULL,NULL,NULL,0,0,'',NULL,NULL),(32,8,NULL,NULL,'total local 1','','',0.000,0.000,'0',0.000,'0',99,0,0,NULL,0.00000000,NULL,0.00000000,0.00000000,0.00000000,0.00000000,0.00000000,9,NULL,NULL,0,0.00000000,NULL,0,104777,4,NULL,NULL,0,24,NULL,1,1,0,'EUR',0.00000000,0.00000000,0.00000000,0.00000000,NULL,NULL,NULL,0,0,'',NULL,NULL),(33,8,NULL,NULL,'local 2','','',0.000,0.000,'0',0.000,'0',1,0,0,NULL,0.00000000,NULL,0.00000000,0.00000000,0.00000000,0.00000000,0.00000000,9,NULL,NULL,0,0.00000000,NULL,0,104777,5,NULL,NULL,0,25,NULL,1,1,0,'EUR',0.00000000,0.00000000,0.00000000,0.00000000,NULL,NULL,NULL,0,0,'',NULL,NULL),(34,8,NULL,1,NULL,'Disque Dur 1To','',20.000,0.000,'0',0.000,'0',3,0,0,NULL,70.00000000,NULL,210.00000000,42.00000000,0.00000000,0.00000000,252.00000000,0,NULL,NULL,0,65.00000000,NULL,100100400,0,6,NULL,NULL,100,26,NULL,1,1,0,'EUR',70.00000000,210.00000000,42.00000000,252.00000000,NULL,NULL,NULL,0,0,'',NULL,NULL),(35,8,NULL,2,NULL,'Main d\'oeuvre réparation','',20.000,0.000,'0',0.000,'0',1,0,0,NULL,55.00000000,NULL,55.00000000,11.00000000,0.00000000,0.00000000,66.00000000,1,NULL,NULL,0,0.00000000,NULL,100100399,0,7,NULL,NULL,100,27,NULL,1,1,0,'EUR',55.00000000,55.00000000,11.00000000,66.00000000,NULL,NULL,NULL,0,0,'',NULL,NULL),(36,8,NULL,NULL,'tot l2','','',0.000,0.000,'0',0.000,'0',99,0,0,NULL,0.00000000,NULL,0.00000000,0.00000000,0.00000000,0.00000000,0.00000000,9,NULL,NULL,0,0.00000000,NULL,0,104777,8,NULL,NULL,0,28,NULL,1,1,0,'EUR',0.00000000,0.00000000,0.00000000,0.00000000,NULL,NULL,NULL,0,0,'',NULL,NULL),(37,9,NULL,4,NULL,'','',20.000,0.000,'0',0.000,'0',4,0,0,NULL,20.00000000,NULL,80.00000000,16.00000000,0.00000000,0.00000000,96.00000000,0,NULL,NULL,0,10.00000000,NULL,0,0,1,NULL,NULL,100,NULL,1,1,1,0,'EUR',20.00000000,80.00000000,16.00000000,96.00000000,NULL,NULL,NULL,0,0,'',NULL,NULL),(49,11,NULL,5,NULL,'velo','',20.000,0.000,'0',0.000,'0',10,0,0,NULL,300.00000000,NULL,150.00000000,30.00000000,0.00000000,0.00000000,180.00000000,0,NULL,NULL,0,150.00000000,NULL,100100400,0,1,NULL,NULL,5,NULL,1,1,1,0,'EUR',300.00000000,150.00000000,30.00000000,180.00000000,NULL,NULL,NULL,0,0,'',NULL,NULL),(50,11,NULL,6,NULL,'fomation','',20.000,0.000,'0',0.000,'0',5,0,0,NULL,700.00000000,NULL,350.00000000,70.00000000,0.00000000,0.00000000,420.00000000,1,NULL,NULL,0,700.00000000,NULL,100100399,0,2,NULL,NULL,10,NULL,4,1,1,0,'EUR',700.00000000,350.00000000,70.00000000,420.00000000,NULL,NULL,NULL,0,0,'',NULL,NULL),(51,12,NULL,5,NULL,'velo','',20.000,0.000,'0',0.000,'0',10,0,0,NULL,300.00000000,NULL,600.00000000,120.00000000,0.00000000,0.00000000,720.00000000,0,NULL,NULL,0,150.00000000,NULL,100100400,0,1,NULL,NULL,20,49,1,1,1,0,'EUR',300.00000000,600.00000000,120.00000000,720.00000000,NULL,NULL,NULL,0,0,'',NULL,NULL),(52,12,NULL,6,NULL,'fomation','',20.000,0.000,'0',0.000,'0',5,0,0,NULL,700.00000000,NULL,700.00000000,140.00000000,0.00000000,0.00000000,840.00000000,1,NULL,NULL,0,700.00000000,NULL,100100399,0,2,NULL,NULL,20,50,4,1,1,0,'EUR',700.00000000,700.00000000,140.00000000,840.00000000,NULL,NULL,NULL,0,0,'',NULL,NULL),(53,13,NULL,5,NULL,'velo','',20.000,0.000,'0',0.000,'0',10,0,0,NULL,300.00000000,NULL,1500.00000000,300.00000000,0.00000000,0.00000000,1800.00000000,0,NULL,NULL,0,150.00000000,NULL,100100400,0,1,NULL,NULL,50,51,1,1,1,0,'EUR',300.00000000,1500.00000000,300.00000000,1800.00000000,NULL,NULL,NULL,0,0,'',NULL,NULL),(54,13,NULL,6,NULL,'fomation','',20.000,0.000,'0',0.000,'0',5,0,0,NULL,700.00000000,NULL,1750.00000000,350.00000000,0.00000000,0.00000000,2100.00000000,1,NULL,NULL,0,700.00000000,NULL,100100399,0,2,NULL,NULL,50,52,4,1,1,0,'EUR',700.00000000,1750.00000000,350.00000000,2100.00000000,NULL,NULL,NULL,0,0,'',NULL,NULL),(55,14,NULL,5,NULL,'velo','',20.000,0.000,'0',0.000,'0',10,0,0,NULL,300.00000000,NULL,3000.00000000,600.00000000,0.00000000,0.00000000,3600.00000000,0,NULL,NULL,0,150.00000000,NULL,100100400,0,1,NULL,NULL,100,53,1,1,1,0,'EUR',300.00000000,3000.00000000,600.00000000,3600.00000000,NULL,NULL,NULL,0,0,'',NULL,NULL),(56,14,NULL,6,NULL,'fomation','',20.000,0.000,'0',0.000,'0',5,0,0,NULL,700.00000000,NULL,3500.00000000,700.00000000,0.00000000,0.00000000,4200.00000000,1,NULL,NULL,0,700.00000000,NULL,100100399,0,2,NULL,NULL,100,54,4,1,1,0,'EUR',700.00000000,3500.00000000,700.00000000,4200.00000000,NULL,NULL,NULL,0,0,'',NULL,NULL),(57,15,NULL,NULL,'Ville de Paris','','',0.000,0.000,'0',0.000,'0',1,0,0,NULL,0.00000000,NULL,0.00000000,0.00000000,0.00000000,0.00000000,0.00000000,9,NULL,NULL,0,0.00000000,NULL,0,104777,1,NULL,NULL,0,NULL,NULL,1,1,0,'EUR',0.00000000,0.00000000,0.00000000,0.00000000,NULL,NULL,NULL,0,0,'',NULL,NULL),(59,15,NULL,9,NULL,'velo2','',20.000,0.000,'0',0.000,'0',10,0,0,NULL,570.00000000,NULL,570.00000000,114.00000000,0.00000000,0.00000000,684.00000000,0,NULL,NULL,0,570.00000000,NULL,100100400,0,3,NULL,NULL,10,NULL,1,1,1,0,'EUR',570.00000000,570.00000000,114.00000000,684.00000000,NULL,NULL,NULL,0,0,'',NULL,NULL),(60,15,NULL,5,NULL,'velo','',20.000,0.000,'0',0.000,'0',20,0,0,NULL,300.00000000,NULL,3000.00000000,600.00000000,0.00000000,0.00000000,3600.00000000,0,NULL,NULL,0,150.00000000,NULL,100100400,0,4,NULL,NULL,50,NULL,1,1,1,0,'EUR',300.00000000,3000.00000000,600.00000000,3600.00000000,NULL,NULL,NULL,0,0,'',NULL,NULL),(61,15,NULL,NULL,'vdp','','',0.000,0.000,'0',0.000,'0',99,0,0,NULL,0.00000000,NULL,0.00000000,0.00000000,0.00000000,0.00000000,0.00000000,9,NULL,NULL,0,0.00000000,NULL,0,104777,5,NULL,NULL,0,NULL,NULL,1,1,0,'EUR',0.00000000,0.00000000,0.00000000,0.00000000,NULL,NULL,NULL,0,0,'',NULL,NULL),(62,15,NULL,NULL,'Ville de Nantes','','',0.000,0.000,'0',0.000,'0',1,0,0,NULL,0.00000000,NULL,0.00000000,0.00000000,0.00000000,0.00000000,0.00000000,9,NULL,NULL,0,0.00000000,NULL,0,104777,6,NULL,NULL,0,NULL,NULL,1,1,0,'EUR',0.00000000,0.00000000,0.00000000,0.00000000,NULL,NULL,NULL,0,0,'',NULL,NULL),(64,15,NULL,5,NULL,'velo','',20.000,0.000,'0',0.000,'0',5,0,0,NULL,300.00000000,NULL,300.00000000,60.00000000,0.00000000,0.00000000,360.00000000,0,NULL,NULL,0,150.00000000,NULL,100100400,0,8,NULL,NULL,20,NULL,1,1,1,0,'EUR',300.00000000,300.00000000,60.00000000,360.00000000,NULL,NULL,NULL,0,0,'',NULL,NULL),(65,15,NULL,9,NULL,'velo2','',10.000,0.000,'0',0.000,'0',10,0,0,NULL,570.00000000,NULL,4560.00000000,456.00000000,0.00000000,0.00000000,5016.00000000,0,NULL,NULL,0,570.00000000,NULL,100100400,0,9,NULL,NULL,80,NULL,1,1,1,0,'EUR',570.00000000,4560.00000000,456.00000000,5016.00000000,NULL,NULL,NULL,0,0,'',NULL,NULL),(66,15,NULL,NULL,'vdn','','',0.000,0.000,'0',0.000,'0',99,0,0,NULL,0.00000000,NULL,0.00000000,0.00000000,0.00000000,0.00000000,0.00000000,9,NULL,NULL,0,0.00000000,NULL,0,104777,10,NULL,NULL,0,NULL,NULL,1,1,0,'EUR',0.00000000,0.00000000,0.00000000,0.00000000,NULL,NULL,NULL,0,0,'',NULL,NULL),(67,16,NULL,NULL,'Ville de Paris','','',0.000,0.000,'0',0.000,'0',1,0,0,NULL,0.00000000,NULL,0.00000000,0.00000000,0.00000000,0.00000000,0.00000000,9,NULL,NULL,0,0.00000000,NULL,0,104777,1,NULL,NULL,0,57,NULL,1,1,0,'EUR',0.00000000,0.00000000,0.00000000,0.00000000,NULL,NULL,NULL,0,0,'',NULL,NULL),(68,16,NULL,9,NULL,'velo2','',20.000,0.000,'0',0.000,'0',10,0,0,NULL,570.00000000,NULL,2850.00000000,570.00000000,0.00000000,0.00000000,3420.00000000,0,NULL,NULL,0,570.00000000,NULL,0,0,3,NULL,NULL,50,59,1,1,1,0,'EUR',570.00000000,2850.00000000,570.00000000,3420.00000000,NULL,NULL,NULL,0,0,'',NULL,NULL),(69,16,NULL,5,NULL,'velo','',20.000,0.000,'0',0.000,'0',20,0,0,NULL,300.00000000,NULL,3000.00000000,600.00000000,0.00000000,0.00000000,3600.00000000,0,NULL,NULL,0,150.00000000,NULL,0,0,4,NULL,NULL,50,60,1,1,1,0,'EUR',300.00000000,3000.00000000,600.00000000,3600.00000000,NULL,NULL,NULL,0,0,'',NULL,NULL),(70,16,NULL,NULL,'vdp','','',0.000,0.000,'0',0.000,'0',99,0,0,NULL,0.00000000,NULL,0.00000000,0.00000000,0.00000000,0.00000000,0.00000000,9,NULL,NULL,0,0.00000000,NULL,0,104777,5,NULL,NULL,0,61,NULL,1,1,0,'EUR',0.00000000,0.00000000,0.00000000,0.00000000,NULL,NULL,NULL,0,0,'',NULL,NULL),(71,16,NULL,NULL,'Ville de Nantes','','',0.000,0.000,'0',0.000,'0',1,0,0,NULL,0.00000000,NULL,0.00000000,0.00000000,0.00000000,0.00000000,0.00000000,9,NULL,NULL,0,0.00000000,NULL,0,104777,6,NULL,NULL,0,62,NULL,1,1,0,'EUR',0.00000000,0.00000000,0.00000000,0.00000000,NULL,NULL,NULL,0,0,'',NULL,NULL),(72,16,NULL,5,NULL,'velo','',20.000,0.000,'0',0.000,'0',5,0,0,NULL,300.00000000,NULL,750.00000000,150.00000000,0.00000000,0.00000000,900.00000000,0,NULL,NULL,0,150.00000000,NULL,0,0,8,NULL,NULL,50,64,1,1,1,0,'EUR',300.00000000,750.00000000,150.00000000,900.00000000,NULL,NULL,NULL,0,0,'',NULL,NULL),(73,16,NULL,9,NULL,'velo2','',10.000,0.000,'0',0.000,'0',10,0,0,NULL,570.00000000,NULL,4560.00000000,456.00000000,0.00000000,0.00000000,5016.00000000,0,NULL,NULL,0,570.00000000,NULL,0,0,9,NULL,NULL,80,65,1,1,1,0,'EUR',570.00000000,4560.00000000,456.00000000,5016.00000000,NULL,NULL,NULL,0,0,'',NULL,NULL),(74,16,NULL,NULL,'vdn','','',0.000,0.000,'0',0.000,'0',99,0,0,NULL,0.00000000,NULL,0.00000000,0.00000000,0.00000000,0.00000000,0.00000000,9,NULL,NULL,0,0.00000000,NULL,0,104777,10,NULL,NULL,0,66,NULL,1,1,0,'EUR',0.00000000,0.00000000,0.00000000,0.00000000,NULL,NULL,NULL,0,0,'',NULL,NULL),(82,18,NULL,10,NULL,'&Eacute;tudes pr&eacute;liminaires','',20.000,0.000,'0',0.000,'0',1,0,0,NULL,557.81000000,NULL,557.81000000,111.56000000,0.00000000,0.00000000,669.37000000,1,NULL,NULL,0,0.00000000,NULL,100100399,0,1,NULL,NULL,100,NULL,1,1,1,0,'EUR',557.81000000,557.81000000,111.56000000,669.37000000,NULL,NULL,NULL,0,0,'',NULL,NULL),(83,18,NULL,11,NULL,'Avant projet, estimation','',20.000,0.000,'0',0.000,'0',1,0,0,NULL,1673.44000000,NULL,0.00000000,0.00000000,0.00000000,0.00000000,0.00000000,1,NULL,NULL,0,0.00000000,NULL,100100399,0,2,NULL,NULL,0,NULL,1,1,1,0,'EUR',1673.44000000,0.00000000,0.00000000,0.00000000,NULL,NULL,NULL,0,0,'',NULL,NULL),(84,18,NULL,12,NULL,'Dossier permis de construire','',20.000,0.000,'0',0.000,'0',1,0,0,NULL,2231.25000000,NULL,0.00000000,0.00000000,0.00000000,0.00000000,0.00000000,1,NULL,NULL,0,0.00000000,NULL,100100399,0,3,NULL,NULL,0,NULL,1,1,1,0,'EUR',2231.25000000,0.00000000,0.00000000,0.00000000,NULL,NULL,NULL,0,0,'',NULL,NULL),(85,18,NULL,13,NULL,'Projet et dossier de consultation des entreprises','',20.000,0.000,'0',0.000,'0',1,0,0,NULL,3123.75000000,NULL,0.00000000,0.00000000,0.00000000,0.00000000,0.00000000,1,NULL,NULL,0,0.00000000,NULL,100100399,0,4,NULL,NULL,0,NULL,1,1,1,0,'EUR',3123.75000000,0.00000000,0.00000000,0.00000000,NULL,NULL,NULL,0,0,'',NULL,NULL),(86,18,NULL,14,NULL,'Marchés','',20.000,0.000,'0',0.000,'0',1,0,0,NULL,223.13000000,NULL,0.00000000,0.00000000,0.00000000,0.00000000,0.00000000,1,NULL,NULL,0,0.00000000,NULL,100100399,0,5,NULL,NULL,0,NULL,1,1,1,0,'EUR',223.13000000,0.00000000,0.00000000,0.00000000,NULL,NULL,NULL,0,0,'',NULL,NULL),(87,18,NULL,15,NULL,'Direction et comptabilité des travaux (suivant planning)','',20.000,0.000,'0',0.000,'0',1,0,0,NULL,3123.75000000,NULL,0.00000000,0.00000000,0.00000000,0.00000000,0.00000000,1,NULL,NULL,0,0.00000000,NULL,100100399,0,6,NULL,NULL,0,NULL,1,1,1,0,'EUR',3123.75000000,0.00000000,0.00000000,0.00000000,NULL,NULL,NULL,0,0,'',NULL,NULL),(88,18,NULL,16,NULL,'Réception','',20.000,0.000,'0',0.000,'0',1,0,0,NULL,223.75000000,NULL,0.00000000,0.00000000,0.00000000,0.00000000,0.00000000,1,NULL,NULL,0,0.00000000,NULL,100100399,0,7,NULL,NULL,0,NULL,1,1,1,0,'EUR',223.75000000,0.00000000,0.00000000,0.00000000,NULL,NULL,NULL,0,0,'',NULL,NULL),(89,19,NULL,10,NULL,'&Eacute;tudes pr&eacute;liminaires','',20.000,0.000,'0',0.000,'0',1,0,0,NULL,557.81000000,NULL,557.81000000,111.56000000,0.00000000,0.00000000,669.37000000,1,NULL,NULL,0,0.00000000,NULL,100100399,0,1,NULL,NULL,100,82,1,1,1,0,'EUR',557.81000000,557.81000000,111.56000000,669.37000000,NULL,NULL,NULL,0,0,'',NULL,NULL),(90,19,NULL,11,NULL,'Avant projet, estimation','',20.000,0.000,'0',0.000,'0',1,0,0,NULL,1673.44000000,NULL,1673.44000000,334.69000000,0.00000000,0.00000000,2008.13000000,1,NULL,NULL,0,0.00000000,NULL,100100399,0,2,NULL,NULL,100,83,1,1,1,0,'EUR',1673.44000000,1673.44000000,334.69000000,2008.13000000,NULL,NULL,NULL,0,0,'',NULL,NULL),(91,19,NULL,12,NULL,'Dossier permis de construire','',20.000,0.000,'0',0.000,'0',1,0,0,NULL,2231.25000000,NULL,2231.25000000,446.25000000,0.00000000,0.00000000,2677.50000000,1,NULL,NULL,0,0.00000000,NULL,100100399,0,3,NULL,NULL,100,84,1,1,1,0,'EUR',2231.25000000,2231.25000000,446.25000000,2677.50000000,NULL,NULL,NULL,0,0,'',NULL,NULL),(92,19,NULL,13,NULL,'Projet et dossier de consultation des entreprises','',20.000,0.000,'0',0.000,'0',1,0,0,NULL,3123.75000000,NULL,0.00000000,0.00000000,0.00000000,0.00000000,0.00000000,1,NULL,NULL,0,0.00000000,NULL,100100399,0,4,NULL,NULL,0,85,1,1,1,0,'EUR',3123.75000000,0.00000000,0.00000000,0.00000000,NULL,NULL,NULL,0,0,'',NULL,NULL),(93,19,NULL,14,NULL,'Marchés','',20.000,0.000,'0',0.000,'0',1,0,0,NULL,223.13000000,NULL,0.00000000,0.00000000,0.00000000,0.00000000,0.00000000,1,NULL,NULL,0,0.00000000,NULL,100100399,0,5,NULL,NULL,0,86,1,1,1,0,'EUR',223.13000000,0.00000000,0.00000000,0.00000000,NULL,NULL,NULL,0,0,'',NULL,NULL),(94,19,NULL,15,NULL,'Direction et comptabilité des travaux (suivant planning)','',20.000,0.000,'0',0.000,'0',1,0,0,NULL,3123.75000000,NULL,0.00000000,0.00000000,0.00000000,0.00000000,0.00000000,1,NULL,NULL,0,0.00000000,NULL,100100399,0,6,NULL,NULL,0,87,1,1,1,0,'EUR',3123.75000000,0.00000000,0.00000000,0.00000000,NULL,NULL,NULL,0,0,'',NULL,NULL),(95,19,NULL,16,NULL,'Réception','',20.000,0.000,'0',0.000,'0',1,0,0,NULL,223.75000000,NULL,0.00000000,0.00000000,0.00000000,0.00000000,0.00000000,1,NULL,NULL,0,0.00000000,NULL,100100399,0,7,NULL,NULL,0,88,1,1,1,0,'EUR',223.75000000,0.00000000,0.00000000,0.00000000,NULL,NULL,NULL,0,0,'',NULL,NULL),(96,20,NULL,10,NULL,'&Eacute;tudes pr&eacute;liminaires','',20.000,0.000,'0',0.000,'0',1,0,0,NULL,557.81000000,NULL,557.81000000,111.56000000,0.00000000,0.00000000,669.37000000,1,NULL,NULL,0,0.00000000,NULL,100100399,0,1,NULL,NULL,100,89,1,1,1,0,'EUR',557.81000000,557.81000000,111.56000000,669.37000000,NULL,NULL,NULL,0,0,'',NULL,NULL),(97,20,NULL,11,NULL,'Avant projet, estimation','',20.000,0.000,'0',0.000,'0',1,0,0,NULL,1673.44000000,NULL,1673.44000000,334.69000000,0.00000000,0.00000000,2008.13000000,1,NULL,NULL,0,0.00000000,NULL,100100399,0,2,NULL,NULL,100,90,1,1,1,0,'EUR',1673.44000000,1673.44000000,334.69000000,2008.13000000,NULL,NULL,NULL,0,0,'',NULL,NULL),(98,20,NULL,12,NULL,'Dossier permis de construire','',20.000,0.000,'0',0.000,'0',1,0,0,NULL,2231.25000000,NULL,2231.25000000,446.25000000,0.00000000,0.00000000,2677.50000000,1,NULL,NULL,0,0.00000000,NULL,100100399,0,3,NULL,NULL,100,91,1,1,1,0,'EUR',2231.25000000,2231.25000000,446.25000000,2677.50000000,NULL,NULL,NULL,0,0,'',NULL,NULL),(99,20,NULL,13,NULL,'Projet et dossier de consultation des entreprises','',20.000,0.000,'0',0.000,'0',1,0,0,NULL,3123.75000000,NULL,3123.75000000,624.75000000,0.00000000,0.00000000,3748.50000000,1,NULL,NULL,0,0.00000000,NULL,100100399,0,4,NULL,NULL,100,92,1,1,1,0,'EUR',3123.75000000,3123.75000000,624.75000000,3748.50000000,NULL,NULL,NULL,0,0,'',NULL,NULL),(100,20,NULL,14,NULL,'Marchés','',20.000,0.000,'0',0.000,'0',1,0,0,NULL,223.13000000,NULL,223.13000000,44.63000000,0.00000000,0.00000000,267.76000000,1,NULL,NULL,0,0.00000000,NULL,100100399,0,5,NULL,NULL,100,93,1,1,1,0,'EUR',223.13000000,223.13000000,44.63000000,267.76000000,NULL,NULL,NULL,0,0,'',NULL,NULL),(101,20,NULL,15,NULL,'Direction et comptabilité des travaux (suivant planning)','',20.000,0.000,'0',0.000,'0',1,0,0,NULL,3123.75000000,NULL,0.00000000,0.00000000,0.00000000,0.00000000,0.00000000,1,NULL,NULL,0,0.00000000,NULL,100100399,0,6,NULL,NULL,0,94,1,1,1,0,'EUR',3123.75000000,0.00000000,0.00000000,0.00000000,NULL,NULL,NULL,0,0,'',NULL,NULL),(102,20,NULL,16,NULL,'Réception','',20.000,0.000,'0',0.000,'0',1,0,0,NULL,223.75000000,NULL,0.00000000,0.00000000,0.00000000,0.00000000,0.00000000,1,NULL,NULL,0,0.00000000,NULL,100100399,0,7,NULL,NULL,0,95,1,1,1,0,'EUR',223.75000000,0.00000000,0.00000000,0.00000000,NULL,NULL,NULL,0,0,'',NULL,NULL),(103,21,NULL,10,NULL,'&Eacute;tudes pr&eacute;liminaires','',20.000,0.000,'0',0.000,'0',1,0,0,NULL,557.81000000,NULL,557.81000000,111.56000000,0.00000000,0.00000000,669.37000000,1,NULL,NULL,0,0.00000000,NULL,100100399,0,1,NULL,NULL,100,96,1,1,1,0,'EUR',557.81000000,557.81000000,111.56000000,669.37000000,NULL,NULL,NULL,0,0,'',NULL,NULL),(104,21,NULL,11,NULL,'Avant projet, estimation','',20.000,0.000,'0',0.000,'0',1,0,0,NULL,1673.44000000,NULL,1673.44000000,334.69000000,0.00000000,0.00000000,2008.13000000,1,NULL,NULL,0,0.00000000,NULL,100100399,0,2,NULL,NULL,100,97,1,1,1,0,'EUR',1673.44000000,1673.44000000,334.69000000,2008.13000000,NULL,NULL,NULL,0,0,'',NULL,NULL),(105,21,NULL,12,NULL,'Dossier permis de construire','',20.000,0.000,'0',0.000,'0',1,0,0,NULL,2231.25000000,NULL,2231.25000000,446.25000000,0.00000000,0.00000000,2677.50000000,1,NULL,NULL,0,0.00000000,NULL,100100399,0,3,NULL,NULL,100,98,1,1,1,0,'EUR',2231.25000000,2231.25000000,446.25000000,2677.50000000,NULL,NULL,NULL,0,0,'',NULL,NULL),(106,21,NULL,13,NULL,'Projet et dossier de consultation des entreprises','',20.000,0.000,'0',0.000,'0',1,0,0,NULL,3123.75000000,NULL,3123.75000000,624.75000000,0.00000000,0.00000000,3748.50000000,1,NULL,NULL,0,0.00000000,NULL,100100399,0,4,NULL,NULL,100,99,1,1,1,0,'EUR',3123.75000000,3123.75000000,624.75000000,3748.50000000,NULL,NULL,NULL,0,0,'',NULL,NULL),(107,21,NULL,14,NULL,'Marchés','',20.000,0.000,'0',0.000,'0',1,0,0,NULL,223.13000000,NULL,223.13000000,44.63000000,0.00000000,0.00000000,267.76000000,1,NULL,NULL,0,0.00000000,NULL,100100399,0,5,NULL,NULL,100,100,1,1,1,0,'EUR',223.13000000,223.13000000,44.63000000,267.76000000,NULL,NULL,NULL,0,0,'',NULL,NULL),(108,21,NULL,15,NULL,'Direction et comptabilité des travaux (suivant planning)','',20.000,0.000,'0',0.000,'0',1,0,0,NULL,3123.75000000,NULL,312.38000000,62.47000000,0.00000000,0.00000000,374.85000000,1,NULL,NULL,0,0.00000000,NULL,100100399,0,6,NULL,NULL,10,101,1,1,1,0,'EUR',3123.75000000,312.38000000,62.47000000,374.85000000,NULL,NULL,NULL,0,0,'',NULL,NULL),(109,21,NULL,16,NULL,'Réception','',20.000,0.000,'0',0.000,'0',1,0,0,NULL,223.75000000,NULL,0.00000000,0.00000000,0.00000000,0.00000000,0.00000000,1,NULL,NULL,0,0.00000000,NULL,100100399,0,7,NULL,NULL,0,102,1,1,1,0,'EUR',223.75000000,0.00000000,0.00000000,0.00000000,NULL,NULL,NULL,0,0,'',NULL,NULL),(110,22,NULL,10,NULL,'&Eacute;tudes pr&eacute;liminaires','',20.000,0.000,'0',0.000,'0',1,0,0,NULL,557.81000000,NULL,557.81000000,111.56000000,0.00000000,0.00000000,669.37000000,1,NULL,NULL,0,0.00000000,NULL,100100399,0,1,NULL,NULL,100,103,1,1,1,0,'EUR',557.81000000,557.81000000,111.56000000,669.37000000,NULL,NULL,NULL,0,0,'',NULL,NULL),(111,22,NULL,11,NULL,'Avant projet, estimation','',20.000,0.000,'0',0.000,'0',1,0,0,NULL,1673.44000000,NULL,1673.44000000,334.69000000,0.00000000,0.00000000,2008.13000000,1,NULL,NULL,0,0.00000000,NULL,100100399,0,2,NULL,NULL,100,104,1,1,1,0,'EUR',1673.44000000,1673.44000000,334.69000000,2008.13000000,NULL,NULL,NULL,0,0,'',NULL,NULL),(112,22,NULL,12,NULL,'Dossier permis de construire','',20.000,0.000,'0',0.000,'0',1,0,0,NULL,2231.25000000,NULL,2231.25000000,446.25000000,0.00000000,0.00000000,2677.50000000,1,NULL,NULL,0,0.00000000,NULL,100100399,0,3,NULL,NULL,100,105,1,1,1,0,'EUR',2231.25000000,2231.25000000,446.25000000,2677.50000000,NULL,NULL,NULL,0,0,'',NULL,NULL),(113,22,NULL,13,NULL,'Projet et dossier de consultation des entreprises','',20.000,0.000,'0',0.000,'0',1,0,0,NULL,3123.75000000,NULL,3123.75000000,624.75000000,0.00000000,0.00000000,3748.50000000,1,NULL,NULL,0,0.00000000,NULL,100100399,0,4,NULL,NULL,100,106,1,1,1,0,'EUR',3123.75000000,3123.75000000,624.75000000,3748.50000000,NULL,NULL,NULL,0,0,'',NULL,NULL),(114,22,NULL,14,NULL,'Marchés','',20.000,0.000,'0',0.000,'0',1,0,0,NULL,223.13000000,NULL,223.13000000,44.63000000,0.00000000,0.00000000,267.76000000,1,NULL,NULL,0,0.00000000,NULL,100100399,0,5,NULL,NULL,100,107,1,1,1,0,'EUR',223.13000000,223.13000000,44.63000000,267.76000000,NULL,NULL,NULL,0,0,'',NULL,NULL),(115,22,NULL,15,NULL,'Direction et comptabilité des travaux (suivant planning)','',20.000,0.000,'0',0.000,'0',1,0,0,NULL,3123.75000000,NULL,1561.88000000,312.37000000,0.00000000,0.00000000,1874.25000000,1,NULL,NULL,0,0.00000000,NULL,100100399,0,6,NULL,NULL,50,108,1,1,1,0,'EUR',3123.75000000,1561.88000000,312.37000000,1874.25000000,NULL,NULL,NULL,0,0,'',NULL,NULL),(116,22,NULL,16,NULL,'Réception','',20.000,0.000,'0',0.000,'0',1,0,0,NULL,223.75000000,NULL,0.00000000,0.00000000,0.00000000,0.00000000,0.00000000,1,NULL,NULL,0,0.00000000,NULL,100100399,0,7,NULL,NULL,0,109,1,1,1,0,'EUR',223.75000000,0.00000000,0.00000000,0.00000000,NULL,NULL,NULL,0,0,'',NULL,NULL),(117,23,NULL,10,NULL,'&Eacute;tudes pr&eacute;liminaires','',20.000,0.000,'0',0.000,'0',1,0,0,NULL,557.81000000,NULL,557.81000000,111.56000000,0.00000000,0.00000000,669.37000000,1,NULL,NULL,0,0.00000000,NULL,100100399,0,1,NULL,NULL,100,110,1,1,1,0,'EUR',557.81000000,557.81000000,111.56000000,669.37000000,NULL,NULL,NULL,0,0,'',NULL,NULL),(118,23,NULL,11,NULL,'Avant projet, estimation','',20.000,0.000,'0',0.000,'0',1,0,0,NULL,1673.44000000,NULL,1673.44000000,334.69000000,0.00000000,0.00000000,2008.13000000,1,NULL,NULL,0,0.00000000,NULL,100100399,0,2,NULL,NULL,100,111,1,1,1,0,'EUR',1673.44000000,1673.44000000,334.69000000,2008.13000000,NULL,NULL,NULL,0,0,'',NULL,NULL),(119,23,NULL,12,NULL,'Dossier permis de construire','',20.000,0.000,'0',0.000,'0',1,0,0,NULL,2231.25000000,NULL,2231.25000000,446.25000000,0.00000000,0.00000000,2677.50000000,1,NULL,NULL,0,0.00000000,NULL,100100399,0,3,NULL,NULL,100,112,1,1,1,0,'EUR',2231.25000000,2231.25000000,446.25000000,2677.50000000,NULL,NULL,NULL,0,0,'',NULL,NULL),(120,23,NULL,13,NULL,'Projet et dossier de consultation des entreprises','',20.000,0.000,'0',0.000,'0',1,0,0,NULL,3123.75000000,NULL,3123.75000000,624.75000000,0.00000000,0.00000000,3748.50000000,1,NULL,NULL,0,0.00000000,NULL,100100399,0,4,NULL,NULL,100,113,1,1,1,0,'EUR',3123.75000000,3123.75000000,624.75000000,3748.50000000,NULL,NULL,NULL,0,0,'',NULL,NULL),(121,23,NULL,14,NULL,'Marchés','',20.000,0.000,'0',0.000,'0',1,0,0,NULL,223.13000000,NULL,223.13000000,44.63000000,0.00000000,0.00000000,267.76000000,1,NULL,NULL,0,0.00000000,NULL,100100399,0,5,NULL,NULL,100,114,1,1,1,0,'EUR',223.13000000,223.13000000,44.63000000,267.76000000,NULL,NULL,NULL,0,0,'',NULL,NULL),(122,23,NULL,15,NULL,'Direction et comptabilité des travaux (suivant planning)','',20.000,0.000,'0',0.000,'0',1,0,0,NULL,3123.75000000,NULL,3123.75000000,624.75000000,0.00000000,0.00000000,3748.50000000,1,NULL,NULL,0,0.00000000,NULL,100100399,0,6,NULL,NULL,100,115,1,1,1,0,'EUR',3123.75000000,3123.75000000,624.75000000,3748.50000000,NULL,NULL,NULL,0,0,'',NULL,NULL),(123,23,NULL,16,NULL,'Réception','',20.000,0.000,'0',0.000,'0',1,0,0,NULL,223.75000000,NULL,0.00000000,0.00000000,0.00000000,0.00000000,0.00000000,1,NULL,NULL,0,0.00000000,NULL,100100399,0,7,NULL,NULL,0,116,1,1,1,0,'EUR',223.75000000,0.00000000,0.00000000,0.00000000,NULL,NULL,NULL,0,0,'',NULL,NULL),(124,24,NULL,10,NULL,'&Eacute;tudes pr&eacute;liminaires','',20.000,0.000,'0',0.000,'0',1,0,0,NULL,557.81000000,NULL,557.81000000,111.56000000,0.00000000,0.00000000,669.37000000,1,NULL,NULL,0,0.00000000,NULL,100100399,0,1,NULL,NULL,100,117,1,1,1,0,'EUR',557.81000000,557.81000000,111.56000000,669.37000000,NULL,NULL,NULL,0,0,'',NULL,NULL),(125,24,NULL,11,NULL,'Avant projet, estimation','',20.000,0.000,'0',0.000,'0',1,0,0,NULL,1673.44000000,NULL,1673.44000000,334.69000000,0.00000000,0.00000000,2008.13000000,1,NULL,NULL,0,0.00000000,NULL,100100399,0,2,NULL,NULL,100,118,1,1,1,0,'EUR',1673.44000000,1673.44000000,334.69000000,2008.13000000,NULL,NULL,NULL,0,0,'',NULL,NULL),(126,24,NULL,12,NULL,'Dossier permis de construire','',20.000,0.000,'0',0.000,'0',1,0,0,NULL,2231.25000000,NULL,2231.25000000,446.25000000,0.00000000,0.00000000,2677.50000000,1,NULL,NULL,0,0.00000000,NULL,100100399,0,3,NULL,NULL,100,119,1,1,1,0,'EUR',2231.25000000,2231.25000000,446.25000000,2677.50000000,NULL,NULL,NULL,0,0,'',NULL,NULL),(127,24,NULL,13,NULL,'Projet et dossier de consultation des entreprises','',20.000,0.000,'0',0.000,'0',1,0,0,NULL,3123.75000000,NULL,3123.75000000,624.75000000,0.00000000,0.00000000,3748.50000000,1,NULL,NULL,0,0.00000000,NULL,100100399,0,4,NULL,NULL,100,120,1,1,1,0,'EUR',3123.75000000,3123.75000000,624.75000000,3748.50000000,NULL,NULL,NULL,0,0,'',NULL,NULL),(128,24,NULL,14,NULL,'Marchés','',20.000,0.000,'0',0.000,'0',1,0,0,NULL,223.13000000,NULL,223.13000000,44.63000000,0.00000000,0.00000000,267.76000000,1,NULL,NULL,0,0.00000000,NULL,100100399,0,5,NULL,NULL,100,121,1,1,1,0,'EUR',223.13000000,223.13000000,44.63000000,267.76000000,NULL,NULL,NULL,0,0,'',NULL,NULL),(129,24,NULL,15,NULL,'Direction et comptabilité des travaux (suivant planning)','',20.000,0.000,'0',0.000,'0',1,0,0,NULL,3123.75000000,NULL,3123.75000000,624.75000000,0.00000000,0.00000000,3748.50000000,1,NULL,NULL,0,0.00000000,NULL,100100399,0,6,NULL,NULL,100,122,1,1,1,0,'EUR',3123.75000000,3123.75000000,624.75000000,3748.50000000,NULL,NULL,NULL,0,0,'',NULL,NULL),(130,24,NULL,16,NULL,'Réception','',20.000,0.000,'0',0.000,'0',1,0,0,NULL,223.75000000,NULL,223.75000000,44.75000000,0.00000000,0.00000000,268.50000000,1,NULL,NULL,0,0.00000000,NULL,100100399,0,7,NULL,NULL,100,123,1,1,1,0,'EUR',223.75000000,223.75000000,44.75000000,268.50000000,NULL,NULL,NULL,0,0,'',NULL,NULL),(138,26,NULL,10,NULL,'&Eacute;tudes pr&eacute;liminaires','',20.000,0.000,'0',0.000,'0',1,0,0,NULL,557.84000000,NULL,278.92000000,55.78000000,0.00000000,0.00000000,334.70000000,1,NULL,NULL,0,0.00000000,NULL,100100399,0,1,NULL,NULL,50,NULL,1,1,1,0,'EUR',557.84000000,278.92000000,55.78000000,334.70000000,NULL,NULL,NULL,69,1,'',NULL,NULL),(139,26,NULL,11,NULL,'Avant projet, estimation','',20.000,0.000,'0',0.000,'0',1,0,0,NULL,1600.00000000,NULL,800.00000000,160.00000000,0.00000000,0.00000000,960.00000000,1,NULL,NULL,0,0.00000000,NULL,100100399,0,2,NULL,NULL,50,NULL,1,1,1,0,'EUR',1600.00000000,800.00000000,160.00000000,960.00000000,NULL,NULL,NULL,69,1,'',NULL,NULL),(140,26,NULL,12,NULL,'Dossier permis de construire','',20.000,0.000,'0',0.000,'0',1,0,0,NULL,2231.25000000,NULL,1115.63000000,223.12000000,0.00000000,0.00000000,1338.75000000,1,NULL,NULL,0,0.00000000,NULL,100100399,0,3,NULL,NULL,50,NULL,1,1,1,0,'EUR',2231.25000000,1115.63000000,223.12000000,1338.75000000,NULL,NULL,NULL,69,1,'',NULL,NULL),(141,26,NULL,13,NULL,'Projet et dossier de consultation des entreprises','',20.000,0.000,'0',0.000,'0',1,0,0,NULL,3123.75000000,NULL,1561.88000000,312.37000000,0.00000000,0.00000000,1874.25000000,1,NULL,NULL,0,0.00000000,NULL,100100399,0,4,NULL,NULL,50,NULL,1,1,1,0,'EUR',3123.75000000,1561.88000000,312.37000000,1874.25000000,NULL,NULL,NULL,69,1,'',NULL,NULL),(142,26,NULL,14,NULL,'Marchés','',20.000,0.000,'0',0.000,'0',1,0,0,NULL,223.13000000,NULL,111.57000000,22.31000000,0.00000000,0.00000000,133.88000000,1,NULL,NULL,0,0.00000000,NULL,100100399,0,5,NULL,NULL,50,NULL,1,1,1,0,'EUR',223.13000000,111.57000000,22.31000000,133.88000000,NULL,NULL,NULL,69,1,'',NULL,NULL),(143,26,NULL,15,NULL,'Direction et comptabilité des travaux (suivant planning)','',20.000,0.000,'0',0.000,'0',1,0,0,NULL,3123.75000000,NULL,1561.88000000,312.37000000,0.00000000,0.00000000,1874.25000000,1,NULL,NULL,0,0.00000000,NULL,100100399,0,6,NULL,NULL,50,NULL,1,1,1,0,'EUR',3123.75000000,1561.88000000,312.37000000,1874.25000000,NULL,NULL,NULL,69,1,'',NULL,NULL),(144,26,NULL,16,NULL,'Réception','',20.000,0.000,'0',0.000,'0',1,0,0,NULL,223.75000000,NULL,111.88000000,22.37000000,0.00000000,0.00000000,134.25000000,1,NULL,NULL,0,0.00000000,NULL,100100399,0,7,NULL,NULL,50,NULL,1,1,1,0,'EUR',223.75000000,111.88000000,22.37000000,134.25000000,NULL,NULL,NULL,69,1,'',NULL,NULL),(153,29,NULL,10,NULL,'&Eacute;tudes pr&eacute;liminaires','',20.000,0.000,'0',0.000,'0',1,0,0,NULL,557.81000000,NULL,557.81000000,111.56000000,0.00000000,0.00000000,669.37000000,1,NULL,NULL,0,0.00000000,NULL,100100399,0,1,NULL,NULL,100,NULL,1,1,1,0,'EUR',557.81000000,557.81000000,111.56000000,669.37000000,NULL,NULL,NULL,0,0,'',NULL,NULL),(154,29,NULL,11,NULL,'Avant projet, estimation','',20.000,0.000,'0',0.000,'0',1,0,0,NULL,1673.44000000,NULL,1673.44000000,334.69000000,0.00000000,0.00000000,2008.13000000,1,NULL,NULL,0,0.00000000,NULL,100100399,0,2,NULL,NULL,100,NULL,1,1,1,0,'EUR',1673.44000000,1673.44000000,334.69000000,2008.13000000,NULL,NULL,NULL,0,0,'',NULL,NULL),(155,29,NULL,12,NULL,'Dossier permis de construire','',20.000,0.000,'0',0.000,'0',1,0,0,NULL,2231.25000000,NULL,2231.25000000,446.25000000,0.00000000,0.00000000,2677.50000000,1,NULL,NULL,0,0.00000000,NULL,100100399,0,3,NULL,NULL,100,NULL,1,1,1,0,'EUR',2231.25000000,2231.25000000,446.25000000,2677.50000000,NULL,NULL,NULL,0,0,'',NULL,NULL),(156,29,NULL,13,NULL,'Projet et dossier de consultation des entreprises','',20.000,0.000,'0',0.000,'0',1,0,0,NULL,3123.75000000,NULL,3123.75000000,624.75000000,0.00000000,0.00000000,3748.50000000,1,NULL,NULL,0,0.00000000,NULL,100100399,0,4,NULL,NULL,100,NULL,1,1,1,0,'EUR',3123.75000000,3123.75000000,624.75000000,3748.50000000,NULL,NULL,NULL,0,0,'',NULL,NULL),(157,29,NULL,14,NULL,'Marchés','',20.000,0.000,'0',0.000,'0',1,0,0,NULL,223.13000000,NULL,223.13000000,44.63000000,0.00000000,0.00000000,267.76000000,1,NULL,NULL,0,0.00000000,NULL,100100399,0,5,NULL,NULL,100,NULL,1,1,1,0,'EUR',223.13000000,223.13000000,44.63000000,267.76000000,NULL,NULL,NULL,0,0,'',NULL,NULL),(158,29,NULL,15,NULL,'Direction et comptabilit&eacute; des travaux (suivant planning)<br />\r\nmois de janvier','',20.000,0.000,'0',0.000,'0',1,0,0,NULL,3123.75000000,NULL,312.38000000,62.47000000,0.00000000,0.00000000,374.85000000,1,NULL,NULL,0,0.00000000,NULL,100100399,0,6,NULL,NULL,10,NULL,1,1,1,0,'EUR',3123.75000000,312.38000000,62.47000000,374.85000000,NULL,NULL,NULL,0,0,'',NULL,NULL),(159,29,NULL,16,NULL,'R&eacute;ception','',20.000,0.000,'0',0.000,'0',1,0,0,NULL,223.75000000,NULL,0.00000000,0.00000000,0.00000000,0.00000000,0.00000000,1,NULL,NULL,0,0.00000000,NULL,100100399,0,7,NULL,NULL,0,NULL,1,1,1,0,'EUR',223.75000000,0.00000000,0.00000000,0.00000000,NULL,NULL,NULL,0,0,'',NULL,NULL),(160,30,NULL,10,NULL,'&Eacute;tudes pr&eacute;liminaires','',20.000,0.000,'0',0.000,'0',1,0,0,NULL,557.81000000,NULL,557.81000000,111.56000000,0.00000000,0.00000000,669.37000000,1,NULL,NULL,0,0.00000000,NULL,100100399,0,1,NULL,NULL,100,153,1,1,1,0,'EUR',557.81000000,557.81000000,111.56000000,669.37000000,NULL,NULL,NULL,0,0,'',NULL,NULL),(161,30,NULL,11,NULL,'Avant projet, estimation','',20.000,0.000,'0',0.000,'0',1,0,0,NULL,1673.44000000,NULL,1673.44000000,334.69000000,0.00000000,0.00000000,2008.13000000,1,NULL,NULL,0,0.00000000,NULL,100100399,0,2,NULL,NULL,100,154,1,1,1,0,'EUR',1673.44000000,1673.44000000,334.69000000,2008.13000000,NULL,NULL,NULL,0,0,'',NULL,NULL),(162,30,NULL,12,NULL,'Dossier permis de construire','',20.000,0.000,'0',0.000,'0',1,0,0,NULL,2231.25000000,NULL,2231.25000000,446.25000000,0.00000000,0.00000000,2677.50000000,1,NULL,NULL,0,0.00000000,NULL,100100399,0,3,NULL,NULL,100,155,1,1,1,0,'EUR',2231.25000000,2231.25000000,446.25000000,2677.50000000,NULL,NULL,NULL,0,0,'',NULL,NULL),(163,30,NULL,13,NULL,'Projet et dossier de consultation des entreprises','',20.000,0.000,'0',0.000,'0',1,0,0,NULL,3123.75000000,NULL,3123.75000000,624.75000000,0.00000000,0.00000000,3748.50000000,1,NULL,NULL,0,0.00000000,NULL,100100399,0,4,NULL,NULL,100,156,1,1,1,0,'EUR',3123.75000000,3123.75000000,624.75000000,3748.50000000,NULL,NULL,NULL,0,0,'',NULL,NULL),(164,30,NULL,14,NULL,'Marchés','',20.000,0.000,'0',0.000,'0',1,0,0,NULL,223.13000000,NULL,223.13000000,44.63000000,0.00000000,0.00000000,267.76000000,1,NULL,NULL,0,0.00000000,NULL,100100399,0,5,NULL,NULL,100,157,1,1,1,0,'EUR',223.13000000,223.13000000,44.63000000,267.76000000,NULL,NULL,NULL,0,0,'',NULL,NULL),(165,30,NULL,15,NULL,'Direction et comptabilité des travaux (suivant planning)<br />\r\nmois de janvier','',20.000,0.000,'0',0.000,'0',1,0,0,NULL,3123.75000000,NULL,1249.50000000,249.90000000,0.00000000,0.00000000,1499.40000000,1,NULL,NULL,0,0.00000000,NULL,100100399,0,6,NULL,NULL,40,158,1,1,1,0,'EUR',3123.75000000,1249.50000000,249.90000000,1499.40000000,NULL,NULL,NULL,0,0,'',NULL,NULL),(166,30,NULL,16,NULL,'R&eacute;ception','',20.000,0.000,'0',0.000,'0',1,0,0,NULL,223.75000000,NULL,0.00000000,0.00000000,0.00000000,0.00000000,0.00000000,1,NULL,NULL,0,0.00000000,NULL,100100399,0,7,NULL,NULL,0,159,1,1,1,0,'EUR',223.75000000,0.00000000,0.00000000,0.00000000,NULL,NULL,NULL,0,0,'',NULL,NULL),(169,32,NULL,11,NULL,'Avant projet, estimation','',20.000,0.000,'0',0.000,'0',10,0,0,NULL,1673.44000000,NULL,16734.40000000,3346.88000000,0.00000000,0.00000000,20081.28000000,1,NULL,NULL,0,0.00000000,NULL,100100399,0,2,NULL,NULL,100,NULL,1,1,1,0,'EUR',1673.44000000,16734.40000000,3346.88000000,20081.28000000,NULL,NULL,NULL,0,0,NULL,NULL,NULL),(170,32,NULL,12,NULL,'Dossier permis de construire','',20.000,0.000,'0',0.000,'0',1,0,0,NULL,2231.25000000,NULL,2231.25000000,446.25000000,0.00000000,0.00000000,2677.50000000,1,NULL,NULL,0,0.00000000,NULL,100100399,0,3,NULL,NULL,100,NULL,1,1,1,0,'EUR',2231.25000000,2231.25000000,446.25000000,2677.50000000,NULL,NULL,NULL,0,0,NULL,NULL,NULL),(171,32,NULL,13,NULL,'Projet et dossier de consultation des entreprises','',20.000,0.000,'0',0.000,'0',1,0,0,NULL,3123.75000000,NULL,3123.75000000,624.75000000,0.00000000,0.00000000,3748.50000000,1,NULL,NULL,0,0.00000000,NULL,100100399,0,4,NULL,NULL,100,NULL,1,1,1,0,'EUR',3123.75000000,3123.75000000,624.75000000,3748.50000000,NULL,NULL,NULL,0,0,NULL,NULL,NULL),(172,32,NULL,14,NULL,'Marchés','',20.000,0.000,'0',0.000,'0',1,0,0,NULL,223.13000000,NULL,223.13000000,44.63000000,0.00000000,0.00000000,267.76000000,1,NULL,NULL,0,0.00000000,NULL,100100399,0,5,NULL,NULL,100,NULL,1,1,1,0,'EUR',223.13000000,223.13000000,44.63000000,267.76000000,NULL,NULL,NULL,0,0,NULL,NULL,NULL),(173,32,NULL,15,NULL,'Direction et comptabilité des travaux (suivant planning)','',20.000,0.000,'0',0.000,'0',1,0,0,NULL,3123.75000000,NULL,3123.75000000,624.75000000,0.00000000,0.00000000,3748.50000000,1,NULL,NULL,0,0.00000000,NULL,100100399,0,6,NULL,NULL,100,NULL,1,1,1,0,'EUR',3123.75000000,3123.75000000,624.75000000,3748.50000000,NULL,NULL,NULL,0,0,NULL,NULL,NULL),(174,32,NULL,16,NULL,'Réception','',20.000,0.000,'0',0.000,'0',1,0,0,NULL,223.75000000,NULL,223.75000000,44.75000000,0.00000000,0.00000000,268.50000000,1,NULL,NULL,0,0.00000000,NULL,100100399,0,7,NULL,NULL,100,NULL,1,1,1,0,'EUR',223.75000000,223.75000000,44.75000000,268.50000000,NULL,NULL,NULL,0,0,NULL,NULL,NULL),(175,33,NULL,NULL,NULL,'chmt courroie','',0.000,0.000,'0',0.000,'0',8,0,0,NULL,55.00000000,NULL,440.00000000,0.00000000,0.00000000,0.00000000,440.00000000,1,NULL,NULL,0,0.00000000,NULL,0,0,0,NULL,NULL,100,NULL,1,1,1,0,'EUR',55.00000000,440.00000000,0.00000000,440.00000000,NULL,NULL,NULL,0,0,NULL,NULL,NULL),(176,33,NULL,22,NULL,'','',20.000,0.000,'0',0.000,'0',1,0,0,NULL,0.00000000,NULL,0.00000000,0.00000000,0.00000000,0.00000000,0.00000000,0,NULL,NULL,0,0.00000000,NULL,0,0,1,NULL,NULL,100,NULL,1,1,1,0,'EUR',0.00000000,0.00000000,0.00000000,0.00000000,NULL,NULL,NULL,0,0,'',NULL,NULL),(177,34,NULL,NULL,NULL,'Changement contacteur','',0.000,0.000,'0',0.000,'0',1,0,0,NULL,0.00000000,NULL,0.00000000,0.00000000,0.00000000,0.00000000,0.00000000,1,NULL,NULL,0,0.00000000,NULL,100100399,0,0,NULL,NULL,100,NULL,NULL,1,1,0,'EUR',0.00000000,0.00000000,0.00000000,0.00000000,NULL,NULL,NULL,0,0,'',NULL,NULL),(178,34,NULL,26,NULL,'','',20.000,0.000,'0',0.000,'0',1,0,0,NULL,0.00000000,NULL,0.00000000,0.00000000,0.00000000,0.00000000,0.00000000,0,NULL,NULL,0,0.00000000,NULL,100100240,0,1,NULL,NULL,100,NULL,1,1,1,0,'EUR',0.00000000,0.00000000,0.00000000,0.00000000,NULL,NULL,NULL,0,0,'',NULL,NULL),(179,35,NULL,NULL,'Ville de Paris','','',0.000,0.000,'0',0.000,'0',1,0,0,NULL,0.00000000,NULL,0.00000000,0.00000000,0.00000000,0.00000000,0.00000000,9,NULL,NULL,0,0.00000000,NULL,0,104777,1,NULL,NULL,0,NULL,NULL,1,1,0,'EUR',0.00000000,0.00000000,0.00000000,0.00000000,NULL,NULL,NULL,0,0,'',NULL,NULL),(180,35,NULL,NULL,NULL,'Pour parc existant','',0.000,0.000,'0',0.000,'0',50,0,0,NULL,0.00000000,NULL,0.00000000,0.00000000,0.00000000,0.00000000,0.00000000,9,NULL,NULL,0,0.00000000,NULL,0,104777,2,NULL,NULL,0,NULL,NULL,1,1,0,'EUR',0.00000000,0.00000000,0.00000000,0.00000000,NULL,NULL,NULL,0,0,'',NULL,NULL),(181,35,NULL,9,NULL,'velo2','',20.000,0.000,'0',0.000,'0',10,0,0,NULL,570.00000000,NULL,2850.00000000,570.00000000,0.00000000,0.00000000,3420.00000000,0,NULL,NULL,0,570.00000000,NULL,100100400,0,3,NULL,NULL,50,NULL,1,1,1,0,'EUR',570.00000000,2850.00000000,570.00000000,3420.00000000,NULL,NULL,NULL,0,0,'',NULL,NULL),(182,35,NULL,5,NULL,'velo','',20.000,0.000,'0',0.000,'0',20,0,0,NULL,300.00000000,NULL,3000.00000000,600.00000000,0.00000000,0.00000000,3600.00000000,0,NULL,NULL,0,150.00000000,NULL,100100400,0,4,NULL,NULL,50,NULL,1,1,1,0,'EUR',300.00000000,3000.00000000,600.00000000,3600.00000000,NULL,NULL,NULL,0,0,'',NULL,NULL),(183,35,NULL,NULL,'vdp','','',0.000,0.000,'0',0.000,'0',99,0,0,NULL,0.00000000,NULL,0.00000000,0.00000000,0.00000000,0.00000000,0.00000000,9,NULL,NULL,0,0.00000000,NULL,0,104777,5,NULL,NULL,0,NULL,NULL,1,1,0,'EUR',0.00000000,0.00000000,0.00000000,0.00000000,NULL,NULL,NULL,0,0,'',NULL,NULL),(184,35,NULL,NULL,'Ville de Nantes','','',0.000,0.000,'0',0.000,'0',1,0,0,NULL,0.00000000,NULL,0.00000000,0.00000000,0.00000000,0.00000000,0.00000000,9,NULL,NULL,0,0.00000000,NULL,0,104777,6,NULL,NULL,0,NULL,NULL,1,1,0,'EUR',0.00000000,0.00000000,0.00000000,0.00000000,NULL,NULL,NULL,0,0,'',NULL,NULL),(185,35,NULL,NULL,NULL,'sur parc existant','',0.000,0.000,'0',0.000,'0',50,0,0,NULL,0.00000000,NULL,0.00000000,0.00000000,0.00000000,0.00000000,0.00000000,9,NULL,NULL,0,0.00000000,NULL,0,104777,7,NULL,NULL,0,NULL,NULL,1,1,0,'EUR',0.00000000,0.00000000,0.00000000,0.00000000,NULL,NULL,NULL,0,0,'',NULL,NULL),(186,35,NULL,5,NULL,'velo','',20.000,0.000,'0',0.000,'0',5,0,0,NULL,300.00000000,NULL,750.00000000,150.00000000,0.00000000,0.00000000,900.00000000,0,NULL,NULL,0,150.00000000,NULL,100100400,0,8,NULL,NULL,50,NULL,1,1,1,0,'EUR',300.00000000,750.00000000,150.00000000,900.00000000,NULL,NULL,NULL,0,0,'',NULL,NULL),(187,35,NULL,9,NULL,'velo2','',10.000,0.000,'0',0.000,'0',10,0,0,NULL,570.00000000,NULL,2850.00000000,285.00000000,0.00000000,0.00000000,3135.00000000,0,NULL,NULL,0,570.00000000,NULL,100100400,0,9,NULL,NULL,50,NULL,1,1,1,0,'EUR',570.00000000,2850.00000000,285.00000000,3135.00000000,NULL,NULL,NULL,0,0,'',NULL,NULL),(188,35,NULL,NULL,'vdn','','',0.000,0.000,'0',0.000,'0',99,0,0,NULL,0.00000000,NULL,0.00000000,0.00000000,0.00000000,0.00000000,0.00000000,9,NULL,NULL,0,0.00000000,NULL,0,104777,10,NULL,NULL,0,NULL,NULL,1,1,0,'EUR',0.00000000,0.00000000,0.00000000,0.00000000,NULL,NULL,NULL,0,0,'',NULL,NULL),(200,38,NULL,NULL,'pieces','','',0.000,0.000,'0',0.000,'0',1,0,0,NULL,0.00000000,NULL,0.00000000,0.00000000,0.00000000,0.00000000,0.00000000,9,NULL,NULL,0,0.00000000,NULL,0,104777,1,NULL,NULL,100,NULL,NULL,1,1,0,'EUR',0.00000000,0.00000000,0.00000000,0.00000000,NULL,NULL,NULL,0,0,'',NULL,NULL),(201,38,NULL,37,NULL,'roulment','',20.000,0.000,'0',0.000,'0',1,0,0,NULL,5.00000000,NULL,5.00000000,1.00000000,0.00000000,0.00000000,6.00000000,0,NULL,NULL,0,5.00000000,NULL,100100400,0,2,NULL,NULL,100,NULL,1,1,1,0,'EUR',5.00000000,5.00000000,1.00000000,6.00000000,NULL,NULL,NULL,0,0,'',NULL,NULL),(202,38,NULL,NULL,'main d\'oeuvre','','',0.000,0.000,'0',0.000,'0',1,0,0,NULL,0.00000000,NULL,0.00000000,0.00000000,0.00000000,0.00000000,0.00000000,9,NULL,NULL,0,0.00000000,NULL,0,104777,3,NULL,NULL,100,NULL,NULL,1,1,0,'EUR',0.00000000,0.00000000,0.00000000,0.00000000,NULL,NULL,NULL,0,0,'',NULL,NULL),(203,38,NULL,38,NULL,'mo','',20.000,0.000,'0',0.000,'0',10,0,0,NULL,8.00000000,NULL,80.00000000,16.00000000,0.00000000,0.00000000,96.00000000,1,NULL,NULL,0,10.00000000,NULL,100100399,0,4,NULL,NULL,100,NULL,1,1,1,0,'EUR',8.00000000,80.00000000,16.00000000,96.00000000,NULL,NULL,NULL,0,0,'',NULL,NULL),(204,39,NULL,37,NULL,'roulment','',20.000,0.000,'0',0.000,'0',1,0,0,NULL,5.00000000,NULL,5.00000000,1.00000000,0.00000000,0.00000000,6.00000000,0,NULL,NULL,0,10.00000000,NULL,100100400,0,0,NULL,NULL,100,NULL,NULL,1,1,0,'EUR',5.00000000,5.00000000,1.00000000,6.00000000,NULL,NULL,NULL,0,0,'',NULL,NULL),(205,39,NULL,5,NULL,'velo','',20.000,0.000,'0',0.000,'0',1,0,0,NULL,300.00000000,NULL,300.00000000,60.00000000,0.00000000,0.00000000,360.00000000,0,NULL,NULL,0,150.00000000,NULL,100100399,0,0,NULL,NULL,100,NULL,NULL,1,1,0,'EUR',300.00000000,300.00000000,60.00000000,360.00000000,NULL,NULL,NULL,0,0,'',NULL,NULL),(206,40,NULL,39,NULL,'APPLIQUE VALIDEE C3','',20.000,0.000,'0',0.000,'0',1500,0,0,NULL,1.00000000,NULL,1500.00000000,300.00000000,0.00000000,0.00000000,1800.00000000,0,NULL,NULL,0,1.00000000,NULL,100100400,0,0,NULL,NULL,100,NULL,NULL,1,1,0,'EUR',1.00000000,1500.00000000,300.00000000,1800.00000000,NULL,NULL,NULL,0,0,'',NULL,NULL),(207,41,NULL,37,NULL,'roulment','',20.000,0.000,'0',0.000,'0',1,0,0,NULL,5.00000000,NULL,5.00000000,1.00000000,0.00000000,0.00000000,6.00000000,0,NULL,NULL,0,5.00000000,NULL,100100400,0,2,NULL,NULL,100,NULL,1,1,1,0,'EUR',5.00000000,5.00000000,1.00000000,6.00000000,NULL,NULL,NULL,0,0,'',NULL,NULL),(208,41,NULL,38,NULL,'mo','',20.000,0.000,'0',0.000,'0',10,0,0,NULL,10.00000000,NULL,100.00000000,20.00000000,0.00000000,0.00000000,120.00000000,1,NULL,NULL,0,10.00000000,NULL,100100399,0,4,NULL,NULL,100,NULL,1,1,1,0,'EUR',10.00000000,100.00000000,20.00000000,120.00000000,NULL,NULL,NULL,0,0,'',NULL,NULL),(209,41,NULL,5,NULL,'velo','',20.000,0.000,'0',0.000,'0',1,0,0,NULL,300.00000000,NULL,300.00000000,60.00000000,0.00000000,0.00000000,360.00000000,0,NULL,NULL,0,150.00000000,NULL,100100400,0,5,NULL,NULL,100,NULL,1,1,1,0,'EUR',300.00000000,300.00000000,60.00000000,360.00000000,NULL,NULL,NULL,0,0,'',NULL,NULL),(210,41,NULL,25,NULL,'Armoire électrique','',20.000,0.000,'0',0.000,'0',1,0,0,NULL,456.00000000,NULL,456.00000000,91.20000000,0.00000000,0.00000000,547.20000000,0,NULL,NULL,0,0.00000000,NULL,100100400,0,6,NULL,NULL,100,NULL,1,1,1,0,'EUR',456.00000000,456.00000000,91.20000000,547.20000000,NULL,NULL,NULL,0,0,'',NULL,NULL),(211,41,NULL,3,NULL,'selle','',20.000,0.000,'0',0.000,'0',1,0,0,NULL,10.00000000,NULL,10.00000000,2.00000000,0.00000000,0.00000000,12.00000000,0,NULL,NULL,0,5.00000000,NULL,100100400,0,7,NULL,NULL,100,NULL,1,1,1,0,'EUR',10.00000000,10.00000000,2.00000000,12.00000000,NULL,NULL,NULL,0,0,'',NULL,NULL),(212,41,NULL,5,'velo','velo','',20.000,0.000,'0',0.000,'0',1,0,0,NULL,187.00000000,NULL,187.00000000,37.40000000,0.00000000,0.00000000,224.40000000,0,NULL,NULL,0,170.00000000,NULL,100100400,0,8,NULL,NULL,100,NULL,1,1,1,0,'EUR',187.00000000,187.00000000,37.40000000,224.40000000,NULL,NULL,NULL,0,0,'',NULL,NULL),(213,41,NULL,NULL,NULL,'libre libre','',20.000,0.000,'0',0.000,'0',1,0,0,NULL,1.00000000,NULL,1.00000000,0.20000000,0.00000000,0.00000000,1.20000000,0,NULL,NULL,0,1.00000000,NULL,100100400,0,9,NULL,NULL,100,NULL,1,1,1,0,'EUR',1.00000000,1.00000000,0.20000000,1.20000000,NULL,NULL,NULL,0,0,'',NULL,NULL),(214,42,NULL,42,NULL,'124 description<br><strong>Couleur:</strong> jaune<br>\n(Pays d\'origine: France)','',20.000,0.000,'0',0.000,'0',5,0,0,NULL,11.00000000,NULL,55.00000000,11.00000000,0.00000000,0.00000000,66.00000000,0,NULL,NULL,0,0.00000000,NULL,100100400,0,1,NULL,NULL,100,NULL,NULL,1,1,0,'EUR',11.00000000,55.00000000,11.00000000,66.00000000,NULL,NULL,NULL,0,0,'',NULL,NULL),(215,42,NULL,40,NULL,'124 description<br><strong>Couleur:</strong> Bleue<br>\n(Pays d\'origine: France)','',20.000,0.000,'0',0.000,'0',15,0,0,NULL,11.00000000,NULL,165.00000000,33.00000000,0.00000000,0.00000000,198.00000000,0,NULL,NULL,0,0.00000000,NULL,100100400,0,2,NULL,NULL,100,NULL,NULL,1,1,0,'EUR',11.00000000,165.00000000,33.00000000,198.00000000,NULL,NULL,NULL,0,0,'',NULL,NULL),(216,42,NULL,41,NULL,'124 description<br><strong>Couleur:</strong> Rouge<br>\n(Pays d\'origine: France)','',20.000,0.000,'0',0.000,'0',15,0,0,NULL,12.00000000,NULL,180.00000000,36.00000000,0.00000000,0.00000000,216.00000000,0,NULL,NULL,0,0.00000000,NULL,100100400,0,3,NULL,NULL,100,NULL,NULL,1,1,0,'EUR',12.00000000,180.00000000,36.00000000,216.00000000,NULL,NULL,NULL,0,0,'',NULL,NULL),(217,43,NULL,5,NULL,'','',20.000,0.000,'0',0.000,'0',1,0,0,NULL,300.00000000,NULL,300.00000000,60.00000000,0.00000000,0.00000000,360.00000000,0,NULL,NULL,0,150.00000000,NULL,100100400,0,1,NULL,NULL,100,NULL,1,1,1,0,'EUR',300.00000000,300.00000000,60.00000000,360.00000000,NULL,NULL,NULL,0,0,'',NULL,NULL),(218,43,NULL,22,NULL,'','',20.000,0.000,'0',0.000,'0',10,0,0,NULL,2.00000000,NULL,20.00000000,4.00000000,0.00000000,0.00000000,24.00000000,0,NULL,NULL,0,0.00000000,NULL,100100400,0,2,NULL,NULL,100,NULL,1,1,1,0,'EUR',2.00000000,20.00000000,4.00000000,24.00000000,NULL,NULL,NULL,0,0,'',NULL,NULL),(219,44,NULL,43,NULL,'Table ganie cuir\n(Pays d\'origine: France)','',20.000,0.000,'0',0.000,'0',1,0,0,NULL,1500.00000000,NULL,1500.00000000,300.00000000,0.00000000,0.00000000,1800.00000000,0,NULL,NULL,0,500.00000000,NULL,100100400,0,1,NULL,NULL,100,NULL,1,1,1,0,'EUR',1500.00000000,1500.00000000,300.00000000,1800.00000000,NULL,NULL,NULL,0,0,'',NULL,NULL),(220,44,NULL,NULL,NULL,'montage','',20.000,0.000,'0',0.000,'0',1,0,0,NULL,500.00000000,NULL,500.00000000,100.00000000,0.00000000,0.00000000,600.00000000,1,NULL,NULL,0,500.00000000,NULL,100100399,0,2,NULL,NULL,100,NULL,1,1,1,0,'EUR',500.00000000,500.00000000,100.00000000,600.00000000,NULL,NULL,NULL,0,0,'',NULL,NULL),(221,45,NULL,30,NULL,'124 description<br />\r\n(Pays d&#39;origine: France)','',20.000,0.000,'0',0.000,'0',12,0,0,NULL,10.00000000,NULL,120.00000000,24.00000000,0.00000000,0.00000000,144.00000000,0,NULL,NULL,0,500.00000000,NULL,100100400,0,1,NULL,NULL,100,NULL,6,1,1,0,'EUR',10.00000000,120.00000000,24.00000000,144.00000000,NULL,NULL,NULL,0,0,'',NULL,NULL),(222,45,NULL,41,NULL,'124 description<br><strong>Couleur:</strong> Rouge<br>\n(Pays d\'origine: France)','',20.000,0.000,'0',0.000,'0',1,0,0,NULL,7.00000000,NULL,7.00000000,1.40000000,0.00000000,0.00000000,8.40000000,0,NULL,NULL,0,0.00000000,NULL,100100400,0,2,NULL,NULL,100,NULL,6,1,1,0,'EUR',7.00000000,7.00000000,1.40000000,8.40000000,NULL,NULL,NULL,0,0,'',NULL,NULL),(223,45,NULL,NULL,NULL,'port','',20.000,0.000,'0',0.000,'0',1,0,0,NULL,50.00000000,NULL,50.00000000,10.00000000,0.00000000,0.00000000,60.00000000,0,NULL,NULL,0,50.00000000,NULL,100100400,0,3,NULL,NULL,100,NULL,1,1,1,0,'EUR',50.00000000,50.00000000,10.00000000,60.00000000,NULL,NULL,NULL,0,0,'',NULL,NULL),(224,46,NULL,45,NULL,'<div>R&eacute;paration de votre fa&ccedil;ade vitr&eacute;e suite tentative d&#39;effraction<br />\r\n* D&eacute;pose de 3 vitrages bris&eacute;s et &eacute;vacuation en d&eacute;chetterie<br />\r\n* Fourniture et pose de 3 vitrages compris joints et parclosages<br />\r\n* Remplacement de la serrure 3 points &agrave; t&eacute;ti&egrave;re filante<br />\r\n* Dressage du fer plat de battement, mise en peinture et pose<br />\r\n* Dressage de la poign&eacute;e<br />\r\n* V&eacute;rification du bon fonctionnement</div>','',20.000,0.000,'0',0.000,'0',5,0,0,NULL,1480.00000000,NULL,740.00000000,148.00000000,0.00000000,0.00000000,888.00000000,0,NULL,NULL,0,1480.00000000,NULL,100100400,0,1,NULL,NULL,10,NULL,1,1,1,0,'EUR',1480.00000000,740.00000000,148.00000000,888.00000000,NULL,NULL,NULL,0,0,'',NULL,NULL),(225,47,NULL,45,NULL,'<div>Réparation de votre façade vitrée suite tentative d\'effraction<br />\r\n* Dépose de 3 vitrages brisés et évacuation en déchetterie<br />\r\n* Fourniture et pose de 3 vitrages compris joints et parclosages<br />\r\n* Remplacement de la serrure 3 points à tétière filante<br />\r\n* Dressage du fer plat de battement, mise en peinture et pose<br />\r\n* Dressage de la poignée<br />\r\n* Vérification du bon fonctionnement</div>','',20.000,0.000,'0',0.000,'0',5,0,0,NULL,1480.00000000,NULL,3700.00000000,740.00000000,0.00000000,0.00000000,4440.00000000,0,NULL,NULL,0,1480.00000000,NULL,100100400,0,1,NULL,NULL,50,224,1,1,1,0,'EUR',1480.00000000,3700.00000000,740.00000000,4440.00000000,NULL,NULL,NULL,0,0,'',NULL,NULL),(226,48,NULL,45,NULL,'<div>Réparation de votre façade vitrée suite tentative d\'effraction<br />\r\n* Dépose de 3 vitrages brisés et évacuation en déchetterie<br />\r\n* Fourniture et pose de 3 vitrages compris joints et parclosages<br />\r\n* Remplacement de la serrure 3 points à tétière filante<br />\r\n* Dressage du fer plat de battement, mise en peinture et pose<br />\r\n* Dressage de la poignée<br />\r\n* Vérification du bon fonctionnement</div>','',20.000,0.000,'0',0.000,'0',5,0,0,NULL,1480.00000000,NULL,7400.00000000,1480.00000000,0.00000000,0.00000000,8880.00000000,0,NULL,NULL,0,1480.00000000,NULL,100100400,0,1,NULL,NULL,100,225,1,1,1,0,'EUR',1480.00000000,7400.00000000,1480.00000000,8880.00000000,NULL,NULL,NULL,0,0,'',NULL,NULL),(227,49,NULL,NULL,NULL,'generique','',20.000,0.000,'0',0.000,'0',1,0,0,NULL,144.00000000,NULL,72.00000000,14.40000000,0.00000000,0.00000000,86.40000000,0,NULL,NULL,0,120.00000000,NULL,100100400,0,2,NULL,NULL,50,NULL,1,1,1,0,'EUR',144.00000000,72.00000000,14.40000000,86.40000000,'',NULL,NULL,0,0,'',NULL,NULL),(228,49,NULL,26,NULL,'contacteur','',20.000,0.000,'0',0.000,'0',1,0,0,NULL,55.00000000,NULL,0.00000000,0.00000000,0.00000000,0.00000000,0.00000000,0,NULL,NULL,0,50.00000000,NULL,100100240,0,3,NULL,NULL,0,NULL,1,1,1,0,'EUR',55.00000000,0.00000000,0.00000000,0.00000000,'',NULL,NULL,0,0,'',NULL,NULL),(229,49,NULL,25,NULL,'fgfg<br />\r\nhfgh<br />\r\nfgh<br />\r\nfgh<br />\r\nfgh<br />\r\nf','',20.000,0.000,'0',0.000,'0',1,0,0,NULL,104.00000000,NULL,0.00000000,0.00000000,0.00000000,0.00000000,0.00000000,0,NULL,NULL,0,80.00000000,NULL,100100400,0,4,NULL,NULL,0,NULL,1,1,1,0,'EUR',104.00000000,0.00000000,0.00000000,0.00000000,'',NULL,NULL,0,0,'',NULL,NULL),(230,50,NULL,NULL,NULL,'generique','',20.000,0.000,'0',0.000,'0',1,0,0,NULL,144.00000000,NULL,144.00000000,28.80000000,0.00000000,0.00000000,172.80000000,0,NULL,NULL,0,120.00000000,NULL,100100400,0,2,NULL,NULL,100,227,1,1,1,0,'EUR',144.00000000,144.00000000,28.80000000,172.80000000,'',NULL,NULL,0,0,'',NULL,NULL),(231,50,NULL,26,NULL,'contacteur','',20.000,0.000,'0',0.000,'0',1,0,0,NULL,55.00000000,NULL,55.00000000,11.00000000,0.00000000,0.00000000,66.00000000,0,NULL,NULL,0,50.00000000,NULL,100100240,0,3,NULL,NULL,100,228,1,1,1,0,'EUR',55.00000000,55.00000000,11.00000000,66.00000000,'',NULL,NULL,0,0,'',NULL,NULL),(232,50,NULL,25,NULL,'fgfg<br />\r\nhfgh<br />\r\nfgh<br />\r\nfgh<br />\r\nfgh<br />\r\nf','',20.000,0.000,'0',0.000,'0',1,0,0,NULL,104.00000000,NULL,0.00000000,0.00000000,0.00000000,0.00000000,0.00000000,0,NULL,NULL,0,80.00000000,NULL,100100400,0,4,NULL,NULL,0,229,1,1,1,0,'EUR',104.00000000,0.00000000,0.00000000,0.00000000,'',NULL,NULL,0,0,'',NULL,NULL),(233,51,NULL,NULL,NULL,'generique','',20.000,0.000,'0',0.000,'0',1,0,0,NULL,144.00000000,NULL,144.00000000,28.80000000,0.00000000,0.00000000,172.80000000,0,NULL,NULL,0,120.00000000,NULL,100100400,0,2,NULL,NULL,100,230,1,1,1,0,'EUR',144.00000000,144.00000000,28.80000000,172.80000000,'',NULL,NULL,0,0,'',NULL,NULL),(234,51,NULL,26,NULL,'contacteur','',20.000,0.000,'0',0.000,'0',1,0,0,NULL,55.00000000,NULL,55.00000000,11.00000000,0.00000000,0.00000000,66.00000000,0,NULL,NULL,0,50.00000000,NULL,100100240,0,3,NULL,NULL,100,231,1,1,1,0,'EUR',55.00000000,55.00000000,11.00000000,66.00000000,'',NULL,NULL,0,0,'',NULL,NULL),(235,51,NULL,25,NULL,'fgfg<br />\r\nhfgh<br />\r\nfgh<br />\r\nfgh<br />\r\nfgh<br />\r\nf','',20.000,0.000,'0',0.000,'0',1,0,0,NULL,104.00000000,NULL,104.00000000,20.80000000,0.00000000,0.00000000,124.80000000,0,NULL,NULL,0,80.00000000,NULL,100100400,0,4,NULL,NULL,100,232,1,1,1,0,'EUR',104.00000000,104.00000000,20.80000000,124.80000000,'',NULL,NULL,0,0,'',NULL,NULL),(236,52,NULL,12,NULL,'Dossier permis de construire','',20.000,0.000,'0',0.000,'0',1,0,0,NULL,2231.25000000,NULL,1115.62500000,223.12500000,0.00000000,0.00000000,1338.75000000,1,NULL,NULL,0,0.00000000,NULL,100100399,0,5,NULL,NULL,50,NULL,1,1,1,0,'EUR',2231.25000000,1115.62500000,223.12500000,1338.75000000,'',NULL,NULL,0,0,'',NULL,NULL),(237,52,NULL,13,NULL,'Projet et dossier de consultation des entreprises','',20.000,0.000,'0',0.000,'0',1,0,0,NULL,3123.75000000,NULL,0.00000000,0.00000000,0.00000000,0.00000000,0.00000000,1,NULL,NULL,0,0.00000000,NULL,100100399,0,6,NULL,NULL,0,NULL,1,1,1,0,'EUR',3123.75000000,0.00000000,0.00000000,0.00000000,'',NULL,NULL,0,0,'',NULL,NULL),(238,52,NULL,14,NULL,'Marchés','',20.000,0.000,'0',0.000,'0',1,0,0,NULL,223.13000000,NULL,0.00000000,0.00000000,0.00000000,0.00000000,0.00000000,1,NULL,NULL,0,0.00000000,NULL,100100399,0,7,NULL,NULL,0,NULL,1,1,1,0,'EUR',223.13000000,0.00000000,0.00000000,0.00000000,'',NULL,NULL,0,0,'',NULL,NULL),(239,52,NULL,15,NULL,'Direction et comptabilité des travaux (suivant planning)','',20.000,0.000,'0',0.000,'0',1,0,0,NULL,3123.75000000,NULL,0.00000000,0.00000000,0.00000000,0.00000000,0.00000000,1,NULL,NULL,0,0.00000000,NULL,100100399,0,8,NULL,NULL,0,NULL,1,1,1,0,'EUR',3123.75000000,0.00000000,0.00000000,0.00000000,'',NULL,NULL,0,0,'',NULL,NULL),(240,52,NULL,16,NULL,'Réception','',20.000,0.000,'0',0.000,'0',1,0,0,NULL,223.75000000,NULL,0.00000000,0.00000000,0.00000000,0.00000000,0.00000000,1,NULL,NULL,0,0.00000000,NULL,100100399,0,9,NULL,NULL,0,NULL,1,1,1,0,'EUR',223.75000000,0.00000000,0.00000000,0.00000000,'',NULL,NULL,0,0,'',NULL,NULL),(241,52,NULL,25,NULL,'Armoire &eacute;lectrique','',20.000,0.000,'0',0.000,'0',1,0,0,NULL,75.90000000,NULL,7.59000000,1.51800000,0.00000000,0.00000000,9.10800000,0,NULL,NULL,0,69.00000000,NULL,100100400,0,10,NULL,NULL,10,NULL,1,1,1,0,'EUR',75.90000000,7.59000000,1.51800000,9.10800000,'',NULL,NULL,0,0,'',NULL,NULL),(242,52,NULL,16,NULL,'R&eacute;ception','',20.000,0.000,'0',0.000,'0',1,0,0,NULL,0.00000000,NULL,0.00000000,0.00000000,0.00000000,0.00000000,0.00000000,1,NULL,NULL,0,0.00000000,NULL,100100399,0,11,NULL,NULL,0,NULL,1,1,1,0,'EUR',0.00000000,0.00000000,0.00000000,0.00000000,'',NULL,NULL,0,0,'',NULL,NULL),(243,52,NULL,NULL,NULL,'vbvbv','',20.000,0.000,'0',0.000,'0',1,0,0,NULL,10.00000000,NULL,0.00000000,0.00000000,0.00000000,0.00000000,0.00000000,0,NULL,NULL,0,10.00000000,NULL,100100400,0,12,NULL,NULL,0,NULL,1,1,1,0,'EUR',10.00000000,0.00000000,0.00000000,0.00000000,'',NULL,NULL,0,0,'',NULL,NULL),(244,52,NULL,23,NULL,'tige rayon','',20.000,0.000,'0',0.000,'0',1,0,0,NULL,0.20000000,NULL,0.00000000,0.00000000,0.00000000,0.00000000,0.00000000,0,NULL,NULL,0,0.20000000,NULL,100100400,0,13,NULL,NULL,0,NULL,1,1,1,0,'EUR',0.20000000,0.00000000,0.00000000,0.00000000,'',NULL,NULL,0,0,'',NULL,NULL),(245,53,NULL,12,NULL,'Dossier permis de construire','',20.000,0.000,'0',0.000,'0',1,0,0,NULL,2231.25000000,NULL,1561.87500000,312.37500000,0.00000000,0.00000000,1874.25000000,1,NULL,NULL,0,0.00000000,NULL,100100399,0,5,NULL,NULL,70,236,1,1,1,0,'EUR',2231.25000000,1561.87500000,312.37500000,1874.25000000,'',NULL,NULL,0,0,'',NULL,NULL),(246,53,NULL,13,NULL,'Projet et dossier de consultation des entreprises','',20.000,0.000,'0',0.000,'0',1,0,0,NULL,3123.75000000,NULL,0.00000000,0.00000000,0.00000000,0.00000000,0.00000000,1,NULL,NULL,0,0.00000000,NULL,100100399,0,6,NULL,NULL,0,237,1,1,1,0,'EUR',3123.75000000,0.00000000,0.00000000,0.00000000,'',NULL,NULL,0,0,'',NULL,NULL),(247,53,NULL,14,NULL,'Marchés','',20.000,0.000,'0',0.000,'0',1,0,0,NULL,223.13000000,NULL,0.00000000,0.00000000,0.00000000,0.00000000,0.00000000,1,NULL,NULL,0,0.00000000,NULL,100100399,0,7,NULL,NULL,0,238,1,1,1,0,'EUR',223.13000000,0.00000000,0.00000000,0.00000000,'',NULL,NULL,0,0,'',NULL,NULL),(248,53,NULL,15,NULL,'Direction et comptabilité des travaux (suivant planning)','',20.000,0.000,'0',0.000,'0',1,0,0,NULL,3123.75000000,NULL,3123.75000000,624.75000000,0.00000000,0.00000000,3748.50000000,1,NULL,NULL,0,0.00000000,NULL,100100399,0,8,NULL,NULL,100,239,1,1,1,0,'EUR',3123.75000000,3123.75000000,624.75000000,3748.50000000,'',NULL,NULL,0,0,'',NULL,NULL),(249,53,NULL,16,NULL,'Réception','',20.000,0.000,'0',0.000,'0',1,0,0,NULL,223.75000000,NULL,0.00000000,0.00000000,0.00000000,0.00000000,0.00000000,1,NULL,NULL,0,0.00000000,NULL,100100399,0,9,NULL,NULL,0,240,1,1,1,0,'EUR',223.75000000,0.00000000,0.00000000,0.00000000,'',NULL,NULL,0,0,'',NULL,NULL),(250,53,NULL,25,NULL,'Armoire &eacute;lectrique','',20.000,0.000,'0',0.000,'0',1,0,0,NULL,75.90000000,NULL,7.59000000,1.51800000,0.00000000,0.00000000,9.10800000,0,NULL,NULL,0,69.00000000,NULL,100100400,0,10,NULL,NULL,10,241,1,1,1,0,'EUR',75.90000000,7.59000000,1.51800000,9.10800000,'',NULL,NULL,0,0,'',NULL,NULL),(251,53,NULL,16,NULL,'R&eacute;ception','',20.000,0.000,'0',0.000,'0',1,0,0,NULL,0.00000000,NULL,0.00000000,0.00000000,0.00000000,0.00000000,0.00000000,1,NULL,NULL,0,0.00000000,NULL,100100399,0,11,NULL,NULL,0,242,1,1,1,0,'EUR',0.00000000,0.00000000,0.00000000,0.00000000,'',NULL,NULL,0,0,'',NULL,NULL),(252,53,NULL,NULL,NULL,'vbvbv','',20.000,0.000,'0',0.000,'0',1,0,0,NULL,10.00000000,NULL,0.00000000,0.00000000,0.00000000,0.00000000,0.00000000,0,NULL,NULL,0,10.00000000,NULL,100100400,0,12,NULL,NULL,0,243,1,1,1,0,'EUR',10.00000000,0.00000000,0.00000000,0.00000000,'',NULL,NULL,0,0,'',NULL,NULL),(253,53,NULL,23,NULL,'tige rayon','',20.000,0.000,'0',0.000,'0',1,0,0,NULL,0.20000000,NULL,0.00000000,0.00000000,0.00000000,0.00000000,0.00000000,0,NULL,NULL,0,0.20000000,NULL,100100400,0,13,NULL,NULL,0,244,1,1,1,0,'EUR',0.20000000,0.00000000,0.00000000,0.00000000,'',NULL,NULL,0,0,'',NULL,NULL),(254,54,NULL,12,NULL,'Dossier permis de construire','',20.000,0.000,'0',0.000,'0',1,0,0,NULL,2231.25000000,NULL,2231.25000000,446.25000000,0.00000000,0.00000000,2677.50000000,1,NULL,NULL,0,0.00000000,NULL,100100399,0,5,NULL,NULL,100,245,1,1,1,0,'EUR',2231.25000000,2231.25000000,446.25000000,2677.50000000,'',NULL,NULL,0,0,'',NULL,NULL),(255,54,NULL,13,NULL,'Projet et dossier de consultation des entreprises','',20.000,0.000,'0',0.000,'0',1,0,0,NULL,3123.75000000,NULL,3123.75000000,624.75000000,0.00000000,0.00000000,3748.50000000,1,NULL,NULL,0,0.00000000,NULL,100100399,0,6,NULL,NULL,100,246,1,1,1,0,'EUR',3123.75000000,3123.75000000,624.75000000,3748.50000000,'',NULL,NULL,0,0,'',NULL,NULL),(256,54,NULL,14,NULL,'Marchés','',20.000,0.000,'0',0.000,'0',1,0,0,NULL,223.13000000,NULL,223.13000000,44.62600000,0.00000000,0.00000000,267.75600000,1,NULL,NULL,0,0.00000000,NULL,100100399,0,7,NULL,NULL,100,247,1,1,1,0,'EUR',223.13000000,223.13000000,44.62600000,267.75600000,'',NULL,NULL,0,0,'',NULL,NULL),(257,54,NULL,15,NULL,'Direction et comptabilité des travaux (suivant planning)','',20.000,0.000,'0',0.000,'0',1,0,0,NULL,3123.75000000,NULL,3123.75000000,624.75000000,0.00000000,0.00000000,3748.50000000,1,NULL,NULL,0,0.00000000,NULL,100100399,0,8,NULL,NULL,100,248,1,1,1,0,'EUR',3123.75000000,3123.75000000,624.75000000,3748.50000000,'',NULL,NULL,0,0,'',NULL,NULL),(258,54,NULL,16,NULL,'Réception','',20.000,0.000,'0',0.000,'0',1,0,0,NULL,223.75000000,NULL,223.75000000,44.75000000,0.00000000,0.00000000,268.50000000,1,NULL,NULL,0,0.00000000,NULL,100100399,0,9,NULL,NULL,100,249,1,1,1,0,'EUR',223.75000000,223.75000000,44.75000000,268.50000000,'',NULL,NULL,0,0,'',NULL,NULL),(259,54,NULL,25,NULL,'Armoire &eacute;lectrique','',20.000,0.000,'0',0.000,'0',1,0,0,NULL,75.90000000,NULL,75.90000000,15.18000000,0.00000000,0.00000000,91.08000000,0,NULL,NULL,0,69.00000000,NULL,100100400,0,10,NULL,NULL,100,250,1,1,1,0,'EUR',75.90000000,75.90000000,15.18000000,91.08000000,'',NULL,NULL,0,0,'',NULL,NULL),(260,54,NULL,16,NULL,'R&eacute;ception','',20.000,0.000,'0',0.000,'0',1,0,0,NULL,0.00000000,NULL,0.00000000,0.00000000,0.00000000,0.00000000,0.00000000,1,NULL,NULL,0,0.00000000,NULL,100100399,0,11,NULL,NULL,100,251,1,1,1,0,'EUR',0.00000000,0.00000000,0.00000000,0.00000000,'',NULL,NULL,0,0,'',NULL,NULL),(261,54,NULL,NULL,NULL,'vbvbv','',20.000,0.000,'0',0.000,'0',1,0,0,NULL,10.00000000,NULL,10.00000000,2.00000000,0.00000000,0.00000000,12.00000000,0,NULL,NULL,0,10.00000000,NULL,100100400,0,12,NULL,NULL,100,252,1,1,1,0,'EUR',10.00000000,10.00000000,2.00000000,12.00000000,'',NULL,NULL,0,0,'',NULL,NULL),(262,54,NULL,23,NULL,'tige rayon','',20.000,0.000,'0',0.000,'0',1,0,0,NULL,0.20000000,NULL,0.20000000,0.04000000,0.00000000,0.00000000,0.24000000,0,NULL,NULL,0,0.20000000,NULL,100100400,0,13,NULL,NULL,100,253,1,1,1,0,'EUR',0.20000000,0.20000000,0.04000000,0.24000000,'',NULL,NULL,0,0,'',NULL,NULL),(263,55,NULL,49,'Fourniture et pose d’un linteau','Fourniture et pose d&rsquo;un linteau fer I de section 140mm pour la d&eacute;pose de la cloison de s&eacute;paration entre la cuisine et le s&eacute;jour. Comprenant transport, d&eacute;coupe et assemblage au mortier de ciment. Longueur 300cm.','',10.000,0.000,'0',0.000,'0',1,0,0,NULL,1122.00000000,NULL,1122.00000000,112.20000000,0.00000000,0.00000000,1234.20000000,1,NULL,NULL,0,1020.00000000,NULL,100100399,0,2,NULL,NULL,100,NULL,1,1,1,0,'EUR',1122.00000000,1122.00000000,112.20000000,1234.20000000,'',NULL,NULL,0,0,'',NULL,NULL),(264,55,NULL,49,'Fourniture et pose d’un linteau','Fourniture et pose d&rsquo;un linteau fer I de section 140mm pour la d&eacute;pose de la cloison de s&eacute;paration entre la cuisine et le s&eacute;jour. Comprenant transport, d&eacute;coupe et assemblage au mortier de ciment. Longueur 340cm.','',10.000,0.000,'0',0.000,'0',1,0,0,NULL,1232.00000000,NULL,1232.00000000,123.20000000,0.00000000,0.00000000,1355.20000000,1,NULL,NULL,0,1120.00000000,NULL,100100399,0,3,NULL,NULL,100,NULL,1,1,1,0,'EUR',1232.00000000,1232.00000000,123.20000000,1355.20000000,'',NULL,NULL,0,0,'',NULL,NULL),(265,55,NULL,54,'Carrelage','Fourniture et pr&eacute;paration du support avant la pose du carrelage dans la cuisine par produit accrocheur et/ou ragr&eacute;age.<br />\r\nFourniture et pose d&#39;un carrelage gr&egrave;s c&eacute;rame de dimensions entre 33x33 et 60x60 cm en pose droite, pose &agrave; la colle et jointoiement compris. Base d&#39;achat : 25,00 &euro; HT le m&sup2;.','',20.000,0.000,'0',0.000,'0',1,0,0,NULL,1848.00000000,NULL,1848.00000000,369.60000000,0.00000000,0.00000000,2217.60000000,1,NULL,NULL,0,1680.00000000,NULL,100100399,0,6,NULL,NULL,100,NULL,1,1,1,0,'EUR',1848.00000000,1848.00000000,369.60000000,2217.60000000,'',NULL,NULL,0,0,'',NULL,NULL),(266,55,NULL,54,'Carrelage','Fourniture et pr&eacute;paration du support avant la pose du carrelage dans la sde par produit accrocheur et/ou ragr&eacute;age.<br />\r\nFourniture et pose d&#39;un carrelage gr&egrave;s c&eacute;rame de dimensions entre 33x33 et 60x60 cm en pose droite, pose &agrave; la colle et jointoiement compris.','',20.000,0.000,'0',0.000,'0',1,0,0,NULL,1056.00000000,NULL,1056.00000000,211.20000000,0.00000000,0.00000000,1267.20000000,1,NULL,NULL,0,960.00000000,NULL,100100399,0,7,NULL,NULL,100,NULL,1,1,1,0,'EUR',1056.00000000,1056.00000000,211.20000000,1267.20000000,'',NULL,NULL,0,0,'',NULL,NULL),(267,56,NULL,5,NULL,'velo bleu','',20.000,0.000,'0',0.000,'0',1,10,0,NULL,400.00000000,NULL,360.00000000,72.00000000,0.00000000,0.00000000,432.00000000,0,NULL,NULL,0,150.00000000,NULL,100100400,0,1,NULL,NULL,100,NULL,1,1,1,0,'EUR',400.00000000,360.00000000,72.00000000,432.00000000,'',NULL,NULL,0,0,'',NULL,NULL),(268,57,NULL,25,NULL,'Armoire électrique','',20.000,0.000,'0',0.000,'0',1,5,0,NULL,140.00000000,NULL,133.00000000,26.60000000,0.00000000,0.00000000,159.60000000,0,NULL,NULL,0,50.00000000,NULL,100100400,0,1,NULL,NULL,100,NULL,1,1,1,0,'EUR',140.00000000,133.00000000,26.60000000,159.60000000,'',NULL,NULL,0,0,'',NULL,NULL),(269,57,NULL,33,NULL,'125','',20.000,0.000,'0',0.000,'0',1,0,0,NULL,50.00000000,NULL,50.00000000,10.00000000,0.00000000,0.00000000,60.00000000,0,NULL,NULL,0,50.00000000,NULL,100100402,0,2,NULL,NULL,100,NULL,1,1,1,0,'EUR',50.00000000,50.00000000,10.00000000,60.00000000,'',NULL,NULL,0,0,'',NULL,NULL),(270,57,NULL,30,NULL,'124 description\n(Pays d\'origine: France)','',20.000,0.000,'0',0.000,'0',1,0,0,NULL,5.00000000,NULL,5.00000000,1.00000000,0.00000000,0.00000000,6.00000000,0,NULL,NULL,0,5.00000000,NULL,100100400,0,3,NULL,NULL,100,NULL,6,1,1,0,'EUR',5.00000000,5.00000000,1.00000000,6.00000000,'',NULL,NULL,0,0,'',NULL,NULL),(271,58,NULL,25,NULL,'Armoire électrique','',20.000,0.000,'0',0.000,'0',1,5,0,NULL,140.00000000,NULL,133.00000000,26.60000000,0.00000000,0.00000000,159.60000000,0,NULL,NULL,0,50.00000000,NULL,100100400,0,1,NULL,NULL,100,NULL,1,1,1,0,'EUR',140.00000000,133.00000000,26.60000000,159.60000000,'',NULL,NULL,0,0,'',NULL,NULL),(272,58,NULL,33,NULL,'125','',20.000,0.000,'0',0.000,'0',1,0,0,NULL,50.00000000,NULL,50.00000000,10.00000000,0.00000000,0.00000000,60.00000000,0,NULL,NULL,0,50.00000000,NULL,100100400,0,2,NULL,NULL,100,NULL,1,1,1,0,'EUR',50.00000000,50.00000000,10.00000000,60.00000000,'',NULL,NULL,0,0,'',NULL,NULL),(273,58,NULL,30,NULL,'124 description\n(Pays d\'origine: France)','',20.000,0.000,'0',0.000,'0',1,0,0,NULL,5.00000000,NULL,5.00000000,1.00000000,0.00000000,0.00000000,6.00000000,0,NULL,NULL,0,5.00000000,NULL,100100400,0,3,NULL,NULL,100,NULL,6,1,1,0,'EUR',5.00000000,5.00000000,1.00000000,6.00000000,'',NULL,NULL,0,0,'',NULL,NULL),(274,61,NULL,52,NULL,'','',20.000,0.000,'0',0.000,'0',1,0,0,NULL,50.00000000,NULL,50.00000000,10.00000000,0.00000000,0.00000000,60.00000000,1,NULL,NULL,0,50.00000000,NULL,100100399,0,1,NULL,NULL,100,NULL,1,1,1,0,'EUR',50.00000000,50.00000000,10.00000000,60.00000000,'',NULL,NULL,0,0,NULL,NULL,NULL),(275,60,NULL,26,NULL,'','',20.000,0.000,'0',0.000,'0',1,0,0,NULL,20.00000000,NULL,20.00000000,4.00000000,0.00000000,0.00000000,24.00000000,0,NULL,NULL,0,10.00000000,NULL,100100240,0,1,NULL,NULL,100,NULL,1,1,1,0,'EUR',20.00000000,20.00000000,4.00000000,24.00000000,'',NULL,NULL,0,0,NULL,NULL,NULL),(276,62,NULL,49,NULL,'Fourniture et pose d&rsquo;un linteau fer I de section 140mm pour la d&eacute;pose de la cloison de s&eacute;paration entre la cuisine et le s&eacute;jour. Comprenant transport, d&eacute;coupe et assemblage au mortier de ciment. Longueur 300cm.','',20.000,0.000,'0',0.000,'0',1,0,0,NULL,1000.00000000,NULL,1000.00000000,200.00000000,0.00000000,0.00000000,1200.00000000,1,NULL,NULL,0,0.00000000,NULL,100100399,0,1,NULL,NULL,100,NULL,1,1,1,0,'EUR',1000.00000000,1000.00000000,200.00000000,1200.00000000,'',NULL,NULL,0,0,NULL,NULL,NULL),(277,63,NULL,39,NULL,'APPLIQUE VALIDEE C3','',20.000,0.000,'0',0.000,'0',1,0,0,NULL,1.25000000,NULL,1.25000000,0.25000000,0.00000000,0.00000000,1.50000000,0,NULL,NULL,0,0.00000000,NULL,100100400,0,0,NULL,NULL,100,NULL,34,1,1,0,'EUR',1.25000000,1.25000000,0.25000000,1.50000000,'',NULL,NULL,0,0,NULL,NULL,NULL),(278,59,NULL,40,NULL,'124 description<br><strong>Couleur:</strong> Bleue<br>\n(Pays d\'origine: France)','',20.000,0.000,'0',0.000,'0',3,0,0,NULL,6.00000000,NULL,18.00000000,3.60000000,0.00000000,0.00000000,21.60000000,0,NULL,NULL,0,10.00000000,NULL,100100400,0,1,NULL,NULL,100,NULL,6,1,1,0,'EUR',6.00000000,18.00000000,3.60000000,21.60000000,'',NULL,NULL,0,0,NULL,NULL,NULL),(279,64,NULL,59,NULL,'cadre','',20.000,0.000,'0',0.000,'0',3,0,0,NULL,10.00000000,NULL,30.00000000,6.00000000,0.00000000,0.00000000,36.00000000,0,NULL,NULL,0,0.00000000,NULL,100100400,0,0,NULL,NULL,100,NULL,NULL,1,1,0,'EUR',10.00000000,30.00000000,6.00000000,36.00000000,'',NULL,NULL,0,0,NULL,NULL,NULL),(281,65,NULL,25,NULL,'','',20.000,0.000,'0',0.000,'0',1,0,0,NULL,132.00000000,NULL,132.00000000,26.40000000,0.00000000,0.00000000,158.40000000,0,NULL,NULL,0,50.00000000,20,100100400,0,2,NULL,NULL,100,NULL,NULL,1,1,0,'EUR',132.00000000,132.00000000,26.40000000,158.40000000,'',NULL,NULL,0,0,NULL,NULL,NULL),(282,66,NULL,NULL,'Côté PREPARATION','','',0.000,0.000,'0',0.000,'0',1,0,0,NULL,0.00000000,NULL,0.00000000,0.00000000,0.00000000,0.00000000,0.00000000,9,NULL,NULL,0,0.00000000,NULL,0,104777,2,NULL,NULL,100,NULL,NULL,1,1,0,'EUR',0.00000000,0.00000000,0.00000000,0.00000000,'',NULL,NULL,0,0,NULL,NULL,NULL),(283,66,NULL,58,NULL,'','',20.000,0.000,'0',0.000,'0',2,0,0,NULL,208.33000000,NULL,416.67000000,83.33000000,0.00000000,0.00000000,500.00000000,0,NULL,NULL,0,0.00000000,NULL,100100400,0,3,NULL,NULL,100,NULL,1,1,1,0,'EUR',208.33000000,416.67000000,83.33000000,500.00000000,'',NULL,NULL,0,0,NULL,NULL,NULL),(284,66,NULL,NULL,NULL,'D&eacute;molition et d&eacute;pose baignoire, paroi, meuble, robinetteries, plinthes, y compris &eacute;vacuation et traitement des d&eacute;chets','',10.000,0.000,'0',0.000,'0',1,0,0,NULL,1200.00000000,NULL,1200.00000000,120.00000000,0.00000000,0.00000000,1320.00000000,1,NULL,NULL,0,1200.00000000,NULL,100100399,0,4,NULL,NULL,100,NULL,1,1,1,0,'EUR',1200.00000000,1200.00000000,120.00000000,1320.00000000,'',NULL,NULL,0,0,NULL,NULL,NULL),(285,66,NULL,NULL,NULL,'Travaux pr&eacute;paratoire EC EF evacuation selon nouvelle implantation receveur et meuble double vasque','',10.000,0.000,'0',0.000,'0',1,0,0,NULL,981.00000000,NULL,981.00000000,98.10000000,0.00000000,0.00000000,1079.10000000,1,NULL,NULL,0,981.00000000,NULL,100100399,0,5,NULL,NULL,100,NULL,1,1,1,0,'EUR',981.00000000,981.00000000,98.10000000,1079.10000000,'',NULL,NULL,0,0,NULL,NULL,NULL),(286,66,NULL,NULL,NULL,'Travaux pr&eacute;paratoires &eacute;lectrique<br />\r\nChangement appareillage d&#39;une prise<br />\r\nCr&eacute;ation d&#39;une prise . Tirage alimentation miroir<br />\r\nODACE Schneider Blanc','',10.000,0.000,'0',0.000,'0',1,0,0,NULL,650.00000000,NULL,650.00000000,65.00000000,0.00000000,0.00000000,715.00000000,1,NULL,NULL,0,650.00000000,NULL,100100399,0,6,NULL,NULL,100,NULL,1,1,1,0,'EUR',650.00000000,650.00000000,65.00000000,715.00000000,'',NULL,NULL,0,0,NULL,NULL,NULL),(288,66,NULL,25,NULL,'fhgdthdgfhxdfg<br />\r\nghcfgcfghfgd','',20.000,0.000,'0',0.000,'0',1,0,0,NULL,250.00000000,NULL,250.00000000,50.00000000,0.00000000,0.00000000,300.00000000,0,NULL,NULL,0,50.00000000,NULL,100100400,0,7,NULL,NULL,100,NULL,1,1,1,0,'EUR',250.00000000,250.00000000,50.00000000,300.00000000,'',NULL,NULL,0,0,NULL,NULL,NULL),(289,66,NULL,NULL,'Côté PREPARATION','','',0.000,0.000,'0',0.000,'0',99,0,0,NULL,0.00000000,NULL,0.00000000,0.00000000,0.00000000,0.00000000,0.00000000,9,NULL,NULL,0,0.00000000,NULL,0,104777,8,NULL,NULL,100,NULL,NULL,1,1,0,'EUR',0.00000000,0.00000000,0.00000000,0.00000000,'',NULL,NULL,0,0,NULL,NULL,NULL),(290,66,NULL,NULL,'Côté MEUBLES ET SANITAIRES','','',0.000,0.000,'0',0.000,'0',1,0,0,NULL,0.00000000,NULL,0.00000000,0.00000000,0.00000000,0.00000000,0.00000000,9,NULL,NULL,0,0.00000000,NULL,0,104777,9,NULL,NULL,100,NULL,NULL,1,1,0,'EUR',0.00000000,0.00000000,0.00000000,0.00000000,'',NULL,NULL,0,0,NULL,NULL,NULL),(291,66,NULL,NULL,NULL,'Fourniture MIROIR led laqu&eacute; REFLET MOON<br />\r\nD 140','',10.000,0.000,'0',0.000,'0',1,0,0,NULL,1032.08000000,NULL,1032.08000000,103.21000000,0.00000000,0.00000000,1135.29000000,0,NULL,NULL,0,1032.08000000,NULL,100100400,0,10,NULL,NULL,100,NULL,1,1,1,0,'EUR',1032.08000000,1032.08000000,103.21000000,1135.29000000,'',NULL,NULL,0,0,NULL,NULL,NULL),(292,66,NULL,55,NULL,'Fourniture meuble JOLIE MOME<br />\r\nL120*P51*H63<br />\r\nBaltique brillant<br />\r\navec double vasque blanche','',10.000,0.000,'0',0.000,'0',1,0,0,NULL,2703.00000000,NULL,2703.00000000,270.30000000,0.00000000,0.00000000,2973.30000000,0,NULL,NULL,0,0.00000000,NULL,100100400,0,11,NULL,NULL,100,NULL,1,1,1,0,'EUR',2703.00000000,2703.00000000,270.30000000,2973.30000000,'',NULL,NULL,0,0,NULL,NULL,NULL),(293,66,NULL,NULL,'Côté MEUBLES ET SANITAIRES','','',0.000,0.000,'0',0.000,'0',99,0,0,NULL,0.00000000,NULL,0.00000000,0.00000000,0.00000000,0.00000000,0.00000000,9,NULL,NULL,0,0.00000000,NULL,0,104777,12,NULL,NULL,100,NULL,NULL,1,1,0,'EUR',0.00000000,0.00000000,0.00000000,0.00000000,'',NULL,NULL,0,0,NULL,NULL,NULL),(295,66,NULL,25,NULL,'','',20.000,0.000,'0',0.000,'0',1,0,0,NULL,132.00000000,NULL,132.00000000,26.40000000,0.00000000,0.00000000,158.40000000,0,NULL,NULL,0,50.00000000,NULL,100100400,0,13,NULL,NULL,100,NULL,1,1,1,0,'EUR',132.00000000,132.00000000,26.40000000,158.40000000,'',NULL,NULL,0,0,NULL,NULL,NULL),(298,67,NULL,30,NULL,'124 description<br />\r\n(Pays d&#39;origine: France)','',20.000,0.000,'0',0.000,'0',1,0,0,NULL,5.00000000,NULL,5.00000000,1.00000000,0.00000000,0.00000000,6.00000000,0,NULL,NULL,0,500.00000000,NULL,100100400,0,1,NULL,NULL,100,NULL,6,1,1,0,'EUR',5.00000000,5.00000000,1.00000000,6.00000000,'',NULL,NULL,0,0,NULL,NULL,NULL),(300,68,NULL,NULL,'Côté PREPARATION','','',0.000,0.000,'0',0.000,'0',1,0,0,NULL,0.00000000,NULL,0.00000000,0.00000000,0.00000000,0.00000000,0.00000000,9,NULL,NULL,0,0.00000000,NULL,0,104777,1,NULL,NULL,100,NULL,NULL,1,1,0,'EUR',0.00000000,0.00000000,0.00000000,0.00000000,'',NULL,NULL,0,0,NULL,NULL,NULL),(301,68,NULL,58,NULL,'Pr&eacute;paration, protection et nettoyage du chantier','',10.000,0.000,'0',0.000,'0',1,0,0,NULL,240.00000000,NULL,240.00000000,24.00000000,0.00000000,0.00000000,264.00000000,0,NULL,NULL,0,0.00000000,NULL,100100400,0,2,NULL,NULL,100,NULL,1,1,1,0,'EUR',240.00000000,240.00000000,24.00000000,264.00000000,'',NULL,NULL,0,0,NULL,NULL,NULL),(302,68,NULL,NULL,NULL,'D&eacute;molition et d&eacute;pose baignoire, paroi, meuble, robinetteries, plinthes, y compris &eacute;vacuation et traitement des d&eacute;chets','',10.000,0.000,'0',0.000,'0',1,0,0,NULL,1200.00000000,NULL,1200.00000000,120.00000000,0.00000000,0.00000000,1320.00000000,1,NULL,NULL,0,1200.00000000,NULL,100100399,0,3,NULL,NULL,100,NULL,1,1,1,0,'EUR',1200.00000000,1200.00000000,120.00000000,1320.00000000,'',NULL,NULL,0,0,NULL,NULL,NULL),(303,68,NULL,NULL,NULL,'Travaux pr&eacute;paratoire EC EF evacuation selon nouvelle implantation receveur et meuble double vasque','',10.000,0.000,'0',0.000,'0',1,0,0,NULL,981.00000000,NULL,981.00000000,98.10000000,0.00000000,0.00000000,1079.10000000,1,NULL,NULL,0,981.00000000,NULL,100100399,0,4,NULL,NULL,100,NULL,1,1,1,0,'EUR',981.00000000,981.00000000,98.10000000,1079.10000000,'',NULL,NULL,0,0,NULL,NULL,NULL),(304,68,NULL,NULL,NULL,'Travaux pr&eacute;paratoires &eacute;lectrique<br />\r\nChangement appareillage d&#39;une prise<br />\r\nCr&eacute;ation d&#39;une prise . Tirage alimentation miroir<br />\r\nODACE Schneider Blanc','',10.000,0.000,'0',0.000,'0',1,0,0,NULL,650.00000000,NULL,650.00000000,65.00000000,0.00000000,0.00000000,715.00000000,1,NULL,NULL,0,650.00000000,NULL,100100399,0,5,NULL,NULL,100,NULL,1,1,1,0,'EUR',650.00000000,650.00000000,65.00000000,715.00000000,'',NULL,NULL,0,0,NULL,NULL,NULL),(305,68,NULL,NULL,NULL,'Coffrage placo BA13 Hydrofuge<br />\r\nEt traitement des joints<br />\r\nLocalisation : sur murs de douche','',10.000,0.000,'0',0.000,'0',1,0,0,NULL,425.00000000,NULL,425.00000000,42.50000000,0.00000000,0.00000000,467.50000000,1,NULL,NULL,0,425.00000000,NULL,100100399,0,6,NULL,NULL,100,NULL,1,1,1,0,'EUR',425.00000000,425.00000000,42.50000000,467.50000000,'',NULL,NULL,0,0,NULL,NULL,NULL),(306,68,NULL,NULL,'Côté PREPARATION','','',0.000,0.000,'0',0.000,'0',99,0,0,NULL,0.00000000,NULL,0.00000000,0.00000000,0.00000000,0.00000000,0.00000000,9,NULL,NULL,0,0.00000000,NULL,0,104777,7,NULL,NULL,100,NULL,NULL,1,1,0,'EUR',0.00000000,0.00000000,0.00000000,0.00000000,'',NULL,NULL,0,0,NULL,NULL,NULL),(307,68,NULL,NULL,'Côté MEUBLES ET SANITAIRES','','',0.000,0.000,'0',0.000,'0',1,0,0,NULL,0.00000000,NULL,0.00000000,0.00000000,0.00000000,0.00000000,0.00000000,9,NULL,NULL,0,0.00000000,NULL,0,104777,8,NULL,NULL,100,NULL,NULL,1,1,0,'EUR',0.00000000,0.00000000,0.00000000,0.00000000,'',NULL,NULL,0,0,NULL,NULL,NULL),(308,68,NULL,NULL,NULL,'Fourniture MIROIR led laqu&eacute; REFLET MOON<br />\r\nD 140','',10.000,0.000,'0',0.000,'0',1,0,0,NULL,1032.08000000,NULL,1032.08000000,103.21000000,0.00000000,0.00000000,1135.29000000,0,NULL,NULL,0,1032.08000000,NULL,100100400,0,9,NULL,NULL,100,NULL,1,1,1,0,'EUR',1032.08000000,1032.08000000,103.21000000,1135.29000000,'',NULL,NULL,0,0,NULL,NULL,NULL),(309,68,NULL,56,NULL,'Fourniture meuble bas JOLIE MOME<br />\r\ndroite et gauche / charni&egrave;re droite et gauche<br />\r\nL35*P30*H63<br />\r\nBaltique brillant','',10.000,0.000,'0',0.000,'0',2,0,0,NULL,609.00000000,NULL,1218.00000000,121.80000000,0.00000000,0.00000000,1339.80000000,0,NULL,NULL,0,0.00000000,NULL,100100400,0,10,NULL,NULL,100,NULL,1,1,1,0,'EUR',609.00000000,1218.00000000,121.80000000,1339.80000000,'',NULL,NULL,0,0,NULL,NULL,NULL),(310,68,NULL,55,NULL,'Fourniture meuble JOLIE MOME<br />\r\nL120*P51*H63<br />\r\nBaltique brillant<br />\r\navec double vasque blanche','',10.000,0.000,'0',0.000,'0',1,0,0,NULL,2703.00000000,NULL,2703.00000000,270.30000000,0.00000000,0.00000000,2973.30000000,0,NULL,NULL,0,0.00000000,NULL,100100400,0,11,NULL,NULL,100,NULL,1,1,1,0,'EUR',2703.00000000,2703.00000000,270.30000000,2973.30000000,'',NULL,NULL,0,0,NULL,NULL,NULL),(311,68,NULL,NULL,'Côté MEUBLES ET SANITAIRES','','',0.000,0.000,'0',0.000,'0',99,0,0,NULL,0.00000000,NULL,0.00000000,0.00000000,0.00000000,0.00000000,0.00000000,9,NULL,NULL,0,0.00000000,NULL,0,104777,12,NULL,NULL,100,NULL,NULL,1,1,0,'EUR',0.00000000,0.00000000,0.00000000,0.00000000,'',NULL,NULL,0,0,NULL,NULL,NULL),(312,68,NULL,69,NULL,'','',20.000,0.000,'0',0.000,'0',2,0,0,NULL,110.00000000,NULL,220.00000000,44.00000000,0.00000000,0.00000000,264.00000000,0,NULL,NULL,0,0.00000000,NULL,100100400,0,13,NULL,NULL,100,NULL,1,1,1,0,'EUR',110.00000000,220.00000000,44.00000000,264.00000000,'',NULL,NULL,0,0,NULL,NULL,NULL),(313,69,NULL,69,NULL,'','',20.000,0.000,'0',0.000,'0',1,0,0,NULL,110.00000000,NULL,110.00000000,22.00000000,0.00000000,0.00000000,132.00000000,0,NULL,NULL,0,0.00000000,NULL,100100400,0,1,NULL,NULL,100,NULL,1,1,1,0,'EUR',110.00000000,110.00000000,22.00000000,132.00000000,'',NULL,NULL,0,0,NULL,NULL,NULL),(314,70,NULL,69,NULL,'','',20.000,0.000,'0',0.000,'0',2,0,0,NULL,110.00000000,NULL,220.00000000,44.00000000,0.00000000,0.00000000,264.00000000,0,NULL,NULL,0,0.00000000,NULL,100100400,0,1,NULL,NULL,100,NULL,1,1,1,0,'EUR',110.00000000,220.00000000,44.00000000,264.00000000,'',NULL,NULL,0,0,NULL,NULL,NULL),(315,71,NULL,41,NULL,'124 description<br><strong>Couleur:</strong> Rouge<br>\nfgdgd<br>\n(Pays d\'origine: France)','',20.000,0.000,'0',0.000,'0',10,0,0,NULL,7.00000000,NULL,70.00000000,14.00000000,0.00000000,0.00000000,84.00000000,0,'2024-11-19 00:00:00','2024-11-29 00:00:00',0,0.00000000,NULL,0,0,2,NULL,NULL,100,NULL,6,2,2,0,'EUR',7.00000000,70.00000000,14.00000000,84.00000000,'',NULL,NULL,0,0,NULL,'',0),(316,71,NULL,NULL,'Titre','','',0.000,0.000,'0',0.000,'0',1,0,0,NULL,0.00000000,NULL,0.00000000,0.00000000,0.00000000,0.00000000,0.00000000,9,NULL,NULL,0,0.00000000,NULL,0,104777,1,NULL,NULL,100,NULL,NULL,2,2,0,'EUR',0.00000000,0.00000000,0.00000000,0.00000000,'',NULL,NULL,0,0,NULL,'',0),(317,71,NULL,41,NULL,'124 description<br><strong>Couleur:</strong> Rouge<br>\nfdfhdh<br>\n(Pays d\'origine: France)','',5.500,0.000,'0',0.000,'0',10,0,0,NULL,7.00000000,NULL,70.00000000,3.85000000,0.00000000,0.00000000,73.85000000,0,NULL,NULL,0,0.00000000,NULL,0,0,3,NULL,NULL,100,NULL,6,2,2,0,'EUR',7.00000000,70.00000000,3.85000000,73.85000000,'',NULL,NULL,0,0,NULL,'',0),(318,71,NULL,NULL,'Sous total','','',0.000,0.000,'0',0.000,'0',99,0,0,NULL,0.00000000,NULL,0.00000000,0.00000000,0.00000000,0.00000000,0.00000000,9,NULL,NULL,0,0.00000000,NULL,0,104777,4,NULL,NULL,100,NULL,NULL,2,2,0,'EUR',0.00000000,0.00000000,0.00000000,0.00000000,'',NULL,NULL,0,0,NULL,'',0),(319,71,NULL,40,NULL,'124 description<br><strong>Couleur:</strong> Bleue<br>\ndfggdh<br>\n(Pays d\'origine: France)','',20.000,0.000,'0',0.000,'0',10,0,0,NULL,6.00000000,NULL,60.00000000,12.00000000,0.00000000,0.00000000,72.00000000,0,NULL,NULL,0,10.00000000,NULL,0,0,5,NULL,NULL,100,NULL,6,2,2,0,'EUR',6.00000000,60.00000000,12.00000000,72.00000000,'',NULL,NULL,0,0,NULL,'',0),(320,71,NULL,42,NULL,'124 description<br><strong>Couleur:</strong> jaune<br>\n(Pays d\'origine: France)','',20.000,0.000,'0',0.000,'0',1,0,0,NULL,6.00000000,NULL,6.00000000,1.20000000,0.00000000,0.00000000,7.20000000,0,NULL,NULL,0,10.00000000,NULL,0,0,6,NULL,NULL,100,NULL,6,2,2,0,'EUR',6.00000000,6.00000000,1.20000000,7.20000000,'',NULL,NULL,0,0,NULL,'',0),(321,71,NULL,NULL,'Sous Total 2','','',0.000,0.000,'0',0.000,'0',99,0,0,NULL,0.00000000,NULL,0.00000000,0.00000000,0.00000000,0.00000000,0.00000000,9,NULL,NULL,0,0.00000000,NULL,0,104777,7,NULL,NULL,0,NULL,NULL,2,2,0,'EUR',0.00000000,0.00000000,0.00000000,0.00000000,'',NULL,NULL,0,0,NULL,'',0),(322,71,NULL,NULL,'Autre Titre','','',0.000,0.000,'0',0.000,'0',1,0,0,NULL,0.00000000,NULL,0.00000000,0.00000000,0.00000000,0.00000000,0.00000000,9,NULL,NULL,0,0.00000000,NULL,0,104777,8,NULL,NULL,0,NULL,NULL,2,2,0,'EUR',0.00000000,0.00000000,0.00000000,0.00000000,'',NULL,NULL,0,0,NULL,'',0),(323,71,NULL,40,NULL,'124 description<br><strong>Couleur:</strong> Bleue<br>\nsdfgdfdfg<br>\n(Pays d\'origine: France)','',20.000,0.000,'0',0.000,'0',5,0,0,NULL,6.00000000,NULL,30.00000000,6.00000000,0.00000000,0.00000000,36.00000000,0,NULL,NULL,0,10.00000000,NULL,0,0,9,NULL,NULL,100,NULL,6,2,2,0,'EUR',6.00000000,30.00000000,6.00000000,36.00000000,'',NULL,NULL,0,0,NULL,'',0),(324,71,NULL,36,NULL,'b vnvbn','',20.000,0.000,'0',0.000,'0',2,0,0,NULL,150.00000000,NULL,300.00000000,60.00000000,0.00000000,0.00000000,360.00000000,0,NULL,NULL,0,0.00000000,NULL,0,0,10,NULL,NULL,100,NULL,1,2,2,0,'EUR',150.00000000,300.00000000,60.00000000,360.00000000,'',NULL,NULL,0,0,NULL,'',0),(325,71,NULL,NULL,'Sous-total','','',0.000,0.000,'0',0.000,'0',99,0,0,NULL,0.00000000,NULL,0.00000000,0.00000000,0.00000000,0.00000000,0.00000000,9,NULL,NULL,0,0.00000000,NULL,0,104777,11,NULL,NULL,0,NULL,NULL,2,2,0,'EUR',0.00000000,0.00000000,0.00000000,0.00000000,'',NULL,NULL,0,0,NULL,'',0),(326,71,NULL,41,NULL,'124 description<br><strong>Couleur:</strong> Rouge<br>\nfgfhfh<br>\n(Pays d\'origine: France)','',2.100,0.000,'0',0.000,'0',158,0,0,NULL,7.00000000,NULL,1106.00000000,23.23000000,0.00000000,0.00000000,1129.23000000,0,NULL,NULL,0,0.00000000,NULL,0,0,12,NULL,NULL,100,NULL,6,2,2,0,'EUR',7.00000000,1106.00000000,23.23000000,1129.23000000,'',NULL,NULL,0,0,NULL,'',0),(327,71,NULL,42,NULL,'124 description<br><strong>Couleur:</strong> jaune<br>\nfghfhfh<br>\n(Pays d\'origine: France)','',20.000,0.000,'0',0.000,'0',147,0,0,NULL,6.00000000,NULL,882.00000000,176.40000000,0.00000000,0.00000000,1058.40000000,0,NULL,NULL,0,10.00000000,NULL,0,0,13,NULL,NULL,100,NULL,6,2,2,0,'EUR',6.00000000,882.00000000,176.40000000,1058.40000000,'',NULL,NULL,0,0,NULL,'',0),(328,71,NULL,NULL,'Sous-total','','',0.000,0.000,'0',0.000,'0',99,0,0,NULL,0.00000000,NULL,0.00000000,0.00000000,0.00000000,0.00000000,0.00000000,9,NULL,NULL,0,0.00000000,NULL,0,104777,14,NULL,NULL,0,NULL,NULL,2,2,0,'EUR',0.00000000,0.00000000,0.00000000,0.00000000,'',NULL,NULL,0,0,NULL,'',0);

--
