-- Table structure for table `t1zhf_accounting_bookkeeping_tmp`
--

CREATE TABLE `t1zhf_accounting_bookkeeping_tmp` (
  `rowid` int NOT NULL AUTO_INCREMENT,
  `entity` int NOT NULL DEFAULT '1',
  `doc_date` date NOT NULL,
  `doc_type` varchar(30) COLLATE utf8mb3_unicode_ci NOT NULL,
  `doc_ref` varchar(300) COLLATE utf8mb3_unicode_ci NOT NULL,
  `fk_doc` int NOT NULL,
  `fk_docdet` int NOT NULL,
  `thirdparty_code` varchar(32) COLLATE utf8mb3_unicode_ci DEFAULT NULL,
  `subledger_account` varchar(32) COLLATE utf8mb3_unicode_ci DEFAULT NULL,
  `subledger_label` varchar(255) COLLATE utf8mb3_unicode_ci DEFAULT NULL,
  `numero_compte` varchar(32) COLLATE utf8mb3_unicode_ci DEFAULT NULL,
  `label_compte` varchar(255) COLLATE utf8mb3_unicode_ci NOT NULL,
  `label_operation` varchar(255) COLLATE utf8mb3_unicode_ci DEFAULT NULL,
  `debit` double(24,8) NOT NULL,
  `credit` double(24,8) NOT NULL,
  `montant` double(24,8) NOT NULL,
  `sens` varchar(1) COLLATE utf8mb3_unicode_ci DEFAULT NULL,
  `multicurrency_amount` double(24,8) DEFAULT NULL,
  `multicurrency_code` varchar(255) COLLATE utf8mb3_unicode_ci DEFAULT NULL,
  `lettering_code` varchar(255) COLLATE utf8mb3_unicode_ci DEFAULT NULL,
  `date_lettering` datetime DEFAULT NULL,
  `date_lim_reglement` datetime DEFAULT NULL,
  `fk_user_author` int NOT NULL,
  `fk_user_modif` int DEFAULT NULL,
  `date_creation` datetime DEFAULT NULL,
  `tms` timestamp NOT NULL DEFAULT CURRENT_TIMESTAMP ON UPDATE CURRENT_TIMESTAMP,
  `fk_user` int DEFAULT NULL,
  `code_journal` varchar(32) COLLATE utf8mb3_unicode_ci NOT NULL,
  `journal_label` varchar(255) COLLATE utf8mb3_unicode_ci DEFAULT NULL,
  `piece_num` int NOT NULL,
  `date_validated` datetime DEFAULT NULL,
  `import_key` varchar(14) COLLATE utf8mb3_unicode_ci DEFAULT NULL,
  `extraparams` varchar(255) COLLATE utf8mb3_unicode_ci DEFAULT NULL,
  PRIMARY KEY (`rowid`),
  KEY `idx_accounting_bookkeeping_tmp_doc_date` (`doc_date`),
  KEY `idx_accounting_bookkeeping_tmp_fk_docdet` (`fk_docdet`),
  KEY `idx_accounting_bookkeeping_tmp_numero_compte` (`numero_compte`),
  KEY `idx_accounting_bookkeeping_tmp_code_journal` (`code_journal`)
) ENGINE=InnoDB DEFAULT CHARSET=utf8mb3 COLLATE=utf8mb3_unicode_ci;

--
-- Dumping data for table `t1zhf_accounting_bookkeeping_tmp`
--


--
-- Table structure for table `t1zhf_accounting_fiscalyear`
--

CREATE TABLE `t1zhf_accounting_fiscalyear` (
  `rowid` int NOT NULL AUTO_INCREMENT,
  `label` varchar(128) COLLATE utf8mb3_unicode_ci NOT NULL,
  `date_start` date DEFAULT NULL,
  `date_end` date DEFAULT NULL,
  `statut` tinyint NOT NULL DEFAULT '0',
  `entity` int NOT NULL DEFAULT '1',
  `datec` datetime NOT NULL,
  `tms` timestamp NOT NULL DEFAULT CURRENT_TIMESTAMP ON UPDATE CURRENT_TIMESTAMP,
  `fk_user_author` int DEFAULT NULL,
  `fk_user_modif` int DEFAULT NULL,
  PRIMARY KEY (`rowid`)
) ENGINE=InnoDB AUTO_INCREMENT=7 DEFAULT CHARSET=utf8mb3 COLLATE=utf8mb3_unicode_ci;

--
-- Dumping data for table `t1zhf_accounting_fiscalyear`
--

INSERT INTO `t1zhf_accounting_fiscalyear` VALUES (1,'2023','2023-01-01','2023-12-31',0,1,'2024-10-14 17:30:57','2024-10-14 15:30:58',1,1),(2,'2024','2024-01-01','2024-12-31',0,1,'2024-10-14 17:31:31','2024-10-14 15:31:31',1,1),(3,'2022','2022-01-01','2022-12-31',0,1,'2024-10-14 17:32:48','2024-10-14 15:32:48',1,1),(4,'2020','2020-01-01','2020-12-31',0,1,'2024-10-14 17:33:04','2024-10-14 15:33:04',1,1),(5,'2021','2021-01-01','2021-12-31',0,1,'2024-10-14 17:33:25','2024-10-14 15:33:25',1,1),(6,'2019','2019-01-01','2019-12-31',0,1,'2024-10-14 17:35:22','2024-10-14 15:35:22',1,1);

--
-- Table structure for table `t1zhf_accounting_groups_account`
--

CREATE TABLE `t1zhf_accounting_groups_account` (
  `rowid` int NOT NULL AUTO_INCREMENT,
  `fk_accounting_account` int NOT NULL,
  `fk_c_accounting_category` int NOT NULL,
  PRIMARY KEY (`rowid`)
) ENGINE=InnoDB DEFAULT CHARSET=latin1;

--
-- Dumping data for table `t1zhf_accounting_groups_account`
--


--
-- Table structure for table `t1zhf_accounting_journal`
--

CREATE TABLE `t1zhf_accounting_journal` (
  `rowid` int NOT NULL AUTO_INCREMENT,
  `entity` int NOT NULL DEFAULT '1',
  `code` varchar(32) COLLATE utf8mb3_unicode_ci NOT NULL,
  `label` varchar(128) COLLATE utf8mb3_unicode_ci NOT NULL,
  `nature` smallint NOT NULL DEFAULT '1',
  `active` smallint DEFAULT '0',
  PRIMARY KEY (`rowid`),
  UNIQUE KEY `uk_accounting_journal_code` (`code`,`entity`)
) ENGINE=InnoDB AUTO_INCREMENT=8 DEFAULT CHARSET=utf8mb3 COLLATE=utf8mb3_unicode_ci;

--
-- Dumping data for table `t1zhf_accounting_journal`
--

INSERT INTO `t1zhf_accounting_journal` VALUES (1,1,'VT','ACCOUNTING_SELL_JOURNAL',2,1),(2,1,'AC','ACCOUNTING_PURCHASE_JOURNAL',3,1),(3,1,'BQ','FinanceJournal',4,1),(4,1,'OD','ACCOUNTING_MISCELLANEOUS_JOURNAL',1,1),(5,1,'AN','ACCOUNTING_HAS_NEW_JOURNAL',9,1),(6,1,'ER','ExpenseReportsJournal',5,1),(7,1,'INV','InventoryJournal',8,0);

--
-- Table structure for table `t1zhf_accounting_system`
--

CREATE TABLE `t1zhf_accounting_system` (
  `rowid` int NOT NULL AUTO_INCREMENT,
  `fk_country` int DEFAULT NULL,
  `pcg_version` varchar(32) COLLATE utf8mb3_unicode_ci NOT NULL,
  `label` varchar(128) COLLATE utf8mb3_unicode_ci NOT NULL,
  `active` smallint DEFAULT '0',
  PRIMARY KEY (`rowid`),
  UNIQUE KEY `uk_accounting_system_pcg_version` (`pcg_version`)
) ENGINE=InnoDB AUTO_INCREMENT=35 DEFAULT CHARSET=utf8mb3 COLLATE=utf8mb3_unicode_ci;

--
-- Dumping data for table `t1zhf_accounting_system`
--

INSERT INTO `t1zhf_accounting_system` VALUES (1,1,'PCG99-ABREGE','The simple accountancy french plan',1),(2,1,'PCG99-BASE','The base accountancy french plan',1),(3,1,'PCG14-DEV','The developed accountancy french plan 2014',1),(4,2,'PCMN-BASE','The base accountancy belgium plan',1),(5,4,'PCG08-PYME','The PYME accountancy spanish plan',1),(6,5,'SKR03','Standardkontenrahmen SKR 03',1),(7,5,'SKR04','Standardkontenrahmen SKR 04',1),(8,6,'PCG_SUISSE','Switzerland plan',1),(9,7,'ENG-BASE','England plan',1),(10,10,'PCT','The Tunisia plan',1),(11,67,'PC-MIPYME','The PYME accountancy Chile plan',1),(12,80,'DK-STD','Standardkontoplan fra SKAT',1),(13,140,'PCN-LUXEMBURG','Plan comptable normalisé Luxembourgeois',1),(14,12,'PCG','The Moroccan chart of accounts',1),(15,49,'SYSCOHADA-BJ','Plan comptable Ouest-Africain',1),(16,60,'SYSCOHADA-BF','Plan comptable Ouest-Africain',1),(17,24,'SYSCOHADA-CM','Plan comptable Ouest-Africain',1),(18,65,'SYSCOHADA-CF','Plan comptable Ouest-Africain',1),(19,71,'SYSCOHADA-KM','Plan comptable Ouest-Africain',1),(20,72,'SYSCOHADA-CG','Plan comptable Ouest-Africain',1),(21,21,'SYSCOHADA-CI','Plan comptable Ouest-Africain',1),(22,16,'SYSCOHADA-GA','Plan comptable Ouest-Africain',1),(23,87,'SYSCOHADA-GQ','Plan comptable Ouest-Africain',1),(24,147,'SYSCOHADA-ML','Plan comptable Ouest-Africain',1),(25,168,'SYSCOHADA-NE','Plan comptable Ouest-Africain',1),(26,73,'SYSCOHADA-CD','Plan comptable Ouest-Africain',1),(27,20,'BAS-K1-MINI','The Swedish mini chart of accounts',1),(28,1,'PCG18-ASSOC','French foundation chart of accounts 2018',1),(29,1,'PCGAFR14-DEV','The developed farm accountancy french plan 2014',1),(30,41,'AT-BASE','Plan Austria',1),(31,11,'US-BASE','USA basic chart of accounts',1),(32,14,'CA-ENG-BASE','Canadian basic chart of accounts - English',1),(33,154,'SAT/24-2019','Catalogo y codigo agrupador fiscal del 2019',1),(34,140,'PCN2020-LUXEMBURG','Plan comptable normalisé 2020 Luxembourgeois',1);

--
-- Table structure for table `t1zhf_actioncomm`
--

CREATE TABLE `t1zhf_actioncomm` (
  `id` int NOT NULL AUTO_INCREMENT,
  `ref` varchar(30) COLLATE utf8mb3_unicode_ci NOT NULL,
  `ref_ext` varchar(255) COLLATE utf8mb3_unicode_ci DEFAULT NULL,
  `entity` int NOT NULL DEFAULT '1',
  `datep` datetime DEFAULT NULL,
  `datep2` datetime DEFAULT NULL,
  `fk_action` int DEFAULT NULL,
  `code` varchar(50) COLLATE utf8mb3_unicode_ci DEFAULT NULL,
  `datec` datetime DEFAULT NULL,
  `tms` timestamp NOT NULL DEFAULT CURRENT_TIMESTAMP ON UPDATE CURRENT_TIMESTAMP,
  `fk_user_author` int DEFAULT NULL,
  `fk_user_mod` int DEFAULT NULL,
  `fk_project` int DEFAULT NULL,
  `fk_soc` int DEFAULT NULL,
  `fk_contact` int DEFAULT NULL,
  `fk_parent` int NOT NULL DEFAULT '0',
  `fk_user_action` int DEFAULT NULL,
  `fk_user_done` int DEFAULT NULL,
  `transparency` int DEFAULT NULL,
  `priority` smallint DEFAULT NULL,
  `fulldayevent` smallint NOT NULL DEFAULT '0',
  `percent` smallint NOT NULL DEFAULT '0',
  `location` varchar(128) COLLATE utf8mb3_unicode_ci DEFAULT NULL,
  `durationp` double DEFAULT NULL,
  `label` varchar(255) COLLATE utf8mb3_unicode_ci NOT NULL,
  `note` mediumtext COLLATE utf8mb3_unicode_ci,
  `email_subject` varchar(255) COLLATE utf8mb3_unicode_ci DEFAULT NULL,
  `email_msgid` varchar(255) COLLATE utf8mb3_unicode_ci DEFAULT NULL,
  `email_from` varchar(255) COLLATE utf8mb3_unicode_ci DEFAULT NULL,
  `email_sender` varchar(255) COLLATE utf8mb3_unicode_ci DEFAULT NULL,
  `email_to` varchar(255) COLLATE utf8mb3_unicode_ci DEFAULT NULL,
  `email_tocc` varchar(255) COLLATE utf8mb3_unicode_ci DEFAULT NULL,
  `email_tobcc` varchar(255) COLLATE utf8mb3_unicode_ci DEFAULT NULL,
  `errors_to` varchar(255) COLLATE utf8mb3_unicode_ci DEFAULT NULL,
  `recurid` varchar(128) COLLATE utf8mb3_unicode_ci DEFAULT NULL,
  `recurrule` varchar(128) COLLATE utf8mb3_unicode_ci DEFAULT NULL,
  `recurdateend` datetime DEFAULT NULL,
  `fk_element` int DEFAULT NULL,
  `elementtype` varchar(255) COLLATE utf8mb3_unicode_ci DEFAULT NULL,
  `import_key` varchar(14) COLLATE utf8mb3_unicode_ci DEFAULT NULL,
  `extraparams` varchar(255) COLLATE utf8mb3_unicode_ci DEFAULT NULL,
  `calling_duration` int DEFAULT NULL,
  `visibility` varchar(12) COLLATE utf8mb3_unicode_ci DEFAULT 'default',
  `reply_to` varchar(255) COLLATE utf8mb3_unicode_ci DEFAULT NULL,
  `num_vote` int DEFAULT NULL,
  `event_paid` smallint NOT NULL DEFAULT '0',
  `status` smallint NOT NULL DEFAULT '0',
  `ip` varchar(250) COLLATE utf8mb3_unicode_ci DEFAULT NULL,
  `fk_bookcal_calendar` int DEFAULT NULL,
  PRIMARY KEY (`id`),
  KEY `idx_actioncomm_fk_soc` (`fk_soc`),
  KEY `idx_actioncomm_fk_contact` (`fk_contact`),
  KEY `idx_actioncomm_code` (`code`),
  KEY `idx_actioncomm_fk_element` (`fk_element`),
  KEY `idx_actioncomm_fk_user_action` (`fk_user_action`),
  KEY `idx_actioncomm_fk_project` (`fk_project`),
  KEY `idx_actioncomm_datep` (`datep`),
  KEY `idx_actioncomm_datep2` (`datep2`),
  KEY `idx_actioncomm_recurid` (`recurid`),
  KEY `idx_actioncomm_ref_ext` (`ref_ext`),
  KEY `idx_actioncomm_percent` (`percent`),
  KEY `idx_actioncomm_ref` (`ref`,`entity`),
  KEY `idx_actioncomm_entity` (`entity`)
) ENGINE=InnoDB AUTO_INCREMENT=197 DEFAULT CHARSET=utf8mb3 COLLATE=utf8mb3_unicode_ci;

--
-- Dumping data for table `t1zhf_actioncomm`
--

INSERT INTO `t1zhf_actioncomm` VALUES (97,'97',NULL,1,'2021-07-16 00:00:00',NULL,50,'AC_OTH','2021-07-16 16:29:23','2023-05-09 12:26:15',1,1,13,7,NULL,0,4,NULL,1,0,1,-1,NULL,NULL,'Carrelage','',NULL,NULL,NULL,NULL,NULL,NULL,NULL,NULL,NULL,NULL,NULL,NULL,NULL,NULL,NULL,NULL,'default',NULL,NULL,0,0,NULL,NULL),(98,'98',NULL,1,'2023-05-09 15:47:00','2023-05-10 00:00:00',50,'AC_OTH','2023-05-09 15:47:47','2023-05-09 13:47:47',8,NULL,15,1,NULL,0,8,NULL,1,0,0,-1,'',29580,'Pose et fixation','',NULL,NULL,NULL,NULL,NULL,NULL,NULL,NULL,NULL,NULL,NULL,11,'task',NULL,NULL,NULL,'default',NULL,NULL,0,0,NULL,NULL),(99,'99',NULL,1,'2023-05-06 15:48:00','2023-05-08 16:48:00',50,'AC_OTH','2023-05-09 15:49:16','2023-05-09 13:49:16',8,NULL,15,1,1,0,8,NULL,1,0,0,50,'',176400,'Préparation, protection et nettoyage du chantier','',NULL,NULL,NULL,NULL,NULL,NULL,NULL,NULL,NULL,NULL,NULL,10,'task',NULL,NULL,NULL,'default',NULL,NULL,0,0,NULL,NULL),(100,'100',NULL,1,'2023-05-16 07:30:00','2023-05-22 18:00:00',50,'AC_OTH','2023-05-16 14:53:56','2023-05-16 12:53:56',8,NULL,12,NULL,3,0,8,NULL,1,0,0,0,'Cholet',556200,'Chantier Leblanc','',NULL,NULL,NULL,NULL,NULL,NULL,NULL,NULL,NULL,NULL,NULL,5,'task',NULL,NULL,NULL,'default',NULL,NULL,0,0,NULL,NULL),(101,'101',NULL,1,'2023-05-16 07:30:00','2023-05-23 15:00:00',50,'AC_OTH','2023-05-16 14:57:49','2023-05-16 12:58:19',8,8,NULL,7,NULL,0,8,NULL,1,0,0,0,'les sables d\'olonne',631800,'Chantier Cousseau','',NULL,NULL,NULL,NULL,NULL,NULL,NULL,NULL,NULL,NULL,NULL,NULL,NULL,NULL,NULL,NULL,'default',NULL,NULL,0,0,NULL,NULL),(102,'102',NULL,1,'2023-05-16 00:00:00',NULL,50,'AC_OTH','2023-05-16 15:11:53','2023-05-16 13:11:53',8,NULL,15,1,NULL,0,8,NULL,1,0,0,-1,'',NULL,'intervention électricien','',NULL,NULL,NULL,NULL,NULL,NULL,NULL,NULL,NULL,NULL,NULL,NULL,NULL,NULL,NULL,NULL,'default',NULL,NULL,0,0,NULL,NULL),(103,'103',NULL,1,'2023-06-28 11:42:08','2023-06-28 11:42:08',40,'AC_BILL_PAYED','2023-06-28 11:42:08','2023-06-28 09:42:08',1,NULL,NULL,1,NULL,0,1,NULL,0,0,0,-1,'',NULL,'Facture FA2306-0052 passée à payée','Facture FA2306-0052 passée à payée',NULL,NULL,NULL,NULL,NULL,NULL,NULL,NULL,NULL,NULL,NULL,63,'invoice',NULL,NULL,NULL,'default',NULL,NULL,0,0,NULL,NULL),(104,'104',NULL,1,'2023-09-14 11:42:29','2023-09-14 11:42:29',40,'AC_EXPENSE_REPORT_CREATE','2023-09-14 11:42:29','2023-09-14 09:42:29',1,NULL,NULL,NULL,NULL,0,1,NULL,0,0,0,-1,'',NULL,'Note de frais (PROV2) créée','Note de frais (PROV2) créée',NULL,NULL,NULL,NULL,NULL,NULL,NULL,NULL,NULL,NULL,NULL,2,'expensereport',NULL,NULL,NULL,'default',NULL,NULL,0,0,NULL,NULL),(105,'105',NULL,1,'2023-09-14 16:52:54','2023-09-14 16:52:54',40,'AC_BILL_VALIDATE','2023-09-14 16:52:54','2023-09-14 14:52:54',1,NULL,NULL,1,NULL,0,1,NULL,0,0,0,-1,'',NULL,'Facture FA2309-0053 validée','Facture FA2309-0053 validée',NULL,NULL,NULL,NULL,NULL,NULL,NULL,NULL,NULL,NULL,NULL,64,'invoice',NULL,NULL,NULL,'default',NULL,NULL,0,0,NULL,NULL),(106,'106',NULL,1,'2023-09-14 16:52:55','2023-09-14 16:52:55',40,'AC_BILL_PAYED','2023-09-14 16:52:55','2023-09-14 14:52:55',1,NULL,NULL,1,NULL,0,1,NULL,0,0,0,-1,'',NULL,'Facture FA2309-0053 passée à payée','Facture FA2309-0053 passée à payée',NULL,NULL,NULL,NULL,NULL,NULL,NULL,NULL,NULL,NULL,NULL,64,'invoice',NULL,NULL,NULL,'default',NULL,NULL,0,0,NULL,NULL),(107,'107',NULL,1,'2023-09-14 17:00:26','2023-09-14 17:00:26',40,'AC_PRODUCT_MODIFY','2023-09-14 17:00:26','2023-09-14 15:00:26',1,NULL,NULL,NULL,NULL,0,1,NULL,0,0,0,-1,'',NULL,'Produit Armoire_electrique modifié','Produit Armoire_electrique modifié',NULL,NULL,NULL,NULL,NULL,NULL,NULL,NULL,NULL,NULL,NULL,25,'product',NULL,NULL,NULL,'default',NULL,NULL,0,0,NULL,NULL),(108,'108',NULL,1,'2023-09-14 17:02:34','2023-09-14 17:02:34',40,'AC_BILL_VALIDATE','2023-09-14 17:02:34','2023-09-14 15:02:34',1,NULL,NULL,1,NULL,0,1,NULL,0,0,0,-1,'',NULL,'Facture TC1-2309-0001 validée','Facture TC1-2309-0001 validée',NULL,NULL,NULL,NULL,NULL,NULL,NULL,NULL,NULL,NULL,NULL,65,'invoice',NULL,NULL,NULL,'default',NULL,NULL,0,0,NULL,NULL),(109,'109',NULL,1,'2023-09-14 17:02:34','2023-09-14 17:02:34',40,'AC_BILL_PAYED','2023-09-14 17:02:34','2023-09-14 15:02:34',1,NULL,NULL,1,NULL,0,1,NULL,0,0,0,-1,'',NULL,'Facture TC1-2309-0001 passée à payée','Facture TC1-2309-0001 passée à payée',NULL,NULL,NULL,NULL,NULL,NULL,NULL,NULL,NULL,NULL,NULL,65,'invoice',NULL,NULL,NULL,'default',NULL,NULL,0,0,NULL,NULL),(110,'110',NULL,1,'2024-09-03 18:16:56','2024-09-03 18:16:56',40,'AC_PRODUCT_MODIFY','2024-09-03 18:16:56','2024-09-03 16:16:56',1,NULL,NULL,NULL,NULL,0,1,NULL,0,0,0,-1,'',NULL,'Produit velo2 modifié','Produit velo2 modifié',NULL,NULL,NULL,NULL,NULL,NULL,NULL,NULL,NULL,NULL,NULL,9,'product',NULL,NULL,NULL,'default',NULL,NULL,0,0,NULL,NULL),(111,'111',NULL,1,'2024-09-03 19:09:16','2024-09-03 19:09:16',40,'AC_PRODUCT_MODIFY','2024-09-03 19:09:16','2024-09-03 17:09:16',1,NULL,NULL,NULL,NULL,0,1,NULL,0,0,0,-1,'',NULL,'Produit velo2 modifié','Produit velo2 modifié',NULL,NULL,NULL,NULL,NULL,NULL,NULL,NULL,NULL,NULL,NULL,9,'product',NULL,NULL,NULL,'default',NULL,NULL,0,0,NULL,NULL),(112,'112',NULL,1,'2024-09-03 19:09:40','2024-09-03 19:09:40',40,'AC_PRODUCT_CREATE','2024-09-03 19:09:40','2024-09-03 17:09:40',1,NULL,NULL,NULL,NULL,0,1,NULL,0,0,0,-1,'',NULL,'Produit velo2_JAU créé','Produit velo2_JAU créé',NULL,NULL,NULL,NULL,NULL,NULL,NULL,NULL,NULL,NULL,NULL,61,'product',NULL,NULL,NULL,'default',NULL,NULL,0,0,NULL,NULL),(113,'113',NULL,1,'2024-09-03 19:09:40','2024-09-03 19:09:40',40,'AC_PRODUCT_MODIFY','2024-09-03 19:09:40','2024-09-03 17:09:40',1,NULL,NULL,NULL,NULL,0,1,NULL,0,0,0,-1,'',NULL,'Produit velo2_JAU modifié','Produit velo2_JAU modifié',NULL,NULL,NULL,NULL,NULL,NULL,NULL,NULL,NULL,NULL,NULL,61,'product',NULL,NULL,NULL,'default',NULL,NULL,0,0,NULL,NULL),(114,'114',NULL,1,'2024-09-03 19:10:29','2024-09-03 19:10:29',40,'AC_PRODUCT_CREATE','2024-09-03 19:10:29','2024-09-03 17:10:29',1,NULL,NULL,NULL,NULL,0,1,NULL,0,0,0,-1,'',NULL,'Produit velo2_BL créé','Produit velo2_BL créé',NULL,NULL,NULL,NULL,NULL,NULL,NULL,NULL,NULL,NULL,NULL,62,'product',NULL,NULL,NULL,'default',NULL,NULL,0,0,NULL,NULL),(115,'115',NULL,1,'2024-09-03 19:10:29','2024-09-03 19:10:29',40,'AC_PRODUCT_MODIFY','2024-09-03 19:10:29','2024-09-03 17:10:29',1,NULL,NULL,NULL,NULL,0,1,NULL,0,0,0,-1,'',NULL,'Produit velo2_BL modifié','Produit velo2_BL modifié',NULL,NULL,NULL,NULL,NULL,NULL,NULL,NULL,NULL,NULL,NULL,62,'product',NULL,NULL,NULL,'default',NULL,NULL,0,0,NULL,NULL),(116,'116',NULL,1,'2024-09-03 19:10:42','2024-09-03 19:10:42',40,'AC_PRODUCT_CREATE','2024-09-03 19:10:42','2024-09-03 17:10:42',1,NULL,NULL,NULL,NULL,0,1,NULL,0,0,0,-1,'',NULL,'Produit velo2_RG créé','Produit velo2_RG créé',NULL,NULL,NULL,NULL,NULL,NULL,NULL,NULL,NULL,NULL,NULL,63,'product',NULL,NULL,NULL,'default',NULL,NULL,0,0,NULL,NULL),(117,'117',NULL,1,'2024-09-03 19:10:42','2024-09-03 19:10:42',40,'AC_PRODUCT_MODIFY','2024-09-03 19:10:42','2024-09-03 17:10:42',1,NULL,NULL,NULL,NULL,0,1,NULL,0,0,0,-1,'',NULL,'Produit velo2_RG modifié','Produit velo2_RG modifié',NULL,NULL,NULL,NULL,NULL,NULL,NULL,NULL,NULL,NULL,NULL,63,'product',NULL,NULL,NULL,'default',NULL,NULL,0,0,NULL,NULL),(118,'118',NULL,1,'2024-09-09 15:22:53','2024-09-09 15:22:53',40,'AC_COMPANY_MODIFY','2024-09-09 15:22:53','2024-09-09 13:22:53',1,NULL,NULL,1,NULL,0,1,NULL,0,0,0,-1,'',NULL,'Tiers aqtisplus modifié','Tiers aqtisplus modifié',NULL,NULL,NULL,NULL,NULL,NULL,NULL,NULL,NULL,NULL,NULL,NULL,NULL,NULL,NULL,NULL,'default',NULL,NULL,0,0,NULL,NULL),(119,'119',NULL,1,'2024-09-09 15:33:12','2024-09-09 15:33:12',40,'AC_PRODUCT_MODIFY','2024-09-09 15:33:12','2024-09-09 13:33:12',1,NULL,NULL,NULL,NULL,0,1,NULL,0,0,0,-1,'',NULL,'Produit contacteur modifié','Produit contacteur modifié',NULL,NULL,NULL,NULL,NULL,NULL,NULL,NULL,NULL,NULL,NULL,26,'product',NULL,NULL,NULL,'default',NULL,NULL,0,0,NULL,NULL),(120,'120',NULL,1,'2024-09-09 15:36:20','2024-09-09 15:36:20',40,'AC_PROPAL_MODIFY','2024-09-09 15:36:20','2024-09-09 13:36:20',1,NULL,NULL,9,NULL,0,1,NULL,0,0,0,-1,'',NULL,'Proposition (PROV36) de retour au statut de brouillon','Proposition (PROV36) de retour au statut de brouillon',NULL,NULL,NULL,NULL,NULL,NULL,NULL,NULL,NULL,NULL,NULL,36,'propal',NULL,NULL,NULL,'default',NULL,NULL,0,0,NULL,NULL),(121,'121',NULL,1,'2024-09-09 15:46:48','2024-09-09 15:46:48',40,'AC_PROPAL_VALIDATE','2024-09-09 15:46:48','2024-09-09 13:46:48',1,NULL,NULL,9,NULL,0,1,NULL,0,0,0,-1,'',NULL,'Proposition PR2409-0023 validée','Proposition PR2409-0023 validée',NULL,NULL,NULL,NULL,NULL,NULL,NULL,NULL,NULL,NULL,NULL,36,'propal',NULL,NULL,NULL,'default',NULL,NULL,0,0,NULL,NULL),(122,'122',NULL,1,'2024-09-09 15:51:22','2024-09-09 15:51:22',40,'AC_PROPAL_CLOSE_SIGNED','2024-09-09 15:51:22','2024-09-09 13:51:22',1,NULL,NULL,9,NULL,0,1,NULL,0,0,0,-1,'',NULL,'Proposition PR2409-0023 signée','Proposition PR2409-0023 signée',NULL,NULL,NULL,NULL,NULL,NULL,NULL,NULL,NULL,NULL,NULL,36,'propal',NULL,NULL,NULL,'default',NULL,NULL,0,0,NULL,NULL),(123,'123',NULL,1,'2024-09-09 15:53:44','2024-09-09 15:53:44',40,'AC_BILL_VALIDATE','2024-09-09 15:53:44','2024-09-09 13:53:44',1,NULL,NULL,9,NULL,0,1,NULL,0,0,0,-1,'',NULL,'Facture FA2409-0054 validée','Facture FA2409-0054 validée',NULL,NULL,NULL,NULL,NULL,NULL,NULL,NULL,NULL,NULL,NULL,66,'invoice',NULL,NULL,NULL,'default',NULL,NULL,0,0,NULL,NULL),(124,'124',NULL,1,'2024-09-09 15:53:59','2024-09-09 15:53:59',40,'AC_BILL_UNVALIDATE','2024-09-09 15:53:59','2024-09-09 13:53:59',1,NULL,NULL,9,NULL,0,1,NULL,0,0,0,-1,'',NULL,'Facture FA2409-0054 repassée en brouillon','Facture FA2409-0054 repassée en brouillon',NULL,NULL,NULL,NULL,NULL,NULL,NULL,NULL,NULL,NULL,NULL,66,'invoice',NULL,NULL,NULL,'default',NULL,NULL,0,0,NULL,NULL),(125,'125',NULL,1,'2024-09-09 15:54:55','2024-09-09 15:54:55',40,'AC_BILL_MODIFY','2024-09-09 15:54:55','2024-09-09 13:54:55',1,NULL,NULL,9,NULL,0,1,NULL,0,0,0,-1,'',NULL,'Enregistrement FA2409-0054 modifié','Enregistrement FA2409-0054 modifié',NULL,NULL,NULL,NULL,NULL,NULL,NULL,NULL,NULL,NULL,NULL,66,'invoice',NULL,NULL,NULL,'default',NULL,NULL,0,0,NULL,NULL),(126,'126',NULL,1,'2024-09-09 15:55:50','2024-09-09 15:55:50',40,'AC_BILL_VALIDATE','2024-09-09 15:55:50','2024-09-09 13:55:50',1,NULL,NULL,9,NULL,0,1,NULL,0,0,0,-1,'',NULL,'Facture FA2409-0054 validée','Facture FA2409-0054 validée',NULL,NULL,NULL,NULL,NULL,NULL,NULL,NULL,NULL,NULL,NULL,66,'invoice',NULL,NULL,NULL,'default',NULL,NULL,0,0,NULL,NULL),(127,'127',NULL,1,'2024-09-09 15:57:45','2024-09-09 15:57:45',40,'AC_BILL_DELETE','2024-09-09 15:57:45','2024-09-09 13:57:45',1,NULL,NULL,8,NULL,0,1,NULL,0,0,0,-1,'',NULL,'Facture supprimée','Facture supprimée',NULL,NULL,NULL,NULL,NULL,NULL,NULL,NULL,NULL,NULL,NULL,67,'invoice',NULL,NULL,NULL,'default',NULL,NULL,0,0,NULL,NULL),(128,'128',NULL,1,'2024-09-09 16:01:50','2024-09-09 16:01:50',40,'AC_BILL_VALIDATE','2024-09-09 16:01:50','2024-09-09 14:01:50',1,NULL,NULL,13,NULL,0,1,NULL,0,0,0,-1,'',NULL,'Facture FA2305-0055 validée','Facture FA2305-0055 validée',NULL,NULL,NULL,NULL,NULL,NULL,NULL,NULL,NULL,NULL,NULL,59,'invoice',NULL,NULL,NULL,'default',NULL,NULL,0,0,NULL,NULL),(129,'129',NULL,1,'2024-09-09 16:03:15','2024-09-09 16:03:15',40,'AC_PROPAL_VALIDATE','2024-09-09 16:03:15','2024-09-09 14:03:15',1,NULL,15,1,NULL,0,1,NULL,0,0,0,-1,'',NULL,'Proposition PR2305-0022 validée','Proposition PR2305-0022 validée',NULL,NULL,NULL,NULL,NULL,NULL,NULL,NULL,NULL,NULL,NULL,33,'propal',NULL,NULL,NULL,'default',NULL,NULL,0,0,NULL,NULL),(130,'130',NULL,1,'2024-09-09 16:03:26','2024-09-09 16:03:26',40,'AC_PROPAL_CLOSE_SIGNED','2024-09-09 16:03:26','2024-09-09 14:03:26',1,NULL,15,1,NULL,0,1,NULL,0,0,0,-1,'',NULL,'Proposition PR2305-0022 signée','Proposition PR2305-0022 signée',NULL,NULL,NULL,NULL,NULL,NULL,NULL,NULL,NULL,NULL,NULL,33,'propal',NULL,NULL,NULL,'default',NULL,NULL,0,0,NULL,NULL),(131,'131',NULL,1,'2024-09-18 10:27:54','2024-09-18 10:27:54',40,'AC_PROJECT_CREATE','2024-09-18 10:27:54','2024-09-18 08:27:54',1,NULL,17,10,NULL,0,1,NULL,0,0,0,-1,'',NULL,'Chantier PJ2409-0017 créé','Chantier PJ2409-0017 créé\nProjet: PJ2409-0017',NULL,NULL,NULL,NULL,NULL,NULL,NULL,NULL,NULL,NULL,NULL,NULL,NULL,NULL,NULL,NULL,'default',NULL,NULL,0,0,NULL,NULL),(132,'132',NULL,1,'2024-09-18 10:30:58','2024-09-18 10:30:58',40,'AC_PRODUCT_CREATE','2024-09-18 10:30:58','2024-09-18 08:30:58',1,NULL,NULL,NULL,NULL,0,1,NULL,0,0,0,-1,'',NULL,'Produit Pann créé','Produit Pann créé',NULL,NULL,NULL,NULL,NULL,NULL,NULL,NULL,NULL,NULL,NULL,66,'product',NULL,NULL,NULL,'default',NULL,NULL,0,0,NULL,NULL),(133,'133',NULL,1,'2024-09-18 10:33:28','2024-09-18 10:33:28',40,'AC_ORDER_SUPPLIER_VALIDATE','2024-09-18 10:33:28','2024-09-18 08:33:28',1,NULL,NULL,5,NULL,0,1,NULL,0,0,0,-1,'',NULL,'Commande PO2409-0009 validée','Commande PO2409-0009 validée',NULL,NULL,NULL,NULL,NULL,NULL,NULL,NULL,NULL,NULL,NULL,12,'order_supplier',NULL,NULL,NULL,'default',NULL,NULL,0,0,NULL,NULL),(134,'134',NULL,1,'2024-09-18 10:33:28','2024-09-18 10:33:28',40,'AC_ORDER_SUPPLIER_APPROVE','2024-09-18 10:33:28','2024-09-18 08:33:28',1,NULL,NULL,5,NULL,0,1,NULL,0,0,0,-1,'',NULL,'Commande PO2409-0009 approuvée','Commande PO2409-0009 approuvée',NULL,NULL,NULL,NULL,NULL,NULL,NULL,NULL,NULL,NULL,NULL,12,'order_supplier',NULL,NULL,NULL,'default',NULL,NULL,0,0,NULL,NULL),(135,'135',NULL,1,'2024-09-18 10:33:41','2024-09-18 10:33:41',40,'AC_ORDER_SUPPLIER_SUBMIT','2024-09-18 10:33:41','2024-09-18 08:33:41',1,NULL,NULL,5,NULL,0,1,NULL,0,0,0,-1,'',NULL,'Purchase Order PO2409-0009 submitted ()','Purchase Order PO2409-0009 submitted ()',NULL,NULL,NULL,NULL,NULL,NULL,NULL,NULL,NULL,NULL,NULL,12,'order_supplier',NULL,NULL,NULL,'default',NULL,NULL,0,0,NULL,NULL),(136,'136',NULL,1,'2024-09-18 10:34:36','2024-09-18 10:34:36',40,'AC_ORDER_SUPPLIER_MODIFY','2024-09-18 10:34:36','2024-09-18 08:34:36',1,NULL,NULL,5,NULL,0,1,NULL,0,0,0,-1,'',NULL,'Enregistrement PO2409-0009 modifié','Enregistrement PO2409-0009 modifié',NULL,NULL,NULL,NULL,NULL,NULL,NULL,NULL,NULL,NULL,NULL,12,'order_supplier',NULL,NULL,NULL,'default',NULL,NULL,0,0,NULL,NULL),(137,'137',NULL,1,'2024-09-18 10:35:44','2024-09-18 10:35:44',40,'AC_ORDER_SUPPLIER_RECEIVE','2024-09-18 10:35:44','2024-09-18 08:35:44',1,NULL,NULL,5,NULL,0,1,NULL,0,0,0,-1,'',NULL,'Réception de la commande fournisseur PO2409-0009','Commande fournisseur PO2409-0009 réceptionné',NULL,NULL,NULL,NULL,NULL,NULL,NULL,NULL,NULL,NULL,NULL,12,'order_supplier',NULL,NULL,NULL,'default',NULL,NULL,0,0,NULL,NULL),(138,'138',NULL,1,'2024-09-18 10:42:23','2024-09-18 10:42:23',40,'AC_PRODUCT_CREATE','2024-09-18 10:42:23','2024-09-18 08:42:23',1,NULL,NULL,NULL,NULL,0,1,NULL,0,0,0,-1,'',NULL,'Produit meuble_cuisine créé','Produit meuble_cuisine créé',NULL,NULL,NULL,NULL,NULL,NULL,NULL,NULL,NULL,NULL,NULL,69,'product',NULL,NULL,NULL,'default',NULL,NULL,0,0,NULL,NULL),(139,'139',NULL,1,'2024-09-18 10:46:04','2024-09-18 10:46:04',40,'AC_PRODUCT_MODIFY','2024-09-18 10:46:04','2024-09-18 08:46:04',1,NULL,NULL,NULL,NULL,0,1,NULL,0,0,0,-1,'',NULL,'Produit meuble_cuisine modifié','Produit meuble_cuisine modifié',NULL,NULL,NULL,NULL,NULL,NULL,NULL,NULL,NULL,NULL,NULL,69,'product',NULL,NULL,NULL,'default',NULL,NULL,0,0,NULL,NULL),(140,'140',NULL,1,'2024-09-18 10:49:51','2024-09-18 10:49:51',40,'AC_PRODUCT_MODIFY','2024-09-18 10:49:51','2024-09-18 08:49:51',1,NULL,NULL,NULL,NULL,0,1,NULL,0,0,0,-1,'',NULL,'Produit meuble_cuisine modifié','Produit meuble_cuisine modifié',NULL,NULL,NULL,NULL,NULL,NULL,NULL,NULL,NULL,NULL,NULL,69,'product',NULL,NULL,NULL,'default',NULL,NULL,0,0,NULL,NULL),(141,'141',NULL,1,'2024-09-18 10:55:03','2024-09-18 10:55:03',40,'AC_PRODUCT_MODIFY','2024-09-18 10:55:03','2024-09-18 08:55:03',1,NULL,NULL,NULL,NULL,0,1,NULL,0,0,0,-1,'',NULL,'Produit meuble_cuisine modifié','Produit meuble_cuisine modifié',NULL,NULL,NULL,NULL,NULL,NULL,NULL,NULL,NULL,NULL,NULL,69,'product',NULL,NULL,NULL,'default',NULL,NULL,0,0,NULL,NULL),(142,'142',NULL,1,'2024-09-18 11:08:43','2024-09-18 11:08:43',40,'AC_ORDER_DELETE','2024-09-18 11:08:43','2024-09-18 09:08:43',1,NULL,NULL,1,NULL,0,1,NULL,0,0,0,-1,'',NULL,'Enregistrement (PROV23) supprimé','Enregistrement (PROV23) supprimé',NULL,NULL,NULL,NULL,NULL,NULL,NULL,NULL,NULL,NULL,NULL,23,'order',NULL,NULL,NULL,'default',NULL,NULL,0,0,NULL,NULL),(143,'143',NULL,1,'2024-09-18 11:08:55','2024-09-18 11:08:55',40,'AC_ORDER_DELETE','2024-09-18 11:08:55','2024-09-18 09:08:55',1,NULL,NULL,12,NULL,0,1,NULL,0,0,0,-1,'',NULL,'Enregistrement (PROV21) supprimé','Enregistrement (PROV21) supprimé',NULL,NULL,NULL,NULL,NULL,NULL,NULL,NULL,NULL,NULL,NULL,21,'order',NULL,NULL,NULL,'default',NULL,NULL,0,0,NULL,NULL),(144,'144',NULL,1,'2024-09-18 11:09:45','2024-09-18 11:09:45',40,'AC_BILL_VALIDATE','2024-09-18 11:09:45','2024-09-18 09:09:45',1,NULL,NULL,1,NULL,0,1,NULL,0,0,0,-1,'',NULL,'Facture FA2409-0056 validée','Facture FA2409-0056 validée',NULL,NULL,NULL,NULL,NULL,NULL,NULL,NULL,NULL,NULL,NULL,67,'invoice',NULL,NULL,NULL,'default',NULL,NULL,0,0,NULL,NULL),(145,'145',NULL,1,'2024-09-18 11:22:49','2024-09-18 11:22:49',40,'AC_PROPAL_MODIFY','2024-09-18 11:22:49','2024-09-18 09:22:49',1,NULL,13,7,NULL,0,1,NULL,0,0,0,-1,'',NULL,'Proposition PR2107-0019 de retour au statut de brouillon','Proposition PR2107-0019 de retour au statut de brouillon',NULL,NULL,NULL,NULL,NULL,NULL,NULL,NULL,NULL,NULL,NULL,29,'propal',NULL,NULL,NULL,'default',NULL,NULL,0,0,NULL,NULL),(146,'146',NULL,1,'2024-09-18 11:23:31','2024-09-18 11:23:31',40,'AC_PROPAL_VALIDATE','2024-09-18 11:23:31','2024-09-18 09:23:31',1,NULL,13,7,NULL,0,1,NULL,0,0,0,-1,'',NULL,'Proposition PR2107-0019 validée','Proposition PR2107-0019 validée',NULL,NULL,NULL,NULL,NULL,NULL,NULL,NULL,NULL,NULL,NULL,29,'propal',NULL,NULL,NULL,'default',NULL,NULL,0,0,NULL,NULL),(147,'147',NULL,1,'2024-09-18 11:31:25','2024-09-18 11:31:25',40,'AC_BILL_VALIDATE','2024-09-18 11:31:25','2024-09-18 09:31:25',1,NULL,15,1,NULL,0,1,NULL,0,0,0,-1,'',NULL,'Facture FA2409-0057 validée','Facture FA2409-0057 validée',NULL,NULL,NULL,NULL,NULL,NULL,NULL,NULL,NULL,NULL,NULL,68,'invoice',NULL,NULL,NULL,'default',NULL,NULL,0,0,NULL,NULL),(148,'148',NULL,1,'2024-09-18 11:31:25','2024-09-18 11:31:25',40,'AC_BILL_MODIFY','2024-09-18 11:31:25','2024-09-18 09:31:25',1,NULL,15,1,NULL,0,1,NULL,0,0,0,-1,'',NULL,'Enregistrement FA2409-0057 modifié','Enregistrement FA2409-0057 modifié',NULL,NULL,NULL,NULL,NULL,NULL,NULL,NULL,NULL,NULL,NULL,68,'invoice',NULL,NULL,NULL,'default',NULL,NULL,0,0,NULL,NULL),(149,'149',NULL,1,'2024-09-18 11:39:34','2024-09-18 11:39:34',40,'AC_BILL_VALIDATE','2024-09-18 11:39:34','2024-09-18 09:39:34',1,NULL,NULL,1,NULL,0,1,NULL,0,0,0,-1,'',NULL,'Facture FA2409-0058 validée','Facture FA2409-0058 validée',NULL,NULL,NULL,NULL,NULL,NULL,NULL,NULL,NULL,NULL,NULL,69,'invoice',NULL,NULL,NULL,'default',NULL,NULL,0,0,NULL,NULL),(150,'150',NULL,1,'2024-09-18 11:39:34','2024-09-18 11:39:34',40,'AC_BILL_MODIFY','2024-09-18 11:39:34','2024-09-18 09:39:34',1,NULL,NULL,1,NULL,0,1,NULL,0,0,0,-1,'',NULL,'Enregistrement FA2409-0058 modifié','Enregistrement FA2409-0058 modifié',NULL,NULL,NULL,NULL,NULL,NULL,NULL,NULL,NULL,NULL,NULL,69,'invoice',NULL,NULL,NULL,'default',NULL,NULL,0,0,NULL,NULL),(151,'151',NULL,1,'2024-09-18 11:43:23','2024-09-18 11:43:23',40,'AC_ORDER_VALIDATE','2024-09-18 11:43:23','2024-09-18 09:43:23',1,NULL,NULL,13,NULL,0,1,NULL,0,0,0,-1,'',NULL,'Commande CO2305-0019 validée','Commande CO2305-0019 validée',NULL,NULL,NULL,NULL,NULL,NULL,NULL,NULL,NULL,NULL,NULL,19,'order',NULL,NULL,NULL,'default',NULL,NULL,0,0,NULL,NULL),(152,'152',NULL,1,'2024-09-18 11:45:21','2024-09-18 11:45:21',40,'AC_SHIPPING_VALIDATE','2024-09-18 11:45:21','2024-09-18 09:45:21',1,NULL,NULL,13,NULL,0,1,NULL,0,0,0,-1,'',NULL,'Expédition SH2409-0014 validée','Expédition SH2409-0014 validée',NULL,NULL,NULL,NULL,NULL,NULL,NULL,NULL,NULL,NULL,NULL,15,'shipping',NULL,NULL,NULL,'default',NULL,NULL,0,0,NULL,NULL),(153,'153',NULL,1,'2024-09-18 12:00:52','2024-09-18 12:00:52',40,'AC_SHIPPING_VALIDATE','2024-09-18 12:00:52','2024-09-18 10:00:52',1,NULL,3,10,NULL,0,1,NULL,0,0,0,-1,'',NULL,'Expédition SH2409-0015 validée','Expédition SH2409-0015 validée',NULL,NULL,NULL,NULL,NULL,NULL,NULL,NULL,NULL,NULL,NULL,18,'shipping',NULL,NULL,NULL,'default',NULL,NULL,0,0,NULL,NULL),(154,'154',NULL,1,'2024-09-18 12:07:45','2024-09-18 12:07:45',40,'AC_ORDER_VALIDATE','2024-09-18 12:07:45','2024-09-18 10:07:45',1,NULL,9,1,NULL,0,1,NULL,0,0,0,-1,'',NULL,'Commande CO2409-0020 validée','Commande CO2409-0020 validée',NULL,NULL,NULL,NULL,NULL,NULL,NULL,NULL,NULL,NULL,NULL,24,'order',NULL,NULL,NULL,'default',NULL,NULL,0,0,NULL,NULL),(155,'155',NULL,1,'2024-09-18 12:09:15','2024-09-18 12:09:15',40,'AC_SHIPPING_VALIDATE','2024-09-18 12:09:15','2024-09-18 10:09:15',1,NULL,9,1,NULL,0,1,NULL,0,0,0,-1,'',NULL,'Expédition SH2409-0016 validée','Expédition SH2409-0016 validée',NULL,NULL,NULL,NULL,NULL,NULL,NULL,NULL,NULL,NULL,NULL,19,'shipping',NULL,NULL,NULL,'default',NULL,NULL,0,0,NULL,NULL),(156,'156',NULL,1,'2024-09-18 12:09:51','2024-09-18 12:09:51',40,'AC_BILL_VALIDATE','2024-09-18 12:09:51','2024-09-18 10:09:51',1,NULL,9,1,NULL,0,1,NULL,0,0,0,-1,'',NULL,'Facture FA2409-0059 validée','Facture FA2409-0059 validée',NULL,NULL,NULL,NULL,NULL,NULL,NULL,NULL,NULL,NULL,NULL,70,'invoice',NULL,NULL,NULL,'default',NULL,NULL,0,0,NULL,NULL),(157,'157',NULL,1,'2024-09-18 12:09:51','2024-09-18 12:09:51',40,'AC_BILL_MODIFY','2024-09-18 12:09:51','2024-09-18 10:09:51',1,NULL,9,1,NULL,0,1,NULL,0,0,0,-1,'',NULL,'Enregistrement FA2409-0059 modifié','Enregistrement FA2409-0059 modifié',NULL,NULL,NULL,NULL,NULL,NULL,NULL,NULL,NULL,NULL,NULL,70,'invoice',NULL,NULL,NULL,'default',NULL,NULL,0,0,NULL,NULL),(158,'158',NULL,1,'2024-09-18 12:25:17','2024-09-18 12:25:17',40,'AC_ORDER_VALIDATE','2024-09-18 12:25:17','2024-09-18 10:25:17',1,NULL,NULL,1,NULL,0,1,NULL,0,0,0,-1,'',NULL,'Commande CO2409-0021 validée','Commande CO2409-0021 validée',NULL,NULL,NULL,NULL,NULL,NULL,NULL,NULL,NULL,NULL,NULL,25,'order',NULL,NULL,NULL,'default',NULL,NULL,0,0,NULL,NULL),(159,'159',NULL,1,'2024-09-18 18:32:30','2024-09-18 18:32:30',40,'AC_ORDER_VALIDATE','2024-09-18 18:32:30','2024-09-18 16:32:30',1,NULL,12,1,NULL,0,1,NULL,0,0,0,-1,'',NULL,'Commande CO2409-0022 validée','Commande CO2409-0022 validée',NULL,NULL,NULL,NULL,NULL,NULL,NULL,NULL,NULL,NULL,NULL,26,'order',NULL,NULL,NULL,'default',NULL,NULL,0,0,NULL,NULL),(160,'160',NULL,1,'2024-09-18 18:40:22','2024-09-18 18:40:22',40,'AC_ORDER_VALIDATE','2024-09-18 18:40:22','2024-09-18 16:40:22',1,NULL,NULL,7,NULL,0,1,NULL,0,0,0,-1,'',NULL,'Commande CO2409-0023 validée','Commande CO2409-0023 validée',NULL,NULL,NULL,NULL,NULL,NULL,NULL,NULL,NULL,NULL,NULL,27,'order',NULL,NULL,NULL,'default',NULL,NULL,0,0,NULL,NULL),(161,'161',NULL,1,'2024-09-18 18:44:16','2024-09-18 18:44:16',40,'AC_SHIPPING_VALIDATE','2024-09-18 18:44:16','2024-09-18 16:44:16',1,NULL,NULL,7,NULL,0,1,NULL,0,0,0,-1,'',NULL,'Expédition SH2409-0017 validée','Expédition SH2409-0017 validée',NULL,NULL,NULL,NULL,NULL,NULL,NULL,NULL,NULL,NULL,NULL,20,'shipping',NULL,NULL,NULL,'default',NULL,NULL,0,0,NULL,NULL),(162,'162',NULL,1,'2024-09-18 18:49:34','2024-09-18 18:49:34',40,'AC_ORDER_VALIDATE','2024-09-18 18:49:34','2024-09-18 16:49:34',1,NULL,NULL,10,NULL,0,1,NULL,0,0,0,-1,'',NULL,'Commande CO2409-0024 validée','Commande CO2409-0024 validée',NULL,NULL,NULL,NULL,NULL,NULL,NULL,NULL,NULL,NULL,NULL,28,'order',NULL,NULL,NULL,'default',NULL,NULL,0,0,NULL,NULL),(163,'163',NULL,1,'2024-09-18 18:52:35','2024-09-18 18:52:35',40,'AC_ORDER_VALIDATE','2024-09-18 18:52:35','2024-09-18 16:52:35',1,NULL,NULL,9,NULL,0,1,NULL,0,0,0,-1,'',NULL,'Commande CO2409-0025 validée','Commande CO2409-0025 validée',NULL,NULL,NULL,NULL,NULL,NULL,NULL,NULL,NULL,NULL,NULL,29,'order',NULL,NULL,NULL,'default',NULL,NULL,0,0,NULL,NULL),(164,'164',NULL,1,'2024-09-18 18:54:13','2024-09-18 18:54:13',40,'AC_ORDER_VALIDATE','2024-09-18 18:54:13','2024-09-18 16:54:13',1,NULL,NULL,13,NULL,0,1,NULL,0,0,0,-1,'',NULL,'Commande CO2409-0026 validée','Commande CO2409-0026 validée',NULL,NULL,NULL,NULL,NULL,NULL,NULL,NULL,NULL,NULL,NULL,30,'order',NULL,NULL,NULL,'default',NULL,NULL,0,0,NULL,NULL),(165,'165',NULL,1,'2024-09-18 18:56:41','2024-09-18 18:56:41',40,'AC_ORDER_VALIDATE','2024-09-18 18:56:41','2024-09-18 16:56:41',1,NULL,NULL,4,NULL,0,1,NULL,0,0,0,-1,'',NULL,'Commande CO2409-0027 validée','Commande CO2409-0027 validée',NULL,NULL,NULL,NULL,NULL,NULL,NULL,NULL,NULL,NULL,NULL,31,'order',NULL,NULL,NULL,'default',NULL,NULL,0,0,NULL,NULL),(166,'166',NULL,1,'2024-09-23 16:19:09','2024-09-23 16:19:09',40,'AC_PRODUCT_MODIFY','2024-09-23 16:19:09','2024-09-23 14:19:09',1,NULL,NULL,NULL,NULL,0,1,NULL,0,0,0,-1,'',NULL,'Produit cadre modifié','Produit cadre modifié',NULL,NULL,NULL,NULL,NULL,NULL,NULL,NULL,NULL,NULL,NULL,30,'product',NULL,NULL,NULL,'default',NULL,NULL,0,0,NULL,NULL),(167,'167',NULL,1,'2024-09-23 16:21:30','2024-09-23 16:21:30',40,'AC_ORDER_VALIDATE','2024-09-23 16:21:30','2024-09-23 14:21:30',1,NULL,NULL,9,NULL,0,1,NULL,0,0,0,-1,'',NULL,'Commande CO2409-0028 validée','Commande CO2409-0028 validée',NULL,NULL,NULL,NULL,NULL,NULL,NULL,NULL,NULL,NULL,NULL,32,'order',NULL,NULL,NULL,'default',NULL,NULL,0,0,NULL,NULL),(168,'168',NULL,1,'2024-09-23 16:23:16','2024-09-23 16:23:16',40,'AC_PROJECT_CREATE','2024-09-23 16:23:16','2024-09-23 14:23:16',1,NULL,18,NULL,NULL,0,1,NULL,0,0,0,-1,'',NULL,'Chantier PJ2409-0018 créé','Chantier PJ2409-0018 créé\nChantier: PJ2409-0018',NULL,NULL,NULL,NULL,NULL,NULL,NULL,NULL,NULL,NULL,NULL,NULL,NULL,NULL,NULL,NULL,'default',NULL,NULL,0,0,NULL,NULL),(169,'169',NULL,1,'2024-09-23 16:24:45','2024-09-23 16:24:45',40,'AC_PROJECT_CREATE','2024-09-23 16:24:45','2024-09-23 14:24:45',1,NULL,19,NULL,NULL,0,1,NULL,0,0,0,-1,'',NULL,'Chantier PJ2409-0019 créé','Chantier PJ2409-0019 créé\nChantier: PJ2409-0019',NULL,NULL,NULL,NULL,NULL,NULL,NULL,NULL,NULL,NULL,NULL,NULL,NULL,NULL,NULL,NULL,'default',NULL,NULL,0,0,NULL,NULL),(170,'170',NULL,1,'2024-09-23 16:29:48','2024-09-23 16:29:48',40,'AC_ORDER_CLOSE','2024-09-23 16:29:48','2024-09-23 14:29:48',1,NULL,NULL,9,NULL,0,1,NULL,0,0,0,-1,'',NULL,'Commande CO2409-0025 classée Livrée','Commande CO2409-0025 classée Livrée',NULL,NULL,NULL,NULL,NULL,NULL,NULL,NULL,NULL,NULL,NULL,29,'order',NULL,NULL,NULL,'default',NULL,NULL,0,0,NULL,NULL),(171,'171',NULL,1,'2024-09-23 16:29:48','2024-09-23 16:29:48',40,'AC_SHIPPING_VALIDATE','2024-09-23 16:29:48','2024-09-23 14:29:48',1,NULL,NULL,9,NULL,0,1,NULL,0,0,0,-1,'',NULL,'Expédition SH2409-0018 validée','Expédition SH2409-0018 validée',NULL,NULL,NULL,NULL,NULL,NULL,NULL,NULL,NULL,NULL,NULL,21,'shipping',NULL,NULL,NULL,'default',NULL,NULL,0,0,NULL,NULL),(172,'172',NULL,1,'2024-09-23 16:32:57','2024-09-23 16:32:57',40,'AC_ORDER_VALIDATE','2024-09-23 16:32:57','2024-09-23 14:32:57',1,NULL,NULL,2,NULL,0,1,NULL,0,0,0,-1,'',NULL,'Commande CO2409-0029 validée','Commande CO2409-0029 validée',NULL,NULL,NULL,NULL,NULL,NULL,NULL,NULL,NULL,NULL,NULL,33,'order',NULL,NULL,NULL,'default',NULL,NULL,0,0,NULL,NULL),(173,'173',NULL,1,'2024-09-23 16:40:09','2024-09-23 16:40:09',40,'AC_PROJECT_CREATE','2024-09-23 16:40:09','2024-09-23 14:40:09',1,NULL,20,NULL,NULL,0,1,NULL,0,0,0,-1,'',NULL,'Chantier PJ2409-0020 créé','Chantier PJ2409-0020 créé\nChantier: PJ2409-0020',NULL,NULL,NULL,NULL,NULL,NULL,NULL,NULL,NULL,NULL,NULL,NULL,NULL,NULL,NULL,NULL,'default',NULL,NULL,0,0,NULL,NULL),(174,'174',NULL,1,'2024-09-23 18:25:01','2024-09-23 18:25:01',40,'AC_PROJECT_CREATE','2024-09-23 18:25:01','2024-09-23 16:25:01',1,NULL,21,NULL,NULL,0,1,NULL,0,0,0,-1,'',NULL,'Chantier PJ2409-0021 créé','Chantier PJ2409-0021 créé\nChantier: PJ2409-0021',NULL,NULL,NULL,NULL,NULL,NULL,NULL,NULL,NULL,NULL,NULL,NULL,NULL,NULL,NULL,NULL,'default',NULL,NULL,0,0,NULL,NULL),(175,'175',NULL,1,'2024-09-23 18:25:38','2024-09-23 18:25:38',40,'AC_PROJECT_CREATE','2024-09-23 18:25:38','2024-09-23 16:25:38',1,NULL,22,NULL,NULL,0,1,NULL,0,0,0,-1,'',NULL,'Chantier PJ2409-0022 créé','Chantier PJ2409-0022 créé\nChantier: PJ2409-0022',NULL,NULL,NULL,NULL,NULL,NULL,NULL,NULL,NULL,NULL,NULL,NULL,NULL,NULL,NULL,NULL,'default',NULL,NULL,0,0,NULL,NULL),(176,'176',NULL,1,'2024-09-23 18:33:34','2024-09-23 18:33:34',40,'AC_PROJECT_VALIDATE','2024-09-23 18:33:34','2024-09-23 16:33:34',1,NULL,22,NULL,NULL,0,1,NULL,0,0,0,-1,'',NULL,'Chantier PJ2409-0022 validé','Chantier PJ2409-0022 validé \nChantier: PJ2409-0022',NULL,NULL,NULL,NULL,NULL,NULL,NULL,NULL,NULL,NULL,NULL,NULL,NULL,NULL,NULL,NULL,'default',NULL,NULL,0,0,NULL,NULL),(177,'177',NULL,1,'2024-09-23 18:39:33','2024-09-23 18:39:33',40,'AC_ORDER_VALIDATE','2024-09-23 18:39:33','2024-09-23 16:39:33',1,NULL,NULL,14,NULL,0,1,NULL,0,0,0,-1,'',NULL,'Commande CO2409-0030 validée','Commande CO2409-0030 validée',NULL,NULL,NULL,NULL,NULL,NULL,NULL,NULL,NULL,NULL,NULL,34,'order',NULL,NULL,NULL,'default',NULL,NULL,0,0,NULL,NULL),(178,'178',NULL,1,'2024-09-23 18:56:46','2024-09-23 18:56:46',40,'AC_ORDER_VALIDATE','2024-09-23 18:56:46','2024-09-23 16:56:46',1,NULL,NULL,4,NULL,0,1,NULL,0,0,0,-1,'',NULL,'Commande CO2409-0031 validée','Commande CO2409-0031 validée',NULL,NULL,NULL,NULL,NULL,NULL,NULL,NULL,NULL,NULL,NULL,35,'order',NULL,NULL,NULL,'default',NULL,NULL,0,0,NULL,NULL),(179,'179',NULL,1,'2024-09-23 18:57:57','2024-09-23 18:57:57',40,'AC_PROJECT_CREATE','2024-09-23 18:57:57','2024-09-23 16:57:57',1,NULL,23,NULL,NULL,0,1,NULL,0,0,0,-1,'',NULL,'Chantier PJ2409-0023 créé','Chantier PJ2409-0023 créé\nChantier: PJ2409-0023',NULL,NULL,NULL,NULL,NULL,NULL,NULL,NULL,NULL,NULL,NULL,NULL,NULL,NULL,NULL,NULL,'default',NULL,NULL,0,0,NULL,NULL),(180,'180',NULL,1,'2024-09-23 19:00:34','2024-09-23 19:00:34',40,'AC_MRP_MO_VALIDATE','2024-09-23 19:00:34','2024-09-23 17:00:34',1,NULL,NULL,NULL,NULL,0,1,NULL,0,0,0,-1,'',NULL,'OF validé','OF validé',NULL,NULL,NULL,NULL,NULL,NULL,NULL,NULL,NULL,NULL,NULL,3,'mo',NULL,NULL,NULL,'default',NULL,NULL,0,0,NULL,NULL),(181,'181',NULL,1,'2024-09-23 19:00:55','2024-09-23 19:00:55',40,'AC_MRP_MO_PRODUCED','2024-09-23 19:00:55','2024-09-23 17:00:55',1,NULL,NULL,NULL,NULL,0,1,NULL,0,0,0,-1,'',NULL,'OF réalisé','OF réalisé',NULL,NULL,NULL,NULL,NULL,NULL,NULL,NULL,NULL,NULL,NULL,3,'mo',NULL,NULL,NULL,'default',NULL,NULL,0,0,NULL,NULL),(182,'182',NULL,1,'2024-09-23 19:13:18','2024-09-23 19:13:18',40,'AC_PRODUCT_CREATE','2024-09-23 19:13:18','2024-09-23 17:13:18',1,NULL,NULL,NULL,NULL,0,1,NULL,0,0,0,-1,'',NULL,'Produit produit créé','Produit produit créé',NULL,NULL,NULL,NULL,NULL,NULL,NULL,NULL,NULL,NULL,NULL,70,'product',NULL,NULL,NULL,'default',NULL,NULL,0,0,NULL,NULL),(183,'183',NULL,1,'2024-09-23 19:14:22','2024-09-23 19:14:22',40,'AC_ORDER_VALIDATE','2024-09-23 19:14:22','2024-09-23 17:14:22',1,NULL,NULL,3,NULL,0,1,NULL,0,0,0,-1,'',NULL,'Commande CO2409-0032 validée','Commande CO2409-0032 validée',NULL,NULL,NULL,NULL,NULL,NULL,NULL,NULL,NULL,NULL,NULL,36,'order',NULL,NULL,NULL,'default',NULL,NULL,0,0,NULL,NULL),(184,'184',NULL,1,'2024-09-23 19:14:22','2024-09-23 19:14:22',40,'AC_PROJECT_CREATE','2024-09-23 19:14:22','2024-09-23 17:14:22',1,NULL,24,NULL,NULL,0,1,NULL,0,0,0,-1,'',NULL,'Chantier PJ2409-0024 créé','Chantier PJ2409-0024 créé\nChantier: PJ2409-0024',NULL,NULL,NULL,NULL,NULL,NULL,NULL,NULL,NULL,NULL,NULL,NULL,NULL,NULL,NULL,NULL,'default',NULL,NULL,0,0,NULL,NULL),(185,'185',NULL,1,'2024-09-23 19:15:33','2024-09-23 19:15:33',40,'AC_ORDER_CLOSE','2024-09-23 19:15:33','2024-09-23 17:15:33',1,NULL,24,3,NULL,0,1,NULL,0,0,0,-1,'',NULL,'Commande CO2409-0032 classée Livrée','Commande CO2409-0032 classée Livrée',NULL,NULL,NULL,NULL,NULL,NULL,NULL,NULL,NULL,NULL,NULL,36,'order',NULL,NULL,NULL,'default',NULL,NULL,0,0,NULL,NULL),(186,'186',NULL,1,'2024-09-23 19:15:33','2024-09-23 19:15:33',40,'AC_SHIPPING_VALIDATE','2024-09-23 19:15:33','2024-09-23 17:15:33',1,NULL,24,3,NULL,0,1,NULL,0,0,0,-1,'',NULL,'Expédition SH2409-0019 validée','Expédition SH2409-0019 validée',NULL,NULL,NULL,NULL,NULL,NULL,NULL,NULL,NULL,NULL,NULL,22,'shipping',NULL,NULL,NULL,'default',NULL,NULL,0,0,NULL,NULL),(187,'187',NULL,1,'2024-11-12 09:32:44','2024-11-12 09:32:44',40,'AC_ORDER_SUPPLIER_SUBMIT','2024-11-12 09:32:44','2024-11-12 08:32:44',1,NULL,NULL,1,NULL,0,1,NULL,0,0,0,-1,'',NULL,'Commande fournisseur PO2011-0003 soumise (Email)','Commande fournisseur PO2011-0003 soumise ()',NULL,NULL,NULL,NULL,NULL,NULL,NULL,NULL,NULL,NULL,NULL,4,'order_supplier',NULL,NULL,NULL,'default',NULL,NULL,0,0,NULL,NULL),(188,'188',NULL,1,'2024-11-12 09:33:58','2024-11-12 09:33:58',40,'AC_ORDER_SUPPLIER_VALIDATE','2024-11-12 09:33:59','2024-11-12 08:33:59',1,NULL,NULL,1,NULL,0,1,NULL,0,0,0,-1,'',NULL,'Commande PO2411-0010 validée','Commande PO2411-0010 validée',NULL,NULL,NULL,NULL,NULL,NULL,NULL,NULL,NULL,NULL,NULL,13,'order_supplier',NULL,NULL,NULL,'default',NULL,NULL,0,0,NULL,NULL),(189,'189',NULL,1,'2024-11-12 09:33:59','2024-11-12 09:33:59',40,'AC_ORDER_SUPPLIER_APPROVE','2024-11-12 09:33:59','2024-11-12 08:33:59',1,NULL,NULL,1,NULL,0,1,NULL,0,0,0,-1,'',NULL,'Commande PO2411-0010 approuvée','Commande PO2411-0010 approuvée',NULL,NULL,NULL,NULL,NULL,NULL,NULL,NULL,NULL,NULL,NULL,13,'order_supplier',NULL,NULL,NULL,'default',NULL,NULL,0,0,NULL,NULL),(190,'190',NULL,1,'2024-11-12 09:34:10','2024-11-12 09:34:10',40,'AC_ORDER_SUPPLIER_SUBMIT','2024-11-12 09:34:10','2024-11-12 08:34:10',1,NULL,NULL,1,NULL,0,1,NULL,0,0,0,-1,'',NULL,'Commande fournisseur PO2411-0010 soumise (Email)','Commande fournisseur PO2411-0010 soumise ()',NULL,NULL,NULL,NULL,NULL,NULL,NULL,NULL,NULL,NULL,NULL,13,'order_supplier',NULL,NULL,NULL,'default',NULL,NULL,0,0,NULL,NULL),(191,'191',NULL,1,'2024-11-29 14:03:44','2024-11-29 14:03:44',40,'AC_USER_MODIFY','2024-11-29 14:03:44','2024-11-29 13:03:44',2,NULL,NULL,NULL,NULL,0,2,NULL,0,0,0,-1,'',NULL,'Enregistrement 2 modifié','Enregistrement 2 modifié',NULL,NULL,NULL,NULL,NULL,NULL,NULL,NULL,NULL,NULL,NULL,2,'user',NULL,NULL,NULL,'default',NULL,NULL,0,0,NULL,NULL),(192,'192',NULL,1,'2024-11-29 14:08:31','2024-11-29 14:08:31',40,'AC_USER_NEW_PASSWORD','2024-11-29 14:08:31','2024-11-29 13:08:31',2,NULL,NULL,NULL,NULL,0,2,NULL,0,0,0,-1,'',NULL,'Mot de passe modifié dans Dolibarr','Mot de passe modifié dans Dolibarr',NULL,NULL,NULL,NULL,NULL,NULL,NULL,NULL,NULL,NULL,NULL,2,'user',NULL,NULL,NULL,'default',NULL,NULL,0,0,NULL,NULL),(193,'193',NULL,1,'2024-11-29 14:08:31','2024-11-29 14:08:31',40,'AC_USER_MODIFY','2024-11-29 14:08:31','2024-11-29 13:08:31',2,NULL,NULL,NULL,NULL,0,2,NULL,0,0,0,-1,'',NULL,'Enregistrement 2 modifié','Enregistrement 2 modifié',NULL,NULL,NULL,NULL,NULL,NULL,NULL,NULL,NULL,NULL,NULL,2,'user',NULL,NULL,NULL,'default',NULL,NULL,0,0,NULL,NULL),(194,'194',NULL,1,'2024-11-29 14:19:40','2024-11-29 14:19:40',40,'AC_BILL_VALIDATE','2024-11-29 14:19:40','2024-11-29 13:19:40',2,NULL,NULL,10,NULL,0,2,NULL,0,0,0,-1,'',NULL,'Facture FA2411-0060 validée','Facture FA2411-0060 validée',NULL,NULL,NULL,NULL,NULL,NULL,NULL,NULL,NULL,NULL,NULL,71,'invoice',NULL,NULL,NULL,'default',NULL,NULL,0,0,NULL,NULL),(195,'195',NULL,1,'2024-11-29 14:19:40','2024-11-29 14:19:40',40,'AC_BILL_MODIFY','2024-11-29 14:19:40','2024-11-29 13:19:40',2,NULL,NULL,10,NULL,0,2,NULL,0,0,0,-1,'',NULL,'Enregistrement FA2411-0060 modifié','Enregistrement FA2411-0060 modifié',NULL,NULL,NULL,NULL,NULL,NULL,NULL,NULL,NULL,NULL,NULL,71,'invoice',NULL,NULL,NULL,'default',NULL,NULL,0,0,NULL,NULL),(196,'196',NULL,1,'2024-11-29 14:20:57','2024-11-29 14:20:57',40,'AC_BILL_UNVALIDATE','2024-11-29 14:20:57','2024-11-29 13:20:57',2,NULL,NULL,10,NULL,0,2,NULL,0,0,0,-1,'',NULL,'Facture FA2411-0060 repassée en brouillon','Facture FA2411-0060 repassée en brouillon',NULL,NULL,NULL,NULL,NULL,NULL,NULL,NULL,NULL,NULL,NULL,71,'invoice',NULL,NULL,NULL,'default',NULL,NULL,0,0,NULL,NULL);

--
-- Table structure for table `t1zhf_actioncomm_cdav`
--

CREATE TABLE `t1zhf_actioncomm_cdav` (
  `fk_object` int NOT NULL,
  `uuidext` varchar(255) COLLATE utf8mb3_unicode_ci NOT NULL,
  `sourceuid` varchar(255) COLLATE utf8mb3_unicode_ci NOT NULL,
  PRIMARY KEY (`fk_object`),
  KEY `uuidext` (`uuidext`)
) ENGINE=InnoDB DEFAULT CHARSET=utf8mb3 COLLATE=utf8mb3_unicode_ci COMMENT='Storage of external UUID created by externals applications';

--
-- Dumping data for table `t1zhf_actioncomm_cdav`
--


--
-- Table structure for table `t1zhf_actioncomm_extrafields`
--

CREATE TABLE `t1zhf_actioncomm_extrafields` (
  `rowid` int NOT NULL AUTO_INCREMENT,
  `tms` timestamp NOT NULL DEFAULT CURRENT_TIMESTAMP ON UPDATE CURRENT_TIMESTAMP,
  `fk_object` int NOT NULL,
  `import_key` varchar(14) COLLATE utf8mb3_unicode_ci DEFAULT NULL,
  PRIMARY KEY (`rowid`),
  UNIQUE KEY `uk_actioncomm_extrafields` (`fk_object`)
) ENGINE=InnoDB DEFAULT CHARSET=utf8mb3 COLLATE=utf8mb3_unicode_ci;

--
-- Dumping data for table `t1zhf_actioncomm_extrafields`
--


--
-- Table structure for table `t1zhf_actioncomm_reminder`
--

CREATE TABLE `t1zhf_actioncomm_reminder` (
  `rowid` int NOT NULL AUTO_INCREMENT,
  `dateremind` datetime NOT NULL,
  `typeremind` varchar(32) COLLATE utf8mb3_unicode_ci NOT NULL,
  `fk_user` int NOT NULL,
  `offsetvalue` int NOT NULL,
  `offsetunit` varchar(1) COLLATE utf8mb3_unicode_ci NOT NULL,
  `status` int NOT NULL DEFAULT '0',
  `entity` int NOT NULL DEFAULT '1',
  `fk_actioncomm` int NOT NULL,
  `fk_email_template` int DEFAULT NULL,
  `lasterror` varchar(128) COLLATE utf8mb3_unicode_ci DEFAULT NULL,
  PRIMARY KEY (`rowid`),
  UNIQUE KEY `uk_actioncomm_reminder_unique` (`fk_user`,`typeremind`,`offsetvalue`,`offsetunit`,`fk_actioncomm`),
  KEY `idx_actioncomm_reminder_rowid` (`rowid`),
  KEY `idx_actioncomm_reminder_dateremind` (`dateremind`),
  KEY `idx_actioncomm_reminder_fk_user` (`fk_user`),
  KEY `idx_actioncomm_reminder_status` (`status`)
) ENGINE=InnoDB DEFAULT CHARSET=utf8mb3 COLLATE=utf8mb3_unicode_ci;

--
-- Dumping data for table `t1zhf_actioncomm_reminder`
--


--
-- Table structure for table `t1zhf_actioncomm_resources`
--

CREATE TABLE `t1zhf_actioncomm_resources` (
  `rowid` int NOT NULL AUTO_INCREMENT,
  `fk_actioncomm` int NOT NULL,
  `element_type` varchar(50) COLLATE utf8mb3_unicode_ci NOT NULL,
  `fk_element` int NOT NULL,
  `answer_status` varchar(50) COLLATE utf8mb3_unicode_ci DEFAULT NULL,
  `mandatory` smallint DEFAULT NULL,
  `transparency` smallint DEFAULT '1',
  PRIMARY KEY (`rowid`),
  UNIQUE KEY `uk_actioncomm_resources` (`fk_actioncomm`,`element_type`,`fk_element`),
  KEY `idx_actioncomm_resources_fk_element` (`fk_element`)
) ENGINE=InnoDB AUTO_INCREMENT=230 DEFAULT CHARSET=utf8mb3 COLLATE=utf8mb3_unicode_ci;

--
-- Dumping data for table `t1zhf_actioncomm_resources`
--

INSERT INTO `t1zhf_actioncomm_resources` VALUES (125,97,'user',4,'0',0,0),(126,97,'user',3,'0',0,0),(127,97,'user',2,'0',0,0),(128,98,'user',8,'0',0,1),(129,99,'user',8,'0',0,1),(130,99,'socpeople',1,'0',0,0),(131,100,'user',8,'0',0,1),(132,100,'socpeople',3,'0',0,0),(134,101,'user',8,'0',0,1),(135,102,'user',8,'0',0,1),(136,103,'user',1,'0',0,0),(137,104,'user',1,'0',0,0),(138,105,'user',1,'0',0,0),(139,106,'user',1,'0',0,0),(140,107,'user',1,'0',0,0),(141,108,'user',1,'0',0,0),(142,109,'user',1,'0',0,0),(143,110,'user',1,'0',0,0),(144,111,'user',1,'0',0,0),(145,112,'user',1,'0',0,0),(146,113,'user',1,'0',0,0),(147,114,'user',1,'0',0,0),(148,115,'user',1,'0',0,0),(149,116,'user',1,'0',0,0),(150,117,'user',1,'0',0,0),(151,118,'user',1,'0',0,0),(152,119,'user',1,'0',0,0),(153,120,'user',1,'0',0,0),(154,121,'user',1,'0',0,0),(155,122,'user',1,'0',0,0),(156,123,'user',1,'0',0,0),(157,124,'user',1,'0',0,0),(158,125,'user',1,'0',0,0),(159,126,'user',1,'0',0,0),(160,127,'user',1,'0',0,0),(161,128,'user',1,'0',0,0),(162,129,'user',1,'0',0,0),(163,130,'user',1,'0',0,0),(164,131,'user',1,'0',0,0),(165,132,'user',1,'0',0,0),(166,133,'user',1,'0',0,0),(167,134,'user',1,'0',0,0),(168,135,'user',1,'0',0,0),(169,136,'user',1,'0',0,0),(170,137,'user',1,'0',0,0),(171,138,'user',1,'0',0,0),(172,139,'user',1,'0',0,0),(173,140,'user',1,'0',0,0),(174,141,'user',1,'0',0,0),(175,142,'user',1,'0',0,0),(176,143,'user',1,'0',0,0),(177,144,'user',1,'0',0,0),(178,145,'user',1,'0',0,0),(179,146,'user',1,'0',0,0),(180,147,'user',1,'0',0,0),(181,148,'user',1,'0',0,0),(182,149,'user',1,'0',0,0),(183,150,'user',1,'0',0,0),(184,151,'user',1,'0',0,0),(185,152,'user',1,'0',0,0),(186,153,'user',1,'0',0,0),(187,154,'user',1,'0',0,0),(188,155,'user',1,'0',0,0),(189,156,'user',1,'0',0,0),(190,157,'user',1,'0',0,0),(191,158,'user',1,'0',0,0),(192,159,'user',1,'0',0,0),(193,160,'user',1,'0',0,0),(194,161,'user',1,'0',0,0),(195,162,'user',1,'0',0,0),(196,163,'user',1,'0',0,0),(197,164,'user',1,'0',0,0),(198,165,'user',1,'0',0,0),(199,166,'user',1,'0',0,0),(200,167,'user',1,'0',0,0),(201,168,'user',1,'0',0,0),(202,169,'user',1,'0',0,0),(203,170,'user',1,'0',0,0),(204,171,'user',1,'0',0,0),(205,172,'user',1,'0',0,0),(206,173,'user',1,'0',0,0),(207,174,'user',1,'0',0,0),(208,175,'user',1,'0',0,0),(209,176,'user',1,'0',0,0),(210,177,'user',1,'0',0,0),(211,178,'user',1,'0',0,0),(212,179,'user',1,'0',0,0),(213,180,'user',1,'0',0,0),(214,181,'user',1,'0',0,0),(215,182,'user',1,'0',0,0),(216,183,'user',1,'0',0,0),(217,184,'user',1,'0',0,0),(218,185,'user',1,'0',0,0),(219,186,'user',1,'0',0,0),(220,187,'user',1,'0',0,0),(221,188,'user',1,'0',0,0),(222,189,'user',1,'0',0,0),(223,190,'user',1,'0',0,0),(224,191,'user',2,'0',0,0),(225,192,'user',2,'0',0,0),(226,193,'user',2,'0',0,0),(227,194,'user',2,'0',0,0),(228,195,'user',2,'0',0,0),(229,196,'user',2,'0',0,0);

--
-- Table structure for table `t1zhf_adherent`
--

CREATE TABLE `t1zhf_adherent` (
  `rowid` int NOT NULL AUTO_INCREMENT,
  `ref` varchar(30) COLLATE utf8mb3_unicode_ci NOT NULL,
  `entity` int NOT NULL DEFAULT '1',
  `ref_ext` varchar(128) COLLATE utf8mb3_unicode_ci DEFAULT NULL,
  `civility` varchar(6) COLLATE utf8mb3_unicode_ci DEFAULT NULL,
  `lastname` varchar(50) COLLATE utf8mb3_unicode_ci DEFAULT NULL,
  `firstname` varchar(50) COLLATE utf8mb3_unicode_ci DEFAULT NULL,
  `login` varchar(50) COLLATE utf8mb3_unicode_ci DEFAULT NULL,
  `pass` varchar(50) COLLATE utf8mb3_unicode_ci DEFAULT NULL,
  `pass_crypted` varchar(128) COLLATE utf8mb3_unicode_ci DEFAULT NULL,
  `fk_adherent_type` int NOT NULL,
  `morphy` varchar(3) COLLATE utf8mb3_unicode_ci NOT NULL,
  `societe` varchar(128) COLLATE utf8mb3_unicode_ci DEFAULT NULL,
  `fk_soc` int DEFAULT NULL,
  `address` text COLLATE utf8mb3_unicode_ci,
  `zip` varchar(30) COLLATE utf8mb3_unicode_ci DEFAULT NULL,
  `town` varchar(50) COLLATE utf8mb3_unicode_ci DEFAULT NULL,
  `state_id` int DEFAULT NULL,
  `country` int DEFAULT NULL,
  `email` varchar(255) COLLATE utf8mb3_unicode_ci DEFAULT NULL,
  `url` varchar(255) COLLATE utf8mb3_unicode_ci DEFAULT NULL,
  `socialnetworks` text COLLATE utf8mb3_unicode_ci,
  `phone` varchar(30) COLLATE utf8mb3_unicode_ci DEFAULT NULL,
  `phone_perso` varchar(30) COLLATE utf8mb3_unicode_ci DEFAULT NULL,
  `phone_mobile` varchar(30) COLLATE utf8mb3_unicode_ci DEFAULT NULL,
  `birth` date DEFAULT NULL,
  `photo` varchar(255) COLLATE utf8mb3_unicode_ci DEFAULT NULL,
  `statut` smallint NOT NULL DEFAULT '0',
  `public` smallint NOT NULL DEFAULT '0',
  `datefin` datetime DEFAULT NULL,
  `default_lang` varchar(6) COLLATE utf8mb3_unicode_ci DEFAULT NULL,
  `note_private` text COLLATE utf8mb3_unicode_ci,
  `note_public` text COLLATE utf8mb3_unicode_ci,
  `model_pdf` varchar(255) COLLATE utf8mb3_unicode_ci DEFAULT NULL,
  `datevalid` datetime DEFAULT NULL,
  `datec` datetime DEFAULT NULL,
  `tms` timestamp NOT NULL DEFAULT CURRENT_TIMESTAMP ON UPDATE CURRENT_TIMESTAMP,
  `fk_user_author` int DEFAULT NULL,
  `fk_user_mod` int DEFAULT NULL,
  `fk_user_valid` int DEFAULT NULL,
  `canvas` varchar(32) COLLATE utf8mb3_unicode_ci DEFAULT NULL,
  `import_key` varchar(14) COLLATE utf8mb3_unicode_ci DEFAULT NULL,
  `gender` varchar(10) COLLATE utf8mb3_unicode_ci DEFAULT NULL,
  `ip` varchar(250) COLLATE utf8mb3_unicode_ci DEFAULT NULL,
  PRIMARY KEY (`rowid`),
  UNIQUE KEY `uk_adherent_ref` (`ref`,`entity`),
  UNIQUE KEY `uk_adherent_login` (`login`,`entity`),
  UNIQUE KEY `uk_adherent_fk_soc` (`fk_soc`),
  KEY `idx_adherent_fk_adherent_type` (`fk_adherent_type`),
  CONSTRAINT `adherent_fk_soc` FOREIGN KEY (`fk_soc`) REFERENCES `t1zhf_societe` (`rowid`) ON DELETE RESTRICT ON UPDATE RESTRICT,
  CONSTRAINT `fk_adherent_adherent_type` FOREIGN KEY (`fk_adherent_type`) REFERENCES `t1zhf_adherent_type` (`rowid`) ON DELETE RESTRICT ON UPDATE RESTRICT
) ENGINE=InnoDB DEFAULT CHARSET=utf8mb3 COLLATE=utf8mb3_unicode_ci;

--
-- Dumping data for table `t1zhf_adherent`
--


--
-- Table structure for table `t1zhf_adherent_extrafields`
--

CREATE TABLE `t1zhf_adherent_extrafields` (
  `rowid` int NOT NULL AUTO_INCREMENT,
  `tms` timestamp NOT NULL DEFAULT CURRENT_TIMESTAMP ON UPDATE CURRENT_TIMESTAMP,
  `fk_object` int NOT NULL,
  `import_key` varchar(14) COLLATE utf8mb3_unicode_ci DEFAULT NULL,
  PRIMARY KEY (`rowid`),
  UNIQUE KEY `uk_adherent_extrafields` (`fk_object`)
) ENGINE=InnoDB DEFAULT CHARSET=utf8mb3 COLLATE=utf8mb3_unicode_ci;

--
-- Dumping data for table `t1zhf_adherent_extrafields`
--


--
-- Table structure for table `t1zhf_adherent_type`
--

CREATE TABLE `t1zhf_adherent_type` (
  `rowid` int NOT NULL AUTO_INCREMENT,
  `entity` int NOT NULL DEFAULT '1',
  `tms` timestamp NOT NULL DEFAULT CURRENT_TIMESTAMP ON UPDATE CURRENT_TIMESTAMP,
  `statut` smallint NOT NULL DEFAULT '0',
  `libelle` varchar(50) COLLATE utf8mb3_unicode_ci NOT NULL,
  `subscription` varchar(3) COLLATE utf8mb3_unicode_ci NOT NULL DEFAULT '1',
  `amount` double(24,8) DEFAULT NULL,
  `caneditamount` int DEFAULT '0',
  `vote` varchar(3) COLLATE utf8mb3_unicode_ci NOT NULL DEFAULT '1',
  `note` text COLLATE utf8mb3_unicode_ci,
  `mail_valid` text COLLATE utf8mb3_unicode_ci,
  `morphy` varchar(3) COLLATE utf8mb3_unicode_ci DEFAULT NULL,
  `duration` varchar(6) COLLATE utf8mb3_unicode_ci DEFAULT NULL,
  PRIMARY KEY (`rowid`),
  UNIQUE KEY `uk_adherent_type_libelle` (`libelle`,`entity`)
) ENGINE=InnoDB DEFAULT CHARSET=utf8mb3 COLLATE=utf8mb3_unicode_ci;

--
-- Dumping data for table `t1zhf_adherent_type`
--


--
-- Table structure for table `t1zhf_adherent_type_extrafields`
--

CREATE TABLE `t1zhf_adherent_type_extrafields` (
  `rowid` int NOT NULL AUTO_INCREMENT,
  `tms` timestamp NOT NULL DEFAULT CURRENT_TIMESTAMP ON UPDATE CURRENT_TIMESTAMP,
  `fk_object` int NOT NULL,
  `import_key` varchar(14) COLLATE utf8mb3_unicode_ci DEFAULT NULL,
  PRIMARY KEY (`rowid`),
  UNIQUE KEY `uk_adherent_type_extrafields` (`fk_object`)
) ENGINE=InnoDB DEFAULT CHARSET=utf8mb3 COLLATE=utf8mb3_unicode_ci;

--
-- Dumping data for table `t1zhf_adherent_type_extrafields`
--


--
-- Table structure for table `t1zhf_adherent_type_lang`
--

CREATE TABLE `t1zhf_adherent_type_lang` (
  `rowid` int NOT NULL AUTO_INCREMENT,
  `fk_type` int NOT NULL DEFAULT '0',
  `lang` varchar(5) COLLATE utf8mb3_unicode_ci NOT NULL DEFAULT '0',
  `label` varchar(255) COLLATE utf8mb3_unicode_ci NOT NULL,
  `description` mediumtext COLLATE utf8mb3_unicode_ci,
  `email` mediumtext COLLATE utf8mb3_unicode_ci,
  `import_key` varchar(14) COLLATE utf8mb3_unicode_ci DEFAULT NULL,
  PRIMARY KEY (`rowid`)
) ENGINE=InnoDB DEFAULT CHARSET=utf8mb3 COLLATE=utf8mb3_unicode_ci;

--
-- Dumping data for table `t1zhf_adherent_type_lang`
--


--
-- Table structure for table `t1zhf_asset`
--

CREATE TABLE `t1zhf_asset` (
  `rowid` int NOT NULL AUTO_INCREMENT,
  `ref` varchar(128) COLLATE utf8mb3_unicode_ci NOT NULL,
  `entity` int NOT NULL DEFAULT '1',
  `label` varchar(255) COLLATE utf8mb3_unicode_ci DEFAULT NULL,
  `fk_asset_model` int DEFAULT NULL,
  `reversal_amount_ht` double(24,8) DEFAULT NULL,
  `acquisition_value_ht` double(24,8) NOT NULL,
  `recovered_vat` double(24,8) DEFAULT NULL,
  `reversal_date` date DEFAULT NULL,
  `date_acquisition` date NOT NULL,
  `date_start` date NOT NULL,
  `qty` double NOT NULL DEFAULT '1',
  `acquisition_type` smallint NOT NULL DEFAULT '0',
  `asset_type` smallint NOT NULL DEFAULT '0',
  `not_depreciated` int DEFAULT '0',
  `disposal_date` date DEFAULT NULL,
  `disposal_amount_ht` double(24,8) DEFAULT NULL,
  `fk_disposal_type` int DEFAULT NULL,
  `disposal_depreciated` int DEFAULT '0',
  `disposal_subject_to_vat` int DEFAULT '0',
  `note_public` text COLLATE utf8mb3_unicode_ci,
  `note_private` text COLLATE utf8mb3_unicode_ci,
  `date_creation` datetime NOT NULL,
  `tms` timestamp NOT NULL DEFAULT CURRENT_TIMESTAMP ON UPDATE CURRENT_TIMESTAMP,
  `fk_user_creat` int NOT NULL,
  `fk_user_modif` int DEFAULT NULL,
  `last_main_doc` varchar(255) COLLATE utf8mb3_unicode_ci DEFAULT NULL,
  `import_key` varchar(14) COLLATE utf8mb3_unicode_ci DEFAULT NULL,
  `model_pdf` varchar(255) COLLATE utf8mb3_unicode_ci DEFAULT NULL,
  `status` int NOT NULL,
  PRIMARY KEY (`rowid`),
  KEY `idx_asset_rowid` (`rowid`),
  KEY `idx_asset_ref` (`ref`),
  KEY `idx_asset_entity` (`entity`),
  KEY `idx_asset_fk_asset_model` (`fk_asset_model`),
  KEY `idx_asset_fk_disposal_type` (`fk_disposal_type`),
  KEY `fk_asset_user_creat` (`fk_user_creat`),
  KEY `fk_asset_user_modif` (`fk_user_modif`),
  CONSTRAINT `fk_asset_asset_model` FOREIGN KEY (`fk_asset_model`) REFERENCES `t1zhf_asset_model` (`rowid`) ON DELETE RESTRICT ON UPDATE RESTRICT,
  CONSTRAINT `fk_asset_disposal_type` FOREIGN KEY (`fk_disposal_type`) REFERENCES `t1zhf_c_asset_disposal_type` (`rowid`) ON DELETE RESTRICT ON UPDATE RESTRICT,
  CONSTRAINT `fk_asset_user_creat` FOREIGN KEY (`fk_user_creat`) REFERENCES `t1zhf_user` (`rowid`) ON DELETE RESTRICT ON UPDATE RESTRICT,
  CONSTRAINT `fk_asset_user_modif` FOREIGN KEY (`fk_user_modif`) REFERENCES `t1zhf_user` (`rowid`) ON DELETE RESTRICT ON UPDATE RESTRICT
) ENGINE=InnoDB DEFAULT CHARSET=utf8mb3 COLLATE=utf8mb3_unicode_ci;

--
-- Dumping data for table `t1zhf_asset`
--


--
-- Table structure for table `t1zhf_assetOf`
--

CREATE TABLE `t1zhf_assetOf` (
  `rowid` int NOT NULL DEFAULT '0',
  `date_cre` datetime DEFAULT NULL,
  `date_maj` datetime DEFAULT NULL,
  `entity` double NOT NULL DEFAULT '0',
  `fk_user` int NOT NULL DEFAULT '0',
  `fk_assetOf_parent` int NOT NULL DEFAULT '0',
  `fk_soc` int NOT NULL DEFAULT '0',
  `fk_commande` int NOT NULL DEFAULT '0',
  `fk_project` int NOT NULL DEFAULT '0',
  `rank` int NOT NULL DEFAULT '0',
  `temps_estime_fabrication` double NOT NULL DEFAULT '0',
  `temps_reel_fabrication` double NOT NULL DEFAULT '0',
  `mo_cost` double NOT NULL DEFAULT '0',
  `mo_estimated_cost` double NOT NULL DEFAULT '0',
  `compo_cost` double NOT NULL DEFAULT '0',
  `compo_estimated_cost` double NOT NULL DEFAULT '0',
  `total_cost` double NOT NULL DEFAULT '0',
  `total_estimated_cost` double NOT NULL DEFAULT '0',
  `ordre` varchar(255) DEFAULT NULL,
  `numero` varchar(255) DEFAULT NULL,
  `status` varchar(255) DEFAULT NULL,
  `date_besoin` datetime DEFAULT NULL,
  `date_lancement` datetime DEFAULT NULL,
  `date_start` datetime DEFAULT NULL,
  `date_end` datetime DEFAULT NULL,
  `note` longtext,
  `modelpdf` varchar(255) DEFAULT NULL,
  PRIMARY KEY (`rowid`),
  KEY `date_cre` (`date_cre`),
  KEY `date_maj` (`date_maj`),
  KEY `fk_user` (`fk_user`),
  KEY `fk_assetOf_parent` (`fk_assetOf_parent`),
  KEY `fk_soc` (`fk_soc`),
  KEY `fk_commande` (`fk_commande`),
  KEY `fk_project` (`fk_project`),
  KEY `rank` (`rank`)
) ENGINE=InnoDB DEFAULT CHARSET=utf8mb3;

--
-- Dumping data for table `t1zhf_assetOf`
--

INSERT INTO `t1zhf_assetOf` VALUES (1,'2024-09-18 12:25:53','2024-09-18 12:27:06',1,0,0,1,25,0,0,0,0,0,0,0,0,0,0,'','OF00001','CLOSE',NULL,'2024-09-18 00:00:00','2024-09-18 12:26:57','2024-09-18 12:27:06','',''),(2,'2024-09-18 12:28:27','2024-09-18 18:50:35',1,0,0,-1,-1,0,0,2.5,0,0,125,18.675,18.675,18.675,143.675,'ASAP','OF00002','CLOSE','2024-09-18 00:00:00','2024-09-18 00:00:00','2024-09-18 12:30:41','2024-09-18 12:30:46','','templateOF.odt'),(3,'2024-09-18 18:41:07','2024-09-18 18:43:01',1,0,0,-1,27,0,0,0,0,0,0,121,121,121,121,'ASAP','OF00003','CLOSE','2024-09-18 00:00:00','2024-09-18 00:00:00','2024-09-18 18:42:57','2024-09-18 18:43:01','',''),(5,'2024-09-23 16:23:16','2024-09-23 16:38:55',1,0,0,9,32,18,0,9,9,450,450,1575,1575,2025,2025,'ASAP','OF00005','CLOSE','2024-09-23 00:00:00','2024-09-23 00:00:00','2024-09-23 16:38:50','2024-09-23 16:38:55','',''),(6,'2024-09-23 16:23:44','2024-09-23 16:38:55',1,0,5,9,32,18,0,0,0,0,0,0,0,0,0,'','OF00006','CLOSE','2024-09-23 00:00:00','2024-09-23 00:00:00','2024-09-23 16:38:50','2024-09-23 16:38:55','',''),(7,'2024-09-23 16:23:44','2024-09-23 16:38:51',1,0,5,9,32,18,0,0,0,0,0,0,0,0,0,'','OF00007','CLOSE','2024-09-23 00:00:00','2024-09-23 00:00:00','2024-09-23 16:38:05','2024-09-23 16:38:11','',''),(8,'2024-09-23 16:40:09','2024-09-23 16:43:14',1,0,0,-1,-1,20,0,0,0,0,0,0,0,0,0,'ASAP','OF00008','CLOSE','2024-09-23 00:00:00','2024-09-23 00:00:00','2024-09-23 16:42:57','2024-09-23 16:43:14','',''),(9,'2024-09-23 16:40:24','2024-09-23 16:43:14',1,0,8,-1,-1,20,0,0,0,0,0,0,0,0,0,'','OF00010','CLOSE','2024-09-23 00:00:00','2024-09-23 00:00:00','2024-09-23 16:42:55','2024-09-23 16:43:12','',''),(10,'2024-09-23 16:40:25','2024-09-23 16:43:15',1,0,9,-1,-1,20,0,0,0,0,0,0,0,0,0,'','OF00009','CLOSE','2024-09-23 00:00:00','2024-09-23 00:00:00','2024-09-23 16:42:54','2024-09-23 16:43:12','',''),(11,'2024-09-23 18:25:37','2024-09-23 18:38:17',1,0,0,-1,-1,22,0,2,0,0,100,12.45,12.45,12.45,112.45,'ASAP','OF00011','CLOSE','2024-09-23 00:00:00','2024-09-23 00:00:00','2024-09-23 18:38:12','2024-09-23 18:38:17','',''),(12,'2024-09-23 18:57:57','2024-09-23 18:57:57',1,0,0,-1,35,23,0,0,0,0,0,0,0,0,0,'ASAP','OF00012','DRAFT','2024-09-23 00:00:00',NULL,NULL,NULL,'',''),(13,'2024-09-23 19:14:22','2024-09-23 19:15:03',1,0,0,3,36,24,0,0,0,0,0,0,0,0,0,'','OF00013','CLOSE',NULL,'2024-09-23 00:00:00','2024-09-23 19:14:59','2024-09-23 19:15:03','','');

--
-- Table structure for table `t1zhf_assetOf_line`
--

CREATE TABLE `t1zhf_assetOf_line` (
  `rowid` int NOT NULL DEFAULT '0',
  `date_cre` datetime DEFAULT NULL,
  `date_maj` datetime DEFAULT NULL,
  `entity` int NOT NULL DEFAULT '0',
  `fk_assetOf` int NOT NULL DEFAULT '0',
  `fk_product` int NOT NULL DEFAULT '0',
  `fk_product_fournisseur_price` int NOT NULL DEFAULT '0',
  `fk_entrepot` int NOT NULL DEFAULT '0',
  `fk_nomenclature` int NOT NULL DEFAULT '0',
  `nomenclature_valide` int NOT NULL DEFAULT '0',
  `fk_commandedet` int NOT NULL DEFAULT '0',
  `qty_needed` double NOT NULL DEFAULT '0',
  `qty` double NOT NULL DEFAULT '0',
  `qty_used` double NOT NULL DEFAULT '0',
  `qty_stock` double NOT NULL DEFAULT '0',
  `conditionnement` double NOT NULL DEFAULT '0',
  `conditionnement_unit` double NOT NULL DEFAULT '0',
  `pmp` double NOT NULL DEFAULT '0',
  `qty_non_compliant` double NOT NULL DEFAULT '0',
  `type` varchar(255) DEFAULT NULL,
  `lot_number` varchar(255) DEFAULT NULL,
  `measuring_units` varchar(255) DEFAULT NULL,
  `note_private` longtext,
  `fk_assetOf_line_parent` int NOT NULL DEFAULT '0',
  PRIMARY KEY (`rowid`),
  KEY `date_cre` (`date_cre`),
  KEY `date_maj` (`date_maj`),
  KEY `entity` (`entity`),
  KEY `fk_assetOf` (`fk_assetOf`),
  KEY `fk_product` (`fk_product`),
  KEY `fk_product_fournisseur_price` (`fk_product_fournisseur_price`),
  KEY `fk_entrepot` (`fk_entrepot`),
  KEY `fk_nomenclature` (`fk_nomenclature`),
  KEY `nomenclature_valide` (`nomenclature_valide`),
  KEY `fk_commandedet` (`fk_commandedet`),
  KEY `fk_assetOf_line_parent` (`fk_assetOf_line_parent`)
) ENGINE=InnoDB DEFAULT CHARSET=utf8mb3;

--
-- Dumping data for table `t1zhf_assetOf_line`
--

INSERT INTO `t1zhf_assetOf_line` VALUES (1,'2024-09-18 12:25:53','2024-09-18 12:27:06',1,1,4,-2,0,74,1,69,2,2,2,2,1,0,0,0,'TO_MAKE','OF00001','unit','',0),(2,'2024-09-18 12:25:54','2024-09-18 12:27:06',1,1,22,-2,0,11,1,0,40,40,40,40,1,0,0,0,'NEEDED','','unit','',1),(3,'2024-09-18 12:28:43','2024-09-18 18:50:35',1,2,69,-2,0,45,1,0,3,3,3,3,1,0,47.891666666667,0,'TO_MAKE','OF00002','unit','',0),(4,'2024-09-18 12:28:43','2024-09-18 18:50:35',1,2,59,-2,0,0,0,0,3,3,3,3,1,0,0,0,'NEEDED','','unit','',3),(5,'2024-09-18 12:28:43','2024-09-18 18:50:35',1,2,66,-2,0,0,0,0,1.5,1.5,1.5,1.5,1,0,12.45,0,'NEEDED','','unit','',3),(6,'2024-09-18 18:41:07','2024-09-18 18:43:01',1,3,24,-2,0,12,1,0,1,1,1,1,1,0,121,0,'TO_MAKE','OF00003','unit','',0),(7,'2024-09-18 18:41:07','2024-09-18 18:43:01',1,3,25,-2,0,13,1,0,1,1,1,1,1,0,120,0,'NEEDED','','unit','',6),(8,'2024-09-18 18:41:07','2024-09-18 18:43:01',1,3,28,-2,0,15,1,0,1,1,1,1,1,0,1,0,'NEEDED','','unit','',6),(9,'2024-09-23 16:23:44','2024-09-23 16:38:55',1,5,5,-2,0,1,1,0,3,3,3,3,1,0,675,0,'TO_MAKE','OF00005','unit','',0),(10,'2024-09-23 16:23:44','2024-09-23 16:38:55',1,5,3,-2,0,0,0,0,3,3,3,3,1,0,5,0,'NEEDED','','unit','',9),(11,'2024-09-23 16:23:44','2024-09-23 16:38:55',1,6,3,-2,0,0,0,0,3,3,3,3,1,0,0,0,'TO_MAKE','OF00006','unit','',10),(12,'2024-09-23 16:23:44','2024-09-23 16:38:55',1,5,4,-2,0,10,1,0,6,6,6,6,1,0,10,0,'NEEDED','','unit','',9),(13,'2024-09-23 16:23:44','2024-09-23 16:38:55',1,5,30,-2,0,0,0,0,3,3,3,3,1,0,500,0,'NEEDED','','unit','',9),(14,'2024-09-23 16:23:44','2024-09-23 16:38:51',1,7,30,-2,0,0,0,0,3,3,3,3,1,0,500,0,'TO_MAKE','OF00007','unit','',13),(15,'2024-09-23 16:40:24','2024-09-23 16:43:14',1,8,4,-2,0,10,1,0,10,10,10,10,1,0,0,0,'TO_MAKE','OF00008','unit','',0),(16,'2024-09-23 16:40:24','2024-09-23 16:43:14',1,8,22,-2,0,11,1,0,200,200,200,200,1,0,0,0,'NEEDED','','unit','',15),(17,'2024-09-23 16:40:24','2024-09-23 16:43:14',1,9,22,-2,0,11,1,0,200,200,200,200,1,0,0,0,'TO_MAKE','OF00010','unit','',16),(18,'2024-09-23 16:40:24','2024-09-23 16:43:14',1,9,23,-2,0,0,0,0,200,200,200,200,1,0,0,0,'NEEDED','','unit','',17),(19,'2024-09-23 16:40:25','2024-09-23 16:43:15',1,10,23,-2,0,0,0,0,200,200,200,200,1,0,0,0,'TO_MAKE','OF00009','unit','',18),(20,'2024-09-23 18:25:52','2024-09-23 18:38:17',1,11,69,-2,0,45,1,0,2,2,2,2,1,0,56.225,0,'TO_MAKE','OF00011','unit','',0),(21,'2024-09-23 18:25:52','2024-09-23 18:38:17',1,11,59,-2,0,0,0,0,2,2,2,2,1,0,0,0,'NEEDED','','unit','',20),(22,'2024-09-23 18:25:52','2024-09-23 18:38:17',1,11,66,-2,0,0,0,0,1,1,1,1,1,0,12.45,0,'NEEDED','','unit','',20),(23,'2024-09-23 19:14:22','2024-09-23 19:15:03',1,13,70,-2,0,85,1,80,10,10,10,10,1,0,0,0,'TO_MAKE','OF00013','unit','',0);

--
-- Table structure for table `t1zhf_asset_accountancy_codes_economic`
--

CREATE TABLE `t1zhf_asset_accountancy_codes_economic` (
  `rowid` int NOT NULL AUTO_INCREMENT,
  `fk_asset` int DEFAULT NULL,
  `fk_asset_model` int DEFAULT NULL,
  `asset` varchar(32) DEFAULT NULL,
  `depreciation_asset` varchar(32) DEFAULT NULL,
  `depreciation_expense` varchar(32) DEFAULT NULL,
  `value_asset_sold` varchar(32) DEFAULT NULL,
  `receivable_on_assignment` varchar(32) DEFAULT NULL,
  `proceeds_from_sales` varchar(32) DEFAULT NULL,
  `vat_collected` varchar(32) DEFAULT NULL,
  `vat_deductible` varchar(32) DEFAULT NULL,
  `tms` timestamp NULL DEFAULT CURRENT_TIMESTAMP ON UPDATE CURRENT_TIMESTAMP,
  `fk_user_modif` int DEFAULT NULL,
  PRIMARY KEY (`rowid`),
  UNIQUE KEY `uk_asset_ace_fk_asset` (`fk_asset`),
  UNIQUE KEY `uk_asset_ace_fk_asset_model` (`fk_asset_model`),
  KEY `idx_asset_ace_rowid` (`rowid`),
  KEY `fk_asset_ace_user_modif` (`fk_user_modif`),
  CONSTRAINT `fk_asset_ace_asset` FOREIGN KEY (`fk_asset`) REFERENCES `t1zhf_asset` (`rowid`) ON DELETE RESTRICT ON UPDATE RESTRICT,
  CONSTRAINT `fk_asset_ace_asset_model` FOREIGN KEY (`fk_asset_model`) REFERENCES `t1zhf_asset_model` (`rowid`) ON DELETE RESTRICT ON UPDATE RESTRICT,
  CONSTRAINT `fk_asset_ace_user_modif` FOREIGN KEY (`fk_user_modif`) REFERENCES `t1zhf_user` (`rowid`) ON DELETE RESTRICT ON UPDATE RESTRICT
) ENGINE=InnoDB DEFAULT CHARSET=latin1;

--
-- Dumping data for table `t1zhf_asset_accountancy_codes_economic`
--


--
-- Table structure for table `t1zhf_asset_accountancy_codes_fiscal`
--

CREATE TABLE `t1zhf_asset_accountancy_codes_fiscal` (
  `rowid` int NOT NULL AUTO_INCREMENT,
  `fk_asset` int DEFAULT NULL,
  `fk_asset_model` int DEFAULT NULL,
  `accelerated_depreciation` varchar(32) DEFAULT NULL,
  `endowment_accelerated_depreciation` varchar(32) DEFAULT NULL,
  `provision_accelerated_depreciation` varchar(32) DEFAULT NULL,
  `tms` timestamp NULL DEFAULT CURRENT_TIMESTAMP ON UPDATE CURRENT_TIMESTAMP,
  `fk_user_modif` int DEFAULT NULL,
  PRIMARY KEY (`rowid`),
  UNIQUE KEY `uk_asset_acf_fk_asset` (`fk_asset`),
  UNIQUE KEY `uk_asset_acf_fk_asset_model` (`fk_asset_model`),
  KEY `idx_asset_acf_rowid` (`rowid`),
  KEY `fk_asset_acf_user_modif` (`fk_user_modif`),
  CONSTRAINT `fk_asset_acf_asset` FOREIGN KEY (`fk_asset`) REFERENCES `t1zhf_asset` (`rowid`) ON DELETE RESTRICT ON UPDATE RESTRICT,
  CONSTRAINT `fk_asset_acf_asset_model` FOREIGN KEY (`fk_asset_model`) REFERENCES `t1zhf_asset_model` (`rowid`) ON DELETE RESTRICT ON UPDATE RESTRICT,
  CONSTRAINT `fk_asset_acf_user_modif` FOREIGN KEY (`fk_user_modif`) REFERENCES `t1zhf_user` (`rowid`) ON DELETE RESTRICT ON UPDATE RESTRICT
) ENGINE=InnoDB DEFAULT CHARSET=latin1;

--
-- Dumping data for table `t1zhf_asset_accountancy_codes_fiscal`
--


--
-- Table structure for table `t1zhf_asset_depreciation`
--

CREATE TABLE `t1zhf_asset_depreciation` (
  `rowid` int NOT NULL AUTO_INCREMENT,
  `fk_asset` int NOT NULL,
  `depreciation_mode` varchar(255) NOT NULL,
  `ref` varchar(255) NOT NULL,
  `depreciation_date` datetime NOT NULL,
  `depreciation_ht` double(24,8) NOT NULL,
  `cumulative_depreciation_ht` double(24,8) NOT NULL,
  `accountancy_code_debit` varchar(32) DEFAULT NULL,
  `accountancy_code_credit` varchar(32) DEFAULT NULL,
  `tms` timestamp NULL DEFAULT CURRENT_TIMESTAMP ON UPDATE CURRENT_TIMESTAMP,
  `fk_user_modif` int DEFAULT NULL,
  PRIMARY KEY (`rowid`),
  UNIQUE KEY `uk_asset_depreciation_fk_asset` (`fk_asset`,`depreciation_mode`,`ref`),
  KEY `idx_asset_depreciation_rowid` (`rowid`),
  KEY `idx_asset_depreciation_fk_asset` (`fk_asset`),
  KEY `idx_asset_depreciation_depreciation_mode` (`depreciation_mode`),
  KEY `idx_asset_depreciation_ref` (`ref`),
  KEY `fk_asset_depreciation_user_modif` (`fk_user_modif`),
  CONSTRAINT `fk_asset_depreciation_asset` FOREIGN KEY (`fk_asset`) REFERENCES `t1zhf_asset` (`rowid`) ON DELETE RESTRICT ON UPDATE RESTRICT,
  CONSTRAINT `fk_asset_depreciation_user_modif` FOREIGN KEY (`fk_user_modif`) REFERENCES `t1zhf_user` (`rowid`) ON DELETE RESTRICT ON UPDATE RESTRICT
) ENGINE=InnoDB DEFAULT CHARSET=latin1;

--
-- Dumping data for table `t1zhf_asset_depreciation`
--


--
-- Table structure for table `t1zhf_asset_depreciation_options_economic`
--

CREATE TABLE `t1zhf_asset_depreciation_options_economic` (
  `rowid` int NOT NULL AUTO_INCREMENT,
  `fk_asset` int DEFAULT NULL,
  `fk_asset_model` int DEFAULT NULL,
  `depreciation_type` smallint NOT NULL DEFAULT '0',
  `accelerated_depreciation_option` int DEFAULT NULL,
  `degressive_coefficient` double(24,8) DEFAULT NULL,
  `duration` smallint NOT NULL,
  `duration_type` smallint NOT NULL DEFAULT '0',
  `amount_base_depreciation_ht` double(24,8) DEFAULT NULL,
  `amount_base_deductible_ht` double(24,8) DEFAULT NULL,
  `total_amount_last_depreciation_ht` double(24,8) DEFAULT NULL,
  `tms` timestamp NULL DEFAULT CURRENT_TIMESTAMP ON UPDATE CURRENT_TIMESTAMP,
  `fk_user_modif` int DEFAULT NULL,
  PRIMARY KEY (`rowid`),
  UNIQUE KEY `uk_asset_doe_fk_asset` (`fk_asset`),
  UNIQUE KEY `uk_asset_doe_fk_asset_model` (`fk_asset_model`),
  KEY `idx_asset_doe_rowid` (`rowid`),
  KEY `fk_asset_doe_user_modif` (`fk_user_modif`),
  CONSTRAINT `fk_asset_doe_asset` FOREIGN KEY (`fk_asset`) REFERENCES `t1zhf_asset` (`rowid`) ON DELETE RESTRICT ON UPDATE RESTRICT,
  CONSTRAINT `fk_asset_doe_asset_model` FOREIGN KEY (`fk_asset_model`) REFERENCES `t1zhf_asset_model` (`rowid`) ON DELETE RESTRICT ON UPDATE RESTRICT,
  CONSTRAINT `fk_asset_doe_user_modif` FOREIGN KEY (`fk_user_modif`) REFERENCES `t1zhf_user` (`rowid`) ON DELETE RESTRICT ON UPDATE RESTRICT
) ENGINE=InnoDB DEFAULT CHARSET=latin1;

--
-- Dumping data for table `t1zhf_asset_depreciation_options_economic`
--


--
-- Table structure for table `t1zhf_asset_depreciation_options_fiscal`
--

CREATE TABLE `t1zhf_asset_depreciation_options_fiscal` (
  `rowid` int NOT NULL AUTO_INCREMENT,
  `fk_asset` int DEFAULT NULL,
  `fk_asset_model` int DEFAULT NULL,
  `depreciation_type` smallint NOT NULL DEFAULT '0',
  `degressive_coefficient` double(24,8) DEFAULT NULL,
  `duration` smallint NOT NULL,
  `duration_type` smallint NOT NULL DEFAULT '0',
  `amount_base_depreciation_ht` double(24,8) DEFAULT NULL,
  `amount_base_deductible_ht` double(24,8) DEFAULT NULL,
  `total_amount_last_depreciation_ht` double(24,8) DEFAULT NULL,
  `tms` timestamp NULL DEFAULT CURRENT_TIMESTAMP ON UPDATE CURRENT_TIMESTAMP,
  `fk_user_modif` int DEFAULT NULL,
  PRIMARY KEY (`rowid`),
  UNIQUE KEY `uk_asset_dof_fk_asset` (`fk_asset`),
  UNIQUE KEY `uk_asset_dof_fk_asset_model` (`fk_asset_model`),
  KEY `idx_asset_dof_rowid` (`rowid`),
  KEY `fk_asset_dof_user_modif` (`fk_user_modif`),
  CONSTRAINT `fk_asset_dof_asset` FOREIGN KEY (`fk_asset`) REFERENCES `t1zhf_asset` (`rowid`) ON DELETE RESTRICT ON UPDATE RESTRICT,
  CONSTRAINT `fk_asset_dof_asset_model` FOREIGN KEY (`fk_asset_model`) REFERENCES `t1zhf_asset_model` (`rowid`) ON DELETE RESTRICT ON UPDATE RESTRICT,
  CONSTRAINT `fk_asset_dof_user_modif` FOREIGN KEY (`fk_user_modif`) REFERENCES `t1zhf_user` (`rowid`) ON DELETE RESTRICT ON UPDATE RESTRICT
) ENGINE=InnoDB DEFAULT CHARSET=latin1;

--
-- Dumping data for table `t1zhf_asset_depreciation_options_fiscal`
--


--
-- Table structure for table `t1zhf_asset_extrafields`
--

CREATE TABLE `t1zhf_asset_extrafields` (
  `rowid` int NOT NULL AUTO_INCREMENT,
  `tms` timestamp NOT NULL DEFAULT CURRENT_TIMESTAMP ON UPDATE CURRENT_TIMESTAMP,
  `fk_object` int NOT NULL,
  `import_key` varchar(14) COLLATE utf8mb3_unicode_ci DEFAULT NULL,
  PRIMARY KEY (`rowid`),
  KEY `idx_asset_extrafields` (`fk_object`)
) ENGINE=InnoDB DEFAULT CHARSET=utf8mb3 COLLATE=utf8mb3_unicode_ci;

--
-- Dumping data for table `t1zhf_asset_extrafields`
--


--
-- Table structure for table `t1zhf_asset_model`
--

CREATE TABLE `t1zhf_asset_model` (
  `rowid` int NOT NULL AUTO_INCREMENT,
  `entity` int NOT NULL DEFAULT '1',
  `ref` varchar(128) NOT NULL,
  `label` varchar(255) NOT NULL,
  `asset_type` smallint NOT NULL,
  `fk_pays` int DEFAULT '0',
  `note_public` text,
  `note_private` text,
  `date_creation` datetime NOT NULL,
  `tms` timestamp NULL DEFAULT CURRENT_TIMESTAMP ON UPDATE CURRENT_TIMESTAMP,
  `fk_user_creat` int NOT NULL,
  `fk_user_modif` int DEFAULT NULL,
  `import_key` varchar(14) DEFAULT NULL,
  `status` smallint NOT NULL,
  PRIMARY KEY (`rowid`),
  UNIQUE KEY `uk_asset_model` (`entity`,`ref`),
  KEY `idx_asset_model_rowid` (`rowid`),
  KEY `idx_asset_model_ref` (`ref`),
  KEY `idx_asset_model_pays` (`fk_pays`),
  KEY `idx_asset_model_entity` (`entity`),
  KEY `fk_asset_model_user_creat` (`fk_user_creat`),
  KEY `fk_asset_model_user_modif` (`fk_user_modif`),
  CONSTRAINT `fk_asset_model_user_creat` FOREIGN KEY (`fk_user_creat`) REFERENCES `t1zhf_user` (`rowid`) ON DELETE RESTRICT ON UPDATE RESTRICT,
  CONSTRAINT `fk_asset_model_user_modif` FOREIGN KEY (`fk_user_modif`) REFERENCES `t1zhf_user` (`rowid`) ON DELETE RESTRICT ON UPDATE RESTRICT
) ENGINE=InnoDB DEFAULT CHARSET=latin1;

--
-- Dumping data for table `t1zhf_asset_model`
--


--
-- Table structure for table `t1zhf_asset_model_extrafields`
--

CREATE TABLE `t1zhf_asset_model_extrafields` (
  `rowid` int NOT NULL AUTO_INCREMENT,
  `tms` timestamp NULL DEFAULT CURRENT_TIMESTAMP ON UPDATE CURRENT_TIMESTAMP,
  `fk_object` int NOT NULL,
  `import_key` varchar(14) DEFAULT NULL,
  PRIMARY KEY (`rowid`),
  UNIQUE KEY `uk_asset_model_extrafields` (`fk_object`)
) ENGINE=InnoDB DEFAULT CHARSET=latin1;

--
-- Dumping data for table `t1zhf_asset_model_extrafields`
--


--
-- Table structure for table `t1zhf_asset_workstation_of`
--

CREATE TABLE `t1zhf_asset_workstation_of` (
  `rowid` int NOT NULL DEFAULT '0',
  `date_cre` datetime DEFAULT NULL,
  `date_maj` datetime DEFAULT NULL,
  `fk_assetOf` int NOT NULL DEFAULT '0',
  `fk_asset_workstation` int NOT NULL DEFAULT '0',
  `fk_project_task` int NOT NULL DEFAULT '0',
  `nb_hour` double NOT NULL DEFAULT '0',
  `nb_hour_real` double NOT NULL DEFAULT '0',
  `nb_hour_prepare` double NOT NULL DEFAULT '0',
  `rang` double NOT NULL DEFAULT '0',
  `thm` double NOT NULL DEFAULT '0',
  `nb_days_before_beginning` double NOT NULL DEFAULT '0',
  `nb_days_before_reapro` double NOT NULL DEFAULT '0',
  `note_private` longtext,
  PRIMARY KEY (`rowid`),
  KEY `date_cre` (`date_cre`),
  KEY `date_maj` (`date_maj`),
  KEY `fk_assetOf` (`fk_assetOf`),
  KEY `fk_asset_workstation` (`fk_asset_workstation`),
  KEY `fk_project_task` (`fk_project_task`)
) ENGINE=InnoDB DEFAULT CHARSET=utf8mb3;

--
-- Dumping data for table `t1zhf_asset_workstation_of`
--

INSERT INTO `t1zhf_asset_workstation_of` VALUES (1,'2024-09-18 12:28:43','2024-09-18 18:50:35',2,1,0,2.5,0,1,1,0,1,0,''),(2,'2024-09-23 16:23:44','2024-09-23 16:38:50',5,1,0,3,0,0,1,0,0,0,''),(3,'2024-09-23 16:23:44','2024-09-23 16:38:50',5,2,0,6,0,0,2,0,0,0,''),(4,'2024-09-23 18:25:52','2024-09-23 18:38:17',11,1,0,2,0,1,1,0,1,0,'');

--
-- Table structure for table `t1zhf_asset_workstation_product`
--

CREATE TABLE `t1zhf_asset_workstation_product` (
  `rowid` int NOT NULL DEFAULT '0',
  `date_cre` datetime DEFAULT NULL,
  `date_maj` datetime DEFAULT NULL,
  `fk_product` int NOT NULL DEFAULT '0',
  `fk_asset_workstation` int NOT NULL DEFAULT '0',
  `nb_hour_prepare` double NOT NULL DEFAULT '0',
  `nb_hour_manufacture` double NOT NULL DEFAULT '0',
  `nb_hour` double NOT NULL DEFAULT '0',
  `rang` double NOT NULL DEFAULT '0',
  PRIMARY KEY (`rowid`),
  KEY `date_cre` (`date_cre`),
  KEY `date_maj` (`date_maj`),
  KEY `fk_product` (`fk_product`),
  KEY `fk_asset_workstation` (`fk_asset_workstation`)
) ENGINE=InnoDB DEFAULT CHARSET=utf8mb3;

--
-- Dumping data for table `t1zhf_asset_workstation_product`
--


--
-- Table structure for table `t1zhf_asset_workstation_task`
--

CREATE TABLE `t1zhf_asset_workstation_task` (
  `rowid` int NOT NULL DEFAULT '0',
  `date_cre` datetime DEFAULT NULL,
  `date_maj` datetime DEFAULT NULL,
  `fk_workstation` int NOT NULL DEFAULT '0',
  `libelle` varchar(255) DEFAULT NULL,
  `description` longtext,
  PRIMARY KEY (`rowid`),
  KEY `date_cre` (`date_cre`),
  KEY `date_maj` (`date_maj`),
  KEY `fk_workstation` (`fk_workstation`)
) ENGINE=InnoDB DEFAULT CHARSET=utf8mb3;

--
-- Dumping data for table `t1zhf_asset_workstation_task`
--


--
-- Table structure for table `t1zhf_assetof_amounts`
--

CREATE TABLE `t1zhf_assetof_amounts` (
  `rowid` int NOT NULL AUTO_INCREMENT,
  `date_creation` datetime DEFAULT NULL,
  `tms` timestamp NULL DEFAULT NULL,
  `amount_estimated` varchar(255) DEFAULT NULL,
  `amount_real` varchar(255) DEFAULT NULL,
  `amount_diff` varchar(255) DEFAULT NULL,
  `date` datetime DEFAULT NULL,
  PRIMARY KEY (`rowid`),
  KEY `idx_assetof_amounts_date_creation` (`date_creation`),
  KEY `idx_assetof_amounts_tms` (`tms`)
) ENGINE=InnoDB DEFAULT CHARSET=utf8mb3;

--
-- Dumping data for table `t1zhf_assetof_amounts`
--


--
-- Table structure for table `t1zhf_bank`
--

CREATE TABLE `t1zhf_bank` (
  `rowid` int NOT NULL AUTO_INCREMENT,
  `datec` datetime DEFAULT NULL,
  `tms` timestamp NOT NULL DEFAULT CURRENT_TIMESTAMP ON UPDATE CURRENT_TIMESTAMP,
  `datev` date DEFAULT NULL,
  `dateo` date DEFAULT NULL,
  `amount` double(24,8) NOT NULL DEFAULT '0.00000000',
  `label` varchar(255) COLLATE utf8mb3_unicode_ci DEFAULT NULL,
  `fk_account` int DEFAULT NULL,
  `fk_user_author` int DEFAULT NULL,
  `fk_user_rappro` int DEFAULT NULL,
  `fk_type` varchar(6) COLLATE utf8mb3_unicode_ci DEFAULT NULL,
  `num_releve` varchar(50) COLLATE utf8mb3_unicode_ci DEFAULT NULL,
  `num_chq` varchar(50) COLLATE utf8mb3_unicode_ci DEFAULT NULL,
  `numero_compte` varchar(32) COLLATE utf8mb3_unicode_ci DEFAULT NULL,
  `rappro` tinyint DEFAULT '0',
  `note` text COLLATE utf8mb3_unicode_ci,
  `fk_bordereau` int DEFAULT '0',
  `banque` varchar(255) COLLATE utf8mb3_unicode_ci DEFAULT NULL,
  `emetteur` varchar(255) COLLATE utf8mb3_unicode_ci DEFAULT NULL,
  `author` varchar(40) COLLATE utf8mb3_unicode_ci DEFAULT NULL,
  `origin_id` int DEFAULT NULL,
  `origin_type` varchar(64) COLLATE utf8mb3_unicode_ci DEFAULT NULL,
  `import_key` varchar(14) COLLATE utf8mb3_unicode_ci DEFAULT NULL,
  `amount_main_currency` double(24,8) DEFAULT NULL,
  `position` int DEFAULT '0',
  PRIMARY KEY (`rowid`),
  KEY `idx_bank_datev` (`datev`),
  KEY `idx_bank_dateo` (`dateo`),
  KEY `idx_bank_fk_account` (`fk_account`),
  KEY `idx_bank_rappro` (`rappro`),
  KEY `idx_bank_num_releve` (`num_releve`)
) ENGINE=InnoDB AUTO_INCREMENT=28 DEFAULT CHARSET=utf8mb3 COLLATE=utf8mb3_unicode_ci;

--
-- Dumping data for table `t1zhf_bank`
--

INSERT INTO `t1zhf_bank` VALUES (1,'2019-01-08 12:33:49','2020-01-14 16:06:15','2019-01-08','2019-01-08',0.00000000,'(Solde initial)',1,1,1,'SOLD','20200101',NULL,'',1,NULL,0,NULL,NULL,NULL,NULL,NULL,NULL,NULL,0),(2,'2019-01-08 11:38:04','2020-01-14 16:06:15','2019-01-08','2019-01-08',168.00000000,'(CustomerInvoicePayment)',1,1,1,'VIR','20200101',NULL,'',1,NULL,0,NULL,'aqtisplus',NULL,NULL,NULL,NULL,NULL,0),(3,'2019-03-05 16:58:30','2021-02-11 14:30:27','2019-03-01','2019-03-01',7675.28000000,'(CustomerInvoicePayment)',1,1,1,'CHQ','20200101','14785','',1,NULL,1,'ca','aqtisplus',NULL,NULL,NULL,NULL,NULL,0),(4,'2019-12-09 11:26:45','2020-01-14 16:06:15','2019-12-09','2019-12-08',468.00000000,'(CustomerInvoicePayment)',1,1,1,'VIR','20200101',NULL,'',1,NULL,0,NULL,'google',NULL,NULL,NULL,NULL,NULL,0),(5,'2020-01-14 15:25:05','2020-01-14 16:06:15','2020-01-14','2020-01-14',1500.00000000,'(CustomerInvoicePayment)',1,1,1,'VIR','20200101','123','',1,NULL,0,NULL,'aqtisplus',NULL,NULL,NULL,NULL,NULL,0),(6,'2020-01-14 17:05:10','2020-01-14 16:06:15','2020-01-14','2020-01-14',-90.00000000,'interes',1,1,1,'VIR','20200101','1245','',1,NULL,0,NULL,NULL,NULL,NULL,NULL,NULL,NULL,0),(7,'2020-06-22 15:25:39','2021-02-11 14:33:26','2020-06-22','2020-06-22',20.00000000,'(CustomerInvoicePayment)',1,1,1,'VIR','20210201',NULL,'',1,NULL,0,NULL,'google',NULL,NULL,NULL,NULL,NULL,0),(8,'2021-02-11 15:04:19','2021-02-11 14:33:26','2021-02-11','2021-02-11',384.00000000,'(CustomerInvoicePayment)',1,1,1,'CHQ','20210201','dfgsdfgsdf','',1,NULL,1,'cio','Daniel Denis',NULL,NULL,NULL,NULL,NULL,0),(9,'2021-02-11 15:24:56','2021-02-11 14:33:26','2021-02-12','2021-02-10',-60.00000000,'(SupplierInvoicePayment)',1,1,1,'LIQ','20210201',NULL,'',1,NULL,0,NULL,NULL,NULL,NULL,NULL,NULL,NULL,0),(10,'2021-03-08 17:34:34','2021-03-08 16:34:34','2021-03-08','2021-03-08',-600.00000000,'(SupplierInvoicePayment)',1,1,NULL,'VIR',NULL,NULL,'',0,NULL,0,NULL,NULL,NULL,NULL,NULL,NULL,NULL,0),(11,'2021-03-24 12:00:50','2021-03-24 11:00:50','2021-03-24','2021-03-24',17467.09000000,'(CustomerInvoicePayment)',1,1,NULL,'VIR',NULL,'123456','',0,NULL,0,NULL,'aqtisplus',NULL,NULL,NULL,NULL,NULL,0),(12,'2021-05-25 16:35:00','2021-05-25 14:35:00','2021-05-25','2021-05-25',-20.44000000,'(SupplierInvoicePayment)',1,1,NULL,'VIR',NULL,NULL,'',0,NULL,0,NULL,NULL,NULL,NULL,NULL,NULL,NULL,0),(13,'2021-05-25 18:42:50','2021-05-25 16:42:50','2021-05-25','2021-05-25',40887.07000000,'(CustomerInvoicePayment)',1,1,NULL,'VIR',NULL,NULL,'',0,NULL,0,NULL,'aqtisplus',NULL,NULL,NULL,NULL,NULL,0),(14,'2021-05-25 18:43:40','2021-05-25 16:43:40','2021-05-25','2021-05-25',28515.00000000,'(CustomerInvoicePayment)',1,1,NULL,'CB',NULL,NULL,'',0,NULL,0,NULL,NULL,NULL,NULL,NULL,NULL,NULL,0),(15,'2021-05-25 18:44:33','2021-05-25 16:44:33','2021-05-25','2021-05-25',1250.80000000,'(CustomerInvoicePayment)',1,1,NULL,'VIR',NULL,NULL,'',0,NULL,0,NULL,'google',NULL,NULL,NULL,NULL,NULL,0),(16,'2021-05-25 18:44:57','2021-05-25 16:44:57','2021-05-25','2021-05-25',8880.00000000,'(CustomerInvoicePayment)',1,1,NULL,'VIR',NULL,NULL,'',0,NULL,0,NULL,'Microsoft',NULL,NULL,NULL,NULL,NULL,0),(17,'2021-05-25 18:45:33','2021-05-25 16:45:33','2021-05-25','2021-05-25',10.00000000,'(CustomerInvoicePayment)',1,1,NULL,'CB',NULL,NULL,'',0,NULL,0,NULL,NULL,NULL,NULL,NULL,NULL,NULL,0),(18,'2021-10-19 16:01:30','2021-10-19 14:06:38','2021-10-21','2021-10-18',16706.06000000,'(CustomerInvoicePayment)',1,1,NULL,'VIR',NULL,NULL,'',0,NULL,0,NULL,'aqtisplus',NULL,NULL,NULL,NULL,NULL,0),(19,'2022-02-18 16:28:38','2022-02-18 15:28:38','2022-02-18','2022-02-18',225.60000000,'(CustomerInvoicePayment)',1,1,NULL,'VIR',NULL,NULL,'',0,NULL,0,NULL,'aqtisplus',NULL,NULL,NULL,NULL,NULL,0),(20,'2023-04-25 11:45:01','2023-04-25 09:45:01','2023-04-25','2023-04-25',422.00000000,'(CustomerInvoicePayment)',1,1,NULL,'VIR',NULL,NULL,'',0,NULL,0,NULL,'google',NULL,NULL,NULL,NULL,NULL,0),(21,'2023-06-28 11:11:41','2023-06-28 09:11:41','2023-06-28','2023-06-28',1200.00000000,'(CustomerInvoicePayment)',1,1,NULL,'VIR',NULL,NULL,'',0,NULL,0,NULL,'aqtisplus',NULL,NULL,NULL,NULL,NULL,0),(23,'2023-06-28 11:42:08','2023-09-14 10:03:14','2023-06-28','2023-06-29',1.50000000,'(CustomerInvoicePayment)',1,1,NULL,'CHQ','20230914',NULL,'',1,NULL,0,NULL,'aqtisplus',NULL,NULL,NULL,NULL,NULL,0),(24,'2023-09-14 16:52:55','2023-09-14 14:52:55','2023-09-14','2023-09-14',36.00000000,'(CustomerInvoicePayment)',1,1,NULL,'CB',NULL,NULL,'',0,NULL,0,NULL,NULL,NULL,NULL,NULL,NULL,NULL,0),(25,'2023-09-14 17:02:34','2023-09-14 15:02:34','2023-09-14','2023-09-14',158.40000000,'(CustomerInvoicePayment)',1,1,NULL,'CHQ',NULL,'TC1-2309-0001','',0,NULL,0,NULL,NULL,NULL,NULL,NULL,NULL,NULL,0),(26,'2024-09-02 16:02:06','2024-09-02 14:02:06','2024-09-02','2024-09-02',0.00000000,'(InitialBankBalance)',2,NULL,NULL,'SOLD',NULL,NULL,'',0,NULL,0,NULL,NULL,NULL,NULL,NULL,NULL,NULL,0),(27,'2024-09-09 15:59:19','2024-09-09 13:59:19','2024-09-09','2024-09-09',5000.00000000,'(CustomerInvoicePayment)',1,1,NULL,'VIR',NULL,NULL,'',0,NULL,0,NULL,'ELECMIC',NULL,NULL,NULL,NULL,NULL,0);

--
-- Table structure for table `t1zhf_bank_account_extrafields`
--

CREATE TABLE `t1zhf_bank_account_extrafields` (
  `rowid` int NOT NULL AUTO_INCREMENT,
  `tms` timestamp NOT NULL DEFAULT CURRENT_TIMESTAMP ON UPDATE CURRENT_TIMESTAMP,
  `fk_object` int NOT NULL,
  `import_key` varchar(14) COLLATE utf8mb3_unicode_ci DEFAULT NULL,
  PRIMARY KEY (`rowid`),
  UNIQUE KEY `uk_bank_account_extrafields` (`fk_object`)
) ENGINE=InnoDB DEFAULT CHARSET=utf8mb3 COLLATE=utf8mb3_unicode_ci;

--
-- Dumping data for table `t1zhf_bank_account_extrafields`
--


--
-- Table structure for table `t1zhf_bank_categ`
--

CREATE TABLE `t1zhf_bank_categ` (
  `rowid` int NOT NULL AUTO_INCREMENT,
  `label` varchar(255) COLLATE utf8mb3_unicode_ci DEFAULT NULL,
  `entity` int NOT NULL DEFAULT '1',
  PRIMARY KEY (`rowid`)
) ENGINE=InnoDB DEFAULT CHARSET=utf8mb3 COLLATE=utf8mb3_unicode_ci;

--
-- Dumping data for table `t1zhf_bank_categ`
--


--
-- Table structure for table `t1zhf_bank_class`
--

CREATE TABLE `t1zhf_bank_class` (
  `lineid` int NOT NULL,
  `fk_categ` int NOT NULL,
  UNIQUE KEY `uk_bank_class_lineid` (`lineid`,`fk_categ`)
) ENGINE=InnoDB DEFAULT CHARSET=utf8mb3 COLLATE=utf8mb3_unicode_ci;

--
-- Dumping data for table `t1zhf_bank_class`
--


--
-- Table structure for table `t1zhf_bank_extrafields`
--

CREATE TABLE `t1zhf_bank_extrafields` (
  `rowid` int NOT NULL AUTO_INCREMENT,
  `tms` timestamp NULL DEFAULT CURRENT_TIMESTAMP ON UPDATE CURRENT_TIMESTAMP,
  `fk_object` int NOT NULL,
  `import_key` varchar(14) DEFAULT NULL,
  PRIMARY KEY (`rowid`),
  UNIQUE KEY `uk_bank_extrafields` (`fk_object`)
) ENGINE=InnoDB DEFAULT CHARSET=latin1;

--
-- Dumping data for table `t1zhf_bank_extrafields`
--


--
-- Table structure for table `t1zhf_bank_url`
--

CREATE TABLE `t1zhf_bank_url` (
  `rowid` int NOT NULL AUTO_INCREMENT,
  `fk_bank` int DEFAULT NULL,
  `url_id` int DEFAULT NULL,
  `url` varchar(255) COLLATE utf8mb3_unicode_ci DEFAULT NULL,
  `label` varchar(255) COLLATE utf8mb3_unicode_ci DEFAULT NULL,
  `type` varchar(24) COLLATE utf8mb3_unicode_ci NOT NULL,
  PRIMARY KEY (`rowid`),
  UNIQUE KEY `uk_bank_url` (`fk_bank`,`url_id`,`type`),
  KEY `idx_bank_url_url_id` (`url_id`)
) ENGINE=InnoDB AUTO_INCREMENT=49 DEFAULT CHARSET=utf8mb3 COLLATE=utf8mb3_unicode_ci;

--
-- Dumping data for table `t1zhf_bank_url`
--

INSERT INTO `t1zhf_bank_url` VALUES (1,2,1,'/dolibarr/htdocs/compta/paiement/card.php?id=','(paiement)','payment'),(2,2,1,'/dolibarr/htdocs/comm/card.php?socid=','aqtisplus','company'),(3,3,2,'/dolibarr/htdocs/compta/paiement/card.php?id=','(paiement)','payment'),(4,3,1,'/dolibarr/htdocs/comm/card.php?socid=','aqtisplus','company'),(5,4,3,'/dolibarr/htdocs/compta/paiement/card.php?id=','(paiement)','payment'),(6,4,4,'/dolibarr/htdocs/comm/card.php?socid=','google','company'),(7,5,4,'/dolibarr/htdocs/compta/paiement/card.php?id=','(paiement)','payment'),(8,5,1,'/dolibarr/htdocs/comm/card.php?socid=','aqtisplus','company'),(9,7,5,'/dolibarr/htdocs/compta/paiement/card.php?id=','(paiement)','payment'),(10,7,4,'/dolibarr/htdocs/comm/card.php?socid=','google','company'),(11,8,6,'/dolibarr/htdocs/compta/paiement/card.php?id=','(paiement)','payment'),(12,8,7,'/dolibarr/htdocs/comm/card.php?socid=','Daniel Denis','company'),(13,9,1,'/dolibarr/htdocs/fourn/paiement/card.php?id=','(paiement)','payment_supplier'),(14,9,1,'/dolibarr/htdocs/fourn/card.php?socid=','aqtisplus','company'),(15,10,2,'/dolibarr/htdocs/fourn/paiement/card.php?id=','(paiement)','payment_supplier'),(16,10,4,'/dolibarr/htdocs/fourn/card.php?socid=','google','company'),(17,11,7,'/dolibarr/htdocs/compta/paiement/card.php?id=','(paiement)','payment'),(18,11,1,'/dolibarr/htdocs/comm/card.php?socid=','aqtisplus','company'),(19,12,3,'/dolibarr/htdocs/fourn/paiement/card.php?id=','(paiement)','payment_supplier'),(20,12,6,'/dolibarr/htdocs/fourn/card.php?socid=','Thyssen','company'),(21,13,8,'/dolibarr/htdocs/compta/paiement/card.php?id=','(paiement)','payment'),(22,13,1,'/dolibarr/htdocs/comm/card.php?socid=','aqtisplus','company'),(23,14,9,'/dolibarr/htdocs/compta/paiement/card.php?id=','(paiement)','payment'),(24,14,3,'/dolibarr/htdocs/comm/card.php?socid=','Orange','company'),(25,15,10,'/dolibarr/htdocs/compta/paiement/card.php?id=','(paiement)','payment'),(26,15,4,'/dolibarr/htdocs/comm/card.php?socid=','google','company'),(27,16,11,'/dolibarr/htdocs/compta/paiement/card.php?id=','(paiement)','payment'),(28,16,2,'/dolibarr/htdocs/comm/card.php?socid=','Microsoft','company'),(29,17,12,'/dolibarr/htdocs/compta/paiement/card.php?id=','(paiement)','payment'),(30,17,4,'/dolibarr/htdocs/comm/card.php?socid=','google','company'),(31,18,13,'/dolibarr/htdocs/compta/paiement/card.php?id=','(paiement)','payment'),(32,18,1,'/dolibarr/htdocs/comm/card.php?socid=','aqtisplus','company'),(33,19,14,'/dolibarr/htdocs/compta/paiement/card.php?id=','(paiement)','payment'),(34,19,1,'/dolibarr/htdocs/comm/card.php?socid=','aqtisplus','company'),(35,20,15,'/dolibarr/htdocs/compta/paiement/card.php?id=','(paiement)','payment'),(36,20,4,'/dolibarr/htdocs/comm/card.php?socid=','google','company'),(37,21,16,'/dolibarr/htdocs/compta/paiement/card.php?id=','(paiement)','payment'),(38,21,1,'/dolibarr/htdocs/comm/card.php?socid=','aqtisplus','company'),(41,23,18,'/dolibarr/htdocs/compta/paiement/card.php?id=','(paiement)','payment'),(42,23,1,'/dolibarr/htdocs/comm/card.php?socid=','aqtisplus','company'),(43,24,19,'/dolibarr/htdocs/compta/paiement/card.php?id=','(paiement)','payment'),(44,24,1,'/dolibarr/htdocs/comm/card.php?socid=','aqtisplus','company'),(45,25,20,'/dolibarr/htdocs/compta/paiement/card.php?id=','(paiement)','payment'),(46,25,1,'/dolibarr/htdocs/comm/card.php?socid=','aqtisplus','company'),(47,27,21,'/dolibarr/htdocs/compta/paiement/card.php?id=','(paiement)','payment'),(48,27,9,'/dolibarr/htdocs/comm/card.php?socid=','ELECMIC','company');

--
-- Table structure for table `t1zhf_blockedlog`
--

CREATE TABLE `t1zhf_blockedlog` (
  `rowid` int NOT NULL AUTO_INCREMENT,
  `entity` int NOT NULL DEFAULT '1',
  `date_creation` datetime DEFAULT NULL,
  `tms` timestamp NOT NULL DEFAULT CURRENT_TIMESTAMP ON UPDATE CURRENT_TIMESTAMP,
  `action` varchar(50) COLLATE utf8mb3_unicode_ci DEFAULT NULL,
  `amounts` double(24,8) NOT NULL,
  `element` varchar(50) COLLATE utf8mb3_unicode_ci DEFAULT NULL,
  `fk_user` int DEFAULT NULL,
  `user_fullname` varchar(255) COLLATE utf8mb3_unicode_ci DEFAULT NULL,
  `fk_object` int DEFAULT NULL,
  `ref_object` varchar(255) COLLATE utf8mb3_unicode_ci DEFAULT NULL,
  `date_object` datetime DEFAULT NULL,
  `signature` varchar(100) COLLATE utf8mb3_unicode_ci NOT NULL,
  `signature_line` varchar(100) COLLATE utf8mb3_unicode_ci NOT NULL,
  `object_data` mediumtext COLLATE utf8mb3_unicode_ci,
  `certified` int DEFAULT NULL,
  `object_version` varchar(32) COLLATE utf8mb3_unicode_ci DEFAULT '',
  PRIMARY KEY (`rowid`),
  KEY `signature` (`signature`),
  KEY `fk_object_element` (`fk_object`,`element`),
  KEY `entity` (`entity`),
  KEY `fk_user` (`fk_user`),
  KEY `entity_action` (`entity`,`action`),
  KEY `entity_action_certified` (`entity`,`action`,`certified`)
) ENGINE=InnoDB AUTO_INCREMENT=29 DEFAULT CHARSET=utf8mb3 COLLATE=utf8mb3_unicode_ci;

--
-- Dumping data for table `t1zhf_blockedlog`
--

INSERT INTO `t1zhf_blockedlog` VALUES (1,1,'2023-06-28 11:32:12','2023-06-28 09:32:12','MODULE_SET',0.00000000,'module',1,'SuperAdmin',1,'systemevent','2023-06-28 11:32:12','97098c3e46f1fcc2bb06667360ca45eadf226d2624ff524c8786f06b5fced078','02317d05d90d4dc096d2c60c68411d54e879f8c9d828a413f83b11de37deb5c2','O:8:\"stdClass\":6:{s:9:\"mycompany\";O:8:\"stdClass\":16:{s:4:\"name\";s:7:\"maboite\";s:7:\"address\";s:20:\"21 rue Emile Grasset\";s:3:\"zip\";s:5:\"49300\";s:4:\"town\";s:6:\"CHOLET\";s:10:\"state_code\";s:2:\"49\";s:5:\"phone\";s:10:\"0661598768\";s:5:\"email\";s:23:\"aqtisplus@aqtisplus.com\";s:7:\"idprof1\";s:9:\"484266987\";s:7:\"idprof2\";s:14:\"48426698700014\";s:7:\"idprof3\";s:5:\"7022Z\";s:7:\"idprof4\";s:6:\"Angers\";s:9:\"tva_intra\";s:13:\"FR57484266987\";s:15:\"localtax1_assuj\";i:0;s:15:\"localtax2_assuj\";i:0;s:20:\"forme_juridique_code\";s:2:\"11\";s:12:\"country_code\";s:2:\"FR\";}s:2:\"id\";i:1;s:7:\"element\";s:6:\"module\";s:3:\"ref\";s:11:\"systemevent\";s:6:\"entity\";i:1;s:4:\"date\";i:1687944732;}',0,''),(2,1,'2023-06-28 11:36:21','2023-06-28 09:36:21','BILL_VALIDATE',1.20000000,'facture',1,'SuperAdmin',63,'FA2306-0052','2023-06-28 11:36:21','57ddf8751e4e6253ed7997d54af2bd96f3150cedf302a199554bb786615880bd','38e89cf5a511073343b312fb29d53dcaaba2cfdf176e258a847e68cb5d45a043','O:8:\"stdClass\":9:{s:10:\"thirdparty\";O:8:\"stdClass\":15:{s:4:\"name\";s:9:\"aqtisplus\";s:7:\"address\";s:20:\"21 rue Emile Grasset\";s:3:\"zip\";s:5:\"49300\";s:4:\"town\";s:6:\"cholet\";s:10:\"state_code\";s:2:\"49\";s:5:\"phone\";s:10:\"0241651414\";s:5:\"email\";s:21:\"p.neveu@aqtisplus.com\";s:9:\"tva_intra\";s:13:\"FR57484266986\";s:15:\"localtax1_value\";s:5:\"0.000\";s:15:\"localtax2_value\";s:5:\"0.000\";s:11:\"typent_code\";s:9:\"TE_MEDIUM\";s:20:\"forme_juridique_code\";s:2:\"11\";s:11:\"code_client\";s:11:\"CU1901-0001\";s:16:\"code_fournisseur\";s:11:\"SU1901-0001\";s:12:\"country_code\";s:2:\"FR\";}s:9:\"mycompany\";O:8:\"stdClass\":16:{s:4:\"name\";s:7:\"maboite\";s:7:\"address\";s:20:\"21 rue Emile Grasset\";s:3:\"zip\";s:5:\"49300\";s:4:\"town\";s:6:\"CHOLET\";s:10:\"state_code\";s:2:\"49\";s:5:\"phone\";s:10:\"0661598768\";s:5:\"email\";s:23:\"aqtisplus@aqtisplus.com\";s:7:\"idprof1\";s:9:\"484266987\";s:7:\"idprof2\";s:14:\"48426698700014\";s:7:\"idprof3\";s:5:\"7022Z\";s:7:\"idprof4\";s:6:\"Angers\";s:9:\"tva_intra\";s:13:\"FR57484266987\";s:15:\"localtax1_assuj\";i:0;s:15:\"localtax2_assuj\";i:0;s:20:\"forme_juridique_code\";s:2:\"11\";s:12:\"country_code\";s:2:\"FR\";}s:4:\"date\";i:1687944981;s:4:\"type\";i:0;s:8:\"total_ht\";d:1;s:9:\"total_tva\";d:0.2;s:9:\"total_ttc\";d:1.2;s:11:\"invoiceline\";a:1:{i:1;O:8:\"stdClass\":16:{s:18:\"multicurrency_code\";s:3:\"EUR\";s:22:\"multicurrency_total_ht\";s:10:\"1.00000000\";s:23:\"multicurrency_total_tva\";s:10:\"0.20000000\";s:23:\"multicurrency_total_ttc\";s:10:\"1.20000000\";s:3:\"ref\";s:6:\"CREAC3\";s:12:\"product_type\";s:1:\"0\";s:3:\"qty\";s:1:\"1\";s:6:\"tva_tx\";s:6:\"20.000\";s:12:\"localtax1_tx\";s:5:\"0.000\";s:12:\"localtax2_tx\";s:5:\"0.000\";s:8:\"total_ht\";s:10:\"1.00000000\";s:9:\"total_tva\";s:10:\"0.20000000\";s:15:\"total_localtax1\";s:10:\"0.00000000\";s:15:\"total_localtax2\";s:10:\"0.00000000\";s:9:\"total_ttc\";s:10:\"1.20000000\";s:9:\"info_bits\";s:1:\"0\";}}s:3:\"ref\";s:11:\"FA2306-0052\";}',0,''),(3,1,'2023-06-28 11:36:21','2023-06-28 09:36:21','PAYMENT_CUSTOMER_CREATE',1.20000000,'payment',1,'SuperAdmin',17,'PAY2306-0017','2023-06-28 11:36:21','4277635a85a45cddc7a39414f0869915edfed0f51a96f816649d054b35cdf809','f48edd4a42332612b5a1e094fca5331aec1ed0d43aaa37289f44acb816002ffa','O:8:\"stdClass\":7:{s:10:\"thirdparty\";O:8:\"stdClass\":15:{s:4:\"name\";s:9:\"aqtisplus\";s:7:\"address\";s:20:\"21 rue Emile Grasset\";s:3:\"zip\";s:5:\"49300\";s:4:\"town\";s:6:\"cholet\";s:10:\"state_code\";s:2:\"49\";s:5:\"phone\";s:10:\"0241651414\";s:5:\"email\";s:21:\"p.neveu@aqtisplus.com\";s:9:\"tva_intra\";s:13:\"FR57484266986\";s:15:\"localtax1_value\";s:5:\"0.000\";s:15:\"localtax2_value\";s:5:\"0.000\";s:11:\"typent_code\";s:9:\"TE_MEDIUM\";s:20:\"forme_juridique_code\";s:2:\"11\";s:11:\"code_client\";s:11:\"CU1901-0001\";s:16:\"code_fournisseur\";s:11:\"SU1901-0001\";s:12:\"country_code\";s:2:\"FR\";}s:9:\"mycompany\";O:8:\"stdClass\":16:{s:4:\"name\";s:7:\"maboite\";s:7:\"address\";s:20:\"21 rue Emile Grasset\";s:3:\"zip\";s:5:\"49300\";s:4:\"town\";s:6:\"CHOLET\";s:10:\"state_code\";s:2:\"49\";s:5:\"phone\";s:10:\"0661598768\";s:5:\"email\";s:23:\"aqtisplus@aqtisplus.com\";s:7:\"idprof1\";s:9:\"484266987\";s:7:\"idprof2\";s:14:\"48426698700014\";s:7:\"idprof3\";s:5:\"7022Z\";s:7:\"idprof4\";s:6:\"Angers\";s:9:\"tva_intra\";s:13:\"FR57484266987\";s:15:\"localtax1_assuj\";i:0;s:15:\"localtax2_assuj\";i:0;s:20:\"forme_juridique_code\";s:2:\"11\";s:12:\"country_code\";s:2:\"FR\";}s:3:\"ref\";s:12:\"PAY2306-0017\";s:4:\"date\";i:1687944981;s:9:\"type_code\";s:2:\"CB\";s:12:\"payment_part\";a:1:{i:1;O:8:\"stdClass\":3:{s:6:\"amount\";s:3:\"1.2\";s:10:\"thirdparty\";O:8:\"stdClass\":15:{s:4:\"name\";s:9:\"aqtisplus\";s:7:\"address\";s:20:\"21 rue Emile Grasset\";s:3:\"zip\";s:5:\"49300\";s:4:\"town\";s:6:\"cholet\";s:10:\"state_code\";s:2:\"49\";s:5:\"phone\";s:10:\"0241651414\";s:5:\"email\";s:21:\"p.neveu@aqtisplus.com\";s:9:\"tva_intra\";s:13:\"FR57484266986\";s:15:\"localtax1_value\";s:5:\"0.000\";s:15:\"localtax2_value\";s:5:\"0.000\";s:11:\"typent_code\";s:9:\"TE_MEDIUM\";s:20:\"forme_juridique_code\";s:2:\"11\";s:11:\"code_client\";s:11:\"CU1901-0001\";s:16:\"code_fournisseur\";s:11:\"SU1901-0001\";s:12:\"country_code\";s:2:\"FR\";}s:7:\"invoice\";O:8:\"stdClass\":7:{s:4:\"date\";i:1687903200;s:4:\"type\";s:1:\"0\";s:8:\"total_ht\";s:10:\"1.00000000\";s:9:\"total_tva\";s:10:\"0.20000000\";s:9:\"total_ttc\";s:10:\"1.20000000\";s:12:\"revenuestamp\";s:10:\"0.00000000\";s:3:\"ref\";s:11:\"FA2306-0052\";}}}s:6:\"amount\";d:1.2;}',0,''),(4,1,'2023-06-28 11:37:16','2023-06-28 09:37:16','PAYMENT_CUSTOMER_DELETE',1.20000000,'payment',1,'SuperAdmin',17,'PAY2306-0017','2023-06-28 11:36:21','476ede37d17987e2739bdc9a658c7733a2973956a3c0ff1de58112a39215c853','52746df3c62dd4185c9102e37518c77b47f213645b66e23eff07b11c9f8aa280','O:8:\"stdClass\":6:{s:10:\"thirdparty\";O:8:\"stdClass\":15:{s:4:\"name\";s:9:\"aqtisplus\";s:7:\"address\";s:20:\"21 rue Emile Grasset\";s:3:\"zip\";s:5:\"49300\";s:4:\"town\";s:6:\"cholet\";s:10:\"state_code\";s:2:\"49\";s:5:\"phone\";s:10:\"0241651414\";s:5:\"email\";s:21:\"p.neveu@aqtisplus.com\";s:9:\"tva_intra\";s:13:\"FR57484266986\";s:15:\"localtax1_value\";s:5:\"0.000\";s:15:\"localtax2_value\";s:5:\"0.000\";s:11:\"typent_code\";s:9:\"TE_MEDIUM\";s:20:\"forme_juridique_code\";s:2:\"11\";s:11:\"code_client\";s:11:\"CU1901-0001\";s:16:\"code_fournisseur\";s:11:\"SU1901-0001\";s:12:\"country_code\";s:2:\"FR\";}s:9:\"mycompany\";O:8:\"stdClass\":16:{s:4:\"name\";s:7:\"maboite\";s:7:\"address\";s:20:\"21 rue Emile Grasset\";s:3:\"zip\";s:5:\"49300\";s:4:\"town\";s:6:\"CHOLET\";s:10:\"state_code\";s:2:\"49\";s:5:\"phone\";s:10:\"0661598768\";s:5:\"email\";s:23:\"aqtisplus@aqtisplus.com\";s:7:\"idprof1\";s:9:\"484266987\";s:7:\"idprof2\";s:14:\"48426698700014\";s:7:\"idprof3\";s:5:\"7022Z\";s:7:\"idprof4\";s:6:\"Angers\";s:9:\"tva_intra\";s:13:\"FR57484266987\";s:15:\"localtax1_assuj\";i:0;s:15:\"localtax2_assuj\";i:0;s:20:\"forme_juridique_code\";s:2:\"11\";s:12:\"country_code\";s:2:\"FR\";}s:3:\"ref\";s:12:\"PAY2306-0017\";s:4:\"date\";i:1687944981;s:9:\"type_code\";s:0:\"\";s:6:\"amount\";s:10:\"1.20000000\";}',0,''),(5,1,'2023-06-28 11:38:11','2023-06-28 09:38:11','BILL_VALIDATE',1.50000000,'facture',1,'SuperAdmin',63,'FA2306-0052','2023-06-28 00:00:00','9c002a6b262ec8c0d977e8d85c9e10f6a4ec8b86379a04d74380f508fc989656','b81d80a84cbb0ad4d2464a4ab6cdde88b288265c32c4d909efa3e7f9f7acfbe0','O:8:\"stdClass\":10:{s:10:\"thirdparty\";O:8:\"stdClass\":15:{s:4:\"name\";s:9:\"aqtisplus\";s:7:\"address\";s:20:\"21 rue Emile Grasset\";s:3:\"zip\";s:5:\"49300\";s:4:\"town\";s:6:\"cholet\";s:10:\"state_code\";s:2:\"49\";s:5:\"phone\";s:10:\"0241651414\";s:5:\"email\";s:21:\"p.neveu@aqtisplus.com\";s:9:\"tva_intra\";s:13:\"FR57484266986\";s:15:\"localtax1_value\";s:5:\"0.000\";s:15:\"localtax2_value\";s:5:\"0.000\";s:11:\"typent_code\";s:9:\"TE_MEDIUM\";s:20:\"forme_juridique_code\";s:2:\"11\";s:11:\"code_client\";s:11:\"CU1901-0001\";s:16:\"code_fournisseur\";s:11:\"SU1901-0001\";s:12:\"country_code\";s:2:\"FR\";}s:9:\"mycompany\";O:8:\"stdClass\":16:{s:4:\"name\";s:7:\"maboite\";s:7:\"address\";s:20:\"21 rue Emile Grasset\";s:3:\"zip\";s:5:\"49300\";s:4:\"town\";s:6:\"CHOLET\";s:10:\"state_code\";s:2:\"49\";s:5:\"phone\";s:10:\"0661598768\";s:5:\"email\";s:23:\"aqtisplus@aqtisplus.com\";s:7:\"idprof1\";s:9:\"484266987\";s:7:\"idprof2\";s:14:\"48426698700014\";s:7:\"idprof3\";s:5:\"7022Z\";s:7:\"idprof4\";s:6:\"Angers\";s:9:\"tva_intra\";s:13:\"FR57484266987\";s:15:\"localtax1_assuj\";i:0;s:15:\"localtax2_assuj\";i:0;s:20:\"forme_juridique_code\";s:2:\"11\";s:12:\"country_code\";s:2:\"FR\";}s:4:\"date\";i:1687903200;s:4:\"type\";s:1:\"0\";s:8:\"total_ht\";d:1.25;s:9:\"total_tva\";d:0.25;s:9:\"total_ttc\";d:1.5;s:12:\"revenuestamp\";s:10:\"0.00000000\";s:11:\"invoiceline\";a:1:{i:1;O:8:\"stdClass\":16:{s:18:\"multicurrency_code\";s:3:\"EUR\";s:22:\"multicurrency_total_ht\";s:10:\"1.25000000\";s:23:\"multicurrency_total_tva\";s:10:\"0.25000000\";s:23:\"multicurrency_total_ttc\";s:10:\"1.50000000\";s:3:\"ref\";s:6:\"CREAC3\";s:12:\"product_type\";s:1:\"0\";s:3:\"qty\";s:1:\"1\";s:6:\"tva_tx\";s:6:\"20.000\";s:12:\"localtax1_tx\";s:5:\"0.000\";s:12:\"localtax2_tx\";s:5:\"0.000\";s:8:\"total_ht\";s:10:\"1.25000000\";s:9:\"total_tva\";s:10:\"0.25000000\";s:15:\"total_localtax1\";s:10:\"0.00000000\";s:15:\"total_localtax2\";s:10:\"0.00000000\";s:9:\"total_ttc\";s:10:\"1.50000000\";s:9:\"info_bits\";s:1:\"0\";}}s:3:\"ref\";s:11:\"FA2306-0052\";}',0,''),(6,1,'2023-06-28 11:42:08','2023-06-28 09:42:08','PAYMENT_CUSTOMER_CREATE',1.50000000,'payment',1,'SuperAdmin',18,'PAY2306-0017','2023-06-28 12:00:00','e21d226dcb892ddac26ceb708510ac3ad671d488bd90e0325f0d2dea36214861','875a6a3e30332300f3dd1b7dce73d581edd1c26fb3f62f2408eedd1eecba8d1f','O:8:\"stdClass\":7:{s:10:\"thirdparty\";O:8:\"stdClass\":15:{s:4:\"name\";s:9:\"aqtisplus\";s:7:\"address\";s:20:\"21 rue Emile Grasset\";s:3:\"zip\";s:5:\"49300\";s:4:\"town\";s:6:\"cholet\";s:10:\"state_code\";s:2:\"49\";s:5:\"phone\";s:10:\"0241651414\";s:5:\"email\";s:21:\"p.neveu@aqtisplus.com\";s:9:\"tva_intra\";s:13:\"FR57484266986\";s:15:\"localtax1_value\";s:5:\"0.000\";s:15:\"localtax2_value\";s:5:\"0.000\";s:11:\"typent_code\";s:9:\"TE_MEDIUM\";s:20:\"forme_juridique_code\";s:2:\"11\";s:11:\"code_client\";s:11:\"CU1901-0001\";s:16:\"code_fournisseur\";s:11:\"SU1901-0001\";s:12:\"country_code\";s:2:\"FR\";}s:9:\"mycompany\";O:8:\"stdClass\":16:{s:4:\"name\";s:7:\"maboite\";s:7:\"address\";s:20:\"21 rue Emile Grasset\";s:3:\"zip\";s:5:\"49300\";s:4:\"town\";s:6:\"CHOLET\";s:10:\"state_code\";s:2:\"49\";s:5:\"phone\";s:10:\"0661598768\";s:5:\"email\";s:23:\"aqtisplus@aqtisplus.com\";s:7:\"idprof1\";s:9:\"484266987\";s:7:\"idprof2\";s:14:\"48426698700014\";s:7:\"idprof3\";s:5:\"7022Z\";s:7:\"idprof4\";s:6:\"Angers\";s:9:\"tva_intra\";s:13:\"FR57484266987\";s:15:\"localtax1_assuj\";i:0;s:15:\"localtax2_assuj\";i:0;s:20:\"forme_juridique_code\";s:2:\"11\";s:12:\"country_code\";s:2:\"FR\";}s:3:\"ref\";s:12:\"PAY2306-0017\";s:4:\"date\";i:1687946400;s:9:\"type_code\";s:3:\"CHQ\";s:12:\"payment_part\";a:1:{i:1;O:8:\"stdClass\":3:{s:6:\"amount\";s:3:\"1.5\";s:10:\"thirdparty\";O:8:\"stdClass\":15:{s:4:\"name\";s:9:\"aqtisplus\";s:7:\"address\";s:20:\"21 rue Emile Grasset\";s:3:\"zip\";s:5:\"49300\";s:4:\"town\";s:6:\"cholet\";s:10:\"state_code\";s:2:\"49\";s:5:\"phone\";s:10:\"0241651414\";s:5:\"email\";s:21:\"p.neveu@aqtisplus.com\";s:9:\"tva_intra\";s:13:\"FR57484266986\";s:15:\"localtax1_value\";s:5:\"0.000\";s:15:\"localtax2_value\";s:5:\"0.000\";s:11:\"typent_code\";s:9:\"TE_MEDIUM\";s:20:\"forme_juridique_code\";s:2:\"11\";s:11:\"code_client\";s:11:\"CU1901-0001\";s:16:\"code_fournisseur\";s:11:\"SU1901-0001\";s:12:\"country_code\";s:2:\"FR\";}s:7:\"invoice\";O:8:\"stdClass\":7:{s:4:\"date\";i:1687903200;s:4:\"type\";s:1:\"0\";s:8:\"total_ht\";s:10:\"1.25000000\";s:9:\"total_tva\";s:10:\"0.25000000\";s:9:\"total_ttc\";s:10:\"1.50000000\";s:12:\"revenuestamp\";s:10:\"0.00000000\";s:3:\"ref\";s:11:\"FA2306-0052\";}}}s:6:\"amount\";d:1.5;}',0,''),(7,1,'2023-09-14 16:52:54','2023-09-14 14:52:54','BILL_VALIDATE',36.00000000,'facture',1,'SuperAdmin',64,'FA2309-0053','2023-09-14 16:52:54','f6ce19bea565b7afd40d21608deb04ca092d944f6e881a0c3b3e0a54ef96e0fc','2b3841bcf8be6ad700d2c022e1fff58d13e8c066b60468944fded945032878f8','O:8:\"stdClass\":9:{s:10:\"thirdparty\";O:8:\"stdClass\":15:{s:4:\"name\";s:9:\"aqtisplus\";s:7:\"address\";s:20:\"21 rue Emile Grasset\";s:3:\"zip\";s:5:\"49300\";s:4:\"town\";s:6:\"cholet\";s:10:\"state_code\";s:2:\"49\";s:5:\"phone\";s:10:\"0241651414\";s:5:\"email\";s:21:\"p.neveu@aqtisplus.com\";s:9:\"tva_intra\";s:13:\"FR57484266986\";s:15:\"localtax1_value\";s:5:\"0.000\";s:15:\"localtax2_value\";s:5:\"0.000\";s:11:\"typent_code\";s:9:\"TE_MEDIUM\";s:20:\"forme_juridique_code\";s:2:\"11\";s:11:\"code_client\";s:11:\"CU1901-0001\";s:16:\"code_fournisseur\";s:11:\"SU1901-0001\";s:12:\"country_code\";s:2:\"FR\";}s:9:\"mycompany\";O:8:\"stdClass\":16:{s:4:\"name\";s:7:\"maboite\";s:7:\"address\";s:20:\"21 rue Emile Grasset\";s:3:\"zip\";s:5:\"49300\";s:4:\"town\";s:6:\"CHOLET\";s:10:\"state_code\";s:2:\"49\";s:5:\"phone\";s:10:\"0661598768\";s:5:\"email\";s:23:\"aqtisplus@aqtisplus.com\";s:7:\"idprof1\";s:9:\"484266987\";s:7:\"idprof2\";s:14:\"48426698700014\";s:7:\"idprof3\";s:5:\"7022Z\";s:7:\"idprof4\";s:6:\"Angers\";s:9:\"tva_intra\";s:13:\"FR57484266987\";s:15:\"localtax1_assuj\";i:0;s:15:\"localtax2_assuj\";i:0;s:20:\"forme_juridique_code\";s:2:\"11\";s:12:\"country_code\";s:2:\"FR\";}s:4:\"date\";i:1694703174;s:4:\"type\";i:0;s:8:\"total_ht\";d:30;s:9:\"total_tva\";d:6;s:9:\"total_ttc\";d:36;s:11:\"invoiceline\";a:1:{i:1;O:8:\"stdClass\":16:{s:18:\"multicurrency_code\";s:3:\"EUR\";s:22:\"multicurrency_total_ht\";s:11:\"30.00000000\";s:23:\"multicurrency_total_tva\";s:10:\"6.00000000\";s:23:\"multicurrency_total_ttc\";s:11:\"36.00000000\";s:3:\"ref\";s:2:\"c1\";s:12:\"product_type\";s:1:\"0\";s:3:\"qty\";s:1:\"3\";s:6:\"tva_tx\";s:6:\"20.000\";s:12:\"localtax1_tx\";s:5:\"0.000\";s:12:\"localtax2_tx\";s:5:\"0.000\";s:8:\"total_ht\";s:11:\"30.00000000\";s:9:\"total_tva\";s:10:\"6.00000000\";s:15:\"total_localtax1\";s:10:\"0.00000000\";s:15:\"total_localtax2\";s:10:\"0.00000000\";s:9:\"total_ttc\";s:11:\"36.00000000\";s:9:\"info_bits\";s:1:\"0\";}}s:3:\"ref\";s:11:\"FA2309-0053\";}',0,''),(8,1,'2023-09-14 16:52:55','2023-09-14 14:52:55','PAYMENT_CUSTOMER_CREATE',36.00000000,'payment',1,'SuperAdmin',19,'PAY2309-0018','2023-09-14 16:52:54','be49740162ef390363b13807e96c3d5d6dbf9927b52dad2597e25039074055d1','6c1af1ba46ec0aeef2903d685b0b250808a08c1544165a0a76013ebad63df1b4','O:8:\"stdClass\":7:{s:10:\"thirdparty\";O:8:\"stdClass\":15:{s:4:\"name\";s:9:\"aqtisplus\";s:7:\"address\";s:20:\"21 rue Emile Grasset\";s:3:\"zip\";s:5:\"49300\";s:4:\"town\";s:6:\"cholet\";s:10:\"state_code\";s:2:\"49\";s:5:\"phone\";s:10:\"0241651414\";s:5:\"email\";s:21:\"p.neveu@aqtisplus.com\";s:9:\"tva_intra\";s:13:\"FR57484266986\";s:15:\"localtax1_value\";s:5:\"0.000\";s:15:\"localtax2_value\";s:5:\"0.000\";s:11:\"typent_code\";s:9:\"TE_MEDIUM\";s:20:\"forme_juridique_code\";s:2:\"11\";s:11:\"code_client\";s:11:\"CU1901-0001\";s:16:\"code_fournisseur\";s:11:\"SU1901-0001\";s:12:\"country_code\";s:2:\"FR\";}s:9:\"mycompany\";O:8:\"stdClass\":16:{s:4:\"name\";s:7:\"maboite\";s:7:\"address\";s:20:\"21 rue Emile Grasset\";s:3:\"zip\";s:5:\"49300\";s:4:\"town\";s:6:\"CHOLET\";s:10:\"state_code\";s:2:\"49\";s:5:\"phone\";s:10:\"0661598768\";s:5:\"email\";s:23:\"aqtisplus@aqtisplus.com\";s:7:\"idprof1\";s:9:\"484266987\";s:7:\"idprof2\";s:14:\"48426698700014\";s:7:\"idprof3\";s:5:\"7022Z\";s:7:\"idprof4\";s:6:\"Angers\";s:9:\"tva_intra\";s:13:\"FR57484266987\";s:15:\"localtax1_assuj\";i:0;s:15:\"localtax2_assuj\";i:0;s:20:\"forme_juridique_code\";s:2:\"11\";s:12:\"country_code\";s:2:\"FR\";}s:3:\"ref\";s:12:\"PAY2309-0018\";s:4:\"date\";i:1694703174;s:9:\"type_code\";s:2:\"CB\";s:12:\"payment_part\";a:1:{i:1;O:8:\"stdClass\":3:{s:6:\"amount\";s:2:\"36\";s:10:\"thirdparty\";O:8:\"stdClass\":15:{s:4:\"name\";s:9:\"aqtisplus\";s:7:\"address\";s:20:\"21 rue Emile Grasset\";s:3:\"zip\";s:5:\"49300\";s:4:\"town\";s:6:\"cholet\";s:10:\"state_code\";s:2:\"49\";s:5:\"phone\";s:10:\"0241651414\";s:5:\"email\";s:21:\"p.neveu@aqtisplus.com\";s:9:\"tva_intra\";s:13:\"FR57484266986\";s:15:\"localtax1_value\";s:5:\"0.000\";s:15:\"localtax2_value\";s:5:\"0.000\";s:11:\"typent_code\";s:9:\"TE_MEDIUM\";s:20:\"forme_juridique_code\";s:2:\"11\";s:11:\"code_client\";s:11:\"CU1901-0001\";s:16:\"code_fournisseur\";s:11:\"SU1901-0001\";s:12:\"country_code\";s:2:\"FR\";}s:7:\"invoice\";O:8:\"stdClass\":7:{s:4:\"date\";i:1694642400;s:4:\"type\";s:1:\"0\";s:8:\"total_ht\";s:11:\"30.00000000\";s:9:\"total_tva\";s:10:\"6.00000000\";s:9:\"total_ttc\";s:11:\"36.00000000\";s:12:\"revenuestamp\";s:10:\"0.00000000\";s:3:\"ref\";s:11:\"FA2309-0053\";}}}s:6:\"amount\";i:36;}',0,''),(9,1,'2023-09-14 17:02:34','2023-09-14 15:02:34','BILL_VALIDATE',158.40000000,'facture',1,'SuperAdmin',65,'TC1-2309-0001','2023-09-14 00:00:00','8f34a81d7ddead94dfaf0233ad1b4978eed8f597d7f6762547530c9a32680851','ea01eec45e42e345b613ea8dad102a742f2488968cb08ef26fe562c83f474203','O:8:\"stdClass\":10:{s:10:\"thirdparty\";O:8:\"stdClass\":15:{s:4:\"name\";s:9:\"aqtisplus\";s:7:\"address\";s:20:\"21 rue Emile Grasset\";s:3:\"zip\";s:5:\"49300\";s:4:\"town\";s:6:\"cholet\";s:10:\"state_code\";s:2:\"49\";s:5:\"phone\";s:10:\"0241651414\";s:5:\"email\";s:21:\"p.neveu@aqtisplus.com\";s:9:\"tva_intra\";s:13:\"FR57484266986\";s:15:\"localtax1_value\";s:5:\"0.000\";s:15:\"localtax2_value\";s:5:\"0.000\";s:11:\"typent_code\";s:9:\"TE_MEDIUM\";s:20:\"forme_juridique_code\";s:2:\"11\";s:11:\"code_client\";s:11:\"CU1901-0001\";s:16:\"code_fournisseur\";s:11:\"SU1901-0001\";s:12:\"country_code\";s:2:\"FR\";}s:9:\"mycompany\";O:8:\"stdClass\":16:{s:4:\"name\";s:7:\"maboite\";s:7:\"address\";s:20:\"21 rue Emile Grasset\";s:3:\"zip\";s:5:\"49300\";s:4:\"town\";s:6:\"CHOLET\";s:10:\"state_code\";s:2:\"49\";s:5:\"phone\";s:10:\"0661598768\";s:5:\"email\";s:23:\"aqtisplus@aqtisplus.com\";s:7:\"idprof1\";s:9:\"484266987\";s:7:\"idprof2\";s:14:\"48426698700014\";s:7:\"idprof3\";s:5:\"7022Z\";s:7:\"idprof4\";s:6:\"Angers\";s:9:\"tva_intra\";s:13:\"FR57484266987\";s:15:\"localtax1_assuj\";i:0;s:15:\"localtax2_assuj\";i:0;s:20:\"forme_juridique_code\";s:2:\"11\";s:12:\"country_code\";s:2:\"FR\";}s:4:\"date\";i:1694642400;s:4:\"type\";s:1:\"0\";s:8:\"total_ht\";d:132;s:9:\"total_tva\";d:26.4;s:9:\"total_ttc\";d:158.4;s:12:\"revenuestamp\";s:10:\"0.00000000\";s:11:\"invoiceline\";a:1:{i:1;O:8:\"stdClass\":16:{s:18:\"multicurrency_code\";s:3:\"EUR\";s:22:\"multicurrency_total_ht\";s:12:\"132.00000000\";s:23:\"multicurrency_total_tva\";s:11:\"26.40000000\";s:23:\"multicurrency_total_ttc\";s:12:\"158.40000000\";s:3:\"ref\";s:18:\"Armoire_electrique\";s:12:\"product_type\";s:1:\"0\";s:3:\"qty\";s:1:\"1\";s:6:\"tva_tx\";s:6:\"20.000\";s:12:\"localtax1_tx\";s:5:\"0.000\";s:12:\"localtax2_tx\";s:5:\"0.000\";s:8:\"total_ht\";s:12:\"132.00000000\";s:9:\"total_tva\";s:11:\"26.40000000\";s:15:\"total_localtax1\";s:10:\"0.00000000\";s:15:\"total_localtax2\";s:10:\"0.00000000\";s:9:\"total_ttc\";s:12:\"158.40000000\";s:9:\"info_bits\";s:1:\"0\";}}s:3:\"ref\";s:13:\"TC1-2309-0001\";}',0,''),(10,1,'2023-09-14 17:02:34','2023-09-14 15:02:34','PAYMENT_CUSTOMER_CREATE',158.40000000,'payment',1,'SuperAdmin',20,'PAY2309-0019','2023-09-14 17:02:34','e5e401aac48657290883b8927c58485852e5104c8232da7eee0ea2e1a721bc5b','185294de9c5df1a43674960991c3c5b7a283dd6be6f0b263b886880a556ca472','O:8:\"stdClass\":8:{s:10:\"thirdparty\";O:8:\"stdClass\":15:{s:4:\"name\";s:9:\"aqtisplus\";s:7:\"address\";s:20:\"21 rue Emile Grasset\";s:3:\"zip\";s:5:\"49300\";s:4:\"town\";s:6:\"cholet\";s:10:\"state_code\";s:2:\"49\";s:5:\"phone\";s:10:\"0241651414\";s:5:\"email\";s:21:\"p.neveu@aqtisplus.com\";s:9:\"tva_intra\";s:13:\"FR57484266986\";s:15:\"localtax1_value\";s:5:\"0.000\";s:15:\"localtax2_value\";s:5:\"0.000\";s:11:\"typent_code\";s:9:\"TE_MEDIUM\";s:20:\"forme_juridique_code\";s:2:\"11\";s:11:\"code_client\";s:11:\"CU1901-0001\";s:16:\"code_fournisseur\";s:11:\"SU1901-0001\";s:12:\"country_code\";s:2:\"FR\";}s:9:\"mycompany\";O:8:\"stdClass\":16:{s:4:\"name\";s:7:\"maboite\";s:7:\"address\";s:20:\"21 rue Emile Grasset\";s:3:\"zip\";s:5:\"49300\";s:4:\"town\";s:6:\"CHOLET\";s:10:\"state_code\";s:2:\"49\";s:5:\"phone\";s:10:\"0661598768\";s:5:\"email\";s:23:\"aqtisplus@aqtisplus.com\";s:7:\"idprof1\";s:9:\"484266987\";s:7:\"idprof2\";s:14:\"48426698700014\";s:7:\"idprof3\";s:5:\"7022Z\";s:7:\"idprof4\";s:6:\"Angers\";s:9:\"tva_intra\";s:13:\"FR57484266987\";s:15:\"localtax1_assuj\";i:0;s:15:\"localtax2_assuj\";i:0;s:20:\"forme_juridique_code\";s:2:\"11\";s:12:\"country_code\";s:2:\"FR\";}s:3:\"ref\";s:12:\"PAY2309-0019\";s:4:\"date\";i:1694703754;s:9:\"type_code\";s:3:\"CHQ\";s:11:\"payment_num\";s:13:\"TC1-2309-0001\";s:12:\"payment_part\";a:1:{i:1;O:8:\"stdClass\":3:{s:6:\"amount\";s:5:\"158.4\";s:10:\"thirdparty\";O:8:\"stdClass\":15:{s:4:\"name\";s:9:\"aqtisplus\";s:7:\"address\";s:20:\"21 rue Emile Grasset\";s:3:\"zip\";s:5:\"49300\";s:4:\"town\";s:6:\"cholet\";s:10:\"state_code\";s:2:\"49\";s:5:\"phone\";s:10:\"0241651414\";s:5:\"email\";s:21:\"p.neveu@aqtisplus.com\";s:9:\"tva_intra\";s:13:\"FR57484266986\";s:15:\"localtax1_value\";s:5:\"0.000\";s:15:\"localtax2_value\";s:5:\"0.000\";s:11:\"typent_code\";s:9:\"TE_MEDIUM\";s:20:\"forme_juridique_code\";s:2:\"11\";s:11:\"code_client\";s:11:\"CU1901-0001\";s:16:\"code_fournisseur\";s:11:\"SU1901-0001\";s:12:\"country_code\";s:2:\"FR\";}s:7:\"invoice\";O:8:\"stdClass\":7:{s:4:\"date\";i:1694642400;s:4:\"type\";s:1:\"0\";s:8:\"total_ht\";s:12:\"132.00000000\";s:9:\"total_tva\";s:11:\"26.40000000\";s:9:\"total_ttc\";s:12:\"158.40000000\";s:12:\"revenuestamp\";s:10:\"0.00000000\";s:3:\"ref\";s:13:\"TC1-2309-0001\";}}}s:6:\"amount\";d:158.4;}',0,''),(11,1,'2024-09-09 15:53:44','2024-09-09 13:53:44','BILL_VALIDATE',8648.59000000,'facture',1,'SuperAdmin',66,'FA2409-0054','2024-09-09 00:00:00','f22fbd8a0c767fdce6e7283929c90eb52e8831aadcef50f388e6f2781c6d9c96','9151c3adaaf5b2aadd8efa3f6397ad46f9c1d5e8b1572c1a200a7fcb2432a963','{\"thirdparty\":{\"name\":\"ELECMIC\",\"phone\":\"(02)41657379\",\"email\":\"administratif@elecmic.com\",\"localtax1_value\":\"0.000\",\"localtax2_value\":\"0.000\",\"code_client\":\"CU2105-00007\",\"code_fournisseur\":\"SU2105-00008\",\"country_code\":\"FR\",\"state_code\":\"44\",\"address\":\"10 Rue de la G\\u00e2tine\",\"zip\":\"49300\",\"town\":\"cholet\"},\"mycompany\":{\"name\":\"maboite\",\"phone\":\"0661598768\",\"email\":\"aqtisplus@aqtisplus.com\",\"idprof1\":\"484266987\",\"idprof2\":\"48426698700014\",\"idprof3\":\"7022Z\",\"idprof4\":\"Angers\",\"tva_intra\":\"FR57484266987\",\"localtax1_assuj\":0,\"localtax2_assuj\":0,\"forme_juridique_code\":\"11\",\"country_code\":\"FR\",\"state_code\":\"49\",\"address\":\"21 rue Emile Grasset\",\"zip\":\"49300\",\"town\":\"CHOLET\"},\"total_ht\":7789.75,\"total_tva\":858.84,\"total_ttc\":8648.59,\"revenuestamp\":\"0.00000000\",\"invoiceline\":{\"1\":{\"product_type\":\"9\",\"qty\":\"1\",\"tva_tx\":\"0.000\",\"localtax1_tx\":\"0.000\",\"localtax2_tx\":\"0.000\",\"total_ht\":\"0.00000000\",\"total_tva\":\"0.00000000\",\"total_localtax1\":\"0.00000000\",\"total_localtax2\":\"0.00000000\",\"total_ttc\":\"0.00000000\",\"info_bits\":\"0\",\"multicurrency_code\":\"EUR\",\"multicurrency_total_ht\":\"0.00000000\",\"multicurrency_total_tva\":\"0.00000000\",\"multicurrency_total_ttc\":\"0.00000000\"},\"2\":{\"ref\":\"Prepa\",\"product_type\":\"0\",\"qty\":\"2\",\"tva_tx\":\"20.000\",\"localtax1_tx\":\"0.000\",\"localtax2_tx\":\"0.000\",\"total_ht\":\"416.67000000\",\"total_tva\":\"83.33000000\",\"total_localtax1\":\"0.00000000\",\"total_localtax2\":\"0.00000000\",\"total_ttc\":\"500.00000000\",\"info_bits\":\"0\",\"multicurrency_code\":\"EUR\",\"multicurrency_total_ht\":\"416.67000000\",\"multicurrency_total_tva\":\"83.33000000\",\"multicurrency_total_ttc\":\"500.00000000\"},\"3\":{\"product_type\":\"1\",\"qty\":\"1\",\"tva_tx\":\"10.000\",\"localtax1_tx\":\"0.000\",\"localtax2_tx\":\"0.000\",\"total_ht\":\"1200.00000000\",\"total_tva\":\"120.00000000\",\"total_localtax1\":\"0.00000000\",\"total_localtax2\":\"0.00000000\",\"total_ttc\":\"1320.00000000\",\"info_bits\":\"0\",\"multicurrency_code\":\"EUR\",\"multicurrency_total_ht\":\"1200.00000000\",\"multicurrency_total_tva\":\"120.00000000\",\"multicurrency_total_ttc\":\"1320.00000000\"},\"4\":{\"product_type\":\"1\",\"qty\":\"1\",\"tva_tx\":\"10.000\",\"localtax1_tx\":\"0.000\",\"localtax2_tx\":\"0.000\",\"total_ht\":\"981.00000000\",\"total_tva\":\"98.10000000\",\"total_localtax1\":\"0.00000000\",\"total_localtax2\":\"0.00000000\",\"total_ttc\":\"1079.10000000\",\"info_bits\":\"0\",\"multicurrency_code\":\"EUR\",\"multicurrency_total_ht\":\"981.00000000\",\"multicurrency_total_tva\":\"98.10000000\",\"multicurrency_total_ttc\":\"1079.10000000\"},\"5\":{\"product_type\":\"1\",\"qty\":\"1\",\"tva_tx\":\"10.000\",\"localtax1_tx\":\"0.000\",\"localtax2_tx\":\"0.000\",\"total_ht\":\"650.00000000\",\"total_tva\":\"65.00000000\",\"total_localtax1\":\"0.00000000\",\"total_localtax2\":\"0.00000000\",\"total_ttc\":\"715.00000000\",\"info_bits\":\"0\",\"multicurrency_code\":\"EUR\",\"multicurrency_total_ht\":\"650.00000000\",\"multicurrency_total_tva\":\"65.00000000\",\"multicurrency_total_ttc\":\"715.00000000\"},\"6\":{\"product_type\":\"1\",\"qty\":\"1\",\"tva_tx\":\"10.000\",\"localtax1_tx\":\"0.000\",\"localtax2_tx\":\"0.000\",\"total_ht\":\"425.00000000\",\"total_tva\":\"42.50000000\",\"total_localtax1\":\"0.00000000\",\"total_localtax2\":\"0.00000000\",\"total_ttc\":\"467.50000000\",\"info_bits\":\"0\",\"multicurrency_code\":\"EUR\",\"multicurrency_total_ht\":\"425.00000000\",\"multicurrency_total_tva\":\"42.50000000\",\"multicurrency_total_ttc\":\"467.50000000\"},\"7\":{\"ref\":\"Armoire_electrique\",\"product_type\":\"0\",\"qty\":\"1\",\"tva_tx\":\"20.000\",\"localtax1_tx\":\"0.000\",\"localtax2_tx\":\"0.000\",\"total_ht\":\"250.00000000\",\"total_tva\":\"50.00000000\",\"total_localtax1\":\"0.00000000\",\"total_localtax2\":\"0.00000000\",\"total_ttc\":\"300.00000000\",\"info_bits\":\"0\",\"multicurrency_code\":\"EUR\",\"multicurrency_total_ht\":\"250.00000000\",\"multicurrency_total_tva\":\"50.00000000\",\"multicurrency_total_ttc\":\"300.00000000\"},\"8\":{\"product_type\":\"9\",\"qty\":\"99\",\"tva_tx\":\"0.000\",\"localtax1_tx\":\"0.000\",\"localtax2_tx\":\"0.000\",\"total_ht\":\"0.00000000\",\"total_tva\":\"0.00000000\",\"total_localtax1\":\"0.00000000\",\"total_localtax2\":\"0.00000000\",\"total_ttc\":\"0.00000000\",\"info_bits\":\"0\",\"multicurrency_code\":\"EUR\",\"multicurrency_total_ht\":\"0.00000000\",\"multicurrency_total_tva\":\"0.00000000\",\"multicurrency_total_ttc\":\"0.00000000\"},\"9\":{\"product_type\":\"9\",\"qty\":\"1\",\"tva_tx\":\"0.000\",\"localtax1_tx\":\"0.000\",\"localtax2_tx\":\"0.000\",\"total_ht\":\"0.00000000\",\"total_tva\":\"0.00000000\",\"total_localtax1\":\"0.00000000\",\"total_localtax2\":\"0.00000000\",\"total_ttc\":\"0.00000000\",\"info_bits\":\"0\",\"multicurrency_code\":\"EUR\",\"multicurrency_total_ht\":\"0.00000000\",\"multicurrency_total_tva\":\"0.00000000\",\"multicurrency_total_ttc\":\"0.00000000\"},\"10\":{\"product_type\":\"0\",\"qty\":\"1\",\"tva_tx\":\"10.000\",\"localtax1_tx\":\"0.000\",\"localtax2_tx\":\"0.000\",\"total_ht\":\"1032.08000000\",\"total_tva\":\"103.21000000\",\"total_localtax1\":\"0.00000000\",\"total_localtax2\":\"0.00000000\",\"total_ttc\":\"1135.29000000\",\"info_bits\":\"0\",\"multicurrency_code\":\"EUR\",\"multicurrency_total_ht\":\"1032.08000000\",\"multicurrency_total_tva\":\"103.21000000\",\"multicurrency_total_ttc\":\"1135.29000000\"},\"11\":{\"ref\":\"JM120P51\",\"product_type\":\"0\",\"qty\":\"1\",\"tva_tx\":\"10.000\",\"localtax1_tx\":\"0.000\",\"localtax2_tx\":\"0.000\",\"total_ht\":\"2703.00000000\",\"total_tva\":\"270.30000000\",\"total_localtax1\":\"0.00000000\",\"total_localtax2\":\"0.00000000\",\"total_ttc\":\"2973.30000000\",\"info_bits\":\"0\",\"multicurrency_code\":\"EUR\",\"multicurrency_total_ht\":\"2703.00000000\",\"multicurrency_total_tva\":\"270.30000000\",\"multicurrency_total_ttc\":\"2973.30000000\"},\"12\":{\"product_type\":\"9\",\"qty\":\"99\",\"tva_tx\":\"0.000\",\"localtax1_tx\":\"0.000\",\"localtax2_tx\":\"0.000\",\"total_ht\":\"0.00000000\",\"total_tva\":\"0.00000000\",\"total_localtax1\":\"0.00000000\",\"total_localtax2\":\"0.00000000\",\"total_ttc\":\"0.00000000\",\"info_bits\":\"0\",\"multicurrency_code\":\"EUR\",\"multicurrency_total_ht\":\"0.00000000\",\"multicurrency_total_tva\":\"0.00000000\",\"multicurrency_total_ttc\":\"0.00000000\"},\"13\":{\"ref\":\"Armoire_electrique\",\"product_type\":\"0\",\"qty\":\"1\",\"tva_tx\":\"20.000\",\"localtax1_tx\":\"0.000\",\"localtax2_tx\":\"0.000\",\"total_ht\":\"132.00000000\",\"total_tva\":\"26.40000000\",\"total_localtax1\":\"0.00000000\",\"total_localtax2\":\"0.00000000\",\"total_ttc\":\"158.40000000\",\"info_bits\":\"0\",\"multicurrency_code\":\"EUR\",\"multicurrency_total_ht\":\"132.00000000\",\"multicurrency_total_tva\":\"26.40000000\",\"multicurrency_total_ttc\":\"158.40000000\"}},\"type\":\"0\",\"date\":1725832800,\"ref\":\"FA2409-0054\"}',0,'19'),(12,1,'2024-09-09 15:55:50','2024-09-09 13:55:50','BILL_VALIDATE',8181.09000000,'facture',1,'SuperAdmin',66,'FA2409-0054','2024-10-01 00:00:00','eb8ae2ec9ba82fc776a84e1a6369fbb988d34e12db2502529b83722688c4ee94','e9f11111d5d1da375711f4db05aac938b7df9c94681e19b7d21145fd19126f12','{\"thirdparty\":{\"name\":\"ELECMIC\",\"phone\":\"(02)41657379\",\"email\":\"administratif@elecmic.com\",\"localtax1_value\":\"0.000\",\"localtax2_value\":\"0.000\",\"code_client\":\"CU2105-00007\",\"code_fournisseur\":\"SU2105-00008\",\"country_code\":\"FR\",\"state_code\":\"44\",\"address\":\"10 Rue de la G\\u00e2tine\",\"zip\":\"49300\",\"town\":\"cholet\"},\"mycompany\":{\"name\":\"maboite\",\"phone\":\"0661598768\",\"email\":\"aqtisplus@aqtisplus.com\",\"idprof1\":\"484266987\",\"idprof2\":\"48426698700014\",\"idprof3\":\"7022Z\",\"idprof4\":\"Angers\",\"tva_intra\":\"FR57484266987\",\"localtax1_assuj\":0,\"localtax2_assuj\":0,\"forme_juridique_code\":\"11\",\"country_code\":\"FR\",\"state_code\":\"49\",\"address\":\"21 rue Emile Grasset\",\"zip\":\"49300\",\"town\":\"CHOLET\"},\"total_ht\":7364.75,\"total_tva\":816.34,\"total_ttc\":8181.09,\"revenuestamp\":\"0.00000000\",\"invoiceline\":{\"1\":{\"product_type\":\"9\",\"qty\":\"1\",\"tva_tx\":\"0.000\",\"localtax1_tx\":\"0.000\",\"localtax2_tx\":\"0.000\",\"total_ht\":\"0.00000000\",\"total_tva\":\"0.00000000\",\"total_localtax1\":\"0.00000000\",\"total_localtax2\":\"0.00000000\",\"total_ttc\":\"0.00000000\",\"info_bits\":\"0\",\"multicurrency_code\":\"EUR\",\"multicurrency_total_ht\":\"0.00000000\",\"multicurrency_total_tva\":\"0.00000000\",\"multicurrency_total_ttc\":\"0.00000000\"},\"2\":{\"ref\":\"Prepa\",\"product_type\":\"0\",\"qty\":\"2\",\"tva_tx\":\"20.000\",\"localtax1_tx\":\"0.000\",\"localtax2_tx\":\"0.000\",\"total_ht\":\"416.67000000\",\"total_tva\":\"83.33000000\",\"total_localtax1\":\"0.00000000\",\"total_localtax2\":\"0.00000000\",\"total_ttc\":\"500.00000000\",\"info_bits\":\"0\",\"multicurrency_code\":\"EUR\",\"multicurrency_total_ht\":\"416.67000000\",\"multicurrency_total_tva\":\"83.33000000\",\"multicurrency_total_ttc\":\"500.00000000\"},\"3\":{\"product_type\":\"1\",\"qty\":\"1\",\"tva_tx\":\"10.000\",\"localtax1_tx\":\"0.000\",\"localtax2_tx\":\"0.000\",\"total_ht\":\"1200.00000000\",\"total_tva\":\"120.00000000\",\"total_localtax1\":\"0.00000000\",\"total_localtax2\":\"0.00000000\",\"total_ttc\":\"1320.00000000\",\"info_bits\":\"0\",\"multicurrency_code\":\"EUR\",\"multicurrency_total_ht\":\"1200.00000000\",\"multicurrency_total_tva\":\"120.00000000\",\"multicurrency_total_ttc\":\"1320.00000000\"},\"4\":{\"product_type\":\"1\",\"qty\":\"1\",\"tva_tx\":\"10.000\",\"localtax1_tx\":\"0.000\",\"localtax2_tx\":\"0.000\",\"total_ht\":\"981.00000000\",\"total_tva\":\"98.10000000\",\"total_localtax1\":\"0.00000000\",\"total_localtax2\":\"0.00000000\",\"total_ttc\":\"1079.10000000\",\"info_bits\":\"0\",\"multicurrency_code\":\"EUR\",\"multicurrency_total_ht\":\"981.00000000\",\"multicurrency_total_tva\":\"98.10000000\",\"multicurrency_total_ttc\":\"1079.10000000\"},\"5\":{\"product_type\":\"1\",\"qty\":\"1\",\"tva_tx\":\"10.000\",\"localtax1_tx\":\"0.000\",\"localtax2_tx\":\"0.000\",\"total_ht\":\"650.00000000\",\"total_tva\":\"65.00000000\",\"total_localtax1\":\"0.00000000\",\"total_localtax2\":\"0.00000000\",\"total_ttc\":\"715.00000000\",\"info_bits\":\"0\",\"multicurrency_code\":\"EUR\",\"multicurrency_total_ht\":\"650.00000000\",\"multicurrency_total_tva\":\"65.00000000\",\"multicurrency_total_ttc\":\"715.00000000\"},\"6\":{\"ref\":\"Armoire_electrique\",\"product_type\":\"0\",\"qty\":\"1\",\"tva_tx\":\"20.000\",\"localtax1_tx\":\"0.000\",\"localtax2_tx\":\"0.000\",\"total_ht\":\"250.00000000\",\"total_tva\":\"50.00000000\",\"total_localtax1\":\"0.00000000\",\"total_localtax2\":\"0.00000000\",\"total_ttc\":\"300.00000000\",\"info_bits\":\"0\",\"multicurrency_code\":\"EUR\",\"multicurrency_total_ht\":\"250.00000000\",\"multicurrency_total_tva\":\"50.00000000\",\"multicurrency_total_ttc\":\"300.00000000\"},\"7\":{\"product_type\":\"9\",\"qty\":\"99\",\"tva_tx\":\"0.000\",\"localtax1_tx\":\"0.000\",\"localtax2_tx\":\"0.000\",\"total_ht\":\"0.00000000\",\"total_tva\":\"0.00000000\",\"total_localtax1\":\"0.00000000\",\"total_localtax2\":\"0.00000000\",\"total_ttc\":\"0.00000000\",\"info_bits\":\"0\",\"multicurrency_code\":\"EUR\",\"multicurrency_total_ht\":\"0.00000000\",\"multicurrency_total_tva\":\"0.00000000\",\"multicurrency_total_ttc\":\"0.00000000\"},\"8\":{\"product_type\":\"9\",\"qty\":\"1\",\"tva_tx\":\"0.000\",\"localtax1_tx\":\"0.000\",\"localtax2_tx\":\"0.000\",\"total_ht\":\"0.00000000\",\"total_tva\":\"0.00000000\",\"total_localtax1\":\"0.00000000\",\"total_localtax2\":\"0.00000000\",\"total_ttc\":\"0.00000000\",\"info_bits\":\"0\",\"multicurrency_code\":\"EUR\",\"multicurrency_total_ht\":\"0.00000000\",\"multicurrency_total_tva\":\"0.00000000\",\"multicurrency_total_ttc\":\"0.00000000\"},\"9\":{\"product_type\":\"0\",\"qty\":\"1\",\"tva_tx\":\"10.000\",\"localtax1_tx\":\"0.000\",\"localtax2_tx\":\"0.000\",\"total_ht\":\"1032.08000000\",\"total_tva\":\"103.21000000\",\"total_localtax1\":\"0.00000000\",\"total_localtax2\":\"0.00000000\",\"total_ttc\":\"1135.29000000\",\"info_bits\":\"0\",\"multicurrency_code\":\"EUR\",\"multicurrency_total_ht\":\"1032.08000000\",\"multicurrency_total_tva\":\"103.21000000\",\"multicurrency_total_ttc\":\"1135.29000000\"},\"10\":{\"ref\":\"JM120P51\",\"product_type\":\"0\",\"qty\":\"1\",\"tva_tx\":\"10.000\",\"localtax1_tx\":\"0.000\",\"localtax2_tx\":\"0.000\",\"total_ht\":\"2703.00000000\",\"total_tva\":\"270.30000000\",\"total_localtax1\":\"0.00000000\",\"total_localtax2\":\"0.00000000\",\"total_ttc\":\"2973.30000000\",\"info_bits\":\"0\",\"multicurrency_code\":\"EUR\",\"multicurrency_total_ht\":\"2703.00000000\",\"multicurrency_total_tva\":\"270.30000000\",\"multicurrency_total_ttc\":\"2973.30000000\"},\"11\":{\"product_type\":\"9\",\"qty\":\"99\",\"tva_tx\":\"0.000\",\"localtax1_tx\":\"0.000\",\"localtax2_tx\":\"0.000\",\"total_ht\":\"0.00000000\",\"total_tva\":\"0.00000000\",\"total_localtax1\":\"0.00000000\",\"total_localtax2\":\"0.00000000\",\"total_ttc\":\"0.00000000\",\"info_bits\":\"0\",\"multicurrency_code\":\"EUR\",\"multicurrency_total_ht\":\"0.00000000\",\"multicurrency_total_tva\":\"0.00000000\",\"multicurrency_total_ttc\":\"0.00000000\"},\"12\":{\"ref\":\"Armoire_electrique\",\"product_type\":\"0\",\"qty\":\"1\",\"tva_tx\":\"20.000\",\"localtax1_tx\":\"0.000\",\"localtax2_tx\":\"0.000\",\"total_ht\":\"132.00000000\",\"total_tva\":\"26.40000000\",\"total_localtax1\":\"0.00000000\",\"total_localtax2\":\"0.00000000\",\"total_ttc\":\"158.40000000\",\"info_bits\":\"0\",\"multicurrency_code\":\"EUR\",\"multicurrency_total_ht\":\"132.00000000\",\"multicurrency_total_tva\":\"26.40000000\",\"multicurrency_total_ttc\":\"158.40000000\"}},\"type\":\"0\",\"date\":1727733600,\"ref\":\"FA2409-0054\"}',0,'19'),(13,1,'2024-09-09 15:58:22','2024-09-09 13:58:22','DOC_PREVIEW',86.40000000,'facture',1,'SuperAdmin',49,'FA2105-0039','2021-05-26 00:00:00','0a06c17cdf836838dca864c760fabe9234053f30e90dbd52616591e03d5c0536','b29a9d8a9dd0e7541c4a9547138fe62bc99ebe34d71269ccb20bb7e1544b3209','{\"thirdparty\":{\"name\":\"elecma\",\"localtax1_value\":\"0.000\",\"localtax2_value\":\"0.000\",\"code_client\":\"CU2105-00008\",\"code_fournisseur\":\"SU2105-00009\",\"country_code\":\"FR\"},\"mycompany\":{\"name\":\"maboite\",\"phone\":\"0661598768\",\"email\":\"aqtisplus@aqtisplus.com\",\"idprof1\":\"484266987\",\"idprof2\":\"48426698700014\",\"idprof3\":\"7022Z\",\"idprof4\":\"Angers\",\"tva_intra\":\"FR57484266987\",\"localtax1_assuj\":0,\"localtax2_assuj\":0,\"forme_juridique_code\":\"11\",\"country_code\":\"FR\",\"state_code\":\"49\",\"address\":\"21 rue Emile Grasset\",\"zip\":\"49300\",\"town\":\"CHOLET\"},\"total_ht\":\"72.00000000\",\"total_tva\":\"14.40000000\",\"total_ttc\":\"86.40000000\",\"revenuestamp\":\"0.00000000\",\"invoiceline\":{\"1\":{\"product_type\":\"0\",\"qty\":\"1\",\"tva_tx\":\"20.000\",\"localtax1_tx\":\"0.000\",\"localtax2_tx\":\"0.000\",\"total_ht\":\"72.00000000\",\"total_tva\":\"14.40000000\",\"total_localtax1\":\"0.00000000\",\"total_localtax2\":\"0.00000000\",\"total_ttc\":\"86.40000000\",\"info_bits\":\"0\",\"multicurrency_code\":\"EUR\",\"multicurrency_total_ht\":\"72.00000000\",\"multicurrency_total_tva\":\"14.40000000\",\"multicurrency_total_ttc\":\"86.40000000\"},\"2\":{\"ref\":\"contacteur\",\"product_type\":\"0\",\"qty\":\"1\",\"tva_tx\":\"20.000\",\"localtax1_tx\":\"0.000\",\"localtax2_tx\":\"0.000\",\"total_ht\":\"0.00000000\",\"total_tva\":\"0.00000000\",\"total_localtax1\":\"0.00000000\",\"total_localtax2\":\"0.00000000\",\"total_ttc\":\"0.00000000\",\"info_bits\":\"0\",\"multicurrency_code\":\"EUR\",\"multicurrency_total_ht\":\"0.00000000\",\"multicurrency_total_tva\":\"0.00000000\",\"multicurrency_total_ttc\":\"0.00000000\"},\"3\":{\"ref\":\"Armoire_electrique\",\"product_type\":\"0\",\"qty\":\"1\",\"tva_tx\":\"20.000\",\"localtax1_tx\":\"0.000\",\"localtax2_tx\":\"0.000\",\"total_ht\":\"0.00000000\",\"total_tva\":\"0.00000000\",\"total_localtax1\":\"0.00000000\",\"total_localtax2\":\"0.00000000\",\"total_ttc\":\"0.00000000\",\"info_bits\":\"0\",\"multicurrency_code\":\"EUR\",\"multicurrency_total_ht\":\"0.00000000\",\"multicurrency_total_tva\":\"0.00000000\",\"multicurrency_total_ttc\":\"0.00000000\"}},\"type\":\"5\",\"date\":1621980000,\"ref\":\"FA2105-0039\"}',0,'19'),(14,1,'2024-09-09 15:58:35','2024-09-09 13:58:35','DOC_PREVIEW',86.40000000,'facture',1,'SuperAdmin',49,'FA2105-0039','2021-05-26 00:00:00','305b3cb42fc0e41e3778b76c54762f63105e909b8ace689a4cc81c4f4d3682a2','b899ac89466f613646a5cee54bb78d9e186ddf091a2bcf8f1b0d3a2a98a20fea','{\"thirdparty\":{\"name\":\"elecma\",\"localtax1_value\":\"0.000\",\"localtax2_value\":\"0.000\",\"code_client\":\"CU2105-00008\",\"code_fournisseur\":\"SU2105-00009\",\"country_code\":\"FR\"},\"mycompany\":{\"name\":\"maboite\",\"phone\":\"0661598768\",\"email\":\"aqtisplus@aqtisplus.com\",\"idprof1\":\"484266987\",\"idprof2\":\"48426698700014\",\"idprof3\":\"7022Z\",\"idprof4\":\"Angers\",\"tva_intra\":\"FR57484266987\",\"localtax1_assuj\":0,\"localtax2_assuj\":0,\"forme_juridique_code\":\"11\",\"country_code\":\"FR\",\"state_code\":\"49\",\"address\":\"21 rue Emile Grasset\",\"zip\":\"49300\",\"town\":\"CHOLET\"},\"total_ht\":\"72.00000000\",\"total_tva\":\"14.40000000\",\"total_ttc\":\"86.40000000\",\"revenuestamp\":\"0.00000000\",\"invoiceline\":{\"1\":{\"product_type\":\"0\",\"qty\":\"1\",\"tva_tx\":\"20.000\",\"localtax1_tx\":\"0.000\",\"localtax2_tx\":\"0.000\",\"total_ht\":\"72.00000000\",\"total_tva\":\"14.40000000\",\"total_localtax1\":\"0.00000000\",\"total_localtax2\":\"0.00000000\",\"total_ttc\":\"86.40000000\",\"info_bits\":\"0\",\"multicurrency_code\":\"EUR\",\"multicurrency_total_ht\":\"72.00000000\",\"multicurrency_total_tva\":\"14.40000000\",\"multicurrency_total_ttc\":\"86.40000000\"},\"2\":{\"ref\":\"contacteur\",\"product_type\":\"0\",\"qty\":\"1\",\"tva_tx\":\"20.000\",\"localtax1_tx\":\"0.000\",\"localtax2_tx\":\"0.000\",\"total_ht\":\"0.00000000\",\"total_tva\":\"0.00000000\",\"total_localtax1\":\"0.00000000\",\"total_localtax2\":\"0.00000000\",\"total_ttc\":\"0.00000000\",\"info_bits\":\"0\",\"multicurrency_code\":\"EUR\",\"multicurrency_total_ht\":\"0.00000000\",\"multicurrency_total_tva\":\"0.00000000\",\"multicurrency_total_ttc\":\"0.00000000\"},\"3\":{\"ref\":\"Armoire_electrique\",\"product_type\":\"0\",\"qty\":\"1\",\"tva_tx\":\"20.000\",\"localtax1_tx\":\"0.000\",\"localtax2_tx\":\"0.000\",\"total_ht\":\"0.00000000\",\"total_tva\":\"0.00000000\",\"total_localtax1\":\"0.00000000\",\"total_localtax2\":\"0.00000000\",\"total_ttc\":\"0.00000000\",\"info_bits\":\"0\",\"multicurrency_code\":\"EUR\",\"multicurrency_total_ht\":\"0.00000000\",\"multicurrency_total_tva\":\"0.00000000\",\"multicurrency_total_ttc\":\"0.00000000\"}},\"type\":\"5\",\"date\":1621980000,\"ref\":\"FA2105-0039\"}',0,'19'),(15,1,'2024-09-09 15:59:19','2024-09-09 13:59:19','PAYMENT_CUSTOMER_CREATE',5000.00000000,'payment',1,'SuperAdmin',21,'PAY2409-0020','2024-09-09 12:00:00','d68a0df7f4e3d48f153fd24ce821104215d72030731506e53408810ceb0b1daa','bb2b300ce080e843c6321c7c59da0ee3e7c1572dd9fab98a80f5954cd36eb92a','{\"thirdparty\":{\"name\":\"ELECMIC\",\"phone\":\"(02)41657379\",\"email\":\"administratif@elecmic.com\",\"localtax1_value\":\"0.000\",\"localtax2_value\":\"0.000\",\"code_client\":\"CU2105-00007\",\"code_fournisseur\":\"SU2105-00008\",\"country_code\":\"FR\",\"state_code\":\"44\",\"address\":\"10 Rue de la G\\u00e2tine\",\"zip\":\"49300\",\"town\":\"cholet\"},\"mycompany\":{\"name\":\"maboite\",\"phone\":\"0661598768\",\"email\":\"aqtisplus@aqtisplus.com\",\"idprof1\":\"484266987\",\"idprof2\":\"48426698700014\",\"idprof3\":\"7022Z\",\"idprof4\":\"Angers\",\"tva_intra\":\"FR57484266987\",\"localtax1_assuj\":0,\"localtax2_assuj\":0,\"forme_juridique_code\":\"11\",\"country_code\":\"FR\",\"state_code\":\"49\",\"address\":\"21 rue Emile Grasset\",\"zip\":\"49300\",\"town\":\"CHOLET\"},\"ref\":\"PAY2409-0020\",\"date\":1725876000,\"type_code\":\"VIR\",\"payment_part\":{\"1\":{\"amount\":\"5000\",\"thirdparty\":{\"name\":\"ELECMIC\",\"phone\":\"(02)41657379\",\"email\":\"administratif@elecmic.com\",\"localtax1_value\":\"0.000\",\"localtax2_value\":\"0.000\",\"code_client\":\"CU2105-00007\",\"code_fournisseur\":\"SU2105-00008\",\"country_code\":\"FR\",\"state_code\":\"44\",\"address\":\"10 Rue de la G\\u00e2tine\",\"zip\":\"49300\",\"town\":\"cholet\"},\"invoice\":{\"total_ht\":\"7364.75000000\",\"total_tva\":\"816.34000000\",\"total_ttc\":\"8181.09000000\",\"revenuestamp\":\"0.00000000\",\"type\":\"0\",\"date\":1727733600,\"ref\":\"FA2409-0054\"}}},\"amount\":5000}',0,'19'),(16,1,'2024-09-09 16:01:50','2024-09-09 14:01:50','BILL_VALIDATE',21.60000000,'facture',1,'SuperAdmin',59,'FA2305-0055','2023-05-16 00:00:00','7a3eecfdbbd5d1f04dd563157234e9e74c10665eb193f0fc8781da42bd390a02','054da7c9a66c08377f223672c41ee083ab12138c1177e27e24e5639b2e25936e','{\"thirdparty\":{\"name\":\"Mr COUSSEAUX\",\"localtax1_value\":\"0.000\",\"localtax2_value\":\"0.000\",\"code_client\":\"CU2305-00011\",\"country_code\":\"FR\",\"state_code\":\"85\",\"address\":\"4 Promenade Wilson\",\"zip\":\"85100\",\"town\":\"Les Sables d\'Olonne\"},\"mycompany\":{\"name\":\"maboite\",\"phone\":\"0661598768\",\"email\":\"aqtisplus@aqtisplus.com\",\"idprof1\":\"484266987\",\"idprof2\":\"48426698700014\",\"idprof3\":\"7022Z\",\"idprof4\":\"Angers\",\"tva_intra\":\"FR57484266987\",\"localtax1_assuj\":0,\"localtax2_assuj\":0,\"forme_juridique_code\":\"11\",\"country_code\":\"FR\",\"state_code\":\"49\",\"address\":\"21 rue Emile Grasset\",\"zip\":\"49300\",\"town\":\"CHOLET\"},\"total_ht\":18,\"total_tva\":3.6,\"total_ttc\":21.6,\"revenuestamp\":\"0.00000000\",\"invoiceline\":{\"1\":{\"ref\":\"124_BL\",\"product_type\":\"0\",\"qty\":\"3\",\"tva_tx\":\"20.000\",\"localtax1_tx\":\"0.000\",\"localtax2_tx\":\"0.000\",\"total_ht\":\"18.00000000\",\"total_tva\":\"3.60000000\",\"total_localtax1\":\"0.00000000\",\"total_localtax2\":\"0.00000000\",\"total_ttc\":\"21.60000000\",\"info_bits\":\"0\",\"multicurrency_code\":\"EUR\",\"multicurrency_total_ht\":\"18.00000000\",\"multicurrency_total_tva\":\"3.60000000\",\"multicurrency_total_ttc\":\"21.60000000\"}},\"type\":\"0\",\"date\":1684188000,\"ref\":\"FA2305-0055\"}',0,'19'),(17,1,'2024-09-18 11:09:45','2024-09-18 09:09:45','BILL_VALIDATE',6.00000000,'facture',1,'SuperAdmin',67,'FA2409-0056','2024-09-18 00:00:00','b06b886c4ae38f45df0c1cd31fcc43ef307ce77b25fe903b14ab4958aceaca1f','cd3c05e8e4856c379dc641c49e9174363d279fd02de40e39243acaa33ab52fcf','{\"thirdparty\":{\"name\":\"aqtisplus\",\"phone\":\"0241651414\",\"email\":\"p.neveu@aqtisplus.com\",\"tva_intra\":\"FR57484266986\",\"localtax1_value\":\"0.000\",\"localtax2_value\":\"0.000\",\"typent_code\":\"TE_MEDIUM\",\"forme_juridique_code\":\"11\",\"code_client\":\"CU1901-0001\",\"code_fournisseur\":\"SU1901-0001\",\"country_code\":\"FR\",\"state_code\":\"49\",\"address\":\"21 rue Emile Grasset\",\"zip\":\"49300\",\"town\":\"cholet\"},\"mycompany\":{\"name\":\"maboite\",\"phone\":\"0661598768\",\"email\":\"aqtisplus@aqtisplus.com\",\"idprof1\":\"484266987\",\"idprof2\":\"48426698700014\",\"idprof3\":\"7022Z\",\"idprof4\":\"Angers\",\"tva_intra\":\"FR57484266987\",\"localtax1_assuj\":0,\"localtax2_assuj\":0,\"forme_juridique_code\":\"11\",\"country_code\":\"FR\",\"state_code\":\"49\",\"address\":\"21 rue Emile Grasset\",\"zip\":\"49300\",\"town\":\"CHOLET\"},\"total_ht\":5,\"total_tva\":1,\"total_ttc\":6,\"revenuestamp\":\"0.00000000\",\"invoiceline\":{\"1\":{\"ref\":\"124\",\"product_type\":\"0\",\"qty\":\"1\",\"tva_tx\":\"20.000\",\"localtax1_tx\":\"0.000\",\"localtax2_tx\":\"0.000\",\"total_ht\":\"5.00000000\",\"total_tva\":\"1.00000000\",\"total_localtax1\":\"0.00000000\",\"total_localtax2\":\"0.00000000\",\"total_ttc\":\"6.00000000\",\"info_bits\":\"0\",\"multicurrency_code\":\"EUR\",\"multicurrency_total_ht\":\"5.00000000\",\"multicurrency_total_tva\":\"1.00000000\",\"multicurrency_total_ttc\":\"6.00000000\"}},\"type\":\"0\",\"date\":1726610400,\"ref\":\"FA2409-0056\"}',0,'19'),(18,1,'2024-09-18 11:27:47','2024-09-18 09:27:47','DOC_PREVIEW',384.00000000,'facture',1,'SuperAdmin',43,'FA2102-0033','2021-02-10 00:00:00','44a9c4f8cc1879f9d4fbda4769104d3dd1b773a1a4c8845112789a450dfe2a62','8eab922da1e3ba630ec7a37592a757188b48fa7b465a3594940e54ee421de979','{\"thirdparty\":{\"name\":\"Daniel Denis\",\"localtax1_value\":\"0.000\",\"localtax2_value\":\"0.000\",\"code_client\":\"CU2102-00004\",\"country_code\":\"FR\"},\"mycompany\":{\"name\":\"maboite\",\"phone\":\"0661598768\",\"email\":\"aqtisplus@aqtisplus.com\",\"idprof1\":\"484266987\",\"idprof2\":\"48426698700014\",\"idprof3\":\"7022Z\",\"idprof4\":\"Angers\",\"tva_intra\":\"FR57484266987\",\"localtax1_assuj\":0,\"localtax2_assuj\":0,\"forme_juridique_code\":\"11\",\"country_code\":\"FR\",\"state_code\":\"49\",\"address\":\"21 rue Emile Grasset\",\"zip\":\"49300\",\"town\":\"CHOLET\"},\"total_ht\":\"320.00000000\",\"total_tva\":\"64.00000000\",\"total_ttc\":\"384.00000000\",\"revenuestamp\":\"0.00000000\",\"invoiceline\":{\"1\":{\"ref\":\"velo\",\"product_type\":\"0\",\"qty\":\"1\",\"tva_tx\":\"20.000\",\"localtax1_tx\":\"0.000\",\"localtax2_tx\":\"0.000\",\"total_ht\":\"300.00000000\",\"total_tva\":\"60.00000000\",\"total_localtax1\":\"0.00000000\",\"total_localtax2\":\"0.00000000\",\"total_ttc\":\"360.00000000\",\"info_bits\":\"0\",\"multicurrency_code\":\"EUR\",\"multicurrency_total_ht\":\"300.00000000\",\"multicurrency_total_tva\":\"60.00000000\",\"multicurrency_total_ttc\":\"360.00000000\"},\"2\":{\"ref\":\"rayons\",\"product_type\":\"0\",\"qty\":\"10\",\"tva_tx\":\"20.000\",\"localtax1_tx\":\"0.000\",\"localtax2_tx\":\"0.000\",\"total_ht\":\"20.00000000\",\"total_tva\":\"4.00000000\",\"total_localtax1\":\"0.00000000\",\"total_localtax2\":\"0.00000000\",\"total_ttc\":\"24.00000000\",\"info_bits\":\"0\",\"multicurrency_code\":\"EUR\",\"multicurrency_total_ht\":\"20.00000000\",\"multicurrency_total_tva\":\"4.00000000\",\"multicurrency_total_ttc\":\"24.00000000\"}},\"type\":\"0\",\"date\":1612911600,\"ref\":\"FA2102-0033\"}',0,'19'),(19,1,'2024-09-18 11:27:58','2024-09-18 09:27:58','DOC_PREVIEW',384.00000000,'facture',1,'SuperAdmin',43,'FA2102-0033','2021-02-10 00:00:00','f673f7c15f3e06911a9728c4a2ddfdd9144665923c42fb447987c2b4eeda04b6','7879680e3e6efa7fc6604a370ecfb6713e640c28d30df2db0dc7782b1c695836','{\"thirdparty\":{\"name\":\"Daniel Denis\",\"localtax1_value\":\"0.000\",\"localtax2_value\":\"0.000\",\"code_client\":\"CU2102-00004\",\"country_code\":\"FR\"},\"mycompany\":{\"name\":\"maboite\",\"phone\":\"0661598768\",\"email\":\"aqtisplus@aqtisplus.com\",\"idprof1\":\"484266987\",\"idprof2\":\"48426698700014\",\"idprof3\":\"7022Z\",\"idprof4\":\"Angers\",\"tva_intra\":\"FR57484266987\",\"localtax1_assuj\":0,\"localtax2_assuj\":0,\"forme_juridique_code\":\"11\",\"country_code\":\"FR\",\"state_code\":\"49\",\"address\":\"21 rue Emile Grasset\",\"zip\":\"49300\",\"town\":\"CHOLET\"},\"total_ht\":\"320.00000000\",\"total_tva\":\"64.00000000\",\"total_ttc\":\"384.00000000\",\"revenuestamp\":\"0.00000000\",\"invoiceline\":{\"1\":{\"ref\":\"velo\",\"product_type\":\"0\",\"qty\":\"1\",\"tva_tx\":\"20.000\",\"localtax1_tx\":\"0.000\",\"localtax2_tx\":\"0.000\",\"total_ht\":\"300.00000000\",\"total_tva\":\"60.00000000\",\"total_localtax1\":\"0.00000000\",\"total_localtax2\":\"0.00000000\",\"total_ttc\":\"360.00000000\",\"info_bits\":\"0\",\"multicurrency_code\":\"EUR\",\"multicurrency_total_ht\":\"300.00000000\",\"multicurrency_total_tva\":\"60.00000000\",\"multicurrency_total_ttc\":\"360.00000000\"},\"2\":{\"ref\":\"rayons\",\"product_type\":\"0\",\"qty\":\"10\",\"tva_tx\":\"20.000\",\"localtax1_tx\":\"0.000\",\"localtax2_tx\":\"0.000\",\"total_ht\":\"20.00000000\",\"total_tva\":\"4.00000000\",\"total_localtax1\":\"0.00000000\",\"total_localtax2\":\"0.00000000\",\"total_ttc\":\"24.00000000\",\"info_bits\":\"0\",\"multicurrency_code\":\"EUR\",\"multicurrency_total_ht\":\"20.00000000\",\"multicurrency_total_tva\":\"4.00000000\",\"multicurrency_total_ttc\":\"24.00000000\"}},\"type\":\"0\",\"date\":1612911600,\"ref\":\"FA2102-0033\"}',0,'19'),(20,1,'2024-09-18 11:28:13','2024-09-18 09:28:13','DOC_PREVIEW',600.00000000,'facture',1,'SuperAdmin',11,'FA1902-0008','2019-02-18 00:00:00','79fd64fa20cf4e3d39de3090d74572b9e390b82cd5f7b6c9499389659f8ae7fb','e27d406b0457b4c12d94304588a36e7a118ee92b95d54733c58e20fbf7dc5c08','{\"thirdparty\":{\"name\":\"Orange\",\"localtax1_value\":\"0.000\",\"localtax2_value\":\"0.000\",\"code_client\":\"CU1902-0002\",\"code_fournisseur\":\"SU2103-00006\",\"country_code\":\"FR\"},\"mycompany\":{\"name\":\"maboite\",\"phone\":\"0661598768\",\"email\":\"aqtisplus@aqtisplus.com\",\"idprof1\":\"484266987\",\"idprof2\":\"48426698700014\",\"idprof3\":\"7022Z\",\"idprof4\":\"Angers\",\"tva_intra\":\"FR57484266987\",\"localtax1_assuj\":0,\"localtax2_assuj\":0,\"forme_juridique_code\":\"11\",\"country_code\":\"FR\",\"state_code\":\"49\",\"address\":\"21 rue Emile Grasset\",\"zip\":\"49300\",\"town\":\"CHOLET\"},\"total_ht\":\"500.00000000\",\"total_tva\":\"100.00000000\",\"total_ttc\":\"600.00000000\",\"revenuestamp\":\"0.00000000\",\"invoiceline\":{\"1\":{\"ref\":\"velo\",\"product_type\":\"0\",\"qty\":\"10\",\"tva_tx\":\"20.000\",\"localtax1_tx\":\"0.000\",\"localtax2_tx\":\"0.000\",\"total_ht\":\"150.00000000\",\"total_tva\":\"30.00000000\",\"total_localtax1\":\"0.00000000\",\"total_localtax2\":\"0.00000000\",\"total_ttc\":\"180.00000000\",\"info_bits\":\"0\",\"multicurrency_code\":\"EUR\",\"multicurrency_total_ht\":\"150.00000000\",\"multicurrency_total_tva\":\"30.00000000\",\"multicurrency_total_ttc\":\"180.00000000\"},\"2\":{\"ref\":\"formation\",\"product_type\":\"1\",\"qty\":\"5\",\"tva_tx\":\"20.000\",\"localtax1_tx\":\"0.000\",\"localtax2_tx\":\"0.000\",\"total_ht\":\"350.00000000\",\"total_tva\":\"70.00000000\",\"total_localtax1\":\"0.00000000\",\"total_localtax2\":\"0.00000000\",\"total_ttc\":\"420.00000000\",\"info_bits\":\"0\",\"multicurrency_code\":\"EUR\",\"multicurrency_total_ht\":\"350.00000000\",\"multicurrency_total_tva\":\"70.00000000\",\"multicurrency_total_ttc\":\"420.00000000\"}},\"type\":\"5\",\"date\":1550444400,\"ref\":\"FA1902-0008\"}',0,'19'),(21,1,'2024-09-18 11:28:22','2024-09-18 09:28:22','DOC_PREVIEW',600.00000000,'facture',1,'SuperAdmin',11,'FA1902-0008','2019-02-18 00:00:00','6448111dfc0651ea23a77167397ec2c0efad8392c242b959540421cb90688695','2c06bfd1792c4f87e66d83836d62b09781cc1c5b65388999608a0c360e395f61','{\"thirdparty\":{\"name\":\"Orange\",\"localtax1_value\":\"0.000\",\"localtax2_value\":\"0.000\",\"code_client\":\"CU1902-0002\",\"code_fournisseur\":\"SU2103-00006\",\"country_code\":\"FR\"},\"mycompany\":{\"name\":\"maboite\",\"phone\":\"0661598768\",\"email\":\"aqtisplus@aqtisplus.com\",\"idprof1\":\"484266987\",\"idprof2\":\"48426698700014\",\"idprof3\":\"7022Z\",\"idprof4\":\"Angers\",\"tva_intra\":\"FR57484266987\",\"localtax1_assuj\":0,\"localtax2_assuj\":0,\"forme_juridique_code\":\"11\",\"country_code\":\"FR\",\"state_code\":\"49\",\"address\":\"21 rue Emile Grasset\",\"zip\":\"49300\",\"town\":\"CHOLET\"},\"total_ht\":\"500.00000000\",\"total_tva\":\"100.00000000\",\"total_ttc\":\"600.00000000\",\"revenuestamp\":\"0.00000000\",\"invoiceline\":{\"1\":{\"ref\":\"velo\",\"product_type\":\"0\",\"qty\":\"10\",\"tva_tx\":\"20.000\",\"localtax1_tx\":\"0.000\",\"localtax2_tx\":\"0.000\",\"total_ht\":\"150.00000000\",\"total_tva\":\"30.00000000\",\"total_localtax1\":\"0.00000000\",\"total_localtax2\":\"0.00000000\",\"total_ttc\":\"180.00000000\",\"info_bits\":\"0\",\"multicurrency_code\":\"EUR\",\"multicurrency_total_ht\":\"150.00000000\",\"multicurrency_total_tva\":\"30.00000000\",\"multicurrency_total_ttc\":\"180.00000000\"},\"2\":{\"ref\":\"formation\",\"product_type\":\"1\",\"qty\":\"5\",\"tva_tx\":\"20.000\",\"localtax1_tx\":\"0.000\",\"localtax2_tx\":\"0.000\",\"total_ht\":\"350.00000000\",\"total_tva\":\"70.00000000\",\"total_localtax1\":\"0.00000000\",\"total_localtax2\":\"0.00000000\",\"total_ttc\":\"420.00000000\",\"info_bits\":\"0\",\"multicurrency_code\":\"EUR\",\"multicurrency_total_ht\":\"350.00000000\",\"multicurrency_total_tva\":\"70.00000000\",\"multicurrency_total_ttc\":\"420.00000000\"}},\"type\":\"5\",\"date\":1550444400,\"ref\":\"FA1902-0008\"}',0,'19'),(22,1,'2024-09-18 11:28:29','2024-09-18 09:28:29','DOC_PREVIEW',600.00000000,'facture',1,'SuperAdmin',11,'FA1902-0008','2019-02-18 00:00:00','d4ce9c5e5dd29fbf7cef2b5e1e87616e01a216c93b2ac8eddab5d69d2aefee87','57763749adf611a2fc2bff7d6d44bd4414184c7a3de11276fc80e6d75ff9531c','{\"thirdparty\":{\"name\":\"Orange\",\"localtax1_value\":\"0.000\",\"localtax2_value\":\"0.000\",\"code_client\":\"CU1902-0002\",\"code_fournisseur\":\"SU2103-00006\",\"country_code\":\"FR\"},\"mycompany\":{\"name\":\"maboite\",\"phone\":\"0661598768\",\"email\":\"aqtisplus@aqtisplus.com\",\"idprof1\":\"484266987\",\"idprof2\":\"48426698700014\",\"idprof3\":\"7022Z\",\"idprof4\":\"Angers\",\"tva_intra\":\"FR57484266987\",\"localtax1_assuj\":0,\"localtax2_assuj\":0,\"forme_juridique_code\":\"11\",\"country_code\":\"FR\",\"state_code\":\"49\",\"address\":\"21 rue Emile Grasset\",\"zip\":\"49300\",\"town\":\"CHOLET\"},\"total_ht\":\"500.00000000\",\"total_tva\":\"100.00000000\",\"total_ttc\":\"600.00000000\",\"revenuestamp\":\"0.00000000\",\"invoiceline\":{\"1\":{\"ref\":\"velo\",\"product_type\":\"0\",\"qty\":\"10\",\"tva_tx\":\"20.000\",\"localtax1_tx\":\"0.000\",\"localtax2_tx\":\"0.000\",\"total_ht\":\"150.00000000\",\"total_tva\":\"30.00000000\",\"total_localtax1\":\"0.00000000\",\"total_localtax2\":\"0.00000000\",\"total_ttc\":\"180.00000000\",\"info_bits\":\"0\",\"multicurrency_code\":\"EUR\",\"multicurrency_total_ht\":\"150.00000000\",\"multicurrency_total_tva\":\"30.00000000\",\"multicurrency_total_ttc\":\"180.00000000\"},\"2\":{\"ref\":\"formation\",\"product_type\":\"1\",\"qty\":\"5\",\"tva_tx\":\"20.000\",\"localtax1_tx\":\"0.000\",\"localtax2_tx\":\"0.000\",\"total_ht\":\"350.00000000\",\"total_tva\":\"70.00000000\",\"total_localtax1\":\"0.00000000\",\"total_localtax2\":\"0.00000000\",\"total_ttc\":\"420.00000000\",\"info_bits\":\"0\",\"multicurrency_code\":\"EUR\",\"multicurrency_total_ht\":\"350.00000000\",\"multicurrency_total_tva\":\"70.00000000\",\"multicurrency_total_ttc\":\"420.00000000\"}},\"type\":\"5\",\"date\":1550444400,\"ref\":\"FA1902-0008\"}',0,'19'),(23,1,'2024-09-18 11:28:37','2024-09-18 09:28:37','DOC_PREVIEW',168.00000000,'facture',1,'SuperAdmin',1,'FA1901-0001','2019-01-08 00:00:00','098362e88397af274512b16647e27cce991e2f5d0c16fdc901f21ccc49e1db88','ac560c97a037d0066d8a53e8f1d5f8132d0f4cb2a247e85b5aaa2cb0209c2e8d','{\"thirdparty\":{\"name\":\"aqtisplus\",\"phone\":\"0241651414\",\"email\":\"p.neveu@aqtisplus.com\",\"tva_intra\":\"FR57484266986\",\"localtax1_value\":\"0.000\",\"localtax2_value\":\"0.000\",\"typent_code\":\"TE_MEDIUM\",\"forme_juridique_code\":\"11\",\"code_client\":\"CU1901-0001\",\"code_fournisseur\":\"SU1901-0001\",\"country_code\":\"FR\",\"state_code\":\"49\",\"address\":\"21 rue Emile Grasset\",\"zip\":\"49300\",\"town\":\"cholet\"},\"mycompany\":{\"name\":\"maboite\",\"phone\":\"0661598768\",\"email\":\"aqtisplus@aqtisplus.com\",\"idprof1\":\"484266987\",\"idprof2\":\"48426698700014\",\"idprof3\":\"7022Z\",\"idprof4\":\"Angers\",\"tva_intra\":\"FR57484266987\",\"localtax1_assuj\":0,\"localtax2_assuj\":0,\"forme_juridique_code\":\"11\",\"country_code\":\"FR\",\"state_code\":\"49\",\"address\":\"21 rue Emile Grasset\",\"zip\":\"49300\",\"town\":\"CHOLET\"},\"total_ht\":\"140.00000000\",\"total_tva\":\"28.00000000\",\"total_ttc\":\"168.00000000\",\"revenuestamp\":\"0.00000000\",\"invoiceline\":{\"1\":{\"ref\":\"MO1\",\"product_type\":\"0\",\"qty\":\"2\",\"tva_tx\":\"20.000\",\"localtax1_tx\":\"0.000\",\"localtax2_tx\":\"0.000\",\"total_ht\":\"140.00000000\",\"total_tva\":\"28.00000000\",\"total_localtax1\":\"0.00000000\",\"total_localtax2\":\"0.00000000\",\"total_ttc\":\"168.00000000\",\"info_bits\":\"0\",\"multicurrency_code\":\"EUR\",\"multicurrency_total_ht\":\"140.00000000\",\"multicurrency_total_tva\":\"28.00000000\",\"multicurrency_total_ttc\":\"168.00000000\"}},\"type\":\"0\",\"date\":1546902000,\"ref\":\"FA1901-0001\"}',0,'19'),(24,1,'2024-09-18 11:31:25','2024-09-18 09:31:25','BILL_VALIDATE',9557.99000000,'facture',1,'SuperAdmin',68,'FA2409-0057','2024-09-18 00:00:00','0e7818779a74957c81d0ce622960e30e70095a081a326ec3ccd714cbf5698ca9','ba0734c97eed91fd3ee42f67141c5b19e915267e205c5e406ad295ea27339881','{\"thirdparty\":{\"name\":\"aqtisplus\",\"phone\":\"0241651414\",\"email\":\"p.neveu@aqtisplus.com\",\"tva_intra\":\"FR57484266986\",\"localtax1_value\":\"0.000\",\"localtax2_value\":\"0.000\",\"typent_code\":\"TE_MEDIUM\",\"forme_juridique_code\":\"11\",\"code_client\":\"CU1901-0001\",\"code_fournisseur\":\"SU1901-0001\",\"country_code\":\"FR\",\"state_code\":\"49\",\"address\":\"21 rue Emile Grasset\",\"zip\":\"49300\",\"town\":\"cholet\"},\"mycompany\":{\"name\":\"maboite\",\"phone\":\"0661598768\",\"email\":\"aqtisplus@aqtisplus.com\",\"idprof1\":\"484266987\",\"idprof2\":\"48426698700014\",\"idprof3\":\"7022Z\",\"idprof4\":\"Angers\",\"tva_intra\":\"FR57484266987\",\"localtax1_assuj\":0,\"localtax2_assuj\":0,\"forme_juridique_code\":\"11\",\"country_code\":\"FR\",\"state_code\":\"49\",\"address\":\"21 rue Emile Grasset\",\"zip\":\"49300\",\"town\":\"CHOLET\"},\"total_ht\":8669.08,\"total_tva\":888.91,\"total_ttc\":9557.99,\"revenuestamp\":\"0.00000000\",\"invoiceline\":{\"1\":{\"product_type\":\"9\",\"qty\":\"1\",\"tva_tx\":\"0.000\",\"localtax1_tx\":\"0.000\",\"localtax2_tx\":\"0.000\",\"total_ht\":\"0.00000000\",\"total_tva\":\"0.00000000\",\"total_localtax1\":\"0.00000000\",\"total_localtax2\":\"0.00000000\",\"total_ttc\":\"0.00000000\",\"info_bits\":\"0\",\"multicurrency_code\":\"EUR\",\"multicurrency_total_ht\":\"0.00000000\",\"multicurrency_total_tva\":\"0.00000000\",\"multicurrency_total_ttc\":\"0.00000000\"},\"2\":{\"ref\":\"Prepa\",\"product_type\":\"0\",\"qty\":\"1\",\"tva_tx\":\"10.000\",\"localtax1_tx\":\"0.000\",\"localtax2_tx\":\"0.000\",\"total_ht\":\"240.00000000\",\"total_tva\":\"24.00000000\",\"total_localtax1\":\"0.00000000\",\"total_localtax2\":\"0.00000000\",\"total_ttc\":\"264.00000000\",\"info_bits\":\"0\",\"multicurrency_code\":\"EUR\",\"multicurrency_total_ht\":\"240.00000000\",\"multicurrency_total_tva\":\"24.00000000\",\"multicurrency_total_ttc\":\"264.00000000\"},\"3\":{\"product_type\":\"1\",\"qty\":\"1\",\"tva_tx\":\"10.000\",\"localtax1_tx\":\"0.000\",\"localtax2_tx\":\"0.000\",\"total_ht\":\"1200.00000000\",\"total_tva\":\"120.00000000\",\"total_localtax1\":\"0.00000000\",\"total_localtax2\":\"0.00000000\",\"total_ttc\":\"1320.00000000\",\"info_bits\":\"0\",\"multicurrency_code\":\"EUR\",\"multicurrency_total_ht\":\"1200.00000000\",\"multicurrency_total_tva\":\"120.00000000\",\"multicurrency_total_ttc\":\"1320.00000000\"},\"4\":{\"product_type\":\"1\",\"qty\":\"1\",\"tva_tx\":\"10.000\",\"localtax1_tx\":\"0.000\",\"localtax2_tx\":\"0.000\",\"total_ht\":\"981.00000000\",\"total_tva\":\"98.10000000\",\"total_localtax1\":\"0.00000000\",\"total_localtax2\":\"0.00000000\",\"total_ttc\":\"1079.10000000\",\"info_bits\":\"0\",\"multicurrency_code\":\"EUR\",\"multicurrency_total_ht\":\"981.00000000\",\"multicurrency_total_tva\":\"98.10000000\",\"multicurrency_total_ttc\":\"1079.10000000\"},\"5\":{\"product_type\":\"1\",\"qty\":\"1\",\"tva_tx\":\"10.000\",\"localtax1_tx\":\"0.000\",\"localtax2_tx\":\"0.000\",\"total_ht\":\"650.00000000\",\"total_tva\":\"65.00000000\",\"total_localtax1\":\"0.00000000\",\"total_localtax2\":\"0.00000000\",\"total_ttc\":\"715.00000000\",\"info_bits\":\"0\",\"multicurrency_code\":\"EUR\",\"multicurrency_total_ht\":\"650.00000000\",\"multicurrency_total_tva\":\"65.00000000\",\"multicurrency_total_ttc\":\"715.00000000\"},\"6\":{\"product_type\":\"1\",\"qty\":\"1\",\"tva_tx\":\"10.000\",\"localtax1_tx\":\"0.000\",\"localtax2_tx\":\"0.000\",\"total_ht\":\"425.00000000\",\"total_tva\":\"42.50000000\",\"total_localtax1\":\"0.00000000\",\"total_localtax2\":\"0.00000000\",\"total_ttc\":\"467.50000000\",\"info_bits\":\"0\",\"multicurrency_code\":\"EUR\",\"multicurrency_total_ht\":\"425.00000000\",\"multicurrency_total_tva\":\"42.50000000\",\"multicurrency_total_ttc\":\"467.50000000\"},\"7\":{\"product_type\":\"9\",\"qty\":\"99\",\"tva_tx\":\"0.000\",\"localtax1_tx\":\"0.000\",\"localtax2_tx\":\"0.000\",\"total_ht\":\"0.00000000\",\"total_tva\":\"0.00000000\",\"total_localtax1\":\"0.00000000\",\"total_localtax2\":\"0.00000000\",\"total_ttc\":\"0.00000000\",\"info_bits\":\"0\",\"multicurrency_code\":\"EUR\",\"multicurrency_total_ht\":\"0.00000000\",\"multicurrency_total_tva\":\"0.00000000\",\"multicurrency_total_ttc\":\"0.00000000\"},\"8\":{\"product_type\":\"9\",\"qty\":\"1\",\"tva_tx\":\"0.000\",\"localtax1_tx\":\"0.000\",\"localtax2_tx\":\"0.000\",\"total_ht\":\"0.00000000\",\"total_tva\":\"0.00000000\",\"total_localtax1\":\"0.00000000\",\"total_localtax2\":\"0.00000000\",\"total_ttc\":\"0.00000000\",\"info_bits\":\"0\",\"multicurrency_code\":\"EUR\",\"multicurrency_total_ht\":\"0.00000000\",\"multicurrency_total_tva\":\"0.00000000\",\"multicurrency_total_ttc\":\"0.00000000\"},\"9\":{\"product_type\":\"0\",\"qty\":\"1\",\"tva_tx\":\"10.000\",\"localtax1_tx\":\"0.000\",\"localtax2_tx\":\"0.000\",\"total_ht\":\"1032.08000000\",\"total_tva\":\"103.21000000\",\"total_localtax1\":\"0.00000000\",\"total_localtax2\":\"0.00000000\",\"total_ttc\":\"1135.29000000\",\"info_bits\":\"0\",\"multicurrency_code\":\"EUR\",\"multicurrency_total_ht\":\"1032.08000000\",\"multicurrency_total_tva\":\"103.21000000\",\"multicurrency_total_ttc\":\"1135.29000000\"},\"10\":{\"ref\":\"JM35P30\",\"product_type\":\"0\",\"qty\":\"2\",\"tva_tx\":\"10.000\",\"localtax1_tx\":\"0.000\",\"localtax2_tx\":\"0.000\",\"total_ht\":\"1218.00000000\",\"total_tva\":\"121.80000000\",\"total_localtax1\":\"0.00000000\",\"total_localtax2\":\"0.00000000\",\"total_ttc\":\"1339.80000000\",\"info_bits\":\"0\",\"multicurrency_code\":\"EUR\",\"multicurrency_total_ht\":\"1218.00000000\",\"multicurrency_total_tva\":\"121.80000000\",\"multicurrency_total_ttc\":\"1339.80000000\"},\"11\":{\"ref\":\"JM120P51\",\"product_type\":\"0\",\"qty\":\"1\",\"tva_tx\":\"10.000\",\"localtax1_tx\":\"0.000\",\"localtax2_tx\":\"0.000\",\"total_ht\":\"2703.00000000\",\"total_tva\":\"270.30000000\",\"total_localtax1\":\"0.00000000\",\"total_localtax2\":\"0.00000000\",\"total_ttc\":\"2973.30000000\",\"info_bits\":\"0\",\"multicurrency_code\":\"EUR\",\"multicurrency_total_ht\":\"2703.00000000\",\"multicurrency_total_tva\":\"270.30000000\",\"multicurrency_total_ttc\":\"2973.30000000\"},\"12\":{\"product_type\":\"9\",\"qty\":\"99\",\"tva_tx\":\"0.000\",\"localtax1_tx\":\"0.000\",\"localtax2_tx\":\"0.000\",\"total_ht\":\"0.00000000\",\"total_tva\":\"0.00000000\",\"total_localtax1\":\"0.00000000\",\"total_localtax2\":\"0.00000000\",\"total_ttc\":\"0.00000000\",\"info_bits\":\"0\",\"multicurrency_code\":\"EUR\",\"multicurrency_total_ht\":\"0.00000000\",\"multicurrency_total_tva\":\"0.00000000\",\"multicurrency_total_ttc\":\"0.00000000\"},\"13\":{\"ref\":\"meuble_cuisine\",\"product_type\":\"0\",\"qty\":\"2\",\"tva_tx\":\"20.000\",\"localtax1_tx\":\"0.000\",\"localtax2_tx\":\"0.000\",\"total_ht\":\"220.00000000\",\"total_tva\":\"44.00000000\",\"total_localtax1\":\"0.00000000\",\"total_localtax2\":\"0.00000000\",\"total_ttc\":\"264.00000000\",\"info_bits\":\"0\",\"multicurrency_code\":\"EUR\",\"multicurrency_total_ht\":\"220.00000000\",\"multicurrency_total_tva\":\"44.00000000\",\"multicurrency_total_ttc\":\"264.00000000\"}},\"type\":\"0\",\"date\":1726610400,\"ref\":\"FA2409-0057\"}',0,'19'),(25,1,'2024-09-18 11:39:34','2024-09-18 09:39:34','BILL_VALIDATE',132.00000000,'facture',1,'SuperAdmin',69,'FA2409-0058','2024-09-18 00:00:00','864287ef1e651e2298651c39d2ca7f552650dae561c79eb7e276551ba604c8e8','7672a55cc051b89c1eea1d1ffcd6a48bae18ccd0f2bf8bd7a1f8771948ff82c4','{\"thirdparty\":{\"name\":\"aqtisplus\",\"phone\":\"0241651414\",\"email\":\"p.neveu@aqtisplus.com\",\"tva_intra\":\"FR57484266986\",\"localtax1_value\":\"0.000\",\"localtax2_value\":\"0.000\",\"typent_code\":\"TE_MEDIUM\",\"forme_juridique_code\":\"11\",\"code_client\":\"CU1901-0001\",\"code_fournisseur\":\"SU1901-0001\",\"country_code\":\"FR\",\"state_code\":\"49\",\"address\":\"21 rue Emile Grasset\",\"zip\":\"49300\",\"town\":\"cholet\"},\"mycompany\":{\"name\":\"maboite\",\"phone\":\"0661598768\",\"email\":\"aqtisplus@aqtisplus.com\",\"idprof1\":\"484266987\",\"idprof2\":\"48426698700014\",\"idprof3\":\"7022Z\",\"idprof4\":\"Angers\",\"tva_intra\":\"FR57484266987\",\"localtax1_assuj\":0,\"localtax2_assuj\":0,\"forme_juridique_code\":\"11\",\"country_code\":\"FR\",\"state_code\":\"49\",\"address\":\"21 rue Emile Grasset\",\"zip\":\"49300\",\"town\":\"CHOLET\"},\"total_ht\":110,\"total_tva\":22,\"total_ttc\":132,\"revenuestamp\":\"0.00000000\",\"invoiceline\":{\"1\":{\"ref\":\"meuble_cuisine\",\"product_type\":\"0\",\"qty\":\"1\",\"tva_tx\":\"20.000\",\"localtax1_tx\":\"0.000\",\"localtax2_tx\":\"0.000\",\"total_ht\":\"110.00000000\",\"total_tva\":\"22.00000000\",\"total_localtax1\":\"0.00000000\",\"total_localtax2\":\"0.00000000\",\"total_ttc\":\"132.00000000\",\"info_bits\":\"0\",\"multicurrency_code\":\"EUR\",\"multicurrency_total_ht\":\"110.00000000\",\"multicurrency_total_tva\":\"22.00000000\",\"multicurrency_total_ttc\":\"132.00000000\"}},\"type\":\"0\",\"date\":1726610400,\"ref\":\"FA2409-0058\"}',0,'19'),(26,1,'2024-09-18 12:09:51','2024-09-18 10:09:51','BILL_VALIDATE',264.00000000,'facture',1,'SuperAdmin',70,'FA2409-0059','2024-09-18 00:00:00','1c0cbf5efb08841dfcc6cdcf7ab357fbb0bbdd8ca29c18a433dcc7c147da1b46','96355459d1e8b86b57ae571eff2864789874610f5ad413026b8553cd524bcd31','{\"thirdparty\":{\"name\":\"aqtisplus\",\"phone\":\"0241651414\",\"email\":\"p.neveu@aqtisplus.com\",\"tva_intra\":\"FR57484266986\",\"localtax1_value\":\"0.000\",\"localtax2_value\":\"0.000\",\"typent_code\":\"TE_MEDIUM\",\"forme_juridique_code\":\"11\",\"code_client\":\"CU1901-0001\",\"code_fournisseur\":\"SU1901-0001\",\"country_code\":\"FR\",\"state_code\":\"49\",\"address\":\"21 rue Emile Grasset\",\"zip\":\"49300\",\"town\":\"cholet\"},\"mycompany\":{\"name\":\"maboite\",\"phone\":\"0661598768\",\"email\":\"aqtisplus@aqtisplus.com\",\"idprof1\":\"484266987\",\"idprof2\":\"48426698700014\",\"idprof3\":\"7022Z\",\"idprof4\":\"Angers\",\"tva_intra\":\"FR57484266987\",\"localtax1_assuj\":0,\"localtax2_assuj\":0,\"forme_juridique_code\":\"11\",\"country_code\":\"FR\",\"state_code\":\"49\",\"address\":\"21 rue Emile Grasset\",\"zip\":\"49300\",\"town\":\"CHOLET\"},\"total_ht\":220,\"total_tva\":44,\"total_ttc\":264,\"revenuestamp\":\"0.00000000\",\"invoiceline\":{\"1\":{\"ref\":\"meuble_cuisine\",\"product_type\":\"0\",\"qty\":\"2\",\"tva_tx\":\"20.000\",\"localtax1_tx\":\"0.000\",\"localtax2_tx\":\"0.000\",\"total_ht\":\"220.00000000\",\"total_tva\":\"44.00000000\",\"total_localtax1\":\"0.00000000\",\"total_localtax2\":\"0.00000000\",\"total_ttc\":\"264.00000000\",\"info_bits\":\"0\",\"multicurrency_code\":\"EUR\",\"multicurrency_total_ht\":\"220.00000000\",\"multicurrency_total_tva\":\"44.00000000\",\"multicurrency_total_ttc\":\"264.00000000\"}},\"type\":\"0\",\"date\":1726610400,\"ref\":\"FA2409-0059\"}',0,'19'),(27,1,'2024-09-25 19:16:28','2024-09-25 17:16:28','DOC_PREVIEW',888.00000000,'facture',1,'SuperAdmin',46,'FA2105-0036','2021-05-25 00:00:00','8c68eacf1cd1d12625c49d372ca81abf74e84df14665784470f4bfa02ef970dc','2db830810d0be380fe7d8c850bc5063b7699ce6847410fb4a7e6df784970984b','{\"thirdparty\":{\"name\":\"Microsoft\",\"name_alias\":\"Microsoft\",\"localtax1_value\":\"0.000\",\"localtax2_value\":\"0.000\",\"code_client\":\"CU2105-00006\",\"code_fournisseur\":\"SU1901-0002\",\"country_code\":\"FR\"},\"mycompany\":{\"name\":\"maboite\",\"phone\":\"0661598768\",\"email\":\"aqtisplus@aqtisplus.com\",\"idprof1\":\"484266987\",\"idprof2\":\"48426698700014\",\"idprof3\":\"7022Z\",\"idprof4\":\"Angers\",\"tva_intra\":\"FR57484266987\",\"localtax1_assuj\":0,\"localtax2_assuj\":0,\"capital\":0,\"forme_juridique_code\":\"11\",\"country_code\":\"FR\",\"state_code\":\"49\",\"address\":\"21 rue Emile Grasset\",\"zip\":\"49300\",\"town\":\"CHOLET\"},\"total_ht\":\"740.00000000\",\"total_tva\":\"148.00000000\",\"total_ttc\":\"888.00000000\",\"revenuestamp\":\"0.00000000\",\"invoiceline\":{\"1\":{\"ref\":\"Ouvrage\",\"product_type\":\"0\",\"product_label\":\"Ouvrage\",\"qty\":\"5\",\"tva_tx\":\"20.000\",\"localtax1_tx\":\"0.000\",\"localtax2_tx\":\"0.000\",\"total_ht\":\"740.00000000\",\"total_tva\":\"148.00000000\",\"total_localtax1\":\"0.00000000\",\"total_localtax2\":\"0.00000000\",\"total_ttc\":\"888.00000000\",\"info_bits\":\"0\",\"multicurrency_code\":\"EUR\",\"multicurrency_total_ht\":\"740.00000000\",\"multicurrency_total_tva\":\"148.00000000\",\"multicurrency_total_ttc\":\"888.00000000\"}},\"type\":\"5\",\"date\":1621893600,\"ref\":\"FA2105-0036\"}',0,'20'),(28,1,'2024-11-29 14:19:40','2024-11-29 13:19:40','BILL_VALIDATE',84.00000000,'facture',2,'bertrand delecroix',71,'FA2411-0060','2024-11-29 00:00:00','2a36c4e6d499b357e5b50dde3401795d863ebf929d1831fd4ff06ba8603109e6','9b8faf9169d23baddc76318aa31de9acbce17e2c4c2db2c18d2162ca80ba06de','{\"thirdparty\":{\"name\":\"elecma\",\"localtax1_value\":\"0.000\",\"localtax2_value\":\"0.000\",\"code_client\":\"CU2105-00008\",\"code_fournisseur\":\"SU2105-00009\",\"country_code\":\"FR\"},\"mycompany\":{\"name\":\"maboite\",\"phone\":\"0661598768\",\"email\":\"aqtisplus@aqtisplus.com\",\"idprof1\":\"484266987\",\"idprof2\":\"48426698700014\",\"idprof3\":\"7022Z\",\"idprof4\":\"Angers\",\"tva_intra\":\"FR57484266987\",\"localtax1_assuj\":0,\"localtax2_assuj\":0,\"capital\":0,\"forme_juridique_code\":\"11\",\"country_code\":\"FR\",\"state_code\":\"49\",\"address\":\"21 rue Emile Grasset\",\"zip\":\"49300\",\"town\":\"CHOLET\"},\"total_ht\":70,\"total_tva\":14,\"total_ttc\":84,\"revenuestamp\":\"0.00000000\",\"invoiceline\":{\"1\":{\"ref\":\"124_RG\",\"product_type\":\"0\",\"product_label\":\"124 Rouge\",\"qty\":\"10\",\"tva_tx\":\"20.000\",\"localtax1_tx\":\"0.000\",\"localtax2_tx\":\"0.000\",\"total_ht\":\"70.00000000\",\"total_tva\":\"14.00000000\",\"total_localtax1\":\"0.00000000\",\"total_localtax2\":\"0.00000000\",\"total_ttc\":\"84.00000000\",\"info_bits\":\"0\",\"multicurrency_code\":\"EUR\",\"multicurrency_total_ht\":\"70.00000000\",\"multicurrency_total_tva\":\"14.00000000\",\"multicurrency_total_ttc\":\"84.00000000\"}},\"type\":\"0\",\"date\":1732834800,\"ref\":\"FA2411-0060\"}',0,'20');

--
-- Table structure for table `t1zhf_blockedlog_authority`
--

CREATE TABLE `t1zhf_blockedlog_authority` (
  `rowid` int NOT NULL AUTO_INCREMENT,
  `blockchain` longtext COLLATE utf8mb3_unicode_ci NOT NULL,
  `signature` varchar(100) COLLATE utf8mb3_unicode_ci NOT NULL,
  `tms` timestamp NOT NULL DEFAULT CURRENT_TIMESTAMP ON UPDATE CURRENT_TIMESTAMP,
  PRIMARY KEY (`rowid`),
  KEY `signature` (`signature`)
) ENGINE=InnoDB DEFAULT CHARSET=utf8mb3 COLLATE=utf8mb3_unicode_ci;

--
-- Dumping data for table `t1zhf_blockedlog_authority`
--


--
-- Table structure for table `t1zhf_bom_bom`
--

CREATE TABLE `t1zhf_bom_bom` (
  `rowid` int NOT NULL AUTO_INCREMENT,
  `entity` int NOT NULL DEFAULT '1',
  `ref` varchar(128) COLLATE utf8mb3_unicode_ci NOT NULL,
  `label` varchar(255) COLLATE utf8mb3_unicode_ci DEFAULT NULL,
  `description` mediumtext COLLATE utf8mb3_unicode_ci,
  `note_public` mediumtext COLLATE utf8mb3_unicode_ci,
  `note_private` mediumtext COLLATE utf8mb3_unicode_ci,
  `fk_product` int DEFAULT NULL,
  `qty` double(24,8) DEFAULT NULL,
  `efficiency` double(8,4) DEFAULT NULL,
  `date_creation` datetime NOT NULL,
  `tms` timestamp NULL DEFAULT NULL,
  `date_valid` datetime DEFAULT NULL,
  `fk_user_creat` int NOT NULL,
  `fk_user_modif` int DEFAULT NULL,
  `fk_user_valid` int DEFAULT NULL,
  `import_key` varchar(14) COLLATE utf8mb3_unicode_ci DEFAULT NULL,
  `status` int NOT NULL,
  `duration` double(24,8) DEFAULT NULL,
  `fk_warehouse` int DEFAULT NULL,
  `model_pdf` varchar(255) COLLATE utf8mb3_unicode_ci DEFAULT NULL,
  `bomtype` int DEFAULT '0',
  PRIMARY KEY (`rowid`),
  UNIQUE KEY `uk_bom_bom_ref` (`ref`,`entity`),
  KEY `idx_bom_bom_rowid` (`rowid`),
  KEY `idx_bom_bom_ref` (`ref`),
  KEY `t1zhf_bom_bom_fk_user_creat` (`fk_user_creat`),
  KEY `idx_bom_bom_status` (`status`),
  KEY `idx_bom_bom_fk_product` (`fk_product`),
  CONSTRAINT `t1zhf_bom_bom_fk_user_creat` FOREIGN KEY (`fk_user_creat`) REFERENCES `t1zhf_user` (`rowid`) ON DELETE RESTRICT ON UPDATE RESTRICT
) ENGINE=InnoDB AUTO_INCREMENT=2 DEFAULT CHARSET=utf8mb3 COLLATE=utf8mb3_unicode_ci;

--
-- Dumping data for table `t1zhf_bom_bom`
--

INSERT INTO `t1zhf_bom_bom` VALUES (1,1,'BOM2305-0001','vélo blanc',NULL,NULL,NULL,5,1.00000000,NULL,'2023-05-30 18:25:22',NULL,'2023-05-30 18:30:23',1,NULL,1,NULL,1,7200.00000000,1,NULL,0);

--
-- Table structure for table `t1zhf_bom_bom_extrafields`
--

CREATE TABLE `t1zhf_bom_bom_extrafields` (
  `rowid` int NOT NULL AUTO_INCREMENT,
  `tms` timestamp NULL DEFAULT NULL,
  `fk_object` int NOT NULL,
  `import_key` varchar(14) COLLATE utf8mb3_unicode_ci DEFAULT NULL,
  PRIMARY KEY (`rowid`),
  UNIQUE KEY `uk_bom_bom_extrafields_fk_object` (`fk_object`)
) ENGINE=InnoDB DEFAULT CHARSET=utf8mb3 COLLATE=utf8mb3_unicode_ci;

--
-- Dumping data for table `t1zhf_bom_bom_extrafields`
--


--
-- Table structure for table `t1zhf_bom_bomline`
--

CREATE TABLE `t1zhf_bom_bomline` (
  `rowid` int NOT NULL AUTO_INCREMENT,
  `fk_bom` int NOT NULL,
  `fk_product` int NOT NULL,
  `fk_bom_child` int DEFAULT NULL,
  `description` mediumtext COLLATE utf8mb3_unicode_ci,
  `import_key` varchar(14) COLLATE utf8mb3_unicode_ci DEFAULT NULL,
  `qty` double(24,8) NOT NULL,
  `efficiency` double(8,4) NOT NULL DEFAULT '1.0000',
  `position` int NOT NULL,
  `qty_frozen` smallint DEFAULT '0',
  `disable_stock_change` smallint DEFAULT '0',
  `fk_unit` int DEFAULT NULL,
  `fk_default_workstation` int DEFAULT NULL,
  `tms` timestamp NULL DEFAULT CURRENT_TIMESTAMP ON UPDATE CURRENT_TIMESTAMP,
  PRIMARY KEY (`rowid`),
  KEY `idx_bom_bomline_rowid` (`rowid`),
  KEY `idx_bom_bomline_fk_product` (`fk_product`),
  KEY `idx_bom_bomline_fk_bom` (`fk_bom`),
  CONSTRAINT `t1zhf_bom_bomline_fk_bom` FOREIGN KEY (`fk_bom`) REFERENCES `t1zhf_bom_bom` (`rowid`) ON DELETE RESTRICT ON UPDATE RESTRICT
) ENGINE=InnoDB AUTO_INCREMENT=4 DEFAULT CHARSET=utf8mb3 COLLATE=utf8mb3_unicode_ci;

--
-- Dumping data for table `t1zhf_bom_bomline`
--

INSERT INTO `t1zhf_bom_bomline` VALUES (1,1,4,NULL,NULL,NULL,2.00000000,1.0000,1,NULL,NULL,1,NULL,'2024-09-02 14:01:59'),(2,1,59,NULL,NULL,NULL,1.00000000,1.0000,2,NULL,NULL,1,NULL,'2024-09-02 14:01:59'),(3,1,51,NULL,NULL,NULL,1.00000000,1.0000,3,NULL,NULL,4,NULL,'2024-09-02 14:01:59');

--
-- Table structure for table `t1zhf_bom_bomline_extrafields`
--

CREATE TABLE `t1zhf_bom_bomline_extrafields` (
  `rowid` int NOT NULL AUTO_INCREMENT,
  `tms` timestamp NULL DEFAULT NULL,
  `fk_object` int NOT NULL,
  `import_key` varchar(14) COLLATE utf8mb3_unicode_ci DEFAULT NULL,
  PRIMARY KEY (`rowid`)
) ENGINE=InnoDB DEFAULT CHARSET=utf8mb3 COLLATE=utf8mb3_unicode_ci;

--
-- Dumping data for table `t1zhf_bom_bomline_extrafields`
--


--
-- Table structure for table `t1zhf_bookcal_availabilities`
--

CREATE TABLE `t1zhf_bookcal_availabilities` (
  `rowid` int NOT NULL AUTO_INCREMENT,
  `label` varchar(255) DEFAULT NULL,
  `description` text,
  `note_public` text,
  `note_private` text,
  `date_creation` datetime NOT NULL,
  `tms` timestamp NULL DEFAULT CURRENT_TIMESTAMP ON UPDATE CURRENT_TIMESTAMP,
  `fk_user_creat` int NOT NULL,
  `fk_user_modif` int DEFAULT NULL,
  `last_main_doc` varchar(255) DEFAULT NULL,
  `import_key` varchar(14) DEFAULT NULL,
  `model_pdf` varchar(255) DEFAULT NULL,
  `status` int NOT NULL,
  `start` date NOT NULL,
  `end` date NOT NULL,
  `duration` int NOT NULL DEFAULT '30',
  `startHour` int NOT NULL,
  `endHour` int NOT NULL,
  `fk_bookcal_calendar` int NOT NULL,
  PRIMARY KEY (`rowid`),
  KEY `idx_bookcal_availabilities_rowid` (`rowid`),
  KEY `t1zhf_bookcal_availabilities_fk_user_creat` (`fk_user_creat`),
  KEY `idx_bookcal_availabilities_status` (`status`),
  KEY `t1zhf_bookcal_availabilities_fk_bookcal_calendar` (`fk_bookcal_calendar`),
  CONSTRAINT `t1zhf_bookcal_availabilities_fk_bookcal_calendar` FOREIGN KEY (`fk_bookcal_calendar`) REFERENCES `t1zhf_bookcal_calendar` (`rowid`),
  CONSTRAINT `t1zhf_bookcal_availabilities_fk_user_creat` FOREIGN KEY (`fk_user_creat`) REFERENCES `t1zhf_user` (`rowid`)
) ENGINE=InnoDB AUTO_INCREMENT=2 DEFAULT CHARSET=latin1;

--
-- Dumping data for table `t1zhf_bookcal_availabilities`
--

INSERT INTO `t1zhf_bookcal_availabilities` VALUES (1,'','',NULL,NULL,'2024-09-25 18:34:35','2024-09-25 16:34:35',1,NULL,NULL,NULL,NULL,1,'2024-01-01','2024-12-31',30,1,2359,1);

--
-- Table structure for table `t1zhf_bookcal_availabilities_extrafields`
--

CREATE TABLE `t1zhf_bookcal_availabilities_extrafields` (
  `rowid` int NOT NULL AUTO_INCREMENT,
  `tms` timestamp NULL DEFAULT CURRENT_TIMESTAMP ON UPDATE CURRENT_TIMESTAMP,
  `fk_object` int NOT NULL,
  `import_key` varchar(14) DEFAULT NULL,
  PRIMARY KEY (`rowid`),
  KEY `idx_availabilities_fk_object` (`fk_object`)
) ENGINE=InnoDB DEFAULT CHARSET=latin1;

--
-- Dumping data for table `t1zhf_bookcal_availabilities_extrafields`
--


--
-- Table structure for table `t1zhf_bookcal_booking`
--

CREATE TABLE `t1zhf_bookcal_booking` (
  `rowid` int NOT NULL AUTO_INCREMENT,
  `ref` varchar(128) NOT NULL,
  `fk_soc` int DEFAULT NULL,
  `fk_project` int DEFAULT NULL,
  `description` text,
  `note_public` text,
  `note_private` text,
  `date_creation` datetime NOT NULL,
  `tms` timestamp NULL DEFAULT CURRENT_TIMESTAMP ON UPDATE CURRENT_TIMESTAMP,
  `fk_user_creat` int NOT NULL,
  `fk_user_modif` int DEFAULT NULL,
  `last_main_doc` varchar(255) DEFAULT NULL,
  `import_key` varchar(14) DEFAULT NULL,
  `model_pdf` varchar(255) DEFAULT NULL,
  `status` int NOT NULL,
  `firstname` varchar(128) NOT NULL,
  `lastname` varchar(128) NOT NULL,
  `email` varchar(128) NOT NULL,
  `start` datetime NOT NULL,
  `duration` int NOT NULL,
  PRIMARY KEY (`rowid`),
  KEY `idx_bookcal_booking_rowid` (`rowid`),
  KEY `idx_bookcal_booking_ref` (`ref`),
  KEY `idx_bookcal_booking_fk_soc` (`fk_soc`),
  KEY `idx_bookcal_booking_fk_project` (`fk_project`),
  KEY `t1zhf_bookcal_booking_fk_user_creat` (`fk_user_creat`),
  KEY `idx_bookcal_booking_status` (`status`),
  CONSTRAINT `t1zhf_bookcal_booking_fk_user_creat` FOREIGN KEY (`fk_user_creat`) REFERENCES `t1zhf_user` (`rowid`)
) ENGINE=InnoDB DEFAULT CHARSET=latin1;

--
-- Dumping data for table `t1zhf_bookcal_booking`
--


--
-- Table structure for table `t1zhf_bookcal_calendar`
--

CREATE TABLE `t1zhf_bookcal_calendar` (
  `rowid` int NOT NULL AUTO_INCREMENT,
  `entity` int NOT NULL DEFAULT '1',
  `ref` varchar(128) NOT NULL,
  `label` varchar(255) DEFAULT NULL,
  `fk_soc` int DEFAULT NULL,
  `fk_project` int DEFAULT NULL,
  `description` text,
  `note_public` text,
  `note_private` text,
  `date_creation` datetime NOT NULL,
  `tms` timestamp NULL DEFAULT CURRENT_TIMESTAMP ON UPDATE CURRENT_TIMESTAMP,
  `fk_user_creat` int NOT NULL,
  `fk_user_modif` int DEFAULT NULL,
  `import_key` varchar(14) DEFAULT NULL,
  `status` int NOT NULL DEFAULT '0',
  `type` int NOT NULL,
  `visibility` int NOT NULL DEFAULT '1',
  PRIMARY KEY (`rowid`),
  KEY `idx_bookcal_calendar_rowid` (`rowid`),
  KEY `idx_bookcal_calendar_ref` (`ref`),
  KEY `idx_bookcal_calendar_fk_soc` (`fk_soc`),
  KEY `idx_bookcal_calendar_fk_project` (`fk_project`),
  KEY `t1zhf_bookcal_calendar_fk_user_creat` (`fk_user_creat`),
  KEY `idx_bookcal_calendar_status` (`status`),
  CONSTRAINT `t1zhf_bookcal_calendar_fk_user_creat` FOREIGN KEY (`fk_user_creat`) REFERENCES `t1zhf_user` (`rowid`)
) ENGINE=InnoDB AUTO_INCREMENT=2 DEFAULT CHARSET=latin1;

--
-- Dumping data for table `t1zhf_bookcal_calendar`
--

INSERT INTO `t1zhf_bookcal_calendar` VALUES (1,1,'Hotel','',NULL,NULL,'',NULL,NULL,'2024-09-25 18:32:08','2024-09-25 16:32:53',1,1,NULL,1,0,1);

--
-- Table structure for table `t1zhf_bookcal_calendar_extrafields`
--

CREATE TABLE `t1zhf_bookcal_calendar_extrafields` (
  `rowid` int NOT NULL AUTO_INCREMENT,
  `tms` timestamp NULL DEFAULT CURRENT_TIMESTAMP ON UPDATE CURRENT_TIMESTAMP,
  `fk_object` int NOT NULL,
  `import_key` varchar(14) DEFAULT NULL,
  PRIMARY KEY (`rowid`),
  KEY `idx_calendar_fk_object` (`fk_object`)
) ENGINE=InnoDB DEFAULT CHARSET=latin1;

--
-- Dumping data for table `t1zhf_bookcal_calendar_extrafields`
--


--
-- Table structure for table `t1zhf_bookmark`
--

CREATE TABLE `t1zhf_bookmark` (
  `rowid` int NOT NULL AUTO_INCREMENT,
  `fk_user` int NOT NULL,
  `dateb` datetime DEFAULT NULL,
  `url` text COLLATE utf8mb3_unicode_ci,
  `target` varchar(16) COLLATE utf8mb3_unicode_ci DEFAULT NULL,
  `title` varchar(64) COLLATE utf8mb3_unicode_ci DEFAULT NULL,
  `favicon` varchar(24) COLLATE utf8mb3_unicode_ci DEFAULT NULL,
  `position` int DEFAULT '0',
  `entity` int NOT NULL DEFAULT '1',
  PRIMARY KEY (`rowid`),
  UNIQUE KEY `uk_bookmark_title` (`fk_user`,`entity`,`title`)
) ENGINE=InnoDB DEFAULT CHARSET=utf8mb3 COLLATE=utf8mb3_unicode_ci;

--
-- Dumping data for table `t1zhf_bookmark`
--


--
-- Table structure for table `t1zhf_bordereau_cheque`
--

CREATE TABLE `t1zhf_bordereau_cheque` (
  `rowid` int NOT NULL AUTO_INCREMENT,
  `ref` varchar(30) COLLATE utf8mb3_unicode_ci NOT NULL,
  `label` varchar(255) COLLATE utf8mb3_unicode_ci DEFAULT NULL,
  `ref_ext` varchar(255) COLLATE utf8mb3_unicode_ci DEFAULT NULL,
  `datec` datetime NOT NULL,
  `date_bordereau` date DEFAULT NULL,
  `amount` double(24,8) NOT NULL,
  `nbcheque` smallint NOT NULL,
  `fk_bank_account` int DEFAULT NULL,
  `fk_user_author` int DEFAULT NULL,
  `statut` smallint NOT NULL DEFAULT '0',
  `tms` timestamp NOT NULL DEFAULT CURRENT_TIMESTAMP ON UPDATE CURRENT_TIMESTAMP,
  `note` text COLLATE utf8mb3_unicode_ci,
  `entity` int NOT NULL DEFAULT '1',
  `type` varchar(6) COLLATE utf8mb3_unicode_ci DEFAULT 'CHQ',
  PRIMARY KEY (`rowid`),
  UNIQUE KEY `uk_bordereau_cheque` (`ref`,`entity`)
) ENGINE=InnoDB AUTO_INCREMENT=2 DEFAULT CHARSET=utf8mb3 COLLATE=utf8mb3_unicode_ci;

--
-- Dumping data for table `t1zhf_bordereau_cheque`
--

INSERT INTO `t1zhf_bordereau_cheque` VALUES (1,'CHK2102-0001',NULL,'','2021-02-11 15:30:27','2021-02-11',8059.28000000,2,1,1,1,'2021-02-11 14:30:33',NULL,1,'CHQ');

--
-- Table structure for table `t1zhf_boxes`
--

CREATE TABLE `t1zhf_boxes` (
  `rowid` int NOT NULL AUTO_INCREMENT,
  `entity` int NOT NULL DEFAULT '1',
  `box_id` int NOT NULL,
  `position` smallint NOT NULL,
  `box_order` varchar(3) COLLATE utf8mb3_unicode_ci NOT NULL,
  `fk_user` int NOT NULL DEFAULT '0',
  `maxline` int DEFAULT NULL,
  `params` varchar(255) COLLATE utf8mb3_unicode_ci DEFAULT NULL,
  PRIMARY KEY (`rowid`),
  UNIQUE KEY `uk_boxes` (`entity`,`box_id`,`position`,`fk_user`),
  KEY `idx_boxes_boxid` (`box_id`),
  KEY `idx_boxes_fk_user` (`fk_user`),
  CONSTRAINT `fk_boxes_box_id` FOREIGN KEY (`box_id`) REFERENCES `t1zhf_boxes_def` (`rowid`) ON DELETE RESTRICT ON UPDATE RESTRICT
) ENGINE=InnoDB AUTO_INCREMENT=1458 DEFAULT CHARSET=utf8mb3 COLLATE=utf8mb3_unicode_ci;

--
-- Dumping data for table `t1zhf_boxes`
--

INSERT INTO `t1zhf_boxes` VALUES (1,1,1,0,'B18',0,NULL,NULL),(2,1,2,0,'B22',0,NULL,NULL),(3,1,3,0,'A29',0,NULL,NULL),(4,1,4,0,'B08',0,NULL,NULL),(5,1,5,0,'A15',0,NULL,NULL),(6,1,6,0,'A23',0,NULL,NULL),(7,1,7,0,'B30',0,NULL,NULL),(8,1,8,0,'A09',0,NULL,NULL),(11,1,11,0,'A31',0,NULL,NULL),(12,1,12,0,'B10',0,NULL,NULL),(13,1,13,0,'A17',0,NULL,NULL),(20,1,20,0,'A19',0,NULL,NULL),(21,1,21,0,'B12',0,NULL,NULL),(22,1,22,0,'A05',0,NULL,NULL),(24,1,24,0,'B20',0,NULL,NULL),(25,1,25,0,'A27',0,NULL,NULL),(26,1,26,0,'B06',0,NULL,NULL),(27,1,27,0,'A13',0,NULL,NULL),(28,1,28,0,'A21',0,NULL,NULL),(29,1,29,0,'B28',0,NULL,NULL),(342,1,30,0,'B32',0,NULL,NULL),(1355,1,22,0,'A02',8,NULL,NULL),(1357,1,26,0,'A04',8,NULL,NULL),(1359,1,4,0,'A06',8,NULL,NULL),(1360,1,12,0,'A07',8,NULL,NULL),(1362,1,21,0,'A09',8,NULL,NULL),(1363,1,27,0,'A10',8,NULL,NULL),(1366,1,13,0,'A13',8,NULL,NULL),(1367,1,1,0,'B01',8,NULL,NULL),(1368,1,20,0,'B02',8,NULL,NULL),(1369,1,24,0,'B03',8,NULL,NULL),(1370,1,28,0,'B04',8,NULL,NULL),(1371,1,8,0,'B05',8,NULL,NULL),(1372,1,2,0,'B06',8,NULL,NULL),(1376,1,25,0,'B10',8,NULL,NULL),(1377,1,29,0,'B11',8,NULL,NULL),(1378,1,3,0,'B12',8,NULL,NULL),(1379,1,7,0,'B13',8,NULL,NULL),(1380,1,11,0,'B14',8,NULL,NULL),(1381,1,30,0,'B15',8,NULL,NULL),(1437,1,24,0,'A02',1,NULL,NULL),(1438,1,7,0,'B01',1,NULL,NULL),(1439,1,8,0,'B02',1,NULL,NULL),(1440,1,1,0,'B03',1,NULL,NULL),(1441,1,11,0,'B04',1,NULL,NULL),(1442,1,12,0,'B05',1,NULL,NULL),(1443,1,21,0,'B06',1,NULL,NULL),(1444,1,61,0,'0',0,NULL,NULL),(1445,1,62,0,'0',0,NULL,NULL),(1446,1,63,0,'0',0,NULL,NULL),(1447,1,64,0,'0',0,NULL,NULL),(1448,1,65,0,'0',0,NULL,NULL),(1449,1,66,0,'0',0,NULL,NULL),(1450,1,67,0,'0',0,NULL,NULL),(1451,1,68,0,'0',0,NULL,NULL),(1452,1,69,0,'0',0,NULL,NULL),(1453,1,70,0,'0',0,NULL,NULL),(1457,1,74,0,'0',0,NULL,NULL);

--
-- Table structure for table `t1zhf_boxes_def`
--

CREATE TABLE `t1zhf_boxes_def` (
  `rowid` int NOT NULL AUTO_INCREMENT,
  `file` varchar(200) COLLATE utf8mb3_unicode_ci NOT NULL,
  `entity` int NOT NULL DEFAULT '1',
  `tms` timestamp NOT NULL DEFAULT CURRENT_TIMESTAMP ON UPDATE CURRENT_TIMESTAMP,
  `note` varchar(130) COLLATE utf8mb3_unicode_ci DEFAULT NULL,
  `fk_user` int NOT NULL DEFAULT '0',
  PRIMARY KEY (`rowid`),
  UNIQUE KEY `uk_boxes_def` (`file`,`entity`,`note`)
) ENGINE=InnoDB AUTO_INCREMENT=75 DEFAULT CHARSET=utf8mb3 COLLATE=utf8mb3_unicode_ci;

--
-- Dumping data for table `t1zhf_boxes_def`
--

INSERT INTO `t1zhf_boxes_def` VALUES (1,'box_lastlogin.php',1,'2019-01-08 08:57:31',NULL,0),(2,'box_clients.php',1,'2019-01-08 09:11:45',NULL,0),(3,'box_prospect.php',1,'2019-01-08 09:11:45',NULL,0),(4,'box_contacts.php',1,'2019-01-08 09:11:45',NULL,0),(5,'box_activity.php',1,'2019-01-08 09:11:45','(WarningUsingThisBoxSlowDown)',0),(6,'box_goodcustomers.php',1,'2019-01-08 09:11:45','(WarningUsingThisBoxSlowDown)',0),(7,'box_graph_propales_permonth.php',1,'2019-01-08 09:11:48',NULL,0),(8,'box_propales.php',1,'2019-01-08 09:11:48',NULL,0),(11,'box_contracts.php',1,'2019-01-08 09:12:03',NULL,0),(12,'box_services_expired.php',1,'2019-01-08 09:12:03',NULL,0),(13,'box_ficheinter.php',1,'2019-01-08 09:12:05',NULL,0),(20,'box_factures_imp.php',1,'2019-01-08 09:14:10',NULL,0),(21,'box_factures.php',1,'2019-01-08 09:14:10',NULL,0),(22,'box_graph_invoices_permonth.php',1,'2019-01-08 09:14:10',NULL,0),(24,'box_produits.php',1,'2019-01-08 09:14:33',NULL,0),(25,'box_produits_alerte_stock.php',1,'2019-01-08 09:14:33',NULL,0),(26,'box_graph_product_distribution.php',1,'2019-01-08 09:14:33',NULL,0),(27,'box_services_contracts.php',1,'2019-01-08 09:14:40',NULL,0),(28,'box_project.php',1,'2019-01-08 09:14:53',NULL,0),(29,'box_task.php',1,'2019-01-08 09:14:53',NULL,0),(30,'box_actions.php',1,'2019-05-02 10:57:14',NULL,0),(31,'box_accountancy_last_manual_entries.php',1,'2020-06-18 14:47:06',NULL,0),(32,'box_accountancy_suspense_account.php',1,'2020-06-18 14:47:06',NULL,0),(34,'box_birthdays.php',1,'2020-06-18 14:47:08',NULL,0),(35,'box_funnel_of_prospection.php',1,'2021-05-25 16:29:08',NULL,0),(36,'box_customers_outstanding_bill_reached.php',1,'2021-05-25 16:29:08',NULL,0),(38,'box_dolibarr_state_board.php',1,'2023-05-09 12:26:14',NULL,0),(43,'box_graph_ticket_by_severity.php',1,'2023-05-09 12:26:15',NULL,0),(44,'box_graph_nb_ticket_last_x_days.php',1,'2023-05-09 12:26:15',NULL,0),(45,'box_graph_nb_tickets_type.php',1,'2023-05-09 12:26:15',NULL,0),(46,'box_graph_new_vs_close_ticket.php',1,'2023-05-09 12:26:15',NULL,0),(57,'box_actions_future.php',1,'2024-09-02 14:02:02',NULL,0),(61,'box_commandes.php',1,'2024-09-18 09:11:27',NULL,0),(62,'box_graph_orders_permonth.php',1,'2024-09-18 09:11:27',NULL,0),(63,'box_graph_invoices_supplier_permonth.php',1,'2024-09-18 09:11:51',NULL,0),(64,'box_graph_orders_supplier_permonth.php',1,'2024-09-18 09:11:51',NULL,0),(65,'box_fournisseurs.php',1,'2024-09-18 09:11:51',NULL,0),(66,'box_factures_fourn_imp.php',1,'2024-09-18 09:11:51',NULL,0),(67,'box_factures_fourn.php',1,'2024-09-18 09:11:51',NULL,0),(68,'box_supplier_orders.php',1,'2024-09-18 09:11:51',NULL,0),(69,'box_supplier_orders_awaiting_reception.php',1,'2024-09-18 09:11:51',NULL,0),(70,'box_shipments.php',1,'2024-09-18 09:25:02',NULL,0),(74,'box_comptes.php',1,'2024-09-25 16:59:52',NULL,0);

--
-- Table structure for table `t1zhf_budget`
--

CREATE TABLE `t1zhf_budget` (
  `rowid` int NOT NULL AUTO_INCREMENT,
  `entity` int NOT NULL DEFAULT '1',
  `label` varchar(255) COLLATE utf8mb3_unicode_ci NOT NULL,
  `status` int DEFAULT NULL,
  `note` text COLLATE utf8mb3_unicode_ci,
  `date_start` date DEFAULT NULL,
  `date_end` date DEFAULT NULL,
  `datec` datetime DEFAULT NULL,
  `tms` timestamp NOT NULL DEFAULT CURRENT_TIMESTAMP ON UPDATE CURRENT_TIMESTAMP,
  `fk_user_creat` int DEFAULT NULL,
  `fk_user_modif` int DEFAULT NULL,
  `import_key` int DEFAULT NULL,
  PRIMARY KEY (`rowid`)
) ENGINE=InnoDB DEFAULT CHARSET=utf8mb3 COLLATE=utf8mb3_unicode_ci;

--
-- Dumping data for table `t1zhf_budget`
--


--
-- Table structure for table `t1zhf_budget_lines`
--

CREATE TABLE `t1zhf_budget_lines` (
  `rowid` int NOT NULL AUTO_INCREMENT,
  `fk_budget` int NOT NULL,
  `fk_project_ids` varchar(180) COLLATE utf8mb3_unicode_ci NOT NULL,
  `amount` double(24,8) NOT NULL,
  `datec` datetime DEFAULT NULL,
  `tms` timestamp NOT NULL DEFAULT CURRENT_TIMESTAMP ON UPDATE CURRENT_TIMESTAMP,
  `fk_user_creat` int DEFAULT NULL,
  `fk_user_modif` int DEFAULT NULL,
  `import_key` int DEFAULT NULL,
  PRIMARY KEY (`rowid`),
  UNIQUE KEY `uk_budget_lines` (`fk_budget`,`fk_project_ids`),
  CONSTRAINT `fk_budget_lines_budget` FOREIGN KEY (`fk_budget`) REFERENCES `t1zhf_budget` (`rowid`) ON DELETE RESTRICT ON UPDATE RESTRICT
) ENGINE=InnoDB DEFAULT CHARSET=utf8mb3 COLLATE=utf8mb3_unicode_ci;

--
-- Dumping data for table `t1zhf_budget_lines`
--


--
-- Table structure for table `t1zhf_c_accounting_category`
--

CREATE TABLE `t1zhf_c_accounting_category` (
  `rowid` int NOT NULL AUTO_INCREMENT,
  `entity` int NOT NULL DEFAULT '1',
  `code` varchar(16) COLLATE utf8mb3_unicode_ci NOT NULL,
  `label` varchar(255) COLLATE utf8mb3_unicode_ci NOT NULL,
  `range_account` varchar(255) COLLATE utf8mb3_unicode_ci NOT NULL,
  `sens` tinyint NOT NULL DEFAULT '0',
  `category_type` tinyint NOT NULL DEFAULT '0',
  `formula` varchar(255) COLLATE utf8mb3_unicode_ci NOT NULL,
  `position` int DEFAULT '0',
  `fk_country` int DEFAULT NULL,
  `active` int DEFAULT '1',
  PRIMARY KEY (`rowid`),
  UNIQUE KEY `uk_c_accounting_category` (`code`,`entity`)
) ENGINE=InnoDB AUTO_INCREMENT=6 DEFAULT CHARSET=utf8mb3 COLLATE=utf8mb3_unicode_ci;

--
-- Dumping data for table `t1zhf_c_accounting_category`
--

INSERT INTO `t1zhf_c_accounting_category` VALUES (1,1,'INCOMES','Income of products/services','Example: 7xxxxx',0,0,'',10,1,1),(2,1,'EXPENSES','Expenses of products/services','Example: 6xxxxx',0,0,'',20,1,1),(3,1,'PROFIT','Balance','',0,1,'INCOMES+EXPENSES',30,0,1),(4,1,'80PC','80 %','extrait 80% des ventes',0,1,'INCOMES*0.8',40,1,1),(5,1,'20PC','20 %','extrait 20% des ventes',0,1,'INCOMES*0.2',50,1,1);

--
-- Table structure for table `t1zhf_c_action_trigger`
--

CREATE TABLE `t1zhf_c_action_trigger` (
  `rowid` int NOT NULL AUTO_INCREMENT,
  `elementtype` varchar(64) COLLATE utf8mb3_unicode_ci DEFAULT NULL,
  `code` varchar(128) COLLATE utf8mb3_unicode_ci DEFAULT NULL,
  `label` varchar(128) COLLATE utf8mb3_unicode_ci NOT NULL,
  `description` varchar(255) COLLATE utf8mb3_unicode_ci DEFAULT NULL,
  `rang` int DEFAULT '0',
  `contexts` varchar(255) COLLATE utf8mb3_unicode_ci DEFAULT NULL,
  PRIMARY KEY (`rowid`),
  UNIQUE KEY `uk_action_trigger_code` (`code`),
  KEY `idx_action_trigger_rang` (`rang`)
) ENGINE=InnoDB AUTO_INCREMENT=298 DEFAULT CHARSET=utf8mb3 COLLATE=utf8mb3_unicode_ci;

--
-- Dumping data for table `t1zhf_c_action_trigger`
--



--
-- Table structure for table `t1zhf_c_actioncomm`
--

CREATE TABLE `t1zhf_c_actioncomm` (
  `id` int NOT NULL,
  `code` varchar(50) COLLATE utf8mb3_unicode_ci NOT NULL,
  `type` varchar(50) COLLATE utf8mb3_unicode_ci NOT NULL DEFAULT 'system',
  `libelle` varchar(128) COLLATE utf8mb3_unicode_ci DEFAULT NULL,
  `module` varchar(50) COLLATE utf8mb3_unicode_ci DEFAULT NULL,
  `active` tinyint NOT NULL DEFAULT '1',
  `todo` tinyint DEFAULT NULL,
  `color` varchar(9) COLLATE utf8mb3_unicode_ci DEFAULT NULL,
  `picto` varchar(48) COLLATE utf8mb3_unicode_ci DEFAULT NULL,
  `position` int NOT NULL DEFAULT '0',
  PRIMARY KEY (`id`),
  UNIQUE KEY `uk_c_actioncomm` (`code`)
) ENGINE=InnoDB DEFAULT CHARSET=utf8mb3 COLLATE=utf8mb3_unicode_ci;

--
-- Dumping data for table `t1zhf_c_actioncomm`
--

INSERT INTO `t1zhf_c_actioncomm` VALUES (1,'AC_TEL','system','Phone call',NULL,1,NULL,NULL,NULL,2),(2,'AC_FAX','system','Send Fax',NULL,1,NULL,NULL,NULL,3),(4,'AC_EMAIL','system','Send Email',NULL,1,NULL,NULL,NULL,4),(5,'AC_RDV','system','Rendez-vous',NULL,1,NULL,NULL,NULL,1),(6,'AC_EMAIL_IN','system','reception Email',NULL,1,NULL,NULL,NULL,4),(11,'AC_INT','system','Intervention on site',NULL,1,NULL,NULL,NULL,4),(40,'AC_OTH_AUTO','systemauto','Other (automatically inserted events)',NULL,1,NULL,NULL,NULL,20),(50,'AC_OTH','system','Other (manually inserted events)',NULL,1,NULL,NULL,NULL,5),(60,'AC_EO_ONLINECONF','module','Online/Virtual conference','conference@eventorganization',1,NULL,NULL,NULL,60),(61,'AC_EO_INDOORCONF','module','Indoor conference','conference@eventorganization',1,NULL,NULL,NULL,61),(62,'AC_EO_ONLINEBOOTH','module','Online/Virtual booth','booth@eventorganization',1,NULL,NULL,NULL,62),(63,'AC_EO_INDOORBOOTH','module','Indoor booth','booth@eventorganization',1,NULL,NULL,NULL,63);

--
-- Table structure for table `t1zhf_c_asset_disposal_type`
--

CREATE TABLE `t1zhf_c_asset_disposal_type` (
  `rowid` int NOT NULL AUTO_INCREMENT,
  `entity` int NOT NULL DEFAULT '1',
  `code` varchar(16) NOT NULL,
  `label` varchar(50) NOT NULL,
  `active` int NOT NULL DEFAULT '1',
  PRIMARY KEY (`rowid`),
  UNIQUE KEY `uk_c_asset_disposal_type` (`code`,`entity`)
) ENGINE=InnoDB DEFAULT CHARSET=latin1;

--
-- Dumping data for table `t1zhf_c_asset_disposal_type`
--


--
-- Table structure for table `t1zhf_c_availability`
--

CREATE TABLE `t1zhf_c_availability` (
  `rowid` int NOT NULL AUTO_INCREMENT,
  `code` varchar(30) COLLATE utf8mb3_unicode_ci NOT NULL,
  `label` varchar(128) COLLATE utf8mb3_unicode_ci DEFAULT NULL,
  `active` tinyint NOT NULL DEFAULT '1',
  `position` int NOT NULL DEFAULT '0',
  `type_duration` varchar(1) COLLATE utf8mb3_unicode_ci DEFAULT NULL,
  `qty` double DEFAULT '0',
  PRIMARY KEY (`rowid`),
  UNIQUE KEY `uk_c_availability` (`code`)
) ENGINE=InnoDB AUTO_INCREMENT=5 DEFAULT CHARSET=utf8mb3 COLLATE=utf8mb3_unicode_ci;

--
-- Dumping data for table `t1zhf_c_availability`
--

INSERT INTO `t1zhf_c_availability` VALUES (1,'AV_NOW','Immediate',1,0,NULL,0),(2,'AV_1W','1 week',1,0,'w',1),(3,'AV_2W','2 weeks',1,0,'w',2),(4,'AV_3W','3 weeks',1,0,'w',3);

--
-- Table structure for table `t1zhf_c_barcode_type`
--

CREATE TABLE `t1zhf_c_barcode_type` (
  `rowid` int NOT NULL AUTO_INCREMENT,
  `code` varchar(16) COLLATE utf8mb3_unicode_ci NOT NULL,
  `entity` int NOT NULL DEFAULT '1',
  `libelle` varchar(128) COLLATE utf8mb3_unicode_ci DEFAULT NULL,
  `coder` varchar(16) COLLATE utf8mb3_unicode_ci NOT NULL,
  `example` varchar(16) COLLATE utf8mb3_unicode_ci NOT NULL,
  PRIMARY KEY (`rowid`),
  UNIQUE KEY `uk_c_barcode_type` (`code`,`entity`)
) ENGINE=InnoDB AUTO_INCREMENT=17 DEFAULT CHARSET=utf8mb3 COLLATE=utf8mb3_unicode_ci;

--
-- Dumping data for table `t1zhf_c_barcode_type`
--

INSERT INTO `t1zhf_c_barcode_type` VALUES (1,'EAN8',1,'EAN8','0','1234567'),(2,'EAN13',1,'EAN13','tcpdfbarcode','123456789012'),(3,'UPC',1,'UPC','0','123456789012'),(4,'ISBN',1,'ISBN','0','123456789'),(5,'C39',1,'Code 39','0','1234567890'),(6,'C128',1,'Code 128','0','ABCD1234567890'),(7,'DATAMATRIX',1,'Datamatrix','0','1234567xyz'),(8,'QRCODE',1,'Qr Code','0','www.dolibarr.org');

--
-- Table structure for table `t1zhf_c_chargesociales`
--

CREATE TABLE `t1zhf_c_chargesociales` (
  `id` int NOT NULL AUTO_INCREMENT,
  `libelle` varchar(128) COLLATE utf8mb3_unicode_ci DEFAULT NULL,
  `deductible` smallint NOT NULL DEFAULT '0',
  `active` tinyint NOT NULL DEFAULT '1',
  `code` varchar(12) COLLATE utf8mb3_unicode_ci NOT NULL,
  `accountancy_code` varchar(32) COLLATE utf8mb3_unicode_ci DEFAULT NULL,
  `fk_pays` int NOT NULL DEFAULT '1',
  `module` varchar(32) COLLATE utf8mb3_unicode_ci DEFAULT NULL,
  PRIMARY KEY (`id`)
) ENGINE=InnoDB AUTO_INCREMENT=10214 DEFAULT CHARSET=utf8mb3 COLLATE=utf8mb3_unicode_ci;

--
-- Dumping data for table `t1zhf_c_chargesociales`
--

INSERT INTO `t1zhf_c_chargesociales` VALUES (1,'Allocations familiales',1,1,'TAXFAM',NULL,1,NULL),(2,'CSG Deductible',1,1,'TAXCSGD',NULL,1,NULL),(3,'CSG/CRDS NON Deductible',0,1,'TAXCSGND',NULL,1,NULL),(10,'Taxe apprentissage',0,1,'TAXAPP',NULL,1,NULL),(11,'Taxe professionnelle',0,1,'TAXPRO',NULL,1,NULL),(12,'Cotisation fonciere des entreprises',0,1,'TAXCFE',NULL,1,NULL),(13,'Cotisation sur la valeur ajoutee des entreprises',0,1,'TAXCVAE',NULL,1,NULL),(20,'Impots locaux/fonciers',0,1,'TAXFON',NULL,1,NULL),(25,'Impots revenus',0,1,'TAXREV',NULL,1,NULL),(30,'Assurance Sante',0,1,'TAXSECU',NULL,1,NULL),(40,'Mutuelle',0,1,'TAXMUT',NULL,1,NULL),(50,'Assurance vieillesse',0,1,'TAXRET',NULL,1,NULL),(60,'Assurance Chomage',0,1,'TAXCHOM',NULL,1,NULL),(201,'ONSS',1,1,'TAXBEONSS',NULL,2,NULL),(210,'Precompte professionnel',1,1,'TAXBEPREPRO',NULL,2,NULL),(220,'Prime existence',1,1,'TAXBEPRIEXI',NULL,2,NULL),(230,'Precompte immobilier',1,1,'TAXBEPREIMMO',NULL,2,NULL),(4101,'Krankenversicherung',1,1,'TAXATKV',NULL,41,NULL),(4102,'Unfallversicherung',1,1,'TAXATUV',NULL,41,NULL),(4103,'Pensionsversicherung',1,1,'TAXATPV',NULL,41,NULL),(4104,'Arbeitslosenversicherung',1,1,'TAXATAV',NULL,41,NULL),(4105,'Insolvenzentgeltsicherungsfond',1,1,'TAXATIESG',NULL,41,NULL),(4106,'Wohnbauförderung',1,1,'TAXATWF',NULL,41,NULL),(4107,'Arbeiterkammerumlage',1,1,'TAXATAK',NULL,41,NULL),(4108,'Mitarbeitervorsorgekasse',1,1,'TAXATMVK',NULL,41,NULL),(4109,'Familienlastenausgleichsfond',1,1,'TAXATFLAF',NULL,41,NULL),(10201,'Αναλυτική Περιοδική Δήλωση (ΑΠΔ)',1,1,'ΑΠΔ',NULL,102,NULL),(10202,'Φόρος Μισθωτών Υπηρεσιών (ΦΜΥ)',1,1,'ΦΜΥ',NULL,102,NULL),(10203,'Ασφαλιστικές εισφορές (ΕΦΚΑ)',1,1,'ΕΦΚΑ',NULL,102,NULL),(10204,'Προκαταβολή Φόρου Εισοδήματος',0,1,'ΕΦΟΡΙΑ',NULL,102,NULL),(10205,'Ενιαίος Φόρος Ιδιοκτησίας Ακινήτων (ΕΝ.Φ.Ι.Α) ',0,1,'ΕΝΦΙΑ',NULL,102,NULL),(10206,'Ετήσιο τέλος διατήρησης Μερίδας στο Γ.Ε.ΜΗ.',1,1,'ΓΕΜΗ',NULL,102,NULL),(10207,'Επαγγελματικό Επιμελητήριο',1,1,'ΕΕ',NULL,102,NULL),(10208,'Εμπορικό και Βιομηχανικό Επιμελητηρίο',1,1,'ΕΒΕ',NULL,102,NULL),(10209,'Τέλη Κυκλοφορίας',1,1,'ΤΕΛΗ',NULL,102,NULL),(10210,'Ασφάλιση οχήματος',1,1,'ΑΣΦΑΛΕΙΑ',NULL,102,NULL),(10211,'Ενοίκιο',1,1,'ΕΝΟΙΚΙΟ',NULL,102,NULL),(10212,'Κοινόχρηστα',1,1,'ΚΟΙΝΟ',NULL,102,NULL),(10213,'Ηλεκτροδότηση',1,1,'ΡΕΥΜΑ',NULL,102,NULL);

--
-- Table structure for table `t1zhf_c_civility`
--

CREATE TABLE `t1zhf_c_civility` (
  `rowid` int NOT NULL AUTO_INCREMENT,
  `code` varchar(6) COLLATE utf8mb3_unicode_ci NOT NULL,
  `label` varchar(128) COLLATE utf8mb3_unicode_ci DEFAULT NULL,
  `active` tinyint NOT NULL DEFAULT '1',
  `module` varchar(32) COLLATE utf8mb3_unicode_ci DEFAULT NULL,
  PRIMARY KEY (`rowid`),
  UNIQUE KEY `uk_c_civility` (`code`)
) ENGINE=InnoDB AUTO_INCREMENT=9 DEFAULT CHARSET=utf8mb3 COLLATE=utf8mb3_unicode_ci;

--
-- Dumping data for table `t1zhf_c_civility`
--

INSERT INTO `t1zhf_c_civility` VALUES (1,'MME','Madame',1,NULL),(3,'MR','Monsieur',1,NULL),(5,'MLE','Mademoiselle',1,NULL),(7,'MTRE','Maître',1,NULL),(8,'DR','Docteur',1,NULL);

--
-- Table structure for table `t1zhf_c_country`
--

CREATE TABLE `t1zhf_c_country` (
  `rowid` int NOT NULL,
  `code` varchar(2) COLLATE utf8mb3_unicode_ci NOT NULL,
  `code_iso` varchar(3) COLLATE utf8mb3_unicode_ci DEFAULT NULL,
  `label` varchar(128) COLLATE utf8mb3_unicode_ci DEFAULT NULL,
  `active` tinyint NOT NULL DEFAULT '1',
  `favorite` tinyint NOT NULL DEFAULT '0',
  `eec` tinyint NOT NULL DEFAULT '0',
  `numeric_code` varchar(3) COLLATE utf8mb3_unicode_ci DEFAULT NULL,
  PRIMARY KEY (`rowid`),
  UNIQUE KEY `idx_c_country_code` (`code`),
  UNIQUE KEY `idx_c_country_label` (`label`),
  UNIQUE KEY `idx_c_country_code_iso` (`code_iso`)
) ENGINE=InnoDB DEFAULT CHARSET=utf8mb3 COLLATE=utf8mb3_unicode_ci;

--
-- Dumping data for table `t1zhf_c_country`
--

INSERT INTO `t1zhf_c_country` VALUES (0,'',NULL,'-',1,1,0,NULL),(1,'FR','FRA','France',1,0,1,'250'),(2,'BE','BEL','Belgium',1,0,1,'056'),(3,'IT','ITA','Italy',1,0,1,'380'),(4,'ES','ESP','Spain',1,0,1,'724'),(5,'DE','DEU','Germany',1,0,1,'276'),(6,'CH','CHE','Switzerland',1,0,0,'756'),(7,'GB','GBR','United Kingdom',1,0,1,'826'),(8,'IE','IRL','Irland',1,0,1,'372'),(9,'CN','CHN','China',1,0,0,'156'),(10,'TN','TUN','Tunisia',1,0,0,'788'),(11,'US','USA','United States',1,0,0,'840'),(12,'MA','MAR','Maroc',1,0,0,'504'),(13,'DZ','DZA','Algeria',1,0,0,'012'),(14,'CA','CAN','Canada',1,0,0,'124'),(15,'TG','TGO','Togo',1,0,0,'768'),(16,'GA','GAB','Gabon',1,0,0,'266'),(17,'NL','NLD','Nederland',1,0,1,'528'),(18,'HU','HUN','Hongrie',1,0,1,'348'),(19,'RU','RUS','Russia',1,0,0,'643'),(20,'SE','SWE','Sweden',1,0,1,'752'),(21,'CI','CIV','Côte d\'Ivoire',1,0,0,'384'),(22,'SN','SEN','Senegal',1,0,0,'686'),(23,'AR','ARG','Argentine',1,0,0,'032'),(24,'CM','CMR','Cameroun',1,0,0,'120'),(25,'PT','PRT','Portugal',1,0,1,'620'),(26,'SA','SAU','Saudi Arabia',1,0,0,'682'),(27,'MC','MCO','Monaco',1,0,1,'492'),(28,'AU','AUS','Australia',1,0,0,'036'),(29,'SG','SGP','Singapour',1,0,0,'702'),(30,'AF','AFG','Afghanistan',1,0,0,'004'),(31,'AX','ALA','Iles Aland',1,0,0,'248'),(32,'AL','ALB','Albanie',1,0,0,'008'),(33,'AS','ASM','Samoa américaines',1,0,0,'016'),(34,'AD','AND','Andorre',1,0,0,'020'),(35,'AO','AGO','Angola',1,0,0,'024'),(36,'AI','AIA','Anguilla',1,0,0,'660'),(37,'AQ','ATA','Antarctique',1,0,0,'010'),(38,'AG','ATG','Antigua-et-Barbuda',1,0,0,'028'),(39,'AM','ARM','Arménie',1,0,0,'051'),(40,'AW','ABW','Aruba',1,0,0,'533'),(41,'AT','AUT','Autriche',1,0,1,'040'),(42,'AZ','AZE','Azerbaïdjan',1,0,0,'031'),(43,'BS','BHS','Bahamas',1,0,0,'044'),(44,'BH','BHR','Bahreïn',1,0,0,'048'),(45,'BD','BGD','Bangladesh',1,0,0,'050'),(46,'BB','BRB','Barbade',1,0,0,'052'),(47,'BY','BLR','Biélorussie',1,0,0,'112'),(48,'BZ','BLZ','Belize',1,0,0,'084'),(49,'BJ','BEN','Bénin',1,0,0,'204'),(50,'BM','BMU','Bermudes',1,0,0,'060'),(51,'BT','BTN','Bhoutan',1,0,0,'064'),(52,'BO','BOL','Bolivie',1,0,0,'068'),(53,'BA','BIH','Bosnie-Herzégovine',1,0,0,'070'),(54,'BW','BWA','Botswana',1,0,0,'072'),(55,'BV','BVT','Ile Bouvet',1,0,0,'074'),(56,'BR','BRA','Brazil',1,0,0,'076'),(57,'IO','IOT','Territoire britannique de l\'Océan Indien',1,0,0,'086'),(58,'BN','BRN','Brunei',1,0,0,'096'),(59,'BG','BGR','Bulgarie',1,0,1,'100'),(60,'BF','BFA','Burkina Faso',1,0,0,'854'),(61,'BI','BDI','Burundi',1,0,0,'108'),(62,'KH','KHM','Cambodge',1,0,0,'116'),(63,'CV','CPV','Cap-Vert',1,0,0,'132'),(64,'KY','CYM','Iles Cayman',1,0,0,'136'),(65,'CF','CAF','République centrafricaine',1,0,0,'140'),(66,'TD','TCD','Tchad',1,0,0,'148'),(67,'CL','CHL','Chili',1,0,0,'152'),(68,'CX','CXR','Ile Christmas',1,0,0,'162'),(69,'CC','CCK','Iles des Cocos (Keeling)',1,0,0,'166'),(70,'CO','COL','Colombie',1,0,0,'170'),(71,'KM','COM','Comores',1,0,0,'174'),(72,'CG','COG','Congo',1,0,0,'178'),(73,'CD','COD','République démocratique du Congo',1,0,0,'180'),(74,'CK','COK','Iles Cook',1,0,0,'184'),(75,'CR','CRI','Costa Rica',1,0,0,'188'),(76,'HR','HRV','Croatie',1,0,1,'191'),(77,'CU','CUB','Cuba',1,0,0,'192'),(78,'CY','CYP','Cyprus',1,0,1,'196'),(79,'CZ','CZE','République Tchèque',1,0,1,'203'),(80,'DK','DNK','Danemark',1,0,1,'208'),(81,'DJ','DJI','Djibouti',1,0,0,'262'),(82,'DM','DMA','Dominique',1,0,0,'212'),(83,'DO','DOM','République Dominicaine',1,0,0,'214'),(84,'EC','ECU','Equateur',1,0,0,'218'),(85,'EG','EGY','Egypte',1,0,0,'818'),(86,'SV','SLV','Salvador',1,0,0,'222'),(87,'GQ','GNQ','Guinée Equatoriale',1,0,0,'226'),(88,'ER','ERI','Erythrée',1,0,0,'232'),(89,'EE','EST','Estonia',1,0,1,'233'),(90,'ET','ETH','Ethiopie',1,0,0,'231'),(91,'FK','FLK','Iles Falkland',1,0,0,'238'),(92,'FO','FRO','Iles Féroé',1,0,0,'234'),(93,'FJ','FJI','Iles Fidji',1,0,0,'242'),(94,'FI','FIN','Finlande',1,0,1,'246'),(95,'GF','GUF','Guyane française',1,0,0,'254'),(96,'PF','PYF','Polynésie française',1,0,0,'258'),(97,'TF','ATF','Terres australes françaises',1,0,0,'260'),(98,'GM','GMB','Gambie',1,0,0,'270'),(99,'GE','GEO','Georgia',1,0,0,'268'),(100,'GH','GHA','Ghana',1,0,0,'288'),(101,'GI','GIB','Gibraltar',1,0,0,'292'),(102,'GR','GRC','Greece',1,0,1,'300'),(103,'GL','GRL','Groenland',1,0,0,'304'),(104,'GD','GRD','Grenade',1,0,0,'308'),(106,'GU','GUM','Guam',1,0,0,'316'),(107,'GT','GTM','Guatemala',1,0,0,'320'),(108,'GN','GIN','Guinea',1,0,0,'324'),(109,'GW','GNB','Guinea-Bissao',1,0,0,'624'),(111,'HT','HTI','Haiti',1,0,0,'332'),(112,'HM','HMD','Iles Heard et McDonald',1,0,0,'334'),(113,'VA','VAT','Saint-Siège (Vatican)',1,0,0,'336'),(114,'HN','HND','Honduras',1,0,0,'340'),(115,'HK','HKG','Hong Kong',1,0,0,'344'),(116,'IS','ISL','Islande',1,0,0,'352'),(117,'IN','IND','India',1,0,0,'356'),(118,'ID','IDN','Indonésie',1,0,0,'360'),(119,'IR','IRN','Iran',1,0,0,'364'),(120,'IQ','IRQ','Iraq',1,0,0,'368'),(121,'IL','ISR','Israel',1,0,0,'376'),(122,'JM','JAM','Jamaïque',1,0,0,'388'),(123,'JP','JPN','Japon',1,0,0,'392'),(124,'JO','JOR','Jordanie',1,0,0,'400'),(125,'KZ','KAZ','Kazakhstan',1,0,0,'398'),(126,'KE','KEN','Kenya',1,0,0,'404'),(127,'KI','KIR','Kiribati',1,0,0,'296'),(128,'KP','PRK','North Corea',1,0,0,'408'),(129,'KR','KOR','South Corea',1,0,0,'410'),(130,'KW','KWT','Koweït',1,0,0,'414'),(131,'KG','KGZ','Kirghizistan',1,0,0,'417'),(132,'LA','LAO','Laos',1,0,0,'418'),(133,'LV','LVA','Lettonie',1,0,1,'428'),(134,'LB','LBN','Liban',1,0,0,'422'),(135,'LS','LSO','Lesotho',1,0,0,'426'),(136,'LR','LBR','Liberia',1,0,0,'430'),(137,'LY','LBY','Libye',1,0,0,'434'),(138,'LI','LIE','Liechtenstein',1,0,0,'438'),(139,'LT','LTU','Lituanie',1,0,1,'440'),(140,'LU','LUX','Luxembourg',1,0,1,'442'),(141,'MO','MAC','Macao',1,0,0,'446'),(142,'MK','MKD','ex-République yougoslave de Macédoine',1,0,0,'807'),(143,'MG','MDG','Madagascar',1,0,0,'450'),(144,'MW','MWI','Malawi',1,0,0,'454'),(145,'MY','MYS','Malaisie',1,0,0,'458'),(146,'MV','MDV','Maldives',1,0,0,'462'),(147,'ML','MLI','Mali',1,0,0,'466'),(148,'MT','MLT','Malte',1,0,1,'470'),(149,'MH','MHL','Iles Marshall',1,0,0,'584'),(151,'MR','MRT','Mauritanie',1,0,0,'478'),(152,'MU','MUS','Maurice',1,0,0,'480'),(153,'YT','MYT','Mayotte',1,0,0,'175'),(154,'MX','MEX','Mexique',1,0,0,'484'),(155,'FM','FSM','Micronésie',1,0,0,'583'),(156,'MD','MDA','Moldavie',1,0,0,'498'),(157,'MN','MNG','Mongolie',1,0,0,'496'),(158,'MS','MSR','Monserrat',1,0,0,'500'),(159,'MZ','MOZ','Mozambique',1,0,0,'508'),(160,'MM','MMR','Birmanie (Myanmar)',1,0,0,'104'),(161,'NA','NAM','Namibie',1,0,0,'516'),(162,'NR','NRU','Nauru',1,0,0,'520'),(163,'NP','NPL','Népal',1,0,0,'524'),(165,'NC','NCL','Nouvelle-Calédonie',1,0,0,'540'),(166,'NZ','NZL','Nouvelle-Zélande',1,0,0,'554'),(167,'NI','NIC','Nicaragua',1,0,0,'558'),(168,'NE','NER','Niger',1,0,0,'562'),(169,'NG','NGA','Nigeria',1,0,0,'566'),(170,'NU','NIU','Nioué',1,0,0,'570'),(171,'NF','NFK','Ile Norfolk',1,0,0,'574'),(172,'MP','MNP','Mariannes du Nord',1,0,0,'580'),(173,'NO','NOR','Norvège',1,0,0,'578'),(174,'OM','OMN','Oman',1,0,0,'512'),(175,'PK','PAK','Pakistan',1,0,0,'586'),(176,'PW','PLW','Palaos',1,0,0,'585'),(177,'PS','PSE','Territoire Palestinien Occupé',1,0,0,'275'),(178,'PA','PAN','Panama',1,0,0,'591'),(179,'PG','PNG','Papouasie-Nouvelle-Guinée',1,0,0,'598'),(180,'PY','PRY','Paraguay',1,0,0,'600'),(181,'PE','PER','Peru',1,0,0,'604'),(182,'PH','PHL','Philippines',1,0,0,'608'),(183,'PN','PCN','Iles Pitcairn',1,0,0,'612'),(184,'PL','POL','Pologne',1,0,1,'616'),(185,'PR','PRI','Porto Rico',1,0,0,'630'),(186,'QA','QAT','Qatar',1,0,0,'634'),(188,'RO','ROU','Roumanie',1,0,1,'642'),(189,'RW','RWA','Rwanda',1,0,0,'646'),(190,'SH','SHN','Sainte-Hélène',1,0,0,'654'),(191,'KN','KNA','Saint-Christophe-et-Niévès',1,0,0,'659'),(192,'LC','LCA','Sainte-Lucie',1,0,0,'662'),(193,'PM','SPM','Saint-Pierre-et-Miquelon',1,0,0,'666'),(194,'VC','VCT','Saint-Vincent-et-les-Grenadines',1,0,0,'670'),(195,'WS','WSM','Samoa',1,0,0,'882'),(196,'SM','SMR','Saint-Marin',1,0,0,'674'),(197,'ST','STP','Sao Tomé-et-Principe',1,0,0,'678'),(198,'RS','SRB','Serbie',1,0,0,'688'),(199,'SC','SYC','Seychelles',1,0,0,'690'),(200,'SL','SLE','Sierra Leone',1,0,0,'694'),(201,'SK','SVK','Slovaquie',1,0,1,'703'),(202,'SI','SVN','Slovénie',1,0,1,'705'),(203,'SB','SLB','Iles Salomon',1,0,0,'090'),(204,'SO','SOM','Somalie',1,0,0,'706'),(205,'ZA','ZAF','South Africa',1,0,0,'710'),(206,'GS','SGS','Iles Géorgie du Sud et Sandwich du Sud',1,0,0,'239'),(207,'LK','LKA','Sri Lanka',1,0,0,'144'),(208,'SD','SDN','Soudan',1,0,0,'729'),(209,'SR','SUR','Suriname',1,0,0,'740'),(210,'SJ','SJM','Iles Svalbard et Jan Mayen',1,0,0,'744'),(211,'SZ','SWZ','Swaziland',1,0,0,'748'),(212,'SY','SYR','Syrie',1,0,0,'760'),(213,'TW','TWN','Taïwan',1,0,0,'158'),(214,'TJ','TJK','Tadjikistan',1,0,0,'762'),(215,'TZ','TZA','Tanzanie',1,0,0,'834'),(216,'TH','THA','Thaïlande',1,0,0,'764'),(217,'TL','TLS','Timor Oriental',1,0,0,'626'),(218,'TK','TKL','Tokélaou',1,0,0,'772'),(219,'TO','TON','Tonga',1,0,0,'776'),(220,'TT','TTO','Trinité-et-Tobago',1,0,0,'780'),(221,'TR','TUR','Turquie',1,0,0,'792'),(222,'TM','TKM','Turkménistan',1,0,0,'795'),(223,'TC','TCA','Iles Turks-et-Caicos',1,0,0,'796'),(224,'TV','TUV','Tuvalu',1,0,0,'798'),(225,'UG','UGA','Ouganda',1,0,0,'800'),(226,'UA','UKR','Ukraine',1,0,0,'804'),(227,'AE','ARE','United Arab Emirates',1,0,0,'784'),(228,'UM','UMI','Iles mineures éloignées des États-Unis',1,0,0,'581'),(229,'UY','URY','Uruguay',1,0,0,'858'),(230,'UZ','UZB','Ouzbékistan',1,0,0,'860'),(231,'VU','VUT','Vanuatu',1,0,0,'548'),(232,'VE','VEN','Vénézuela',1,0,0,'862'),(233,'VN','VNM','Viêt Nam',1,0,0,'704'),(234,'VG','VGB','Iles Vierges britanniques',1,0,0,'092'),(235,'VI','VIR','Iles Vierges américaines',1,0,0,'850'),(236,'WF','WLF','Wallis-et-Futuna',1,0,0,'876'),(237,'EH','ESH','Sahara occidental',1,0,0,'732'),(238,'YE','YEM','Yémen',1,0,0,'887'),(239,'ZM','ZMB','Zambie',1,0,0,'894'),(240,'ZW','ZWE','Zimbabwe',1,0,0,'716'),(241,'GG','GGY','Guernesey',1,0,0,'831'),(242,'IM','IMN','Ile de Man',1,0,1,'833'),(243,'JE','JEY','Jersey',1,0,0,'832'),(244,'ME','MNE','Monténégro',1,0,0,'499'),(245,'BL','BLM','Saint-Barthélemy',1,0,0,'652'),(246,'MF','MAF','Saint-Martin',1,0,0,'663'),(300,'CW','CUW','Curaçao',1,0,0,'531'),(301,'SX','SXM','Sint Maarten',1,0,0,'534');

--
-- Table structure for table `t1zhf_c_currencies`
--

CREATE TABLE `t1zhf_c_currencies` (
  `code_iso` varchar(3) COLLATE utf8mb3_unicode_ci NOT NULL,
  `label` varchar(128) COLLATE utf8mb3_unicode_ci DEFAULT NULL,
  `unicode` varchar(32) COLLATE utf8mb3_unicode_ci DEFAULT NULL,
  `active` tinyint NOT NULL DEFAULT '1',
  PRIMARY KEY (`code_iso`),
  UNIQUE KEY `uk_c_currencies_code_iso` (`code_iso`)
) ENGINE=InnoDB DEFAULT CHARSET=utf8mb3 COLLATE=utf8mb3_unicode_ci;

--
-- Dumping data for table `t1zhf_c_currencies`
--

INSERT INTO `t1zhf_c_currencies` VALUES ('AED','United Arab Emirates Dirham',NULL,1),('AFN','Afghanistan Afghani','[1547]',1),('ALL','Albania Lek','[76,101,107]',1),('ANG','Netherlands Antilles Guilder','[402]',1),('ARP','Pesos argentins',NULL,0),('ARS','Argentino Peso','[36]',1),('ATS','Shiliing autrichiens',NULL,0),('AUD','Australia Dollar','[36]',1),('AWG','Aruba Guilder','[402]',1),('AZN','Azerbaijan New Manat','[1084,1072,1085]',1),('BAM','Bosnia and Herzegovina Convertible Marka','[75,77]',1),('BBD','Barbados Dollar','[36]',1),('BDT','Bangladeshi Taka','[2547]',1),('BEF','Francs belges',NULL,0),('BGN','Bulgaria Lev','[1083,1074]',1),('BHD','Bahrain',NULL,1),('BMD','Bermuda Dollar','[36]',1),('BND','Brunei Darussalam Dollar','[36]',1),('BOB','Bolivia Boliviano','[36,98]',1),('BRL','Brazil Real','[82,36]',1),('BSD','Bahamas Dollar','[36]',1),('BWP','Botswana Pula','[80]',1),('BYR','Belarus Ruble','[112,46]',1),('BZD','Belize Dollar','[66,90,36]',1),('CAD','Canada Dollar','[36]',1),('CHF','Switzerland Franc','[67,72,70]',1),('CLP','Chile Peso','[36]',1),('CNY','China Yuan Renminbi','[165]',1),('COP','Colombia Peso','[36]',1),('CRC','Costa Rica Colon','[8353]',1),('CUP','Cuba Peso','[8369]',1),('CZK','Czech Republic Koruna','[75,269]',1),('DEM','Deutsch mark',NULL,0),('DKK','Denmark Krone','[107,114]',1),('DOP','Dominican Republic Peso','[82,68,36]',1),('DZD','Algeria Dinar',NULL,1),('EEK','Estonia Kroon','[107,114]',1),('EGP','Egypt Pound','[163]',1),('ESP','Pesete',NULL,0),('EUR','Euro Member Countries','[8364]',1),('FIM','Mark finlandais',NULL,0),('FJD','Fiji Dollar','[36]',1),('FKP','Falkland Islands (Malvinas) Pound','[163]',1),('FRF','Francs francais',NULL,0),('GBP','United Kingdom Pound','[163]',1),('GGP','Guernsey Pound','[163]',1),('GHC','Ghana Cedis','[162]',1),('GIP','Gibraltar Pound','[163]',1),('GNF','Franc Guinéen','[70,71]',1),('GRD','Drachme (grece)',NULL,0),('GTQ','Guatemala Quetzal','[81]',1),('GYD','Guyana Dollar','[36]',1),('HKD','Hong Kong Dollar','[36]',1),('HNL','Honduras Lempira','[76]',1),('HRK','Croatia Kuna','[107,110]',1),('HUF','Hungary Forint','[70,116]',1),('IDR','Indonesia Rupiah','[82,112]',1),('IEP','Livres irlandaises',NULL,0),('ILS','Israel Shekel','[8362]',1),('IMP','Isle of Man Pound','[163]',1),('INR','India Rupee','[8377]',1),('IRR','Iran Rial','[65020]',1),('ISK','Iceland Krona','[107,114]',1),('ITL','Lires',NULL,0),('JEP','Jersey Pound','[163]',1),('JMD','Jamaica Dollar','[74,36]',1),('JPY','Japan Yen','[165]',1),('KES','Kenya Shilling',NULL,1),('KGS','Kyrgyzstan Som','[1083,1074]',1),('KHR','Cambodia Riel','[6107]',1),('KPW','Korea (North) Won','[8361]',1),('KRW','Korea (South) Won','[8361]',1),('KYD','Cayman Islands Dollar','[36]',1),('KZT','Kazakhstan Tenge','[1083,1074]',1),('LAK','Laos Kip','[8365]',1),('LBP','Lebanon Pound','[163]',1),('LKR','Sri Lanka Rupee','[8360]',1),('LRD','Liberia Dollar','[36]',1),('LTL','Lithuania Litas','[76,116]',1),('LUF','Francs luxembourgeois',NULL,0),('LVL','Latvia Lat','[76,115]',1),('MAD','Morocco Dirham',NULL,1),('MGA','Ariary',NULL,1),('MKD','Macedonia Denar','[1076,1077,1085]',1),('MNT','Mongolia Tughrik','[8366]',1),('MRO','Mauritania Ouguiya',NULL,1),('MUR','Mauritius Rupee','[8360]',1),('MXN','Mexico Peso','[36]',1),('MXP','Pesos Mexicans',NULL,0),('MYR','Malaysia Ringgit','[82,77]',1),('MZN','Mozambique Metical','[77,84]',1),('NAD','Namibia Dollar','[36]',1),('NGN','Nigeria Naira','[8358]',1),('NIO','Nicaragua Cordoba','[67,36]',1),('NLG','Florins',NULL,0),('NOK','Norway Krone','[107,114]',1),('NPR','Nepal Rupee','[8360]',1),('NZD','New Zealand Dollar','[36]',1),('OMR','Oman Rial','[65020]',1),('PAB','Panama Balboa','[66,47,46]',1),('PEN','Peru Nuevo Sol','[83,47,46]',1),('PHP','Philippines Peso','[8369]',1),('PKR','Pakistan Rupee','[8360]',1),('PLN','Poland Zloty','[122,322]',1),('PTE','Escudos',NULL,0),('PYG','Paraguay Guarani','[71,115]',1),('QAR','Qatar Riyal','[65020]',1),('RON','Romania New Leu','[108,101,105]',1),('RSD','Serbia Dinar','[1044,1080,1085,46]',1),('RUB','Russia Ruble','[1088,1091,1073]',1),('SAR','Saudi Arabia Riyal','[65020]',1),('SBD','Solomon Islands Dollar','[36]',1),('SCR','Seychelles Rupee','[8360]',1),('SEK','Sweden Krona','[107,114]',1),('SGD','Singapore Dollar','[36]',1),('SHP','Saint Helena Pound','[163]',1),('SKK','Couronnes slovaques',NULL,0),('SOS','Somalia Shilling','[83]',1),('SRD','Suriname Dollar','[36]',1),('SUR','Rouble',NULL,0),('SVC','El Salvador Colon','[36]',1),('SYP','Syria Pound','[163]',1),('THB','Thailand Baht','[3647]',1),('TND','Tunisia Dinar',NULL,1),('TRL','Turkey Lira','[84,76]',1),('TRY','Turkey Lira','[8356]',1),('TTD','Trinidad and Tobago Dollar','[84,84,36]',1),('TVD','Tuvalu Dollar','[36]',1),('TWD','Taiwan New Dollar','[78,84,36]',1),('UAH','Ukraine Hryvna','[8372]',1),('USD','United States Dollar','[36]',1),('UYU','Uruguay Peso','[36,85]',1),('UZS','Uzbekistan Som','[1083,1074]',1),('VEF','Venezuela Bolivar Fuerte','[66,115]',1),('VND','Viet Nam Dong','[8363]',1),('XAF','Communaute Financiere Africaine (BEAC) CFA Franc',NULL,1),('XCD','East Caribbean Dollar','[36]',1),('XEU','Ecus',NULL,0),('XOF','Communaute Financiere Africaine (BCEAO) Franc',NULL,1),('XPF','Franc CFP','[70]',1),('YER','Yemen Rial','[65020]',1),('ZAR','South Africa Rand','[82]',1),('ZWD','Zimbabwe Dollar','[90,36]',1);

--
-- Table structure for table `t1zhf_c_departements`
--

CREATE TABLE `t1zhf_c_departements` (
  `rowid` int NOT NULL AUTO_INCREMENT,
  `code_departement` varchar(6) COLLATE utf8mb3_unicode_ci NOT NULL,
  `fk_region` int DEFAULT NULL,
  `cheflieu` varchar(50) COLLATE utf8mb3_unicode_ci DEFAULT NULL,
  `tncc` int DEFAULT NULL,
  `ncc` varchar(50) COLLATE utf8mb3_unicode_ci DEFAULT NULL,
  `nom` varchar(50) COLLATE utf8mb3_unicode_ci DEFAULT NULL,
  `active` tinyint NOT NULL DEFAULT '1',
  PRIMARY KEY (`rowid`),
  UNIQUE KEY `uk_departements` (`code_departement`,`fk_region`),
  KEY `idx_departements_fk_region` (`fk_region`),
  CONSTRAINT `fk_departements_fk_region` FOREIGN KEY (`fk_region`) REFERENCES `t1zhf_c_regions` (`code_region`) ON DELETE RESTRICT ON UPDATE RESTRICT
) ENGINE=InnoDB AUTO_INCREMENT=1431 DEFAULT CHARSET=utf8mb3 COLLATE=utf8mb3_unicode_ci;

--
-- Dumping data for table `t1zhf_c_departements`
--

INSERT INTO `t1zhf_c_departements` VALUES (1,'0',0,'0',0,'-','-',1),(2,'971',1,'97105',3,'GUADELOUPE','Guadeloupe',1),(3,'972',2,'97209',3,'MARTINIQUE','Martinique',1),(4,'973',3,'97302',3,'GUYANE','Guyane',1),(5,'974',4,'97411',3,'REUNION','Réunion',1),(6,'976',6,'97601',3,'MAYOTTE','Mayotte',1),(7,'01',84,'01053',5,'AIN','Ain',1),(8,'02',32,'02408',5,'AISNE','Aisne',1),(9,'03',84,'03190',5,'ALLIER','Allier',1),(10,'04',93,'04070',4,'ALPES-DE-HAUTE-PROVENCE','Alpes-de-Haute-Provence',1),(11,'05',93,'05061',4,'HAUTES-ALPES','Hautes-Alpes',1),(12,'06',93,'06088',4,'ALPES-MARITIMES','Alpes-Maritimes',1),(13,'07',84,'07186',5,'ARDECHE','Ardèche',1),(14,'08',44,'08105',4,'ARDENNES','Ardennes',1),(15,'09',76,'09122',5,'ARIEGE','Ariège',1),(16,'10',44,'10387',5,'AUBE','Aube',1),(17,'11',76,'11069',5,'AUDE','Aude',1),(18,'12',76,'12202',5,'AVEYRON','Aveyron',1),(19,'13',93,'13055',4,'BOUCHES-DU-RHONE','Bouches-du-Rhône',1),(20,'14',28,'14118',2,'CALVADOS','Calvados',1),(21,'15',84,'15014',2,'CANTAL','Cantal',1),(22,'16',75,'16015',3,'CHARENTE','Charente',1),(23,'17',75,'17300',3,'CHARENTE-MARITIME','Charente-Maritime',1),(24,'18',24,'18033',2,'CHER','Cher',1),(25,'19',75,'19272',3,'CORREZE','Corrèze',1),(26,'2A',94,'2A004',3,'CORSE-DU-SUD','Corse-du-Sud',1),(27,'2B',94,'2B033',3,'HAUTE-CORSE','Haute-Corse',1),(28,'21',27,'21231',3,'COTE-D OR','Côte-d Or',1),(29,'22',53,'22278',4,'COTES-D ARMOR','Côtes-d Armor',1),(30,'23',75,'23096',3,'CREUSE','Creuse',1),(31,'24',75,'24322',3,'DORDOGNE','Dordogne',1),(32,'25',27,'25056',2,'DOUBS','Doubs',1),(33,'26',84,'26362',3,'DROME','Drôme',1),(34,'27',28,'27229',5,'EURE','Eure',1),(35,'28',24,'28085',1,'EURE-ET-LOIR','Eure-et-Loir',1),(36,'29',53,'29232',2,'FINISTERE','Finistère',1),(37,'30',76,'30189',2,'GARD','Gard',1),(38,'31',76,'31555',3,'HAUTE-GARONNE','Haute-Garonne',1),(39,'32',76,'32013',2,'GERS','Gers',1),(40,'33',75,'33063',3,'GIRONDE','Gironde',1),(41,'34',76,'34172',5,'HERAULT','Hérault',1),(42,'35',53,'35238',1,'ILLE-ET-VILAINE','Ille-et-Vilaine',1),(43,'36',24,'36044',5,'INDRE','Indre',1),(44,'37',24,'37261',1,'INDRE-ET-LOIRE','Indre-et-Loire',1),(45,'38',84,'38185',5,'ISERE','Isère',1),(46,'39',27,'39300',2,'JURA','Jura',1),(47,'40',75,'40192',4,'LANDES','Landes',1),(48,'41',24,'41018',0,'LOIR-ET-CHER','Loir-et-Cher',1),(49,'42',84,'42218',3,'LOIRE','Loire',1),(50,'43',84,'43157',3,'HAUTE-LOIRE','Haute-Loire',1),(51,'44',52,'44109',3,'LOIRE-ATLANTIQUE','Loire-Atlantique',1),(52,'45',24,'45234',2,'LOIRET','Loiret',1),(53,'46',76,'46042',2,'LOT','Lot',1),(54,'47',75,'47001',0,'LOT-ET-GARONNE','Lot-et-Garonne',1),(55,'48',76,'48095',3,'LOZERE','Lozère',1),(56,'49',52,'49007',0,'MAINE-ET-LOIRE','Maine-et-Loire',1),(57,'50',28,'50502',3,'MANCHE','Manche',1),(58,'51',44,'51108',3,'MARNE','Marne',1),(59,'52',44,'52121',3,'HAUTE-MARNE','Haute-Marne',1),(60,'53',52,'53130',3,'MAYENNE','Mayenne',1),(61,'54',44,'54395',0,'MEURTHE-ET-MOSELLE','Meurthe-et-Moselle',1),(62,'55',44,'55029',3,'MEUSE','Meuse',1),(63,'56',53,'56260',2,'MORBIHAN','Morbihan',1),(64,'57',44,'57463',3,'MOSELLE','Moselle',1),(65,'58',27,'58194',3,'NIEVRE','Nièvre',1),(66,'59',32,'59350',2,'NORD','Nord',1),(67,'60',32,'60057',5,'OISE','Oise',1),(68,'61',28,'61001',5,'ORNE','Orne',1),(69,'62',32,'62041',2,'PAS-DE-CALAIS','Pas-de-Calais',1),(70,'63',84,'63113',2,'PUY-DE-DOME','Puy-de-Dôme',1),(71,'64',75,'64445',4,'PYRENEES-ATLANTIQUES','Pyrénées-Atlantiques',1),(72,'65',76,'65440',4,'HAUTES-PYRENEES','Hautes-Pyrénées',1),(73,'66',76,'66136',4,'PYRENEES-ORIENTALES','Pyrénées-Orientales',1),(74,'67',44,'67482',2,'BAS-RHIN','Bas-Rhin',1),(75,'68',44,'68066',2,'HAUT-RHIN','Haut-Rhin',1),(76,'69',84,'69123',2,'RHONE','Rhône',1),(77,'70',27,'70550',3,'HAUTE-SAONE','Haute-Saône',1),(78,'71',27,'71270',0,'SAONE-ET-LOIRE','Saône-et-Loire',1),(79,'72',52,'72181',3,'SARTHE','Sarthe',1),(80,'73',84,'73065',3,'SAVOIE','Savoie',1),(81,'74',84,'74010',3,'HAUTE-SAVOIE','Haute-Savoie',1),(82,'75',11,'75056',0,'PARIS','Paris',1),(83,'76',28,'76540',3,'SEINE-MARITIME','Seine-Maritime',1),(84,'77',11,'77288',0,'SEINE-ET-MARNE','Seine-et-Marne',1),(85,'78',11,'78646',4,'YVELINES','Yvelines',1),(86,'79',75,'79191',4,'DEUX-SEVRES','Deux-Sèvres',1),(87,'80',32,'80021',3,'SOMME','Somme',1),(88,'81',76,'81004',2,'TARN','Tarn',1),(89,'82',76,'82121',0,'TARN-ET-GARONNE','Tarn-et-Garonne',1),(90,'83',93,'83137',2,'VAR','Var',1),(91,'84',93,'84007',0,'VAUCLUSE','Vaucluse',1),(92,'85',52,'85191',3,'VENDEE','Vendée',1),(93,'86',75,'86194',3,'VIENNE','Vienne',1),(94,'87',75,'87085',3,'HAUTE-VIENNE','Haute-Vienne',1),(95,'88',44,'88160',4,'VOSGES','Vosges',1),(96,'89',27,'89024',5,'YONNE','Yonne',1),(97,'90',27,'90010',0,'TERRITOIRE DE BELFORT','Territoire de Belfort',1),(98,'91',11,'91228',5,'ESSONNE','Essonne',1),(99,'92',11,'92050',4,'HAUTS-DE-SEINE','Hauts-de-Seine',1),(100,'93',11,'93008',3,'SEINE-SAINT-DENIS','Seine-Saint-Denis',1),(101,'94',11,'94028',2,'VAL-DE-MARNE','Val-de-Marne',1),(102,'95',11,'95500',2,'VAL-D OISE','Val-d Oise',1),(103,'B',4101,NULL,NULL,'BURGENLAND','Burgenland',1),(104,'K',4101,NULL,NULL,'KAERNTEN','Kärnten',1),(105,'N',4101,NULL,NULL,'NIEDEROESTERREICH','Niederösterreich',1),(106,'O',4101,NULL,NULL,'OBEROESTERREICH','Oberösterreich',1),(107,'S',4101,NULL,NULL,'SALZBURG','Salzburg',1),(108,'ST',4101,NULL,NULL,'STEIERMARK','Steiermark',1),(109,'T',4101,NULL,NULL,'TIROL','Tirol',1),(110,'V',4101,NULL,NULL,'VORARLBERG','Vorarlberg',1),(111,'W',4101,NULL,NULL,'WIEN','Wien',1),(112,'01',201,'',1,'ANVERS','Anvers',1),(113,'02',203,'',3,'BRUXELLES-CAPITALE','Bruxelles-Capitale',1),(114,'03',202,'',2,'BRABANT-WALLON','Brabant-Wallon',1),(115,'04',201,'',1,'BRABANT-FLAMAND','Brabant-Flamand',1),(116,'05',201,'',1,'FLANDRE-OCCIDENTALE','Flandre-Occidentale',1),(117,'06',201,'',1,'FLANDRE-ORIENTALE','Flandre-Orientale',1),(118,'07',202,'',2,'HAINAUT','Hainaut',1),(119,'08',201,'',2,'LIEGE','Liège',1),(120,'09',202,'',1,'LIMBOURG','Limbourg',1),(121,'10',202,'',2,'LUXEMBOURG','Luxembourg',1),(122,'11',201,'',2,'NAMUR','Namur',1),(123,'AG',315,NULL,NULL,NULL,'AGRIGENTO',1),(124,'AL',312,NULL,NULL,NULL,'ALESSANDRIA',1),(125,'AN',310,NULL,NULL,NULL,'ANCONA',1),(126,'AO',319,NULL,NULL,NULL,'AOSTA',1),(127,'AR',316,NULL,NULL,NULL,'AREZZO',1),(128,'AP',310,NULL,NULL,NULL,'ASCOLI PICENO',1),(129,'AT',312,NULL,NULL,NULL,'ASTI',1),(130,'AV',304,NULL,NULL,NULL,'AVELLINO',1),(131,'BA',313,NULL,NULL,NULL,'BARI',1),(132,'BT',313,NULL,NULL,NULL,'BARLETTA-ANDRIA-TRANI',1),(133,'BL',320,NULL,NULL,NULL,'BELLUNO',1),(134,'BN',304,NULL,NULL,NULL,'BENEVENTO',1),(135,'BG',309,NULL,NULL,NULL,'BERGAMO',1),(136,'BI',312,NULL,NULL,NULL,'BIELLA',1),(137,'BO',305,NULL,NULL,NULL,'BOLOGNA',1),(138,'BZ',317,NULL,NULL,NULL,'BOLZANO',1),(139,'BS',309,NULL,NULL,NULL,'BRESCIA',1),(140,'BR',313,NULL,NULL,NULL,'BRINDISI',1),(141,'CA',314,NULL,NULL,NULL,'CAGLIARI',1),(142,'CL',315,NULL,NULL,NULL,'CALTANISSETTA',1),(143,'CB',311,NULL,NULL,NULL,'CAMPOBASSO',1),(144,'CI',314,NULL,NULL,NULL,'CARBONIA-IGLESIAS',1),(145,'CE',304,NULL,NULL,NULL,'CASERTA',1),(146,'CT',315,NULL,NULL,NULL,'CATANIA',1),(147,'CZ',303,NULL,NULL,NULL,'CATANZARO',1),(148,'CH',301,NULL,NULL,NULL,'CHIETI',1),(149,'CO',309,NULL,NULL,NULL,'COMO',1),(150,'CS',303,NULL,NULL,NULL,'COSENZA',1),(151,'CR',309,NULL,NULL,NULL,'CREMONA',1),(152,'KR',303,NULL,NULL,NULL,'CROTONE',1),(153,'CN',312,NULL,NULL,NULL,'CUNEO',1),(154,'EN',315,NULL,NULL,NULL,'ENNA',1),(155,'FM',310,NULL,NULL,NULL,'FERMO',1),(156,'FE',305,NULL,NULL,NULL,'FERRARA',1),(157,'FI',316,NULL,NULL,NULL,'FIRENZE',1),(158,'FG',313,NULL,NULL,NULL,'FOGGIA',1),(159,'FC',305,NULL,NULL,NULL,'FORLI-CESENA',1),(160,'FR',307,NULL,NULL,NULL,'FROSINONE',1),(161,'GE',308,NULL,NULL,NULL,'GENOVA',1),(162,'GO',306,NULL,NULL,NULL,'GORIZIA',1),(163,'GR',316,NULL,NULL,NULL,'GROSSETO',1),(164,'IM',308,NULL,NULL,NULL,'IMPERIA',1),(165,'IS',311,NULL,NULL,NULL,'ISERNIA',1),(166,'SP',308,NULL,NULL,NULL,'LA SPEZIA',1),(167,'AQ',301,NULL,NULL,NULL,'L AQUILA',1),(168,'LT',307,NULL,NULL,NULL,'LATINA',1),(169,'LE',313,NULL,NULL,NULL,'LECCE',1),(170,'LC',309,NULL,NULL,NULL,'LECCO',1),(171,'LI',314,NULL,NULL,NULL,'LIVORNO',1),(172,'LO',309,NULL,NULL,NULL,'LODI',1),(173,'LU',316,NULL,NULL,NULL,'LUCCA',1),(174,'MC',310,NULL,NULL,NULL,'MACERATA',1),(175,'MN',309,NULL,NULL,NULL,'MANTOVA',1),(176,'MS',316,NULL,NULL,NULL,'MASSA-CARRARA',1),(177,'MT',302,NULL,NULL,NULL,'MATERA',1),(178,'VS',314,NULL,NULL,NULL,'MEDIO CAMPIDANO',1),(179,'ME',315,NULL,NULL,NULL,'MESSINA',1),(180,'MI',309,NULL,NULL,NULL,'MILANO',1),(181,'MB',309,NULL,NULL,NULL,'MONZA e BRIANZA',1),(182,'MO',305,NULL,NULL,NULL,'MODENA',1),(183,'NA',304,NULL,NULL,NULL,'NAPOLI',1),(184,'NO',312,NULL,NULL,NULL,'NOVARA',1),(185,'NU',314,NULL,NULL,NULL,'NUORO',1),(186,'OG',314,NULL,NULL,NULL,'OGLIASTRA',1),(187,'OT',314,NULL,NULL,NULL,'OLBIA-TEMPIO',1),(188,'OR',314,NULL,NULL,NULL,'ORISTANO',1),(189,'PD',320,NULL,NULL,NULL,'PADOVA',1),(190,'PA',315,NULL,NULL,NULL,'PALERMO',1),(191,'PR',305,NULL,NULL,NULL,'PARMA',1),(192,'PV',309,NULL,NULL,NULL,'PAVIA',1),(193,'PG',318,NULL,NULL,NULL,'PERUGIA',1),(194,'PU',310,NULL,NULL,NULL,'PESARO e URBINO',1),(195,'PE',301,NULL,NULL,NULL,'PESCARA',1),(196,'PC',305,NULL,NULL,NULL,'PIACENZA',1),(197,'PI',316,NULL,NULL,NULL,'PISA',1),(198,'PT',316,NULL,NULL,NULL,'PISTOIA',1),(199,'PN',306,NULL,NULL,NULL,'PORDENONE',1),(200,'PZ',302,NULL,NULL,NULL,'POTENZA',1),(201,'PO',316,NULL,NULL,NULL,'PRATO',1),(202,'RG',315,NULL,NULL,NULL,'RAGUSA',1),(203,'RA',305,NULL,NULL,NULL,'RAVENNA',1),(204,'RC',303,NULL,NULL,NULL,'REGGIO CALABRIA',1),(205,'RE',305,NULL,NULL,NULL,'REGGIO NELL EMILIA',1),(206,'RI',307,NULL,NULL,NULL,'RIETI',1),(207,'RN',305,NULL,NULL,NULL,'RIMINI',1),(208,'RM',307,NULL,NULL,NULL,'ROMA',1),(209,'RO',320,NULL,NULL,NULL,'ROVIGO',1),(210,'SA',304,NULL,NULL,NULL,'SALERNO',1),(211,'SS',314,NULL,NULL,NULL,'SASSARI',1),(212,'SV',308,NULL,NULL,NULL,'SAVONA',1),(213,'SI',316,NULL,NULL,NULL,'SIENA',1),(214,'SR',315,NULL,NULL,NULL,'SIRACUSA',1),(215,'SO',309,NULL,NULL,NULL,'SONDRIO',1),(216,'TA',313,NULL,NULL,NULL,'TARANTO',1),(217,'TE',301,NULL,NULL,NULL,'TERAMO',1),(218,'TR',318,NULL,NULL,NULL,'TERNI',1),(219,'TO',312,NULL,NULL,NULL,'TORINO',1),(220,'TP',315,NULL,NULL,NULL,'TRAPANI',1),(221,'TN',317,NULL,NULL,NULL,'TRENTO',1),(222,'TV',320,NULL,NULL,NULL,'TREVISO',1),(223,'TS',306,NULL,NULL,NULL,'TRIESTE',1),(224,'UD',306,NULL,NULL,NULL,'UDINE',1),(225,'VA',309,NULL,NULL,NULL,'VARESE',1),(226,'VE',320,NULL,NULL,NULL,'VENEZIA',1),(227,'VB',312,NULL,NULL,NULL,'VERBANO-CUSIO-OSSOLA',1),(228,'VC',312,NULL,NULL,NULL,'VERCELLI',1),(229,'VR',320,NULL,NULL,NULL,'VERONA',1),(230,'VV',303,NULL,NULL,NULL,'VIBO VALENTIA',1),(231,'VI',320,NULL,NULL,NULL,'VICENZA',1),(232,'VT',307,NULL,NULL,NULL,'VITERBO',1),(233,'AL01',1301,'',0,'','Wilaya d\'Adrar',1),(234,'AL02',1301,'',0,'','Wilaya de Chlef',1),(235,'AL03',1301,'',0,'','Wilaya de Laghouat',1),(236,'AL04',1301,'',0,'','Wilaya d\'Oum El Bouaghi',1),(237,'AL05',1301,'',0,'','Wilaya de Batna',1),(238,'AL06',1301,'',0,'','Wilaya de Béjaïa',1),(239,'AL07',1301,'',0,'','Wilaya de Biskra',1),(240,'AL08',1301,'',0,'','Wilaya de Béchar',1),(241,'AL09',1301,'',0,'','Wilaya de Blida',1),(242,'AL10',1301,'',0,'','Wilaya de Bouira',1),(243,'AL11',1301,'',0,'','Wilaya de Tamanrasset',1),(244,'AL12',1301,'',0,'','Wilaya de Tébessa',1),(245,'AL13',1301,'',0,'','Wilaya de Tlemcen',1),(246,'AL14',1301,'',0,'','Wilaya de Tiaret',1),(247,'AL15',1301,'',0,'','Wilaya de Tizi Ouzou',1),(248,'AL16',1301,'',0,'','Wilaya d\'Alger',1),(249,'AL17',1301,'',0,'','Wilaya de Djelfa',1),(250,'AL18',1301,'',0,'','Wilaya de Jijel',1),(251,'AL19',1301,'',0,'','Wilaya de Sétif	',1),(252,'AL20',1301,'',0,'','Wilaya de Saïda',1),(253,'AL21',1301,'',0,'','Wilaya de Skikda',1),(254,'AL22',1301,'',0,'','Wilaya de Sidi Bel Abbès',1),(255,'AL23',1301,'',0,'','Wilaya d\'Annaba',1),(256,'AL24',1301,'',0,'','Wilaya de Guelma',1),(257,'AL25',1301,'',0,'','Wilaya de Constantine',1),(258,'AL26',1301,'',0,'','Wilaya de Médéa',1),(259,'AL27',1301,'',0,'','Wilaya de Mostaganem',1),(260,'AL28',1301,'',0,'','Wilaya de M\'Sila',1),(261,'AL29',1301,'',0,'','Wilaya de Mascara',1),(262,'AL30',1301,'',0,'','Wilaya d\'Ouargla',1),(263,'AL31',1301,'',0,'','Wilaya d\'Oran',1),(264,'AL32',1301,'',0,'','Wilaya d\'El Bayadh',1),(265,'AL33',1301,'',0,'','Wilaya d\'Illizi',1),(266,'AL34',1301,'',0,'','Wilaya de Bordj Bou Arreridj',1),(267,'AL35',1301,'',0,'','Wilaya de Boumerdès',1),(268,'AL36',1301,'',0,'','Wilaya d\'El Tarf',1),(269,'AL37',1301,'',0,'','Wilaya de Tindouf',1),(270,'AL38',1301,'',0,'','Wilaya de Tissemsilt',1),(271,'AL39',1301,'',0,'','Wilaya d\'El Oued',1),(272,'AL40',1301,'',0,'','Wilaya de Khenchela',1),(273,'AL41',1301,'',0,'','Wilaya de Souk Ahras',1),(274,'AL42',1301,'',0,'','Wilaya de Tipaza',1),(275,'AL43',1301,'',0,'','Wilaya de Mila',1),(276,'AL44',1301,'',0,'','Wilaya d\'Aïn Defla',1),(277,'AL45',1301,'',0,'','Wilaya de Naâma',1),(278,'AL46',1301,'',0,'','Wilaya d\'Aïn Témouchent',1),(279,'AL47',1301,'',0,'','Wilaya de Ghardaia',1),(280,'AL48',1301,'',0,'','Wilaya de Relizane',1),(281,'MA',1209,'',0,'','Province de Benslimane',1),(282,'MA1',1209,'',0,'','Province de Berrechid',1),(283,'MA2',1209,'',0,'','Province de Khouribga',1),(284,'MA3',1209,'',0,'','Province de Settat',1),(285,'MA4',1210,'',0,'','Province d\'El Jadida',1),(286,'MA5',1210,'',0,'','Province de Safi',1),(287,'MA6',1210,'',0,'','Province de Sidi Bennour',1),(288,'MA7',1210,'',0,'','Province de Youssoufia',1),(289,'MA6B',1205,'',0,'','Préfecture de Fès',1),(290,'MA7B',1205,'',0,'','Province de Boulemane',1),(291,'MA8',1205,'',0,'','Province de Moulay Yacoub',1),(292,'MA9',1205,'',0,'','Province de Sefrou',1),(293,'MA8A',1202,'',0,'','Province de Kénitra',1),(294,'MA9A',1202,'',0,'','Province de Sidi Kacem',1),(295,'MA10',1202,'',0,'','Province de Sidi Slimane',1),(296,'MA11',1208,'',0,'','Préfecture de Casablanca',1),(297,'MA12',1208,'',0,'','Préfecture de Mohammédia',1),(298,'MA13',1208,'',0,'','Province de Médiouna',1),(299,'MA14',1208,'',0,'','Province de Nouaceur',1),(300,'MA15',1214,'',0,'','Province d\'Assa-Zag',1),(301,'MA16',1214,'',0,'','Province d\'Es-Semara',1),(302,'MA17A',1214,'',0,'','Province de Guelmim',1),(303,'MA18',1214,'',0,'','Province de Tata',1),(304,'MA19',1214,'',0,'','Province de Tan-Tan',1),(305,'MA15',1215,'',0,'','Province de Boujdour',1),(306,'MA16',1215,'',0,'','Province de Lâayoune',1),(307,'MA17',1215,'',0,'','Province de Tarfaya',1),(308,'MA18',1211,'',0,'','Préfecture de Marrakech',1),(309,'MA19',1211,'',0,'','Province d\'Al Haouz',1),(310,'MA20',1211,'',0,'','Province de Chichaoua',1),(311,'MA21',1211,'',0,'','Province d\'El Kelâa des Sraghna',1),(312,'MA22',1211,'',0,'','Province d\'Essaouira',1),(313,'MA23',1211,'',0,'','Province de Rehamna',1),(314,'MA24',1206,'',0,'','Préfecture de Meknès',1),(315,'MA25',1206,'',0,'','Province d’El Hajeb',1),(316,'MA26',1206,'',0,'','Province d\'Errachidia',1),(317,'MA27',1206,'',0,'','Province d’Ifrane',1),(318,'MA28',1206,'',0,'','Province de Khénifra',1),(319,'MA29',1206,'',0,'','Province de Midelt',1),(320,'MA30',1204,'',0,'','Préfecture d\'Oujda-Angad',1),(321,'MA31',1204,'',0,'','Province de Berkane',1),(322,'MA32',1204,'',0,'','Province de Driouch',1),(323,'MA33',1204,'',0,'','Province de Figuig',1),(324,'MA34',1204,'',0,'','Province de Jerada',1),(325,'MA35',1204,'',0,'','Province de Nador',1),(326,'MA36',1204,'',0,'','Province de Taourirt',1),(327,'MA37',1216,'',0,'','Province d\'Aousserd',1),(328,'MA38',1216,'',0,'','Province d\'Oued Ed-Dahab',1),(329,'MA39',1207,'',0,'','Préfecture de Rabat',1),(330,'MA40',1207,'',0,'','Préfecture de Skhirat-Témara',1),(331,'MA41',1207,'',0,'','Préfecture de Salé',1),(332,'MA42',1207,'',0,'','Province de Khémisset',1),(333,'MA43',1213,'',0,'','Préfecture d\'Agadir Ida-Outanane',1),(334,'MA44',1213,'',0,'','Préfecture d\'Inezgane-Aït Melloul',1),(335,'MA45',1213,'',0,'','Province de Chtouka-Aït Baha',1),(336,'MA46',1213,'',0,'','Province d\'Ouarzazate',1),(337,'MA47',1213,'',0,'','Province de Sidi Ifni',1),(338,'MA48',1213,'',0,'','Province de Taroudant',1),(339,'MA49',1213,'',0,'','Province de Tinghir',1),(340,'MA50',1213,'',0,'','Province de Tiznit',1),(341,'MA51',1213,'',0,'','Province de Zagora',1),(342,'MA52',1212,'',0,'','Province d\'Azilal',1),(343,'MA53',1212,'',0,'','Province de Beni Mellal',1),(344,'MA54',1212,'',0,'','Province de Fquih Ben Salah',1),(345,'MA55',1201,'',0,'','Préfecture de M\'diq-Fnideq',1),(346,'MA56',1201,'',0,'','Préfecture de Tanger-Asilah',1),(347,'MA57',1201,'',0,'','Province de Chefchaouen',1),(348,'MA58',1201,'',0,'','Province de Fahs-Anjra',1),(349,'MA59',1201,'',0,'','Province de Larache',1),(350,'MA60',1201,'',0,'','Province d\'Ouezzane',1),(351,'MA61',1201,'',0,'','Province de Tétouan',1),(352,'MA62',1203,'',0,'','Province de Guercif',1),(353,'MA63',1203,'',0,'','Province d\'Al Hoceïma',1),(354,'MA64',1203,'',0,'','Province de Taounate',1),(355,'MA65',1203,'',0,'','Province de Taza',1),(356,'MA6A',1205,'',0,'','Préfecture de Fès',1),(357,'MA7A',1205,'',0,'','Province de Boulemane',1),(358,'MA15A',1214,'',0,'','Province d\'Assa-Zag',1),(359,'MA16A',1214,'',0,'','Province d\'Es-Semara',1),(360,'MA18A',1211,'',0,'','Préfecture de Marrakech',1),(361,'MA19A',1214,'',0,'','Province de Tan-Tan',1),(362,'MA19B',1214,'',0,'','Province de Tan-Tan',1),(363,'TN01',1001,'',0,'','Ariana',1),(364,'TN02',1001,'',0,'','Béja',1),(365,'TN03',1001,'',0,'','Ben Arous',1),(366,'TN04',1001,'',0,'','Bizerte',1),(367,'TN05',1001,'',0,'','Gabès',1),(368,'TN06',1001,'',0,'','Gafsa',1),(369,'TN07',1001,'',0,'','Jendouba',1),(370,'TN08',1001,'',0,'','Kairouan',1),(371,'TN09',1001,'',0,'','Kasserine',1),(372,'TN10',1001,'',0,'','Kébili',1),(373,'TN11',1001,'',0,'','La Manouba',1),(374,'TN12',1001,'',0,'','Le Kef',1),(375,'TN13',1001,'',0,'','Mahdia',1),(376,'TN14',1001,'',0,'','Médenine',1),(377,'TN15',1001,'',0,'','Monastir',1),(378,'TN16',1001,'',0,'','Nabeul',1),(379,'TN17',1001,'',0,'','Sfax',1),(380,'TN18',1001,'',0,'','Sidi Bouzid',1),(381,'TN19',1001,'',0,'','Siliana',1),(382,'TN20',1001,'',0,'','Sousse',1),(383,'TN21',1001,'',0,'','Tataouine',1),(384,'TN22',1001,'',0,'','Tozeur',1),(385,'TN23',1001,'',0,'','Tunis',1),(386,'TN24',1001,'',0,'','Zaghouan',1),(387,'001',5201,'',0,'','Belisario Boeto',1),(388,'002',5201,'',0,'','Hernando Siles',1),(389,'003',5201,'',0,'','Jaime Zudáñez',1),(390,'004',5201,'',0,'','Juana Azurduy de Padilla',1),(391,'005',5201,'',0,'','Luis Calvo',1),(392,'006',5201,'',0,'','Nor Cinti',1),(393,'007',5201,'',0,'','Oropeza',1),(394,'008',5201,'',0,'','Sud Cinti',1),(395,'009',5201,'',0,'','Tomina',1),(396,'010',5201,'',0,'','Yamparáez',1),(397,'011',5202,'',0,'','Abel Iturralde',1),(398,'012',5202,'',0,'','Aroma',1),(399,'013',5202,'',0,'','Bautista Saavedra',1),(400,'014',5202,'',0,'','Caranavi',1),(401,'015',5202,'',0,'','Eliodoro Camacho',1),(402,'016',5202,'',0,'','Franz Tamayo',1),(403,'017',5202,'',0,'','Gualberto Villarroel',1),(404,'018',5202,'',0,'','Ingaví',1),(405,'019',5202,'',0,'','Inquisivi',1),(406,'020',5202,'',0,'','José Ramón Loayza',1),(407,'021',5202,'',0,'','Larecaja',1),(408,'022',5202,'',0,'','Los Andes (Bolivia)',1),(409,'023',5202,'',0,'','Manco Kapac',1),(410,'024',5202,'',0,'','Muñecas',1),(411,'025',5202,'',0,'','Nor Yungas',1),(412,'026',5202,'',0,'','Omasuyos',1),(413,'027',5202,'',0,'','Pacajes',1),(414,'028',5202,'',0,'','Pedro Domingo Murillo',1),(415,'029',5202,'',0,'','Sud Yungas',1),(416,'030',5202,'',0,'','General José Manuel Pando',1),(417,'031',5203,'',0,'','Arani',1),(418,'032',5203,'',0,'','Arque',1),(419,'033',5203,'',0,'','Ayopaya',1),(420,'034',5203,'',0,'','Bolívar (Bolivia)',1),(421,'035',5203,'',0,'','Campero',1),(422,'036',5203,'',0,'','Capinota',1),(423,'037',5203,'',0,'','Cercado (Cochabamba)',1),(424,'038',5203,'',0,'','Esteban Arze',1),(425,'039',5203,'',0,'','Germán Jordán',1),(426,'040',5203,'',0,'','José Carrasco',1),(427,'041',5203,'',0,'','Mizque',1),(428,'042',5203,'',0,'','Punata',1),(429,'043',5203,'',0,'','Quillacollo',1),(430,'044',5203,'',0,'','Tapacarí',1),(431,'045',5203,'',0,'','Tiraque',1),(432,'046',5203,'',0,'','Chapare',1),(433,'047',5204,'',0,'','Carangas',1),(434,'048',5204,'',0,'','Cercado (Oruro)',1),(435,'049',5204,'',0,'','Eduardo Avaroa',1),(436,'050',5204,'',0,'','Ladislao Cabrera',1),(437,'051',5204,'',0,'','Litoral de Atacama',1),(438,'052',5204,'',0,'','Mejillones',1),(439,'053',5204,'',0,'','Nor Carangas',1),(440,'054',5204,'',0,'','Pantaleón Dalence',1),(441,'055',5204,'',0,'','Poopó',1),(442,'056',5204,'',0,'','Sabaya',1),(443,'057',5204,'',0,'','Sajama',1),(444,'058',5204,'',0,'','San Pedro de Totora',1),(445,'059',5204,'',0,'','Saucarí',1),(446,'060',5204,'',0,'','Sebastián Pagador',1),(447,'061',5204,'',0,'','Sud Carangas',1),(448,'062',5204,'',0,'','Tomás Barrón',1),(449,'063',5205,'',0,'','Alonso de Ibáñez',1),(450,'064',5205,'',0,'','Antonio Quijarro',1),(451,'065',5205,'',0,'','Bernardino Bilbao',1),(452,'066',5205,'',0,'','Charcas (Potosí)',1),(453,'067',5205,'',0,'','Chayanta',1),(454,'068',5205,'',0,'','Cornelio Saavedra',1),(455,'069',5205,'',0,'','Daniel Campos',1),(456,'070',5205,'',0,'','Enrique Baldivieso',1),(457,'071',5205,'',0,'','José María Linares',1),(458,'072',5205,'',0,'','Modesto Omiste',1),(459,'073',5205,'',0,'','Nor Chichas',1),(460,'074',5205,'',0,'','Nor Lípez',1),(461,'075',5205,'',0,'','Rafael Bustillo',1),(462,'076',5205,'',0,'','Sud Chichas',1),(463,'077',5205,'',0,'','Sud Lípez',1),(464,'078',5205,'',0,'','Tomás Frías',1),(465,'079',5206,'',0,'','Aniceto Arce',1),(466,'080',5206,'',0,'','Burdet O\'Connor',1),(467,'081',5206,'',0,'','Cercado (Tarija)',1),(468,'082',5206,'',0,'','Eustaquio Méndez',1),(469,'083',5206,'',0,'','José María Avilés',1),(470,'084',5206,'',0,'','Gran Chaco',1),(471,'085',5207,'',0,'','Andrés Ibáñez',1),(472,'086',5207,'',0,'','Caballero',1),(473,'087',5207,'',0,'','Chiquitos',1),(474,'088',5207,'',0,'','Cordillera (Bolivia)',1),(475,'089',5207,'',0,'','Florida',1),(476,'090',5207,'',0,'','Germán Busch',1),(477,'091',5207,'',0,'','Guarayos',1),(478,'092',5207,'',0,'','Ichilo',1),(479,'093',5207,'',0,'','Obispo Santistevan',1),(480,'094',5207,'',0,'','Sara',1),(481,'095',5207,'',0,'','Vallegrande',1),(482,'096',5207,'',0,'','Velasco',1),(483,'097',5207,'',0,'','Warnes',1),(484,'098',5207,'',0,'','Ángel Sandóval',1),(485,'099',5207,'',0,'','Ñuflo de Chaves',1),(486,'100',5208,'',0,'','Cercado (Beni)',1),(487,'101',5208,'',0,'','Iténez',1),(488,'102',5208,'',0,'','Mamoré',1),(489,'103',5208,'',0,'','Marbán',1),(490,'104',5208,'',0,'','Moxos',1),(491,'105',5208,'',0,'','Vaca Díez',1),(492,'106',5208,'',0,'','Yacuma',1),(493,'107',5208,'',0,'','General José Ballivián Segurola',1),(494,'108',5209,'',0,'','Abuná',1),(495,'109',5209,'',0,'','Madre de Dios',1),(496,'110',5209,'',0,'','Manuripi',1),(497,'111',5209,'',0,'','Nicolás Suárez',1),(498,'112',5209,'',0,'','General Federico Román',1),(499,'NSW',2801,'',1,'','New South Wales',1),(500,'VIC',2801,'',1,'','Victoria',1),(501,'QLD',2801,'',1,'','Queensland',1),(502,'SA',2801,'',1,'','South Australia',1),(503,'ACT',2801,'',1,'','Australia Capital Territory',1),(504,'TAS',2801,'',1,'','Tasmania',1),(505,'WA',2801,'',1,'','Western Australia',1),(506,'NT',2801,'',1,'','Northern Territory',1),(507,'ON',1401,'',1,'','Ontario',1),(508,'QC',1401,'',1,'','Quebec',1),(509,'NS',1401,'',1,'','Nova Scotia',1),(510,'NB',1401,'',1,'','New Brunswick',1),(511,'MB',1401,'',1,'','Manitoba',1),(512,'BC',1401,'',1,'','British Columbia',1),(513,'PE',1401,'',1,'','Prince Edward Island',1),(514,'SK',1401,'',1,'','Saskatchewan',1),(515,'AB',1401,'',1,'','Alberta',1),(516,'NL',1401,'',1,'','Newfoundland and Labrador',1),(517,'VI',419,'',19,'ALAVA','Álava',1),(518,'AB',404,'',4,'ALBACETE','Albacete',1),(519,'A',411,'',11,'ALICANTE','Alicante',1),(520,'AL',401,'',1,'ALMERIA','Almería',1),(521,'AV',403,'',3,'AVILA','Avila',1),(522,'BA',412,'',12,'BADAJOZ','Badajoz',1),(523,'PM',414,'',14,'ISLAS BALEARES','Islas Baleares',1),(524,'B',406,'',6,'BARCELONA','Barcelona',1),(525,'BU',403,'',8,'BURGOS','Burgos',1),(526,'CC',412,'',12,'CACERES','Cáceres',1),(527,'CA',401,'',1,'CADIZ','Cádiz',1),(528,'CS',411,'',11,'CASTELLON','Castellón',1),(529,'CR',404,'',4,'CIUDAD REAL','Ciudad Real',1),(530,'CO',401,'',1,'CORDOBA','Córdoba',1),(531,'C',413,'',13,'LA CORUÑA','La Coruña',1),(532,'CU',404,'',4,'CUENCA','Cuenca',1),(533,'GI',406,'',6,'GERONA','Gerona',1),(534,'GR',401,'',1,'GRANADA','Granada',1),(535,'GU',404,'',4,'GUADALAJARA','Guadalajara',1),(536,'SS',419,'',19,'GUIPUZCOA','Guipúzcoa',1),(537,'H',401,'',1,'HUELVA','Huelva',1),(538,'HU',402,'',2,'HUESCA','Huesca',1),(539,'J',401,'',1,'JAEN','Jaén',1),(540,'LE',403,'',3,'LEON','León',1),(541,'L',406,'',6,'LERIDA','Lérida',1),(542,'LO',415,'',15,'LA RIOJA','La Rioja',1),(543,'LU',413,'',13,'LUGO','Lugo',1),(544,'M',416,'',16,'MADRID','Madrid',1),(545,'MA',401,'',1,'MALAGA','Málaga',1),(546,'MU',417,'',17,'MURCIA','Murcia',1),(547,'NA',408,'',8,'NAVARRA','Navarra',1),(548,'OR',413,'',13,'ORENSE','Orense',1),(549,'O',418,'',18,'ASTURIAS','Asturias',1),(550,'P',403,'',3,'PALENCIA','Palencia',1),(551,'GC',405,'',5,'LAS PALMAS','Las Palmas',1),(552,'PO',413,'',13,'PONTEVEDRA','Pontevedra',1),(553,'SA',403,'',3,'SALAMANCA','Salamanca',1),(554,'TF',405,'',5,'STA. CRUZ DE TENERIFE','Sta. Cruz de Tenerife',1),(555,'S',410,'',10,'CANTABRIA','Cantabria',1),(556,'SG',403,'',3,'SEGOVIA','Segovia',1),(557,'SE',401,'',1,'SEVILLA','Sevilla',1),(558,'SO',403,'',3,'SORIA','Soria',1),(559,'T',406,'',6,'TARRAGONA','Tarragona',1),(560,'TE',402,'',2,'TERUEL','Teruel',1),(561,'TO',404,'',5,'TOLEDO','Toledo',1),(562,'V',411,'',11,'VALENCIA','Valencia',1),(563,'VA',403,'',3,'VALLADOLID','Valladolid',1),(564,'BI',419,'',19,'VIZCAYA','Vizcaya',1),(565,'ZA',403,'',3,'ZAMORA','Zamora',1),(566,'Z',402,'',1,'ZARAGOZA','Zaragoza',1),(567,'CE',407,'',7,'CEUTA','Ceuta',1),(568,'ML',409,'',9,'MELILLA','Melilla',1),(569,'BW',501,NULL,NULL,'BADEN-WÜRTTEMBERG','Baden-Württemberg',1),(570,'BY',501,NULL,NULL,'BAYERN','Bayern',1),(571,'BE',501,NULL,NULL,'BERLIN','Berlin',1),(572,'BB',501,NULL,NULL,'BRANDENBURG','Brandenburg',1),(573,'HB',501,NULL,NULL,'BREMEN','Bremen',1),(574,'HH',501,NULL,NULL,'HAMBURG','Hamburg',1),(575,'HE',501,NULL,NULL,'HESSEN','Hessen',1),(576,'MV',501,NULL,NULL,'MECKLENBURG-VORPOMMERN','Mecklenburg-Vorpommern',1),(577,'NI',501,NULL,NULL,'NIEDERSACHSEN','Niedersachsen',1),(578,'NW',501,NULL,NULL,'NORDRHEIN-WESTFALEN','Nordrhein-Westfalen',1),(579,'RP',501,NULL,NULL,'RHEINLAND-PFALZ','Rheinland-Pfalz',1),(580,'SL',501,NULL,NULL,'SAARLAND','Saarland',1),(581,'SN',501,NULL,NULL,'SACHSEN','Sachsen',1),(582,'ST',501,NULL,NULL,'SACHSEN-ANHALT','Sachsen-Anhalt',1),(583,'SH',501,NULL,NULL,'SCHLESWIG-HOLSTEIN','Schleswig-Holstein',1),(584,'TH',501,NULL,NULL,'THÜRINGEN','Thüringen',1),(585,'66',10201,'',0,'','Αθήνα',1),(586,'67',10205,'',0,'','Δράμα',1),(587,'01',10205,'',0,'','Έβρος',1),(588,'02',10205,'',0,'','Θάσος',1),(589,'03',10205,'',0,'','Καβάλα',1),(590,'04',10205,'',0,'','Ξάνθη',1),(591,'05',10205,'',0,'','Ροδόπη',1),(592,'06',10203,'',0,'','Ημαθία',1),(593,'07',10203,'',0,'','Θεσσαλονίκη',1),(594,'08',10203,'',0,'','Κιλκίς',1),(595,'09',10203,'',0,'','Πέλλα',1),(596,'10',10203,'',0,'','Πιερία',1),(597,'11',10203,'',0,'','Σέρρες',1),(598,'12',10203,'',0,'','Χαλκιδική',1),(599,'13',10206,'',0,'','Άρτα',1),(600,'14',10206,'',0,'','Θεσπρωτία',1),(601,'15',10206,'',0,'','Ιωάννινα',1),(602,'16',10206,'',0,'','Πρέβεζα',1),(603,'17',10213,'',0,'','Γρεβενά',1),(604,'18',10213,'',0,'','Καστοριά',1),(605,'19',10213,'',0,'','Κοζάνη',1),(606,'20',10213,'',0,'','Φλώρινα',1),(607,'21',10212,'',0,'','Καρδίτσα',1),(608,'22',10212,'',0,'','Λάρισα',1),(609,'23',10212,'',0,'','Μαγνησία',1),(610,'24',10212,'',0,'','Τρίκαλα',1),(611,'25',10212,'',0,'','Σποράδες',1),(612,'26',10212,'',0,'','Βοιωτία',1),(613,'27',10202,'',0,'','Εύβοια',1),(614,'28',10202,'',0,'','Ευρυτανία',1),(615,'29',10202,'',0,'','Φθιώτιδα',1),(616,'30',10202,'',0,'','Φωκίδα',1),(617,'31',10209,'',0,'','Αργολίδα',1),(618,'32',10209,'',0,'','Αρκαδία',1),(619,'33',10209,'',0,'','Κορινθία',1),(620,'34',10209,'',0,'','Λακωνία',1),(621,'35',10209,'',0,'','Μεσσηνία',1),(622,'36',10211,'',0,'','Αιτωλοακαρνανία',1),(623,'37',10211,'',0,'','Αχαΐα',1),(624,'38',10211,'',0,'','Ηλεία',1),(625,'39',10207,'',0,'','Ζάκυνθος',1),(626,'40',10207,'',0,'','Κέρκυρα',1),(627,'41',10207,'',0,'','Κεφαλληνία',1),(628,'42',10207,'',0,'','Ιθάκη',1),(629,'43',10207,'',0,'','Λευκάδα',1),(630,'44',10208,'',0,'','Ικαρία',1),(631,'45',10208,'',0,'','Λέσβος',1),(632,'46',10208,'',0,'','Λήμνος',1),(633,'47',10208,'',0,'','Σάμος',1),(634,'48',10208,'',0,'','Χίος',1),(635,'49',10210,'',0,'','Άνδρος',1),(636,'50',10210,'',0,'','Θήρα',1),(637,'51',10210,'',0,'','Κάλυμνος',1),(638,'52',10210,'',0,'','Κάρπαθος',1),(639,'53',10210,'',0,'','Κέα-Κύθνος',1),(640,'54',10210,'',0,'','Κω',1),(641,'55',10210,'',0,'','Μήλος',1),(642,'56',10210,'',0,'','Μύκονος',1),(643,'57',10210,'',0,'','Νάξος',1),(644,'58',10210,'',0,'','Πάρος',1),(645,'59',10210,'',0,'','Ρόδος',1),(646,'60',10210,'',0,'','Σύρος',1),(647,'61',10210,'',0,'','Τήνος',1),(648,'62',10204,'',0,'','Ηράκλειο',1),(649,'63',10204,'',0,'','Λασίθι',1),(650,'64',10204,'',0,'','Ρέθυμνο',1),(651,'65',10204,'',0,'','Χανιά',1),(652,'AG',601,NULL,NULL,'ARGOVIE','Argovie',1),(653,'AI',601,NULL,NULL,'APPENZELL RHODES INTERIEURES','Appenzell Rhodes intérieures',1),(654,'AR',601,NULL,NULL,'APPENZELL RHODES EXTERIEURES','Appenzell Rhodes extérieures',1),(655,'BE',601,NULL,NULL,'BERNE','Berne',1),(656,'BL',601,NULL,NULL,'BALE CAMPAGNE','Bâle Campagne',1),(657,'BS',601,NULL,NULL,'BALE VILLE','Bâle Ville',1),(658,'FR',601,NULL,NULL,'FRIBOURG','Fribourg',1),(659,'GE',601,NULL,NULL,'GENEVE','Genève',1),(660,'GL',601,NULL,NULL,'GLARIS','Glaris',1),(661,'GR',601,NULL,NULL,'GRISONS','Grisons',1),(662,'JU',601,NULL,NULL,'JURA','Jura',1),(663,'LU',601,NULL,NULL,'LUCERNE','Lucerne',1),(664,'NE',601,NULL,NULL,'NEUCHATEL','Neuchâtel',1),(665,'NW',601,NULL,NULL,'NIDWALD','Nidwald',1),(666,'OW',601,NULL,NULL,'OBWALD','Obwald',1),(667,'SG',601,NULL,NULL,'SAINT-GALL','Saint-Gall',1),(668,'SH',601,NULL,NULL,'SCHAFFHOUSE','Schaffhouse',1),(669,'SO',601,NULL,NULL,'SOLEURE','Soleure',1),(670,'SZ',601,NULL,NULL,'SCHWYZ','Schwyz',1),(671,'TG',601,NULL,NULL,'THURGOVIE','Thurgovie',1),(672,'TI',601,NULL,NULL,'TESSIN','Tessin',1),(673,'UR',601,NULL,NULL,'URI','Uri',1),(674,'VD',601,NULL,NULL,'VAUD','Vaud',1),(675,'VS',601,NULL,NULL,'VALAIS','Valais',1),(676,'ZG',601,NULL,NULL,'ZUG','Zug',1),(677,'ZH',601,NULL,NULL,'ZURICH','Zürich',1),(678,'701',701,NULL,0,NULL,'Bedfordshire',1),(679,'702',701,NULL,0,NULL,'Berkshire',1),(680,'703',701,NULL,0,NULL,'Bristol, City of',1),(681,'704',701,NULL,0,NULL,'Buckinghamshire',1),(682,'705',701,NULL,0,NULL,'Cambridgeshire',1),(683,'706',701,NULL,0,NULL,'Cheshire',1),(684,'707',701,NULL,0,NULL,'Cleveland',1),(685,'708',701,NULL,0,NULL,'Cornwall',1),(686,'709',701,NULL,0,NULL,'Cumberland',1),(687,'710',701,NULL,0,NULL,'Cumbria',1),(688,'711',701,NULL,0,NULL,'Derbyshire',1),(689,'712',701,NULL,0,NULL,'Devon',1),(690,'713',701,NULL,0,NULL,'Dorset',1),(691,'714',701,NULL,0,NULL,'Co. Durham',1),(692,'715',701,NULL,0,NULL,'East Riding of Yorkshire',1),(693,'716',701,NULL,0,NULL,'East Sussex',1),(694,'717',701,NULL,0,NULL,'Essex',1),(695,'718',701,NULL,0,NULL,'Gloucestershire',1),(696,'719',701,NULL,0,NULL,'Greater Manchester',1),(697,'720',701,NULL,0,NULL,'Hampshire',1),(698,'721',701,NULL,0,NULL,'Hertfordshire',1),(699,'722',701,NULL,0,NULL,'Hereford and Worcester',1),(700,'723',701,NULL,0,NULL,'Herefordshire',1),(701,'724',701,NULL,0,NULL,'Huntingdonshire',1),(702,'725',701,NULL,0,NULL,'Isle of Man',1),(703,'726',701,NULL,0,NULL,'Isle of Wight',1),(704,'727',701,NULL,0,NULL,'Jersey',1),(705,'728',701,NULL,0,NULL,'Kent',1),(706,'729',701,NULL,0,NULL,'Lancashire',1),(707,'730',701,NULL,0,NULL,'Leicestershire',1),(708,'731',701,NULL,0,NULL,'Lincolnshire',1),(709,'732',701,NULL,0,NULL,'London - City of London',1),(710,'733',701,NULL,0,NULL,'Merseyside',1),(711,'734',701,NULL,0,NULL,'Middlesex',1),(712,'735',701,NULL,0,NULL,'Norfolk',1),(713,'736',701,NULL,0,NULL,'North Yorkshire',1),(714,'737',701,NULL,0,NULL,'North Riding of Yorkshire',1),(715,'738',701,NULL,0,NULL,'Northamptonshire',1),(716,'739',701,NULL,0,NULL,'Northumberland',1),(717,'740',701,NULL,0,NULL,'Nottinghamshire',1),(718,'741',701,NULL,0,NULL,'Oxfordshire',1),(719,'742',701,NULL,0,NULL,'Rutland',1),(720,'743',701,NULL,0,NULL,'Shropshire',1),(721,'744',701,NULL,0,NULL,'Somerset',1),(722,'745',701,NULL,0,NULL,'Staffordshire',1),(723,'746',701,NULL,0,NULL,'Suffolk',1),(724,'747',701,NULL,0,NULL,'Surrey',1),(725,'748',701,NULL,0,NULL,'Sussex',1),(726,'749',701,NULL,0,NULL,'Tyne and Wear',1),(727,'750',701,NULL,0,NULL,'Warwickshire',1),(728,'751',701,NULL,0,NULL,'West Midlands',1),(729,'752',701,NULL,0,NULL,'West Sussex',1),(730,'753',701,NULL,0,NULL,'West Yorkshire',1),(731,'754',701,NULL,0,NULL,'West Riding of Yorkshire',1),(732,'755',701,NULL,0,NULL,'Wiltshire',1),(733,'756',701,NULL,0,NULL,'Worcestershire',1),(734,'757',701,NULL,0,NULL,'Yorkshire',1),(735,'758',702,NULL,0,NULL,'Anglesey',1),(736,'759',702,NULL,0,NULL,'Breconshire',1),(737,'760',702,NULL,0,NULL,'Caernarvonshire',1),(738,'761',702,NULL,0,NULL,'Cardiganshire',1),(739,'762',702,NULL,0,NULL,'Carmarthenshire',1),(740,'763',702,NULL,0,NULL,'Ceredigion',1),(741,'764',702,NULL,0,NULL,'Denbighshire',1),(742,'765',702,NULL,0,NULL,'Flintshire',1),(743,'766',702,NULL,0,NULL,'Glamorgan',1),(744,'767',702,NULL,0,NULL,'Gwent',1),(745,'768',702,NULL,0,NULL,'Gwynedd',1),(746,'769',702,NULL,0,NULL,'Merionethshire',1),(747,'770',702,NULL,0,NULL,'Monmouthshire',1),(748,'771',702,NULL,0,NULL,'Mid Glamorgan',1),(749,'772',702,NULL,0,NULL,'Montgomeryshire',1),(750,'773',702,NULL,0,NULL,'Pembrokeshire',1),(751,'774',702,NULL,0,NULL,'Powys',1),(752,'775',702,NULL,0,NULL,'Radnorshire',1),(753,'776',702,NULL,0,NULL,'South Glamorgan',1),(754,'777',703,NULL,0,NULL,'Aberdeen, City of',1),(755,'778',703,NULL,0,NULL,'Angus',1),(756,'779',703,NULL,0,NULL,'Argyll',1),(757,'780',703,NULL,0,NULL,'Ayrshire',1),(758,'781',703,NULL,0,NULL,'Banffshire',1),(759,'782',703,NULL,0,NULL,'Berwickshire',1),(760,'783',703,NULL,0,NULL,'Bute',1),(761,'784',703,NULL,0,NULL,'Caithness',1),(762,'785',703,NULL,0,NULL,'Clackmannanshire',1),(763,'786',703,NULL,0,NULL,'Dumfriesshire',1),(764,'787',703,NULL,0,NULL,'Dumbartonshire',1),(765,'788',703,NULL,0,NULL,'Dundee, City of',1),(766,'789',703,NULL,0,NULL,'East Lothian',1),(767,'790',703,NULL,0,NULL,'Fife',1),(768,'791',703,NULL,0,NULL,'Inverness',1),(769,'792',703,NULL,0,NULL,'Kincardineshire',1),(770,'793',703,NULL,0,NULL,'Kinross-shire',1),(771,'794',703,NULL,0,NULL,'Kirkcudbrightshire',1),(772,'795',703,NULL,0,NULL,'Lanarkshire',1),(773,'796',703,NULL,0,NULL,'Midlothian',1),(774,'797',703,NULL,0,NULL,'Morayshire',1),(775,'798',703,NULL,0,NULL,'Nairnshire',1),(776,'799',703,NULL,0,NULL,'Orkney',1),(777,'800',703,NULL,0,NULL,'Peebleshire',1),(778,'801',703,NULL,0,NULL,'Perthshire',1),(779,'802',703,NULL,0,NULL,'Renfrewshire',1),(780,'803',703,NULL,0,NULL,'Ross & Cromarty',1),(781,'804',703,NULL,0,NULL,'Roxburghshire',1),(782,'805',703,NULL,0,NULL,'Selkirkshire',1),(783,'806',703,NULL,0,NULL,'Shetland',1),(784,'807',703,NULL,0,NULL,'Stirlingshire',1),(785,'808',703,NULL,0,NULL,'Sutherland',1),(786,'809',703,NULL,0,NULL,'West Lothian',1),(787,'810',703,NULL,0,NULL,'Wigtownshire',1),(788,'811',704,NULL,0,NULL,'Antrim',1),(789,'812',704,NULL,0,NULL,'Armagh',1),(790,'813',704,NULL,0,NULL,'Co. Down',1),(791,'814',704,NULL,0,NULL,'Co. Fermanagh',1),(792,'815',704,NULL,0,NULL,'Co. Londonderry',1),(793,'AL',1101,'',0,'ALABAMA','Alabama',1),(794,'AK',1101,'',0,'ALASKA','Alaska',1),(795,'AZ',1101,'',0,'ARIZONA','Arizona',1),(796,'AR',1101,'',0,'ARKANSAS','Arkansas',1),(797,'CA',1101,'',0,'CALIFORNIA','California',1),(798,'CO',1101,'',0,'COLORADO','Colorado',1),(799,'CT',1101,'',0,'CONNECTICUT','Connecticut',1),(800,'DE',1101,'',0,'DELAWARE','Delaware',1),(801,'FL',1101,'',0,'FLORIDA','Florida',1),(802,'GA',1101,'',0,'GEORGIA','Georgia',1),(803,'HI',1101,'',0,'HAWAII','Hawaii',1),(804,'ID',1101,'',0,'IDAHO','Idaho',1),(805,'IL',1101,'',0,'ILLINOIS','Illinois',1),(806,'IN',1101,'',0,'INDIANA','Indiana',1),(807,'IA',1101,'',0,'IOWA','Iowa',1),(808,'KS',1101,'',0,'KANSAS','Kansas',1),(809,'KY',1101,'',0,'KENTUCKY','Kentucky',1),(810,'LA',1101,'',0,'LOUISIANA','Louisiana',1),(811,'ME',1101,'',0,'MAINE','Maine',1),(812,'MD',1101,'',0,'MARYLAND','Maryland',1),(813,'MA',1101,'',0,'MASSACHUSSETTS','Massachusetts',1),(814,'MI',1101,'',0,'MICHIGAN','Michigan',1),(815,'MN',1101,'',0,'MINNESOTA','Minnesota',1),(816,'MS',1101,'',0,'MISSISSIPPI','Mississippi',1),(817,'MO',1101,'',0,'MISSOURI','Missouri',1),(818,'MT',1101,'',0,'MONTANA','Montana',1),(819,'NE',1101,'',0,'NEBRASKA','Nebraska',1),(820,'NV',1101,'',0,'NEVADA','Nevada',1),(821,'NH',1101,'',0,'NEW HAMPSHIRE','New Hampshire',1),(822,'NJ',1101,'',0,'NEW JERSEY','New Jersey',1),(823,'NM',1101,'',0,'NEW MEXICO','New Mexico',1),(824,'NY',1101,'',0,'NEW YORK','New York',1),(825,'NC',1101,'',0,'NORTH CAROLINA','North Carolina',1),(826,'ND',1101,'',0,'NORTH DAKOTA','North Dakota',1),(827,'OH',1101,'',0,'OHIO','Ohio',1),(828,'OK',1101,'',0,'OKLAHOMA','Oklahoma',1),(829,'OR',1101,'',0,'OREGON','Oregon',1),(830,'PA',1101,'',0,'PENNSYLVANIA','Pennsylvania',1),(831,'RI',1101,'',0,'RHODE ISLAND','Rhode Island',1),(832,'SC',1101,'',0,'SOUTH CAROLINA','South Carolina',1),(833,'SD',1101,'',0,'SOUTH DAKOTA','South Dakota',1),(834,'TN',1101,'',0,'TENNESSEE','Tennessee',1),(835,'TX',1101,'',0,'TEXAS','Texas',1),(836,'UT',1101,'',0,'UTAH','Utah',1),(837,'VT',1101,'',0,'VERMONT','Vermont',1),(838,'VA',1101,'',0,'VIRGINIA','Virginia',1),(839,'WA',1101,'',0,'WASHINGTON','Washington',1),(840,'WV',1101,'',0,'WEST VIRGINIA','West Virginia',1),(841,'WI',1101,'',0,'WISCONSIN','Wisconsin',1),(842,'WY',1101,'',0,'WYOMING','Wyoming',1),(843,'GR',1701,NULL,NULL,NULL,'Groningen',1),(844,'FR',1701,NULL,NULL,NULL,'Friesland',1),(845,'DR',1701,NULL,NULL,NULL,'Drenthe',1),(846,'OV',1701,NULL,NULL,NULL,'Overijssel',1),(847,'GD',1701,NULL,NULL,NULL,'Gelderland',1),(848,'FL',1701,NULL,NULL,NULL,'Flevoland',1),(849,'UT',1701,NULL,NULL,NULL,'Utrecht',1),(850,'NH',1701,NULL,NULL,NULL,'Noord-Holland',1),(851,'ZH',1701,NULL,NULL,NULL,'Zuid-Holland',1),(852,'ZL',1701,NULL,NULL,NULL,'Zeeland',1),(853,'NB',1701,NULL,NULL,NULL,'Noord-Brabant',1),(854,'LB',1701,NULL,NULL,NULL,'Limburg',1),(855,'SS',8601,'',0,'','San Salvador',1),(856,'SA',8603,'',0,'','Santa Ana',1),(857,'AH',8603,'',0,'','Ahuachapan',1),(858,'SO',8603,'',0,'','Sonsonate',1),(859,'US',8602,'',0,'','Usulutan',1),(860,'SM',8602,'',0,'','San Miguel',1),(861,'MO',8602,'',0,'','Morazan',1),(862,'LU',8602,'',0,'','La Union',1),(863,'LL',8601,'',0,'','La Libertad',1),(864,'CH',8601,'',0,'','Chalatenango',1),(865,'CA',8601,'',0,'','Cabañas',1),(866,'LP',8601,'',0,'','La Paz',1),(867,'SV',8601,'',0,'','San Vicente',1),(868,'CU',8601,'',0,'','Cuscatlan',1),(869,'2301',2301,'',0,'CATAMARCA','Catamarca',1),(870,'2302',2301,'',0,'JUJUY','Jujuy',1),(871,'2303',2301,'',0,'TUCAMAN','Tucamán',1),(872,'2304',2301,'',0,'SANTIAGO DEL ESTERO','Santiago del Estero',1),(873,'2305',2301,'',0,'SALTA','Salta',1),(874,'2306',2302,'',0,'CHACO','Chaco',1),(875,'2307',2302,'',0,'CORRIENTES','Corrientes',1),(876,'2308',2302,'',0,'ENTRE RIOS','Entre Ríos',1),(877,'2309',2302,'',0,'FORMOSA','Formosa',1),(878,'2310',2302,'',0,'SANTA FE','Santa Fe',1),(879,'2311',2303,'',0,'LA RIOJA','La Rioja',1),(880,'2312',2303,'',0,'MENDOZA','Mendoza',1),(881,'2313',2303,'',0,'SAN JUAN','San Juan',1),(882,'2314',2303,'',0,'SAN LUIS','San Luis',1),(883,'2315',2304,'',0,'CORDOBA','Córdoba',1),(884,'2316',2304,'',0,'BUENOS AIRES','Buenos Aires',1),(885,'2317',2304,'',0,'CABA','Caba',1),(886,'2318',2305,'',0,'LA PAMPA','La Pampa',1),(887,'2319',2305,'',0,'NEUQUEN','Neuquén',1),(888,'2320',2305,'',0,'RIO NEGRO','Río Negro',1),(889,'2321',2305,'',0,'CHUBUT','Chubut',1),(890,'2322',2305,'',0,'SANTA CRUZ','Santa Cruz',1),(891,'2323',2305,'',0,'TIERRA DEL FUEGO','Tierra del Fuego',1),(892,'2324',2305,'',0,'ISLAS MALVINAS','Islas Malvinas',1),(893,'2325',2305,'',0,'ANTARTIDA','Antártida',1),(894,'2326',2305,'',0,'MISIONES','Misiones',1),(895,'CC',4601,'Oistins',0,'CC','Christ Church',1),(896,'SA',4601,'Greenland',0,'SA','Saint Andrew',1),(897,'SG',4601,'Bulkeley',0,'SG','Saint George',1),(898,'JA',4601,'Holetown',0,'JA','Saint James',1),(899,'SJ',4601,'Four Roads',0,'SJ','Saint John',1),(900,'SB',4601,'Bathsheba',0,'SB','Saint Joseph',1),(901,'SL',4601,'Crab Hill',0,'SL','Saint Lucy',1),(902,'SM',4601,'Bridgetown',0,'SM','Saint Michael',1),(903,'SP',4601,'Speightstown',0,'SP','Saint Peter',1),(904,'SC',4601,'Crane',0,'SC','Saint Philip',1),(905,'ST',4601,'Hillaby',0,'ST','Saint Thomas',1),(906,'AC',5601,'ACRE',0,'AC','Acre',1),(907,'AL',5601,'ALAGOAS',0,'AL','Alagoas',1),(908,'AP',5601,'AMAPA',0,'AP','Amapá',1),(909,'AM',5601,'AMAZONAS',0,'AM','Amazonas',1),(910,'BA',5601,'BAHIA',0,'BA','Bahia',1),(911,'CE',5601,'CEARA',0,'CE','Ceará',1),(912,'ES',5601,'ESPIRITO SANTO',0,'ES','Espirito Santo',1),(913,'GO',5601,'GOIAS',0,'GO','Goiás',1),(914,'MA',5601,'MARANHAO',0,'MA','Maranhão',1),(915,'MT',5601,'MATO GROSSO',0,'MT','Mato Grosso',1),(916,'MS',5601,'MATO GROSSO DO SUL',0,'MS','Mato Grosso do Sul',1),(917,'MG',5601,'MINAS GERAIS',0,'MG','Minas Gerais',1),(918,'PA',5601,'PARA',0,'PA','Pará',1),(919,'PB',5601,'PARAIBA',0,'PB','Paraiba',1),(920,'PR',5601,'PARANA',0,'PR','Paraná',1),(921,'PE',5601,'PERNAMBUCO',0,'PE','Pernambuco',1),(922,'PI',5601,'PIAUI',0,'PI','Piauí',1),(923,'RJ',5601,'RIO DE JANEIRO',0,'RJ','Rio de Janeiro',1),(924,'RN',5601,'RIO GRANDE DO NORTE',0,'RN','Rio Grande do Norte',1),(925,'RS',5601,'RIO GRANDE DO SUL',0,'RS','Rio Grande do Sul',1),(926,'RO',5601,'RONDONIA',0,'RO','Rondônia',1),(927,'RR',5601,'RORAIMA',0,'RR','Roraima',1),(928,'SC',5601,'SANTA CATARINA',0,'SC','Santa Catarina',1),(929,'SE',5601,'SERGIPE',0,'SE','Sergipe',1),(930,'SP',5601,'SAO PAULO',0,'SP','Sao Paulo',1),(931,'TO',5601,'TOCANTINS',0,'TO','Tocantins',1),(932,'DF',5601,'DISTRITO FEDERAL',0,'DF','Distrito Federal',1),(933,'151',6715,'',0,'151','Arica',1),(934,'152',6715,'',0,'152','Parinacota',1),(935,'011',6701,'',0,'011','Iquique',1),(936,'014',6701,'',0,'014','Tamarugal',1),(937,'021',6702,'',0,'021','Antofagasa',1),(938,'022',6702,'',0,'022','El Loa',1),(939,'023',6702,'',0,'023','Tocopilla',1),(940,'031',6703,'',0,'031','Copiapó',1),(941,'032',6703,'',0,'032','Chañaral',1),(942,'033',6703,'',0,'033','Huasco',1),(943,'041',6704,'',0,'041','Elqui',1),(944,'042',6704,'',0,'042','Choapa',1),(945,'043',6704,'',0,'043','Limarí',1),(946,'051',6705,'',0,'051','Valparaíso',1),(947,'052',6705,'',0,'052','Isla de Pascua',1),(948,'053',6705,'',0,'053','Los Andes',1),(949,'054',6705,'',0,'054','Petorca',1),(950,'055',6705,'',0,'055','Quillota',1),(951,'056',6705,'',0,'056','San Antonio',1),(952,'057',6705,'',0,'057','San Felipe de Aconcagua',1),(953,'058',6705,'',0,'058','Marga Marga',1),(954,'061',6706,'',0,'061','Cachapoal',1),(955,'062',6706,'',0,'062','Cardenal Caro',1),(956,'063',6706,'',0,'063','Colchagua',1),(957,'071',6707,'',0,'071','Talca',1),(958,'072',6707,'',0,'072','Cauquenes',1),(959,'073',6707,'',0,'073','Curicó',1),(960,'074',6707,'',0,'074','Linares',1),(961,'081',6708,'',0,'081','Concepción',1),(962,'082',6708,'',0,'082','Arauco',1),(963,'083',6708,'',0,'083','Biobío',1),(964,'084',6708,'',0,'084','Ñuble',1),(965,'091',6709,'',0,'091','Cautín',1),(966,'092',6709,'',0,'092','Malleco',1),(967,'141',6714,'',0,'141','Valdivia',1),(968,'142',6714,'',0,'142','Ranco',1),(969,'101',6710,'',0,'101','Llanquihue',1),(970,'102',6710,'',0,'102','Chiloé',1),(971,'103',6710,'',0,'103','Osorno',1),(972,'104',6710,'',0,'104','Palena',1),(973,'111',6711,'',0,'111','Coihaique',1),(974,'112',6711,'',0,'112','Aisén',1),(975,'113',6711,'',0,'113','Capitán Prat',1),(976,'114',6711,'',0,'114','General Carrera',1),(977,'121',6712,'',0,'121','Magallanes',1),(978,'122',6712,'',0,'122','Antártica Chilena',1),(979,'123',6712,'',0,'123','Tierra del Fuego',1),(980,'124',6712,'',0,'124','Última Esperanza',1),(981,'131',6713,'',0,'131','Santiago',1),(982,'132',6713,'',0,'132','Cordillera',1),(983,'133',6713,'',0,'133','Chacabuco',1),(984,'134',6713,'',0,'134','Maipo',1),(985,'135',6713,'',0,'135','Melipilla',1),(986,'136',6713,'',0,'136','Talagante',1),(987,'AN',11701,NULL,0,'AN','Andaman & Nicobar',1),(988,'AP',11701,NULL,0,'AP','Andhra Pradesh',1),(989,'AR',11701,NULL,0,'AR','Arunachal Pradesh',1),(990,'AS',11701,NULL,0,'AS','Assam',1),(991,'BR',11701,NULL,0,'BR','Bihar',1),(992,'CG',11701,NULL,0,'CG','Chattisgarh',1),(993,'CH',11701,NULL,0,'CH','Chandigarh',1),(994,'DD',11701,NULL,0,'DD','Daman & Diu',1),(995,'DL',11701,NULL,0,'DL','Delhi',1),(996,'DN',11701,NULL,0,'DN','Dadra and Nagar Haveli',1),(997,'GA',11701,NULL,0,'GA','Goa',1),(998,'GJ',11701,NULL,0,'GJ','Gujarat',1),(999,'HP',11701,NULL,0,'HP','Himachal Pradesh',1),(1000,'HR',11701,NULL,0,'HR','Haryana',1),(1001,'JH',11701,NULL,0,'JH','Jharkhand',1),(1002,'JK',11701,NULL,0,'JK','Jammu & Kashmir',1),(1003,'KA',11701,NULL,0,'KA','Karnataka',1),(1004,'KL',11701,NULL,0,'KL','Kerala',1),(1005,'LD',11701,NULL,0,'LD','Lakshadweep',1),(1006,'MH',11701,NULL,0,'MH','Maharashtra',1),(1007,'ML',11701,NULL,0,'ML','Meghalaya',1),(1008,'MN',11701,NULL,0,'MN','Manipur',1),(1009,'MP',11701,NULL,0,'MP','Madhya Pradesh',1),(1010,'MZ',11701,NULL,0,'MZ','Mizoram',1),(1011,'NL',11701,NULL,0,'NL','Nagaland',1),(1012,'OR',11701,NULL,0,'OR','Orissa',1),(1013,'PB',11701,NULL,0,'PB','Punjab',1),(1014,'PY',11701,NULL,0,'PY','Puducherry',1),(1015,'RJ',11701,NULL,0,'RJ','Rajasthan',1),(1016,'SK',11701,NULL,0,'SK','Sikkim',1),(1017,'TN',11701,NULL,0,'TN','Tamil Nadu',1),(1018,'TR',11701,NULL,0,'TR','Tripura',1),(1019,'UL',11701,NULL,0,'UL','Uttarakhand',1),(1020,'UP',11701,NULL,0,'UP','Uttar Pradesh',1),(1021,'WB',11701,NULL,0,'WB','West Bengal',1),(1022,'BA',11801,NULL,0,'BA','Bali',1),(1023,'BB',11801,NULL,0,'BB','Bangka Belitung',1),(1024,'BT',11801,NULL,0,'BT','Banten',1),(1025,'BE',11801,NULL,0,'BA','Bengkulu',1),(1026,'YO',11801,NULL,0,'YO','DI Yogyakarta',1),(1027,'JK',11801,NULL,0,'JK','DKI Jakarta',1),(1028,'GO',11801,NULL,0,'GO','Gorontalo',1),(1029,'JA',11801,NULL,0,'JA','Jambi',1),(1030,'JB',11801,NULL,0,'JB','Jawa Barat',1),(1031,'JT',11801,NULL,0,'JT','Jawa Tengah',1),(1032,'JI',11801,NULL,0,'JI','Jawa Timur',1),(1033,'KB',11801,NULL,0,'KB','Kalimantan Barat',1),(1034,'KS',11801,NULL,0,'KS','Kalimantan Selatan',1),(1035,'KT',11801,NULL,0,'KT','Kalimantan Tengah',1),(1036,'KI',11801,NULL,0,'KI','Kalimantan Timur',1),(1037,'KU',11801,NULL,0,'KU','Kalimantan Utara',1),(1038,'KR',11801,NULL,0,'KR','Kepulauan Riau',1),(1039,'LA',11801,NULL,0,'LA','Lampung',1),(1040,'MA',11801,NULL,0,'MA','Maluku',1),(1041,'MU',11801,NULL,0,'MU','Maluku Utara',1),(1042,'AC',11801,NULL,0,'AC','Nanggroe Aceh Darussalam',1),(1043,'NB',11801,NULL,0,'NB','Nusa Tenggara Barat',1),(1044,'NT',11801,NULL,0,'NT','Nusa Tenggara Timur',1),(1045,'PA',11801,NULL,0,'PA','Papua',1),(1046,'PB',11801,NULL,0,'PB','Papua Barat',1),(1047,'RI',11801,NULL,0,'RI','Riau',1),(1048,'SR',11801,NULL,0,'SR','Sulawesi Barat',1),(1049,'SN',11801,NULL,0,'SN','Sulawesi Selatan',1),(1050,'ST',11801,NULL,0,'ST','Sulawesi Tengah',1),(1051,'SG',11801,NULL,0,'SG','Sulawesi Tenggara',1),(1052,'SA',11801,NULL,0,'SA','Sulawesi Utara',1),(1053,'SB',11801,NULL,0,'SB','Sumatera Barat',1),(1054,'SS',11801,NULL,0,'SS','Sumatera Selatan',1),(1055,'SU',11801,NULL,0,'SU','Sumatera Utara	',1),(1056,'DIF',15401,'',0,'DIF','Distrito Federal',1),(1057,'AGS',15401,'',0,'AGS','Aguascalientes',1),(1058,'BCN',15401,'',0,'BCN','Baja California Norte',1),(1059,'BCS',15401,'',0,'BCS','Baja California Sur',1),(1060,'CAM',15401,'',0,'CAM','Campeche',1),(1061,'CHP',15401,'',0,'CHP','Chiapas',1),(1062,'CHI',15401,'',0,'CHI','Chihuahua',1),(1063,'COA',15401,'',0,'COA','Coahuila',1),(1064,'COL',15401,'',0,'COL','Colima',1),(1065,'DUR',15401,'',0,'DUR','Durango',1),(1066,'GTO',15401,'',0,'GTO','Guanajuato',1),(1067,'GRO',15401,'',0,'GRO','Guerrero',1),(1068,'HGO',15401,'',0,'HGO','Hidalgo',1),(1069,'JAL',15401,'',0,'JAL','Jalisco',1),(1070,'MEX',15401,'',0,'MEX','México',1),(1071,'MIC',15401,'',0,'MIC','Michoacán de Ocampo',1),(1072,'MOR',15401,'',0,'MOR','Morelos',1),(1073,'NAY',15401,'',0,'NAY','Nayarit',1),(1074,'NLE',15401,'',0,'NLE','Nuevo León',1),(1075,'OAX',15401,'',0,'OAX','Oaxaca',1),(1076,'PUE',15401,'',0,'PUE','Puebla',1),(1077,'QRO',15401,'',0,'QRO','Querétaro',1),(1078,'ROO',15401,'',0,'ROO','Quintana Roo',1),(1079,'SLP',15401,'',0,'SLP','San Luis Potosí',1),(1080,'SIN',15401,'',0,'SIN','Sinaloa',1),(1081,'SON',15401,'',0,'SON','Sonora',1),(1082,'TAB',15401,'',0,'TAB','Tabasco',1),(1083,'TAM',15401,'',0,'TAM','Tamaulipas',1),(1084,'TLX',15401,'',0,'TLX','Tlaxcala',1),(1085,'VER',15401,'',0,'VER','Veracruz',1),(1086,'YUC',15401,'',0,'YUC','Yucatán',1),(1087,'ZAC',15401,'',0,'ZAC','Zacatecas',1),(1088,'ANT',7001,'',0,'ANT','Antioquia',1),(1089,'BOL',7001,'',0,'BOL','Bolívar',1),(1090,'BOY',7001,'',0,'BOY','Boyacá',1),(1091,'CAL',7001,'',0,'CAL','Caldas',1),(1092,'CAU',7001,'',0,'CAU','Cauca',1),(1093,'CUN',7001,'',0,'CUN','Cundinamarca',1),(1094,'HUI',7001,'',0,'HUI','Huila',1),(1095,'LAG',7001,'',0,'LAG','La Guajira',1),(1096,'MET',7001,'',0,'MET','Meta',1),(1097,'NAR',7001,'',0,'NAR','Nariño',1),(1098,'NDS',7001,'',0,'NDS','Norte de Santander',1),(1099,'SAN',7001,'',0,'SAN','Santander',1),(1100,'SUC',7001,'',0,'SUC','Sucre',1),(1101,'TOL',7001,'',0,'TOL','Tolima',1),(1102,'VAC',7001,'',0,'VAC','Valle del Cauca',1),(1103,'RIS',7001,'',0,'RIS','Risalda',1),(1104,'ATL',7001,'',0,'ATL','Atlántico',1),(1105,'COR',7001,'',0,'COR','Córdoba',1),(1106,'SAP',7001,'',0,'SAP','San Andrés, Providencia y Santa Catalina',1),(1107,'ARA',7001,'',0,'ARA','Arauca',1),(1108,'CAS',7001,'',0,'CAS','Casanare',1),(1109,'AMA',7001,'',0,'AMA','Amazonas',1),(1110,'CAQ',7001,'',0,'CAQ','Caquetá',1),(1111,'CHO',7001,'',0,'CHO','Chocó',1),(1112,'GUA',7001,'',0,'GUA','Guainía',1),(1113,'GUV',7001,'',0,'GUV','Guaviare',1),(1114,'PUT',7001,'',0,'PUT','Putumayo',1),(1115,'QUI',7001,'',0,'QUI','Quindío',1),(1116,'VAU',7001,'',0,'VAU','Vaupés',1),(1117,'BOG',7001,'',0,'BOG','Bogotá',1),(1118,'VID',7001,'',0,'VID','Vichada',1),(1119,'CES',7001,'',0,'CES','Cesar',1),(1120,'MAG',7001,'',0,'MAG','Magdalena',1),(1121,'AT',11401,'',0,'AT','Atlántida',1),(1122,'CH',11401,'',0,'CH','Choluteca',1),(1123,'CL',11401,'',0,'CL','Colón',1),(1124,'CM',11401,'',0,'CM','Comayagua',1),(1125,'CO',11401,'',0,'CO','Copán',1),(1126,'CR',11401,'',0,'CR','Cortés',1),(1127,'EP',11401,'',0,'EP','El Paraíso',1),(1128,'FM',11401,'',0,'FM','Francisco Morazán',1),(1129,'GD',11401,'',0,'GD','Gracias a Dios',1),(1130,'IN',11401,'',0,'IN','Intibucá',1),(1131,'IB',11401,'',0,'IB','Islas de la Bahía',1),(1132,'LP',11401,'',0,'LP','La Paz',1),(1133,'LM',11401,'',0,'LM','Lempira',1),(1134,'OC',11401,'',0,'OC','Ocotepeque',1),(1135,'OL',11401,'',0,'OL','Olancho',1),(1136,'SB',11401,'',0,'SB','Santa Bárbara',1),(1137,'VL',11401,'',0,'VL','Valle',1),(1138,'YO',11401,'',0,'YO','Yoro',1),(1139,'DC',11401,'',0,'DC','Distrito Central',1),(1140,'AB',18801,'',0,'','Alba',1),(1141,'AR',18801,'',0,'','Arad',1),(1142,'AG',18801,'',0,'','Argeș',1),(1143,'BC',18801,'',0,'','Bacău',1),(1144,'BH',18801,'',0,'','Bihor',1),(1145,'BN',18801,'',0,'','Bistrița-Năsăud',1),(1146,'BT',18801,'',0,'','Botoșani',1),(1147,'BV',18801,'',0,'','Brașov',1),(1148,'BR',18801,'',0,'','Brăila',1),(1149,'BZ',18801,'',0,'','Buzău',1),(1150,'CL',18801,'',0,'','Călărași',1),(1151,'CS',18801,'',0,'','Caraș-Severin',1),(1152,'CJ',18801,'',0,'','Cluj',1),(1153,'CT',18801,'',0,'','Constanța',1),(1154,'CV',18801,'',0,'','Covasna',1),(1155,'DB',18801,'',0,'','Dâmbovița',1),(1156,'DJ',18801,'',0,'','Dolj',1),(1157,'GL',18801,'',0,'','Galați',1),(1158,'GR',18801,'',0,'','Giurgiu',1),(1159,'GJ',18801,'',0,'','Gorj',1),(1160,'HR',18801,'',0,'','Harghita',1),(1161,'HD',18801,'',0,'','Hunedoara',1),(1162,'IL',18801,'',0,'','Ialomița',1),(1163,'IS',18801,'',0,'','Iași',1),(1164,'IF',18801,'',0,'','Ilfov',1),(1165,'MM',18801,'',0,'','Maramureș',1),(1166,'MH',18801,'',0,'','Mehedinți',1),(1167,'MS',18801,'',0,'','Mureș',1),(1168,'NT',18801,'',0,'','Neamț',1),(1169,'OT',18801,'',0,'','Olt',1),(1170,'PH',18801,'',0,'','Prahova',1),(1171,'SM',18801,'',0,'','Satu Mare',1),(1172,'SJ',18801,'',0,'','Sălaj',1),(1173,'SB',18801,'',0,'','Sibiu',1),(1174,'SV',18801,'',0,'','Suceava',1),(1175,'TR',18801,'',0,'','Teleorman',1),(1176,'TM',18801,'',0,'','Timiș',1),(1177,'TL',18801,'',0,'','Tulcea',1),(1178,'VS',18801,'',0,'','Vaslui',1),(1179,'VL',18801,'',0,'','Vâlcea',1),(1180,'VN',18801,'',0,'','Vrancea',1),(1181,'BU',18801,'',0,'','Bucuresti',1),(1182,'VE-L',23201,'',0,'VE-L','Mérida',1),(1183,'VE-T',23201,'',0,'VE-T','Trujillo',1),(1184,'VE-E',23201,'',0,'VE-E','Barinas',1),(1185,'VE-M',23202,'',0,'VE-M','Miranda',1),(1186,'VE-W',23202,'',0,'VE-W','Vargas',1),(1187,'VE-A',23202,'',0,'VE-A','Distrito Capital',1),(1188,'VE-D',23203,'',0,'VE-D','Aragua',1),(1189,'VE-G',23203,'',0,'VE-G','Carabobo',1),(1190,'VE-I',23204,'',0,'VE-I','Falcón',1),(1191,'VE-K',23204,'',0,'VE-K','Lara',1),(1192,'VE-U',23204,'',0,'VE-U','Yaracuy',1),(1193,'VE-F',23205,'',0,'VE-F','Bolívar',1),(1194,'VE-X',23205,'',0,'VE-X','Amazonas',1),(1195,'VE-Y',23205,'',0,'VE-Y','Delta Amacuro',1),(1196,'VE-O',23206,'',0,'VE-O','Nueva Esparta',1),(1197,'VE-Z',23206,'',0,'VE-Z','Dependencias Federales',1),(1198,'VE-C',23207,'',0,'VE-C','Apure',1),(1199,'VE-J',23207,'',0,'VE-J','Guárico',1),(1200,'VE-H',23207,'',0,'VE-H','Cojedes',1),(1201,'VE-P',23207,'',0,'VE-P','Portuguesa',1),(1202,'VE-B',23208,'',0,'VE-B','Anzoátegui',1),(1203,'VE-N',23208,'',0,'VE-N','Monagas',1),(1204,'VE-R',23208,'',0,'VE-R','Sucre',1),(1205,'VE-V',23209,'',0,'VE-V','Zulia',1),(1206,'VE-S',23209,'',0,'VE-S','Táchira',1),(1207,'LU0001',14001,'',0,'','Clervaux',1),(1208,'LU0002',14001,'',0,'','Diekirch',1),(1209,'LU0003',14001,'',0,'','Redange',1),(1210,'LU0004',14001,'',0,'','Vianden',1),(1211,'LU0005',14001,'',0,'','Wiltz',1),(1212,'LU0006',14002,'',0,'','Echternach',1),(1213,'LU0007',14002,'',0,'','Grevenmacher',1),(1214,'LU0008',14002,'',0,'','Remich',1),(1215,'LU0009',14003,'',0,'','Capellen',1),(1216,'LU0010',14003,'',0,'','Esch-sur-Alzette',1),(1217,'LU0011',14003,'',0,'','Luxembourg',1),(1218,'LU0012',14003,'',0,'','Mersch',1),(1219,'0101',18101,'',0,'','Chachapoyas',1),(1220,'0102',18101,'',0,'','Bagua',1),(1221,'0103',18101,'',0,'','Bongará',1),(1222,'0104',18101,'',0,'','Condorcanqui',1),(1223,'0105',18101,'',0,'','Luya',1),(1224,'0106',18101,'',0,'','Rodríguez de Mendoza',1),(1225,'0107',18101,'',0,'','Utcubamba',1),(1226,'0201',18102,'',0,'','Huaraz',1),(1227,'0202',18102,'',0,'','Aija',1),(1228,'0203',18102,'',0,'','Antonio Raymondi',1),(1229,'0204',18102,'',0,'','Asunción',1),(1230,'0205',18102,'',0,'','Bolognesi',1),(1231,'0206',18102,'',0,'','Carhuaz',1),(1232,'0207',18102,'',0,'','Carlos Fermín Fitzcarrald',1),(1233,'0208',18102,'',0,'','Casma',1),(1234,'0209',18102,'',0,'','Corongo',1),(1235,'0210',18102,'',0,'','Huari',1),(1236,'0211',18102,'',0,'','Huarmey',1),(1237,'0212',18102,'',0,'','Huaylas',1),(1238,'0213',18102,'',0,'','Mariscal Luzuriaga',1),(1239,'0214',18102,'',0,'','Ocros',1),(1240,'0215',18102,'',0,'','Pallasca',1),(1241,'0216',18102,'',0,'','Pomabamba',1),(1242,'0217',18102,'',0,'','Recuay',1),(1243,'0218',18102,'',0,'','Papá',1),(1244,'0219',18102,'',0,'','Sihuas',1),(1245,'0220',18102,'',0,'','Yungay',1),(1246,'0301',18103,'',0,'','Abancay',1),(1247,'0302',18103,'',0,'','Andahuaylas',1),(1248,'0303',18103,'',0,'','Antabamba',1),(1249,'0304',18103,'',0,'','Aymaraes',1),(1250,'0305',18103,'',0,'','Cotabambas',1),(1251,'0306',18103,'',0,'','Chincheros',1),(1252,'0307',18103,'',0,'','Grau',1),(1253,'0401',18104,'',0,'','Arequipa',1),(1254,'0402',18104,'',0,'','Camaná',1),(1255,'0403',18104,'',0,'','Caravelí',1),(1256,'0404',18104,'',0,'','Castilla',1),(1257,'0405',18104,'',0,'','Caylloma',1),(1258,'0406',18104,'',0,'','Condesuyos',1),(1259,'0407',18104,'',0,'','Islay',1),(1260,'0408',18104,'',0,'','La Unión',1),(1261,'0501',18105,'',0,'','Huamanga',1),(1262,'0502',18105,'',0,'','Cangallo',1),(1263,'0503',18105,'',0,'','Huanca Sancos',1),(1264,'0504',18105,'',0,'','Huanta',1),(1265,'0505',18105,'',0,'','La Mar',1),(1266,'0506',18105,'',0,'','Lucanas',1),(1267,'0507',18105,'',0,'','Parinacochas',1),(1268,'0508',18105,'',0,'','Páucar del Sara Sara',1),(1269,'0509',18105,'',0,'','Sucre',1),(1270,'0510',18105,'',0,'','Víctor Fajardo',1),(1271,'0511',18105,'',0,'','Vilcas Huamán',1),(1272,'0601',18106,'',0,'','Cajamarca',1),(1273,'0602',18106,'',0,'','Cajabamba',1),(1274,'0603',18106,'',0,'','Celendín',1),(1275,'0604',18106,'',0,'','Chota',1),(1276,'0605',18106,'',0,'','Contumazá',1),(1277,'0606',18106,'',0,'','Cutervo',1),(1278,'0607',18106,'',0,'','Hualgayoc',1),(1279,'0608',18106,'',0,'','Jaén',1),(1280,'0609',18106,'',0,'','San Ignacio',1),(1281,'0610',18106,'',0,'','San Marcos',1),(1282,'0611',18106,'',0,'','San Miguel',1),(1283,'0612',18106,'',0,'','San Pablo',1),(1284,'0613',18106,'',0,'','Santa Cruz',1),(1285,'0701',18107,'',0,'','Callao',1),(1286,'0801',18108,'',0,'','Cusco',1),(1287,'0802',18108,'',0,'','Acomayo',1),(1288,'0803',18108,'',0,'','Anta',1),(1289,'0804',18108,'',0,'','Calca',1),(1290,'0805',18108,'',0,'','Canas',1),(1291,'0806',18108,'',0,'','Canchis',1),(1292,'0807',18108,'',0,'','Chumbivilcas',1),(1293,'0808',18108,'',0,'','Espinar',1),(1294,'0809',18108,'',0,'','La Convención',1),(1295,'0810',18108,'',0,'','Paruro',1),(1296,'0811',18108,'',0,'','Paucartambo',1),(1297,'0812',18108,'',0,'','Quispicanchi',1),(1298,'0813',18108,'',0,'','Urubamba',1),(1299,'0901',18109,'',0,'','Huancavelica',1),(1300,'0902',18109,'',0,'','Acobamba',1),(1301,'0903',18109,'',0,'','Angaraes',1),(1302,'0904',18109,'',0,'','Castrovirreyna',1),(1303,'0905',18109,'',0,'','Churcampa',1),(1304,'0906',18109,'',0,'','Huaytará',1),(1305,'0907',18109,'',0,'','Tayacaja',1),(1306,'1001',18110,'',0,'','Huánuco',1),(1307,'1002',18110,'',0,'','Ambón',1),(1308,'1003',18110,'',0,'','Dos de Mayo',1),(1309,'1004',18110,'',0,'','Huacaybamba',1),(1310,'1005',18110,'',0,'','Huamalíes',1),(1311,'1006',18110,'',0,'','Leoncio Prado',1),(1312,'1007',18110,'',0,'','Marañón',1),(1313,'1008',18110,'',0,'','Pachitea',1),(1314,'1009',18110,'',0,'','Puerto Inca',1),(1315,'1010',18110,'',0,'','Lauricocha',1),(1316,'1011',18110,'',0,'','Yarowilca',1),(1317,'1101',18111,'',0,'','Ica',1),(1318,'1102',18111,'',0,'','Chincha',1),(1319,'1103',18111,'',0,'','Nazca',1),(1320,'1104',18111,'',0,'','Palpa',1),(1321,'1105',18111,'',0,'','Pisco',1),(1322,'1201',18112,'',0,'','Huancayo',1),(1323,'1202',18112,'',0,'','Concepción',1),(1324,'1203',18112,'',0,'','Chanchamayo',1),(1325,'1204',18112,'',0,'','Jauja',1),(1326,'1205',18112,'',0,'','Junín',1),(1327,'1206',18112,'',0,'','Satipo',1),(1328,'1207',18112,'',0,'','Tarma',1),(1329,'1208',18112,'',0,'','Yauli',1),(1330,'1209',18112,'',0,'','Chupaca',1),(1331,'1301',18113,'',0,'','Trujillo',1),(1332,'1302',18113,'',0,'','Ascope',1),(1333,'1303',18113,'',0,'','Bolívar',1),(1334,'1304',18113,'',0,'','Chepén',1),(1335,'1305',18113,'',0,'','Julcán',1),(1336,'1306',18113,'',0,'','Otuzco',1),(1337,'1307',18113,'',0,'','Pacasmayo',1),(1338,'1308',18113,'',0,'','Pataz',1),(1339,'1309',18113,'',0,'','Sánchez Carrión',1),(1340,'1310',18113,'',0,'','Santiago de Chuco',1),(1341,'1311',18113,'',0,'','Gran Chimú',1),(1342,'1312',18113,'',0,'','Virú',1),(1343,'1401',18114,'',0,'','Chiclayo',1),(1344,'1402',18114,'',0,'','Ferreñafe',1),(1345,'1403',18114,'',0,'','Lambayeque',1),(1346,'1501',18115,'',0,'','Lima',1),(1347,'1502',18116,'',0,'','Huaura',1),(1348,'1503',18116,'',0,'','Barranca',1),(1349,'1504',18116,'',0,'','Cajatambo',1),(1350,'1505',18116,'',0,'','Canta',1),(1351,'1506',18116,'',0,'','Cañete',1),(1352,'1507',18116,'',0,'','Huaral',1),(1353,'1508',18116,'',0,'','Huarochirí',1),(1354,'1509',18116,'',0,'','Oyón',1),(1355,'1510',18116,'',0,'','Yauyos',1),(1356,'1601',18117,'',0,'','Maynas',1),(1357,'1602',18117,'',0,'','Alto Amazonas',1),(1358,'1603',18117,'',0,'','Loreto',1),(1359,'1604',18117,'',0,'','Mariscal Ramón Castilla',1),(1360,'1605',18117,'',0,'','Requena',1),(1361,'1606',18117,'',0,'','Ucayali',1),(1362,'1607',18117,'',0,'','Datem del Marañón',1),(1363,'1701',18118,'',0,'','Tambopata',1),(1364,'1702',18118,'',0,'','Manú',1),(1365,'1703',18118,'',0,'','Tahuamanu',1),(1366,'1801',18119,'',0,'','Mariscal Nieto',1),(1367,'1802',18119,'',0,'','General Sánchez Cerro',1),(1368,'1803',18119,'',0,'','Ilo',1),(1369,'1901',18120,'',0,'','Pasco',1),(1370,'1902',18120,'',0,'','Daniel Alcides Carrión',1),(1371,'1903',18120,'',0,'','Oxapampa',1),(1372,'2001',18121,'',0,'','Piura',1),(1373,'2002',18121,'',0,'','Ayabaca',1),(1374,'2003',18121,'',0,'','Huancabamba',1),(1375,'2004',18121,'',0,'','Morropón',1),(1376,'2005',18121,'',0,'','Paita',1),(1377,'2006',18121,'',0,'','Sullana',1),(1378,'2007',18121,'',0,'','Talara',1),(1379,'2008',18121,'',0,'','Sechura',1),(1380,'2101',18122,'',0,'','Puno',1),(1381,'2102',18122,'',0,'','Azángaro',1),(1382,'2103',18122,'',0,'','Carabaya',1),(1383,'2104',18122,'',0,'','Chucuito',1),(1384,'2105',18122,'',0,'','El Collao',1),(1385,'2106',18122,'',0,'','Huancané',1),(1386,'2107',18122,'',0,'','Lampa',1),(1387,'2108',18122,'',0,'','Melgar',1),(1388,'2109',18122,'',0,'','Moho',1),(1389,'2110',18122,'',0,'','San Antonio de Putina',1),(1390,'2111',18122,'',0,'','San Román',1),(1391,'2112',18122,'',0,'','Sandia',1),(1392,'2113',18122,'',0,'','Yunguyo',1),(1393,'2201',18123,'',0,'','Moyobamba',1),(1394,'2202',18123,'',0,'','Bellavista',1),(1395,'2203',18123,'',0,'','El Dorado',1),(1396,'2204',18123,'',0,'','Huallaga',1),(1397,'2205',18123,'',0,'','Lamas',1),(1398,'2206',18123,'',0,'','Mariscal Cáceres',1),(1399,'2207',18123,'',0,'','Picota',1),(1400,'2208',18123,'',0,'','La Rioja',1),(1401,'2209',18123,'',0,'','San Martín',1),(1402,'2210',18123,'',0,'','Tocache',1),(1403,'2301',18124,'',0,'','Tacna',1),(1404,'2302',18124,'',0,'','Candarave',1),(1405,'2303',18124,'',0,'','Jorge Basadre',1),(1406,'2304',18124,'',0,'','Tarata',1),(1407,'2401',18125,'',0,'','Tumbes',1),(1408,'2402',18125,'',0,'','Contralmirante Villar',1),(1409,'2403',18125,'',0,'','Zarumilla',1),(1410,'2501',18126,'',0,'','Coronel Portillo',1),(1411,'2502',18126,'',0,'','Atalaya',1),(1412,'2503',18126,'',0,'','Padre Abad',1),(1413,'2504',18126,'',0,'','Purús',1),(1414,'PA-1',17801,'',0,'','Bocas del Toro',1),(1415,'PA-2',17801,'',0,'','Coclé',1),(1416,'PA-3',17801,'',0,'','Colón',1),(1417,'PA-4',17801,'',0,'','Chiriquí',1),(1418,'PA-5',17801,'',0,'','Darién',1),(1419,'PA-6',17801,'',0,'','Herrera',1),(1420,'PA-7',17801,'',0,'','Los Santos',1),(1421,'PA-8',17801,'',0,'','Panamá',1),(1422,'PA-9',17801,'',0,'','Veraguas',1),(1423,'PA-13',17801,'',0,'','Panamá Oeste',1),(1424,'AE-1',22701,'',0,'','Abu Dhabi',1),(1425,'AE-2',22701,'',0,'','Dubai',1),(1426,'AE-3',22701,'',0,'','Ajman',1),(1427,'AE-4',22701,'',0,'','Fujairah',1),(1428,'AE-5',22701,'',0,'','Ras al-Khaimah',1),(1429,'AE-6',22701,'',0,'','Sharjah',1),(1430,'AE-7',22701,'',0,'','Umm al-Quwain',1);

--
