-- Table structure for table `t1zhf_accounting_bookkeeping_tmp`
--

CREATE TABLE `t1zhf_accounting_bookkeeping_tmp` (
  `rowid` int NOT NULL AUTO_INCREMENT,
  `entity` int NOT NULL DEFAULT '1',
  `doc_date` date NOT NULL,
  `doc_type` varchar(30) COLLATE utf8mb3_unicode_ci NOT NULL,
  `doc_ref` varchar(300) COLLATE utf8mb3_unicode_ci NOT NULL,
  `fk_doc` int NOT NULL,
  `fk_docdet` int NOT NULL,
  `thirdparty_code` varchar(32) COLLATE utf8mb3_unicode_ci DEFAULT NULL,
  `subledger_account` varchar(32) COLLATE utf8mb3_unicode_ci DEFAULT NULL,
  `subledger_label` varchar(255) COLLATE utf8mb3_unicode_ci DEFAULT NULL,
  `numero_compte` varchar(32) COLLATE utf8mb3_unicode_ci DEFAULT NULL,
  `label_compte` varchar(255) COLLATE utf8mb3_unicode_ci NOT NULL,
  `label_operation` varchar(255) COLLATE utf8mb3_unicode_ci DEFAULT NULL,
  `debit` double(24,8) NOT NULL,
  `credit` double(24,8) NOT NULL,
  `montant` double(24,8) NOT NULL,
  `sens` varchar(1) COLLATE utf8mb3_unicode_ci DEFAULT NULL,
  `multicurrency_amount` double(24,8) DEFAULT NULL,
  `multicurrency_code` varchar(255) COLLATE utf8mb3_unicode_ci DEFAULT NULL,
  `lettering_code` varchar(255) COLLATE utf8mb3_unicode_ci DEFAULT NULL,
  `date_lettering` datetime DEFAULT NULL,
  `date_lim_reglement` datetime DEFAULT NULL,
  `fk_user_author` int NOT NULL,
  `fk_user_modif` int DEFAULT NULL,
  `date_creation` datetime DEFAULT NULL,
  `tms` timestamp NOT NULL DEFAULT CURRENT_TIMESTAMP ON UPDATE CURRENT_TIMESTAMP,
  `fk_user` int DEFAULT NULL,
  `code_journal` varchar(32) COLLATE utf8mb3_unicode_ci NOT NULL,
  `journal_label` varchar(255) COLLATE utf8mb3_unicode_ci DEFAULT NULL,
  `piece_num` int NOT NULL,
  `date_validated` datetime DEFAULT NULL,
  `import_key` varchar(14) COLLATE utf8mb3_unicode_ci DEFAULT NULL,
  `extraparams` varchar(255) COLLATE utf8mb3_unicode_ci DEFAULT NULL,
  PRIMARY KEY (`rowid`),
  KEY `idx_accounting_bookkeeping_tmp_doc_date` (`doc_date`),
  KEY `idx_accounting_bookkeeping_tmp_fk_docdet` (`fk_docdet`),
  KEY `idx_accounting_bookkeeping_tmp_numero_compte` (`numero_compte`),
  KEY `idx_accounting_bookkeeping_tmp_code_journal` (`code_journal`)
) ENGINE=InnoDB DEFAULT CHARSET=utf8mb3 COLLATE=utf8mb3_unicode_ci;

--
-- Dumping data for table `t1zhf_accounting_bookkeeping_tmp`
--


--
-- Table structure for table `t1zhf_accounting_fiscalyear`
--

CREATE TABLE `t1zhf_accounting_fiscalyear` (
  `rowid` int NOT NULL AUTO_INCREMENT,
  `label` varchar(128) COLLATE utf8mb3_unicode_ci NOT NULL,
  `date_start` date DEFAULT NULL,
  `date_end` date DEFAULT NULL,
  `statut` tinyint NOT NULL DEFAULT '0',
  `entity` int NOT NULL DEFAULT '1',
  `datec` datetime NOT NULL,
  `tms` timestamp NOT NULL DEFAULT CURRENT_TIMESTAMP ON UPDATE CURRENT_TIMESTAMP,
  `fk_user_author` int DEFAULT NULL,
  `fk_user_modif` int DEFAULT NULL,
  PRIMARY KEY (`rowid`)
) ENGINE=InnoDB AUTO_INCREMENT=7 DEFAULT CHARSET=utf8mb3 COLLATE=utf8mb3_unicode_ci;

--
-- Dumping data for table `t1zhf_accounting_fiscalyear`
--

INSERT INTO `t1zhf_accounting_fiscalyear` VALUES (1,'2023','2023-01-01','2023-12-31',0,1,'2024-10-14 17:30:57','2024-10-14 15:30:58',1,1),(2,'2024','2024-01-01','2024-12-31',0,1,'2024-10-14 17:31:31','2024-10-14 15:31:31',1,1),(3,'2022','2022-01-01','2022-12-31',0,1,'2024-10-14 17:32:48','2024-10-14 15:32:48',1,1),(4,'2020','2020-01-01','2020-12-31',0,1,'2024-10-14 17:33:04','2024-10-14 15:33:04',1,1),(5,'2021','2021-01-01','2021-12-31',0,1,'2024-10-14 17:33:25','2024-10-14 15:33:25',1,1),(6,'2019','2019-01-01','2019-12-31',0,1,'2024-10-14 17:35:22','2024-10-14 15:35:22',1,1);

--
-- Table structure for table `t1zhf_accounting_groups_account`
--

CREATE TABLE `t1zhf_accounting_groups_account` (
  `rowid` int NOT NULL AUTO_INCREMENT,
  `fk_accounting_account` int NOT NULL,
  `fk_c_accounting_category` int NOT NULL,
  PRIMARY KEY (`rowid`)
) ENGINE=InnoDB DEFAULT CHARSET=latin1;

--
-- Dumping data for table `t1zhf_accounting_groups_account`
--


--
-- Table structure for table `t1zhf_accounting_journal`
--

CREATE TABLE `t1zhf_accounting_journal` (
  `rowid` int NOT NULL AUTO_INCREMENT,
  `entity` int NOT NULL DEFAULT '1',
  `code` varchar(32) COLLATE utf8mb3_unicode_ci NOT NULL,
  `label` varchar(128) COLLATE utf8mb3_unicode_ci NOT NULL,
  `nature` smallint NOT NULL DEFAULT '1',
  `active` smallint DEFAULT '0',
  PRIMARY KEY (`rowid`),
  UNIQUE KEY `uk_accounting_journal_code` (`code`,`entity`)
) ENGINE=InnoDB AUTO_INCREMENT=8 DEFAULT CHARSET=utf8mb3 COLLATE=utf8mb3_unicode_ci;

--
-- Dumping data for table `t1zhf_accounting_journal`
--

INSERT INTO `t1zhf_accounting_journal` VALUES (1,1,'VT','ACCOUNTING_SELL_JOURNAL',2,1),(2,1,'AC','ACCOUNTING_PURCHASE_JOURNAL',3,1),(3,1,'BQ','FinanceJournal',4,1),(4,1,'OD','ACCOUNTING_MISCELLANEOUS_JOURNAL',1,1),(5,1,'AN','ACCOUNTING_HAS_NEW_JOURNAL',9,1),(6,1,'ER','ExpenseReportsJournal',5,1),(7,1,'INV','InventoryJournal',8,0);

--
-- Table structure for table `t1zhf_accounting_system`
--

CREATE TABLE `t1zhf_accounting_system` (
  `rowid` int NOT NULL AUTO_INCREMENT,
  `fk_country` int DEFAULT NULL,
  `pcg_version` varchar(32) COLLATE utf8mb3_unicode_ci NOT NULL,
  `label` varchar(128) COLLATE utf8mb3_unicode_ci NOT NULL,
  `active` smallint DEFAULT '0',
  PRIMARY KEY (`rowid`),
  UNIQUE KEY `uk_accounting_system_pcg_version` (`pcg_version`)
) ENGINE=InnoDB AUTO_INCREMENT=35 DEFAULT CHARSET=utf8mb3 COLLATE=utf8mb3_unicode_ci;

--
-- Dumping data for table `t1zhf_accounting_system`
--

INSERT INTO `t1zhf_accounting_system` VALUES (1,1,'PCG99-ABREGE','The simple accountancy french plan',1),(2,1,'PCG99-BASE','The base accountancy french plan',1),(3,1,'PCG14-DEV','The developed accountancy french plan 2014',1),(4,2,'PCMN-BASE','The base accountancy belgium plan',1),(5,4,'PCG08-PYME','The PYME accountancy spanish plan',1),(6,5,'SKR03','Standardkontenrahmen SKR 03',1),(7,5,'SKR04','Standardkontenrahmen SKR 04',1),(8,6,'PCG_SUISSE','Switzerland plan',1),(9,7,'ENG-BASE','England plan',1),(10,10,'PCT','The Tunisia plan',1),(11,67,'PC-MIPYME','The PYME accountancy Chile plan',1),(12,80,'DK-STD','Standardkontoplan fra SKAT',1),(13,140,'PCN-LUXEMBURG','Plan comptable normalisé Luxembourgeois',1),(14,12,'PCG','The Moroccan chart of accounts',1),(15,49,'SYSCOHADA-BJ','Plan comptable Ouest-Africain',1),(16,60,'SYSCOHADA-BF','Plan comptable Ouest-Africain',1),(17,24,'SYSCOHADA-CM','Plan comptable Ouest-Africain',1),(18,65,'SYSCOHADA-CF','Plan comptable Ouest-Africain',1),(19,71,'SYSCOHADA-KM','Plan comptable Ouest-Africain',1),(20,72,'SYSCOHADA-CG','Plan comptable Ouest-Africain',1),(21,21,'SYSCOHADA-CI','Plan comptable Ouest-Africain',1),(22,16,'SYSCOHADA-GA','Plan comptable Ouest-Africain',1),(23,87,'SYSCOHADA-GQ','Plan comptable Ouest-Africain',1),(24,147,'SYSCOHADA-ML','Plan comptable Ouest-Africain',1),(25,168,'SYSCOHADA-NE','Plan comptable Ouest-Africain',1),(26,73,'SYSCOHADA-CD','Plan comptable Ouest-Africain',1),(27,20,'BAS-K1-MINI','The Swedish mini chart of accounts',1),(28,1,'PCG18-ASSOC','French foundation chart of accounts 2018',1),(29,1,'PCGAFR14-DEV','The developed farm accountancy french plan 2014',1),(30,41,'AT-BASE','Plan Austria',1),(31,11,'US-BASE','USA basic chart of accounts',1),(32,14,'CA-ENG-BASE','Canadian basic chart of accounts - English',1),(33,154,'SAT/24-2019','Catalogo y codigo agrupador fiscal del 2019',1),(34,140,'PCN2020-LUXEMBURG','Plan comptable normalisé 2020 Luxembourgeois',1);

--
-- Table structure for table `t1zhf_actioncomm`
--

CREATE TABLE `t1zhf_actioncomm` (
  `id` int NOT NULL AUTO_INCREMENT,
  `ref` varchar(30) COLLATE utf8mb3_unicode_ci NOT NULL,
  `ref_ext` varchar(255) COLLATE utf8mb3_unicode_ci DEFAULT NULL,
  `entity` int NOT NULL DEFAULT '1',
  `datep` datetime DEFAULT NULL,
  `datep2` datetime DEFAULT NULL,
  `fk_action` int DEFAULT NULL,
  `code` varchar(50) COLLATE utf8mb3_unicode_ci DEFAULT NULL,
  `datec` datetime DEFAULT NULL,
  `tms` timestamp NOT NULL DEFAULT CURRENT_TIMESTAMP ON UPDATE CURRENT_TIMESTAMP,
  `fk_user_author` int DEFAULT NULL,
  `fk_user_mod` int DEFAULT NULL,
  `fk_project` int DEFAULT NULL,
  `fk_soc` int DEFAULT NULL,
  `fk_contact` int DEFAULT NULL,
  `fk_parent` int NOT NULL DEFAULT '0',
  `fk_user_action` int DEFAULT NULL,
  `fk_user_done` int DEFAULT NULL,
  `transparency` int DEFAULT NULL,
  `priority` smallint DEFAULT NULL,
  `fulldayevent` smallint NOT NULL DEFAULT '0',
  `percent` smallint NOT NULL DEFAULT '0',
  `location` varchar(128) COLLATE utf8mb3_unicode_ci DEFAULT NULL,
  `durationp` double DEFAULT NULL,
  `label` varchar(255) COLLATE utf8mb3_unicode_ci NOT NULL,
  `note` mediumtext COLLATE utf8mb3_unicode_ci,
  `email_subject` varchar(255) COLLATE utf8mb3_unicode_ci DEFAULT NULL,
  `email_msgid` varchar(255) COLLATE utf8mb3_unicode_ci DEFAULT NULL,
  `email_from` varchar(255) COLLATE utf8mb3_unicode_ci DEFAULT NULL,
  `email_sender` varchar(255) COLLATE utf8mb3_unicode_ci DEFAULT NULL,
  `email_to` varchar(255) COLLATE utf8mb3_unicode_ci DEFAULT NULL,
  `email_tocc` varchar(255) COLLATE utf8mb3_unicode_ci DEFAULT NULL,
  `email_tobcc` varchar(255) COLLATE utf8mb3_unicode_ci DEFAULT NULL,
  `errors_to` varchar(255) COLLATE utf8mb3_unicode_ci DEFAULT NULL,
  `recurid` varchar(128) COLLATE utf8mb3_unicode_ci DEFAULT NULL,
  `recurrule` varchar(128) COLLATE utf8mb3_unicode_ci DEFAULT NULL,
  `recurdateend` datetime DEFAULT NULL,
  `fk_element` int DEFAULT NULL,
  `elementtype` varchar(255) COLLATE utf8mb3_unicode_ci DEFAULT NULL,
  `import_key` varchar(14) COLLATE utf8mb3_unicode_ci DEFAULT NULL,
  `extraparams` varchar(255) COLLATE utf8mb3_unicode_ci DEFAULT NULL,
  `calling_duration` int DEFAULT NULL,
  `visibility` varchar(12) COLLATE utf8mb3_unicode_ci DEFAULT 'default',
  `reply_to` varchar(255) COLLATE utf8mb3_unicode_ci DEFAULT NULL,
  `num_vote` int DEFAULT NULL,
  `event_paid` smallint NOT NULL DEFAULT '0',
  `status` smallint NOT NULL DEFAULT '0',
  `ip` varchar(250) COLLATE utf8mb3_unicode_ci DEFAULT NULL,
  `fk_bookcal_calendar` int DEFAULT NULL,
  PRIMARY KEY (`id`),
  KEY `idx_actioncomm_fk_soc` (`fk_soc`),
  KEY `idx_actioncomm_fk_contact` (`fk_contact`),
  KEY `idx_actioncomm_code` (`code`),
  KEY `idx_actioncomm_fk_element` (`fk_element`),
  KEY `idx_actioncomm_fk_user_action` (`fk_user_action`),
  KEY `idx_actioncomm_fk_project` (`fk_project`),
  KEY `idx_actioncomm_datep` (`datep`),
  KEY `idx_actioncomm_datep2` (`datep2`),
  KEY `idx_actioncomm_recurid` (`recurid`),
  KEY `idx_actioncomm_ref_ext` (`ref_ext`),
  KEY `idx_actioncomm_percent` (`percent`),
  KEY `idx_actioncomm_ref` (`ref`,`entity`),
  KEY `idx_actioncomm_entity` (`entity`)
) ENGINE=InnoDB AUTO_INCREMENT=197 DEFAULT CHARSET=utf8mb3 COLLATE=utf8mb3_unicode_ci;

--
-- Dumping data for table `t1zhf_actioncomm`
--

INSERT INTO `t1zhf_actioncomm` VALUES (97,'97',NULL,1,'2021-07-16 00:00:00',NULL,50,'AC_OTH','2021-07-16 16:29:23','2023-05-09 12:26:15',1,1,13,7,NULL,0,4,NULL,1,0,1,-1,NULL,NULL,'Carrelage','',NULL,NULL,NULL,NULL,NULL,NULL,NULL,NULL,NULL,NULL,NULL,NULL,NULL,NULL,NULL,NULL,'default',NULL,NULL,0,0,NULL,NULL),(98,'98',NULL,1,'2023-05-09 15:47:00','2023-05-10 00:00:00',50,'AC_OTH','2023-05-09 15:47:47','2023-05-09 13:47:47',8,NULL,15,1,NULL,0,8,NULL,1,0,0,-1,'',29580,'Pose et fixation','',NULL,NULL,NULL,NULL,NULL,NULL,NULL,NULL,NULL,NULL,NULL,11,'task',NULL,NULL,NULL,'default',NULL,NULL,0,0,NULL,NULL),(99,'99',NULL,1,'2023-05-06 15:48:00','2023-05-08 16:48:00',50,'AC_OTH','2023-05-09 15:49:16','2023-05-09 13:49:16',8,NULL,15,1,1,0,8,NULL,1,0,0,50,'',176400,'Préparation, protection et nettoyage du chantier','',NULL,NULL,NULL,NULL,NULL,NULL,NULL,NULL,NULL,NULL,NULL,10,'task',NULL,NULL,NULL,'default',NULL,NULL,0,0,NULL,NULL),(100,'100',NULL,1,'2023-05-16 07:30:00','2023-05-22 18:00:00',50,'AC_OTH','2023-05-16 14:53:56','2023-05-16 12:53:56',8,NULL,12,NULL,3,0,8,NULL,1,0,0,0,'Cholet',556200,'Chantier Leblanc','',NULL,NULL,NULL,NULL,NULL,NULL,NULL,NULL,NULL,NULL,NULL,5,'task',NULL,NULL,NULL,'default',NULL,NULL,0,0,NULL,NULL),(101,'101',NULL,1,'2023-05-16 07:30:00','2023-05-23 15:00:00',50,'AC_OTH','2023-05-16 14:57:49','2023-05-16 12:58:19',8,8,NULL,7,NULL,0,8,NULL,1,0,0,0,'les sables d\'olonne',631800,'Chantier Cousseau','',NULL,NULL,NULL,NULL,NULL,NULL,NULL,NULL,NULL,NULL,NULL,NULL,NULL,NULL,NULL,NULL,'default',NULL,NULL,0,0,NULL,NULL),(102,'102',NULL,1,'2023-05-16 00:00:00',NULL,50,'AC_OTH','2023-05-16 15:11:53','2023-05-16 13:11:53',8,NULL,15,1,NULL,0,8,NULL,1,0,0,-1,'',NULL,'intervention électricien','',NULL,NULL,NULL,NULL,NULL,NULL,NULL,NULL,NULL,NULL,NULL,NULL,NULL,NULL,NULL,NULL,'default',NULL,NULL,0,0,NULL,NULL),(103,'103',NULL,1,'2023-06-28 11:42:08','2023-06-28 11:42:08',40,'AC_BILL_PAYED','2023-06-28 11:42:08','2023-06-28 09:42:08',1,NULL,NULL,1,NULL,0,1,NULL,0,0,0,-1,'',NULL,'Facture FA2306-0052 passée à payée','Facture FA2306-0052 passée à payée',NULL,NULL,NULL,NULL,NULL,NULL,NULL,NULL,NULL,NULL,NULL,63,'invoice',NULL,NULL,NULL,'default',NULL,NULL,0,0,NULL,NULL),(104,'104',NULL,1,'2023-09-14 11:42:29','2023-09-14 11:42:29',40,'AC_EXPENSE_REPORT_CREATE','2023-09-14 11:42:29','2023-09-14 09:42:29',1,NULL,NULL,NULL,NULL,0,1,NULL,0,0,0,-1,'',NULL,'Note de frais (PROV2) créée','Note de frais (PROV2) créée',NULL,NULL,NULL,NULL,NULL,NULL,NULL,NULL,NULL,NULL,NULL,2,'expensereport',NULL,NULL,NULL,'default',NULL,NULL,0,0,NULL,NULL),(105,'105',NULL,1,'2023-09-14 16:52:54','2023-09-14 16:52:54',40,'AC_BILL_VALIDATE','2023-09-14 16:52:54','2023-09-14 14:52:54',1,NULL,NULL,1,NULL,0,1,NULL,0,0,0,-1,'',NULL,'Facture FA2309-0053 validée','Facture FA2309-0053 validée',NULL,NULL,NULL,NULL,NULL,NULL,NULL,NULL,NULL,NULL,NULL,64,'invoice',NULL,NULL,NULL,'default',NULL,NULL,0,0,NULL,NULL),(106,'106',NULL,1,'2023-09-14 16:52:55','2023-09-14 16:52:55',40,'AC_BILL_PAYED','2023-09-14 16:52:55','2023-09-14 14:52:55',1,NULL,NULL,1,NULL,0,1,NULL,0,0,0,-1,'',NULL,'Facture FA2309-0053 passée à payée','Facture FA2309-0053 passée à payée',NULL,NULL,NULL,NULL,NULL,NULL,NULL,NULL,NULL,NULL,NULL,64,'invoice',NULL,NULL,NULL,'default',NULL,NULL,0,0,NULL,NULL),(107,'107',NULL,1,'2023-09-14 17:00:26','2023-09-14 17:00:26',40,'AC_PRODUCT_MODIFY','2023-09-14 17:00:26','2023-09-14 15:00:26',1,NULL,NULL,NULL,NULL,0,1,NULL,0,0,0,-1,'',NULL,'Produit Armoire_electrique modifié','Produit Armoire_electrique modifié',NULL,NULL,NULL,NULL,NULL,NULL,NULL,NULL,NULL,NULL,NULL,25,'product',NULL,NULL,NULL,'default',NULL,NULL,0,0,NULL,NULL),(108,'108',NULL,1,'2023-09-14 17:02:34','2023-09-14 17:02:34',40,'AC_BILL_VALIDATE','2023-09-14 17:02:34','2023-09-14 15:02:34',1,NULL,NULL,1,NULL,0,1,NULL,0,0,0,-1,'',NULL,'Facture TC1-2309-0001 validée','Facture TC1-2309-0001 validée',NULL,NULL,NULL,NULL,NULL,NULL,NULL,NULL,NULL,NULL,NULL,65,'invoice',NULL,NULL,NULL,'default',NULL,NULL,0,0,NULL,NULL),(109,'109',NULL,1,'2023-09-14 17:02:34','2023-09-14 17:02:34',40,'AC_BILL_PAYED','2023-09-14 17:02:34','2023-09-14 15:02:34',1,NULL,NULL,1,NULL,0,1,NULL,0,0,0,-1,'',NULL,'Facture TC1-2309-0001 passée à payée','Facture TC1-2309-0001 passée à payée',NULL,NULL,NULL,NULL,NULL,NULL,NULL,NULL,NULL,NULL,NULL,65,'invoice',NULL,NULL,NULL,'default',NULL,NULL,0,0,NULL,NULL),(110,'110',NULL,1,'2024-09-03 18:16:56','2024-09-03 18:16:56',40,'AC_PRODUCT_MODIFY','2024-09-03 18:16:56','2024-09-03 16:16:56',1,NULL,NULL,NULL,NULL,0,1,NULL,0,0,0,-1,'',NULL,'Produit velo2 modifié','Produit velo2 modifié',NULL,NULL,NULL,NULL,NULL,NULL,NULL,NULL,NULL,NULL,NULL,9,'product',NULL,NULL,NULL,'default',NULL,NULL,0,0,NULL,NULL),(111,'111',NULL,1,'2024-09-03 19:09:16','2024-09-03 19:09:16',40,'AC_PRODUCT_MODIFY','2024-09-03 19:09:16','2024-09-03 17:09:16',1,NULL,NULL,NULL,NULL,0,1,NULL,0,0,0,-1,'',NULL,'Produit velo2 modifié','Produit velo2 modifié',NULL,NULL,NULL,NULL,NULL,NULL,NULL,NULL,NULL,NULL,NULL,9,'product',NULL,NULL,NULL,'default',NULL,NULL,0,0,NULL,NULL),(112,'112',NULL,1,'2024-09-03 19:09:40','2024-09-03 19:09:40',40,'AC_PRODUCT_CREATE','2024-09-03 19:09:40','2024-09-03 17:09:40',1,NULL,NULL,NULL,NULL,0,1,NULL,0,0,0,-1,'',NULL,'Produit velo2_JAU créé','Produit velo2_JAU créé',NULL,NULL,NULL,NULL,NULL,NULL,NULL,NULL,NULL,NULL,NULL,61,'product',NULL,NULL,NULL,'default',NULL,NULL,0,0,NULL,NULL),(113,'113',NULL,1,'2024-09-03 19:09:40','2024-09-03 19:09:40',40,'AC_PRODUCT_MODIFY','2024-09-03 19:09:40','2024-09-03 17:09:40',1,NULL,NULL,NULL,NULL,0,1,NULL,0,0,0,-1,'',NULL,'Produit velo2_JAU modifié','Produit velo2_JAU modifié',NULL,NULL,NULL,NULL,NULL,NULL,NULL,NULL,NULL,NULL,NULL,61,'product',NULL,NULL,NULL,'default',NULL,NULL,0,0,NULL,NULL),(114,'114',NULL,1,'2024-09-03 19:10:29','2024-09-03 19:10:29',40,'AC_PRODUCT_CREATE','2024-09-03 19:10:29','2024-09-03 17:10:29',1,NULL,NULL,NULL,NULL,0,1,NULL,0,0,0,-1,'',NULL,'Produit velo2_BL créé','Produit velo2_BL créé',NULL,NULL,NULL,NULL,NULL,NULL,NULL,NULL,NULL,NULL,NULL,62,'product',NULL,NULL,NULL,'default',NULL,NULL,0,0,NULL,NULL),(115,'115',NULL,1,'2024-09-03 19:10:29','2024-09-03 19:10:29',40,'AC_PRODUCT_MODIFY','2024-09-03 19:10:29','2024-09-03 17:10:29',1,NULL,NULL,NULL,NULL,0,1,NULL,0,0,0,-1,'',NULL,'Produit velo2_BL modifié','Produit velo2_BL modifié',NULL,NULL,NULL,NULL,NULL,NULL,NULL,NULL,NULL,NULL,NULL,62,'product',NULL,NULL,NULL,'default',NULL,NULL,0,0,NULL,NULL),(116,'116',NULL,1,'2024-09-03 19:10:42','2024-09-03 19:10:42',40,'AC_PRODUCT_CREATE','2024-09-03 19:10:42','2024-09-03 17:10:42',1,NULL,NULL,NULL,NULL,0,1,NULL,0,0,0,-1,'',NULL,'Produit velo2_RG créé','Produit velo2_RG créé',NULL,NULL,NULL,NULL,NULL,NULL,NULL,NULL,NULL,NULL,NULL,63,'product',NULL,NULL,NULL,'default',NULL,NULL,0,0,NULL,NULL),(117,'117',NULL,1,'2024-09-03 19:10:42','2024-09-03 19:10:42',40,'AC_PRODUCT_MODIFY','2024-09-03 19:10:42','2024-09-03 17:10:42',1,NULL,NULL,NULL,NULL,0,1,NULL,0,0,0,-1,'',NULL,'Produit velo2_RG modifié','Produit velo2_RG modifié',NULL,NULL,NULL,NULL,NULL,NULL,NULL,NULL,NULL,NULL,NULL,63,'product',NULL,NULL,NULL,'default',NULL,NULL,0,0,NULL,NULL),(118,'118',NULL,1,'2024-09-09 15:22:53','2024-09-09 15:22:53',40,'AC_COMPANY_MODIFY','2024-09-09 15:22:53','2024-09-09 13:22:53',1,NULL,NULL,1,NULL,0,1,NULL,0,0,0,-1,'',NULL,'Tiers aqtisplus modifié','Tiers aqtisplus modifié',NULL,NULL,NULL,NULL,NULL,NULL,NULL,NULL,NULL,NULL,NULL,NULL,NULL,NULL,NULL,NULL,'default',NULL,NULL,0,0,NULL,NULL),(119,'119',NULL,1,'2024-09-09 15:33:12','2024-09-09 15:33:12',40,'AC_PRODUCT_MODIFY','2024-09-09 15:33:12','2024-09-09 13:33:12',1,NULL,NULL,NULL,NULL,0,1,NULL,0,0,0,-1,'',NULL,'Produit contacteur modifié','Produit contacteur modifié',NULL,NULL,NULL,NULL,NULL,NULL,NULL,NULL,NULL,NULL,NULL,26,'product',NULL,NULL,NULL,'default',NULL,NULL,0,0,NULL,NULL),(120,'120',NULL,1,'2024-09-09 15:36:20','2024-09-09 15:36:20',40,'AC_PROPAL_MODIFY','2024-09-09 15:36:20','2024-09-09 13:36:20',1,NULL,NULL,9,NULL,0,1,NULL,0,0,0,-1,'',NULL,'Proposition (PROV36) de retour au statut de brouillon','Proposition (PROV36) de retour au statut de brouillon',NULL,NULL,NULL,NULL,NULL,NULL,NULL,NULL,NULL,NULL,NULL,36,'propal',NULL,NULL,NULL,'default',NULL,NULL,0,0,NULL,NULL),(121,'121',NULL,1,'2024-09-09 15:46:48','2024-09-09 15:46:48',40,'AC_PROPAL_VALIDATE','2024-09-09 15:46:48','2024-09-09 13:46:48',1,NULL,NULL,9,NULL,0,1,NULL,0,0,0,-1,'',NULL,'Proposition PR2409-0023 validée','Proposition PR2409-0023 validée',NULL,NULL,NULL,NULL,NULL,NULL,NULL,NULL,NULL,NULL,NULL,36,'propal',NULL,NULL,NULL,'default',NULL,NULL,0,0,NULL,NULL),(122,'122',NULL,1,'2024-09-09 15:51:22','2024-09-09 15:51:22',40,'AC_PROPAL_CLOSE_SIGNED','2024-09-09 15:51:22','2024-09-09 13:51:22',1,NULL,NULL,9,NULL,0,1,NULL,0,0,0,-1,'',NULL,'Proposition PR2409-0023 signée','Proposition PR2409-0023 signée',NULL,NULL,NULL,NULL,NULL,NULL,NULL,NULL,NULL,NULL,NULL,36,'propal',NULL,NULL,NULL,'default',NULL,NULL,0,0,NULL,NULL),(123,'123',NULL,1,'2024-09-09 15:53:44','2024-09-09 15:53:44',40,'AC_BILL_VALIDATE','2024-09-09 15:53:44','2024-09-09 13:53:44',1,NULL,NULL,9,NULL,0,1,NULL,0,0,0,-1,'',NULL,'Facture FA2409-0054 validée','Facture FA2409-0054 validée',NULL,NULL,NULL,NULL,NULL,NULL,NULL,NULL,NULL,NULL,NULL,66,'invoice',NULL,NULL,NULL,'default',NULL,NULL,0,0,NULL,NULL),(124,'124',NULL,1,'2024-09-09 15:53:59','2024-09-09 15:53:59',40,'AC_BILL_UNVALIDATE','2024-09-09 15:53:59','2024-09-09 13:53:59',1,NULL,NULL,9,NULL,0,1,NULL,0,0,0,-1,'',NULL,'Facture FA2409-0054 repassée en brouillon','Facture FA2409-0054 repassée en brouillon',NULL,NULL,NULL,NULL,NULL,NULL,NULL,NULL,NULL,NULL,NULL,66,'invoice',NULL,NULL,NULL,'default',NULL,NULL,0,0,NULL,NULL),(125,'125',NULL,1,'2024-09-09 15:54:55','2024-09-09 15:54:55',40,'AC_BILL_MODIFY','2024-09-09 15:54:55','2024-09-09 13:54:55',1,NULL,NULL,9,NULL,0,1,NULL,0,0,0,-1,'',NULL,'Enregistrement FA2409-0054 modifié','Enregistrement FA2409-0054 modifié',NULL,NULL,NULL,NULL,NULL,NULL,NULL,NULL,NULL,NULL,NULL,66,'invoice',NULL,NULL,NULL,'default',NULL,NULL,0,0,NULL,NULL),(126,'126',NULL,1,'2024-09-09 15:55:50','2024-09-09 15:55:50',40,'AC_BILL_VALIDATE','2024-09-09 15:55:50','2024-09-09 13:55:50',1,NULL,NULL,9,NULL,0,1,NULL,0,0,0,-1,'',NULL,'Facture FA2409-0054 validée','Facture FA2409-0054 validée',NULL,NULL,NULL,NULL,NULL,NULL,NULL,NULL,NULL,NULL,NULL,66,'invoice',NULL,NULL,NULL,'default',NULL,NULL,0,0,NULL,NULL),(127,'127',NULL,1,'2024-09-09 15:57:45','2024-09-09 15:57:45',40,'AC_BILL_DELETE','2024-09-09 15:57:45','2024-09-09 13:57:45',1,NULL,NULL,8,NULL,0,1,NULL,0,0,0,-1,'',NULL,'Facture supprimée','Facture supprimée',NULL,NULL,NULL,NULL,NULL,NULL,NULL,NULL,NULL,NULL,NULL,67,'invoice',NULL,NULL,NULL,'default',NULL,NULL,0,0,NULL,NULL),(128,'128',NULL,1,'2024-09-09 16:01:50','2024-09-09 16:01:50',40,'AC_BILL_VALIDATE','2024-09-09 16:01:50','2024-09-09 14:01:50',1,NULL,NULL,13,NULL,0,1,NULL,0,0,0,-1,'',NULL,'Facture FA2305-0055 validée','Facture FA2305-0055 validée',NULL,NULL,NULL,NULL,NULL,NULL,NULL,NULL,NULL,NULL,NULL,59,'invoice',NULL,NULL,NULL,'default',NULL,NULL,0,0,NULL,NULL),(129,'129',NULL,1,'2024-09-09 16:03:15','2024-09-09 16:03:15',40,'AC_PROPAL_VALIDATE','2024-09-09 16:03:15','2024-09-09 14:03:15',1,NULL,15,1,NULL,0,1,NULL,0,0,0,-1,'',NULL,'Proposition PR2305-0022 validée','Proposition PR2305-0022 validée',NULL,NULL,NULL,NULL,NULL,NULL,NULL,NULL,NULL,NULL,NULL,33,'propal',NULL,NULL,NULL,'default',NULL,NULL,0,0,NULL,NULL),(130,'130',NULL,1,'2024-09-09 16:03:26','2024-09-09 16:03:26',40,'AC_PROPAL_CLOSE_SIGNED','2024-09-09 16:03:26','2024-09-09 14:03:26',1,NULL,15,1,NULL,0,1,NULL,0,0,0,-1,'',NULL,'Proposition PR2305-0022 signée','Proposition PR2305-0022 signée',NULL,NULL,NULL,NULL,NULL,NULL,NULL,NULL,NULL,NULL,NULL,33,'propal',NULL,NULL,NULL,'default',NULL,NULL,0,0,NULL,NULL),(131,'131',NULL,1,'2024-09-18 10:27:54','2024-09-18 10:27:54',40,'AC_PROJECT_CREATE','2024-09-18 10:27:54','2024-09-18 08:27:54',1,NULL,17,10,NULL,0,1,NULL,0,0,0,-1,'',NULL,'Chantier PJ2409-0017 créé','Chantier PJ2409-0017 créé\nProjet: PJ2409-0017',NULL,NULL,NULL,NULL,NULL,NULL,NULL,NULL,NULL,NULL,NULL,NULL,NULL,NULL,NULL,NULL,'default',NULL,NULL,0,0,NULL,NULL),(132,'132',NULL,1,'2024-09-18 10:30:58','2024-09-18 10:30:58',40,'AC_PRODUCT_CREATE','2024-09-18 10:30:58','2024-09-18 08:30:58',1,NULL,NULL,NULL,NULL,0,1,NULL,0,0,0,-1,'',NULL,'Produit Pann créé','Produit Pann créé',NULL,NULL,NULL,NULL,NULL,NULL,NULL,NULL,NULL,NULL,NULL,66,'product',NULL,NULL,NULL,'default',NULL,NULL,0,0,NULL,NULL),(133,'133',NULL,1,'2024-09-18 10:33:28','2024-09-18 10:33:28',40,'AC_ORDER_SUPPLIER_VALIDATE','2024-09-18 10:33:28','2024-09-18 08:33:28',1,NULL,NULL,5,NULL,0,1,NULL,0,0,0,-1,'',NULL,'Commande PO2409-0009 validée','Commande PO2409-0009 validée',NULL,NULL,NULL,NULL,NULL,NULL,NULL,NULL,NULL,NULL,NULL,12,'order_supplier',NULL,NULL,NULL,'default',NULL,NULL,0,0,NULL,NULL),(134,'134',NULL,1,'2024-09-18 10:33:28','2024-09-18 10:33:28',40,'AC_ORDER_SUPPLIER_APPROVE','2024-09-18 10:33:28','2024-09-18 08:33:28',1,NULL,NULL,5,NULL,0,1,NULL,0,0,0,-1,'',NULL,'Commande PO2409-0009 approuvée','Commande PO2409-0009 approuvée',NULL,NULL,NULL,NULL,NULL,NULL,NULL,NULL,NULL,NULL,NULL,12,'order_supplier',NULL,NULL,NULL,'default',NULL,NULL,0,0,NULL,NULL),(135,'135',NULL,1,'2024-09-18 10:33:41','2024-09-18 10:33:41',40,'AC_ORDER_SUPPLIER_SUBMIT','2024-09-18 10:33:41','2024-09-18 08:33:41',1,NULL,NULL,5,NULL,0,1,NULL,0,0,0,-1,'',NULL,'Purchase Order PO2409-0009 submitted ()','Purchase Order PO2409-0009 submitted ()',NULL,NULL,NULL,NULL,NULL,NULL,NULL,NULL,NULL,NULL,NULL,12,'order_supplier',NULL,NULL,NULL,'default',NULL,NULL,0,0,NULL,NULL),(136,'136',NULL,1,'2024-09-18 10:34:36','2024-09-18 10:34:36',40,'AC_ORDER_SUPPLIER_MODIFY','2024-09-18 10:34:36','2024-09-18 08:34:36',1,NULL,NULL,5,NULL,0,1,NULL,0,0,0,-1,'',NULL,'Enregistrement PO2409-0009 modifié','Enregistrement PO2409-0009 modifié',NULL,NULL,NULL,NULL,NULL,NULL,NULL,NULL,NULL,NULL,NULL,12,'order_supplier',NULL,NULL,NULL,'default',NULL,NULL,0,0,NULL,NULL),(137,'137',NULL,1,'2024-09-18 10:35:44','2024-09-18 10:35:44',40,'AC_ORDER_SUPPLIER_RECEIVE','2024-09-18 10:35:44','2024-09-18 08:35:44',1,NULL,NULL,5,NULL,0,1,NULL,0,0,0,-1,'',NULL,'Réception de la commande fournisseur PO2409-0009','Commande fournisseur PO2409-0009 réceptionné',NULL,NULL,NULL,NULL,NULL,NULL,NULL,NULL,NULL,NULL,NULL,12,'order_supplier',NULL,NULL,NULL,'default',NULL,NULL,0,0,NULL,NULL),(138,'138',NULL,1,'2024-09-18 10:42:23','2024-09-18 10:42:23',40,'AC_PRODUCT_CREATE','2024-09-18 10:42:23','2024-09-18 08:42:23',1,NULL,NULL,NULL,NULL,0,1,NULL,0,0,0,-1,'',NULL,'Produit meuble_cuisine créé','Produit meuble_cuisine créé',NULL,NULL,NULL,NULL,NULL,NULL,NULL,NULL,NULL,NULL,NULL,69,'product',NULL,NULL,NULL,'default',NULL,NULL,0,0,NULL,NULL),(139,'139',NULL,1,'2024-09-18 10:46:04','2024-09-18 10:46:04',40,'AC_PRODUCT_MODIFY','2024-09-18 10:46:04','2024-09-18 08:46:04',1,NULL,NULL,NULL,NULL,0,1,NULL,0,0,0,-1,'',NULL,'Produit meuble_cuisine modifié','Produit meuble_cuisine modifié',NULL,NULL,NULL,NULL,NULL,NULL,NULL,NULL,NULL,NULL,NULL,69,'product',NULL,NULL,NULL,'default',NULL,NULL,0,0,NULL,NULL),(140,'140',NULL,1,'2024-09-18 10:49:51','2024-09-18 10:49:51',40,'AC_PRODUCT_MODIFY','2024-09-18 10:49:51','2024-09-18 08:49:51',1,NULL,NULL,NULL,NULL,0,1,NULL,0,0,0,-1,'',NULL,'Produit meuble_cuisine modifié','Produit meuble_cuisine modifié',NULL,NULL,NULL,NULL,NULL,NULL,NULL,NULL,NULL,NULL,NULL,69,'product',NULL,NULL,NULL,'default',NULL,NULL,0,0,NULL,NULL),(141,'141',NULL,1,'2024-09-18 10:55:03','2024-09-18 10:55:03',40,'AC_PRODUCT_MODIFY','2024-09-18 10:55:03','2024-09-18 08:55:03',1,NULL,NULL,NULL,NULL,0,1,NULL,0,0,0,-1,'',NULL,'Produit meuble_cuisine modifié','Produit meuble_cuisine modifié',NULL,NULL,NULL,NULL,NULL,NULL,NULL,NULL,NULL,NULL,NULL,69,'product',NULL,NULL,NULL,'default',NULL,NULL,0,0,NULL,NULL),(142,'142',NULL,1,'2024-09-18 11:08:43','2024-09-18 11:08:43',40,'AC_ORDER_DELETE','2024-09-18 11:08:43','2024-09-18 09:08:43',1,NULL,NULL,1,NULL,0,1,NULL,0,0,0,-1,'',NULL,'Enregistrement (PROV23) supprimé','Enregistrement (PROV23) supprimé',NULL,NULL,NULL,NULL,NULL,NULL,NULL,NULL,NULL,NULL,NULL,23,'order',NULL,NULL,NULL,'default',NULL,NULL,0,0,NULL,NULL),(143,'143',NULL,1,'2024-09-18 11:08:55','2024-09-18 11:08:55',40,'AC_ORDER_DELETE','2024-09-18 11:08:55','2024-09-18 09:08:55',1,NULL,NULL,12,NULL,0,1,NULL,0,0,0,-1,'',NULL,'Enregistrement (PROV21) supprimé','Enregistrement (PROV21) supprimé',NULL,NULL,NULL,NULL,NULL,NULL,NULL,NULL,NULL,NULL,NULL,21,'order',NULL,NULL,NULL,'default',NULL,NULL,0,0,NULL,NULL),(144,'144',NULL,1,'2024-09-18 11:09:45','2024-09-18 11:09:45',40,'AC_BILL_VALIDATE','2024-09-18 11:09:45','2024-09-18 09:09:45',1,NULL,NULL,1,NULL,0,1,NULL,0,0,0,-1,'',NULL,'Facture FA2409-0056 validée','Facture FA2409-0056 validée',NULL,NULL,NULL,NULL,NULL,NULL,NULL,NULL,NULL,NULL,NULL,67,'invoice',NULL,NULL,NULL,'default',NULL,NULL,0,0,NULL,NULL),(145,'145',NULL,1,'2024-09-18 11:22:49','2024-09-18 11:22:49',40,'AC_PROPAL_MODIFY','2024-09-18 11:22:49','2024-09-18 09:22:49',1,NULL,13,7,NULL,0,1,NULL,0,0,0,-1,'',NULL,'Proposition PR2107-0019 de retour au statut de brouillon','Proposition PR2107-0019 de retour au statut de brouillon',NULL,NULL,NULL,NULL,NULL,NULL,NULL,NULL,NULL,NULL,NULL,29,'propal',NULL,NULL,NULL,'default',NULL,NULL,0,0,NULL,NULL),(146,'146',NULL,1,'2024-09-18 11:23:31','2024-09-18 11:23:31',40,'AC_PROPAL_VALIDATE','2024-09-18 11:23:31','2024-09-18 09:23:31',1,NULL,13,7,NULL,0,1,NULL,0,0,0,-1,'',NULL,'Proposition PR2107-0019 validée','Proposition PR2107-0019 validée',NULL,NULL,NULL,NULL,NULL,NULL,NULL,NULL,NULL,NULL,NULL,29,'propal',NULL,NULL,NULL,'default',NULL,NULL,0,0,NULL,NULL),(147,'147',NULL,1,'2024-09-18 11:31:25','2024-09-18 11:31:25',40,'AC_BILL_VALIDATE','2024-09-18 11:31:25','2024-09-18 09:31:25',1,NULL,15,1,NULL,0,1,NULL,0,0,0,-1,'',NULL,'Facture FA2409-0057 validée','Facture FA2409-0057 validée',NULL,NULL,NULL,NULL,NULL,NULL,NULL,NULL,NULL,NULL,NULL,68,'invoice',NULL,NULL,NULL,'default',NULL,NULL,0,0,NULL,NULL),(148,'148',NULL,1,'2024-09-18 11:31:25','2024-09-18 11:31:25',40,'AC_BILL_MODIFY','2024-09-18 11:31:25','2024-09-18 09:31:25',1,NULL,15,1,NULL,0,1,NULL,0,0,0,-1,'',NULL,'Enregistrement FA2409-0057 modifié','Enregistrement FA2409-0057 modifié',NULL,NULL,NULL,NULL,NULL,NULL,NULL,NULL,NULL,NULL,NULL,68,'invoice',NULL,NULL,NULL,'default',NULL,NULL,0,0,NULL,NULL),(149,'149',NULL,1,'2024-09-18 11:39:34','2024-09-18 11:39:34',40,'AC_BILL_VALIDATE','2024-09-18 11:39:34','2024-09-18 09:39:34',1,NULL,NULL,1,NULL,0,1,NULL,0,0,0,-1,'',NULL,'Facture FA2409-0058 validée','Facture FA2409-0058 validée',NULL,NULL,NULL,NULL,NULL,NULL,NULL,NULL,NULL,NULL,NULL,69,'invoice',NULL,NULL,NULL,'default',NULL,NULL,0,0,NULL,NULL),(150,'150',NULL,1,'2024-09-18 11:39:34','2024-09-18 11:39:34',40,'AC_BILL_MODIFY','2024-09-18 11:39:34','2024-09-18 09:39:34',1,NULL,NULL,1,NULL,0,1,NULL,0,0,0,-1,'',NULL,'Enregistrement FA2409-0058 modifié','Enregistrement FA2409-0058 modifié',NULL,NULL,NULL,NULL,NULL,NULL,NULL,NULL,NULL,NULL,NULL,69,'invoice',NULL,NULL,NULL,'default',NULL,NULL,0,0,NULL,NULL),(151,'151',NULL,1,'2024-09-18 11:43:23','2024-09-18 11:43:23',40,'AC_ORDER_VALIDATE','2024-09-18 11:43:23','2024-09-18 09:43:23',1,NULL,NULL,13,NULL,0,1,NULL,0,0,0,-1,'',NULL,'Commande CO2305-0019 validée','Commande CO2305-0019 validée',NULL,NULL,NULL,NULL,NULL,NULL,NULL,NULL,NULL,NULL,NULL,19,'order',NULL,NULL,NULL,'default',NULL,NULL,0,0,NULL,NULL),(152,'152',NULL,1,'2024-09-18 11:45:21','2024-09-18 11:45:21',40,'AC_SHIPPING_VALIDATE','2024-09-18 11:45:21','2024-09-18 09:45:21',1,NULL,NULL,13,NULL,0,1,NULL,0,0,0,-1,'',NULL,'Expédition SH2409-0014 validée','Expédition SH2409-0014 validée',NULL,NULL,NULL,NULL,NULL,NULL,NULL,NULL,NULL,NULL,NULL,15,'shipping',NULL,NULL,NULL,'default',NULL,NULL,0,0,NULL,NULL),(153,'153',NULL,1,'2024-09-18 12:00:52','2024-09-18 12:00:52',40,'AC_SHIPPING_VALIDATE','2024-09-18 12:00:52','2024-09-18 10:00:52',1,NULL,3,10,NULL,0,1,NULL,0,0,0,-1,'',NULL,'Expédition SH2409-0015 validée','Expédition SH2409-0015 validée',NULL,NULL,NULL,NULL,NULL,NULL,NULL,NULL,NULL,NULL,NULL,18,'shipping',NULL,NULL,NULL,'default',NULL,NULL,0,0,NULL,NULL),(154,'154',NULL,1,'2024-09-18 12:07:45','2024-09-18 12:07:45',40,'AC_ORDER_VALIDATE','2024-09-18 12:07:45','2024-09-18 10:07:45',1,NULL,9,1,NULL,0,1,NULL,0,0,0,-1,'',NULL,'Commande CO2409-0020 validée','Commande CO2409-0020 validée',NULL,NULL,NULL,NULL,NULL,NULL,NULL,NULL,NULL,NULL,NULL,24,'order',NULL,NULL,NULL,'default',NULL,NULL,0,0,NULL,NULL),(155,'155',NULL,1,'2024-09-18 12:09:15','2024-09-18 12:09:15',40,'AC_SHIPPING_VALIDATE','2024-09-18 12:09:15','2024-09-18 10:09:15',1,NULL,9,1,NULL,0,1,NULL,0,0,0,-1,'',NULL,'Expédition SH2409-0016 validée','Expédition SH2409-0016 validée',NULL,NULL,NULL,NULL,NULL,NULL,NULL,NULL,NULL,NULL,NULL,19,'shipping',NULL,NULL,NULL,'default',NULL,NULL,0,0,NULL,NULL),(156,'156',NULL,1,'2024-09-18 12:09:51','2024-09-18 12:09:51',40,'AC_BILL_VALIDATE','2024-09-18 12:09:51','2024-09-18 10:09:51',1,NULL,9,1,NULL,0,1,NULL,0,0,0,-1,'',NULL,'Facture FA2409-0059 validée','Facture FA2409-0059 validée',NULL,NULL,NULL,NULL,NULL,NULL,NULL,NULL,NULL,NULL,NULL,70,'invoice',NULL,NULL,NULL,'default',NULL,NULL,0,0,NULL,NULL),(157,'157',NULL,1,'2024-09-18 12:09:51','2024-09-18 12:09:51',40,'AC_BILL_MODIFY','2024-09-18 12:09:51','2024-09-18 10:09:51',1,NULL,9,1,NULL,0,1,NULL,0,0,0,-1,'',NULL,'Enregistrement FA2409-0059 modifié','Enregistrement FA2409-0059 modifié',NULL,NULL,NULL,NULL,NULL,NULL,NULL,NULL,NULL,NULL,NULL,70,'invoice',NULL,NULL,NULL,'default',NULL,NULL,0,0,NULL,NULL),(158,'158',NULL,1,'2024-09-18 12:25:17','2024-09-18 12:25:17',40,'AC_ORDER_VALIDATE','2024-09-18 12:25:17','2024-09-18 10:25:17',1,NULL,NULL,1,NULL,0,1,NULL,0,0,0,-1,'',NULL,'Commande CO2409-0021 validée','Commande CO2409-0021 validée',NULL,NULL,NULL,NULL,NULL,NULL,NULL,NULL,NULL,NULL,NULL,25,'order',NULL,NULL,NULL,'default',NULL,NULL,0,0,NULL,NULL),(159,'159',NULL,1,'2024-09-18 18:32:30','2024-09-18 18:32:30',40,'AC_ORDER_VALIDATE','2024-09-18 18:32:30','2024-09-18 16:32:30',1,NULL,12,1,NULL,0,1,NULL,0,0,0,-1,'',NULL,'Commande CO2409-0022 validée','Commande CO2409-0022 validée',NULL,NULL,NULL,NULL,NULL,NULL,NULL,NULL,NULL,NULL,NULL,26,'order',NULL,NULL,NULL,'default',NULL,NULL,0,0,NULL,NULL),(160,'160',NULL,1,'2024-09-18 18:40:22','2024-09-18 18:40:22',40,'AC_ORDER_VALIDATE','2024-09-18 18:40:22','2024-09-18 16:40:22',1,NULL,NULL,7,NULL,0,1,NULL,0,0,0,-1,'',NULL,'Commande CO2409-0023 validée','Commande CO2409-0023 validée',NULL,NULL,NULL,NULL,NULL,NULL,NULL,NULL,NULL,NULL,NULL,27,'order',NULL,NULL,NULL,'default',NULL,NULL,0,0,NULL,NULL),(161,'161',NULL,1,'2024-09-18 18:44:16','2024-09-18 18:44:16',40,'AC_SHIPPING_VALIDATE','2024-09-18 18:44:16','2024-09-18 16:44:16',1,NULL,NULL,7,NULL,0,1,NULL,0,0,0,-1,'',NULL,'Expédition SH2409-0017 validée','Expédition SH2409-0017 validée',NULL,NULL,NULL,NULL,NULL,NULL,NULL,NULL,NULL,NULL,NULL,20,'shipping',NULL,NULL,NULL,'default',NULL,NULL,0,0,NULL,NULL),(162,'162',NULL,1,'2024-09-18 18:49:34','2024-09-18 18:49:34',40,'AC_ORDER_VALIDATE','2024-09-18 18:49:34','2024-09-18 16:49:34',1,NULL,NULL,10,NULL,0,1,NULL,0,0,0,-1,'',NULL,'Commande CO2409-0024 validée','Commande CO2409-0024 validée',NULL,NULL,NULL,NULL,NULL,NULL,NULL,NULL,NULL,NULL,NULL,28,'order',NULL,NULL,NULL,'default',NULL,NULL,0,0,NULL,NULL),(163,'163',NULL,1,'2024-09-18 18:52:35','2024-09-18 18:52:35',40,'AC_ORDER_VALIDATE','2024-09-18 18:52:35','2024-09-18 16:52:35',1,NULL,NULL,9,NULL,0,1,NULL,0,0,0,-1,'',NULL,'Commande CO2409-0025 validée','Commande CO2409-0025 validée',NULL,NULL,NULL,NULL,NULL,NULL,NULL,NULL,NULL,NULL,NULL,29,'order',NULL,NULL,NULL,'default',NULL,NULL,0,0,NULL,NULL),(164,'164',NULL,1,'2024-09-18 18:54:13','2024-09-18 18:54:13',40,'AC_ORDER_VALIDATE','2024-09-18 18:54:13','2024-09-18 16:54:13',1,NULL,NULL,13,NULL,0,1,NULL,0,0,0,-1,'',NULL,'Commande CO2409-0026 validée','Commande CO2409-0026 validée',NULL,NULL,NULL,NULL,NULL,NULL,NULL,NULL,NULL,NULL,NULL,30,'order',NULL,NULL,NULL,'default',NULL,NULL,0,0,NULL,NULL),(165,'165',NULL,1,'2024-09-18 18:56:41','2024-09-18 18:56:41',40,'AC_ORDER_VALIDATE','2024-09-18 18:56:41','2024-09-18 16:56:41',1,NULL,NULL,4,NULL,0,1,NULL,0,0,0,-1,'',NULL,'Commande CO2409-0027 validée','Commande CO2409-0027 validée',NULL,NULL,NULL,NULL,NULL,NULL,NULL,NULL,NULL,NULL,NULL,31,'order',NULL,NULL,NULL,'default',NULL,NULL,0,0,NULL,NULL),(166,'166',NULL,1,'2024-09-23 16:19:09','2024-09-23 16:19:09',40,'AC_PRODUCT_MODIFY','2024-09-23 16:19:09','2024-09-23 14:19:09',1,NULL,NULL,NULL,NULL,0,1,NULL,0,0,0,-1,'',NULL,'Produit cadre modifié','Produit cadre modifié',NULL,NULL,NULL,NULL,NULL,NULL,NULL,NULL,NULL,NULL,NULL,30,'product',NULL,NULL,NULL,'default',NULL,NULL,0,0,NULL,NULL),(167,'167',NULL,1,'2024-09-23 16:21:30','2024-09-23 16:21:30',40,'AC_ORDER_VALIDATE','2024-09-23 16:21:30','2024-09-23 14:21:30',1,NULL,NULL,9,NULL,0,1,NULL,0,0,0,-1,'',NULL,'Commande CO2409-0028 validée','Commande CO2409-0028 validée',NULL,NULL,NULL,NULL,NULL,NULL,NULL,NULL,NULL,NULL,NULL,32,'order',NULL,NULL,NULL,'default',NULL,NULL,0,0,NULL,NULL),(168,'168',NULL,1,'2024-09-23 16:23:16','2024-09-23 16:23:16',40,'AC_PROJECT_CREATE','2024-09-23 16:23:16','2024-09-23 14:23:16',1,NULL,18,NULL,NULL,0,1,NULL,0,0,0,-1,'',NULL,'Chantier PJ2409-0018 créé','Chantier PJ2409-0018 créé\nChantier: PJ2409-0018',NULL,NULL,NULL,NULL,NULL,NULL,NULL,NULL,NULL,NULL,NULL,NULL,NULL,NULL,NULL,NULL,'default',NULL,NULL,0,0,NULL,NULL),(169,'169',NULL,1,'2024-09-23 16:24:45','2024-09-23 16:24:45',40,'AC_PROJECT_CREATE','2024-09-23 16:24:45','2024-09-23 14:24:45',1,NULL,19,NULL,NULL,0,1,NULL,0,0,0,-1,'',NULL,'Chantier PJ2409-0019 créé','Chantier PJ2409-0019 créé\nChantier: PJ2409-0019',NULL,NULL,NULL,NULL,NULL,NULL,NULL,NULL,NULL,NULL,NULL,NULL,NULL,NULL,NULL,NULL,'default',NULL,NULL,0,0,NULL,NULL),(170,'170',NULL,1,'2024-09-23 16:29:48','2024-09-23 16:29:48',40,'AC_ORDER_CLOSE','2024-09-23 16:29:48','2024-09-23 14:29:48',1,NULL,NULL,9,NULL,0,1,NULL,0,0,0,-1,'',NULL,'Commande CO2409-0025 classée Livrée','Commande CO2409-0025 classée Livrée',NULL,NULL,NULL,NULL,NULL,NULL,NULL,NULL,NULL,NULL,NULL,29,'order',NULL,NULL,NULL,'default',NULL,NULL,0,0,NULL,NULL),(171,'171',NULL,1,'2024-09-23 16:29:48','2024-09-23 16:29:48',40,'AC_SHIPPING_VALIDATE','2024-09-23 16:29:48','2024-09-23 14:29:48',1,NULL,NULL,9,NULL,0,1,NULL,0,0,0,-1,'',NULL,'Expédition SH2409-0018 validée','Expédition SH2409-0018 validée',NULL,NULL,NULL,NULL,NULL,NULL,NULL,NULL,NULL,NULL,NULL,21,'shipping',NULL,NULL,NULL,'default',NULL,NULL,0,0,NULL,NULL),(172,'172',NULL,1,'2024-09-23 16:32:57','2024-09-23 16:32:57',40,'AC_ORDER_VALIDATE','2024-09-23 16:32:57','2024-09-23 14:32:57',1,NULL,NULL,2,NULL,0,1,NULL,0,0,0,-1,'',NULL,'Commande CO2409-0029 validée','Commande CO2409-0029 validée',NULL,NULL,NULL,NULL,NULL,NULL,NULL,NULL,NULL,NULL,NULL,33,'order',NULL,NULL,NULL,'default',NULL,NULL,0,0,NULL,NULL),(173,'173',NULL,1,'2024-09-23 16:40:09','2024-09-23 16:40:09',40,'AC_PROJECT_CREATE','2024-09-23 16:40:09','2024-09-23 14:40:09',1,NULL,20,NULL,NULL,0,1,NULL,0,0,0,-1,'',NULL,'Chantier PJ2409-0020 créé','Chantier PJ2409-0020 créé\nChantier: PJ2409-0020',NULL,NULL,NULL,NULL,NULL,NULL,NULL,NULL,NULL,NULL,NULL,NULL,NULL,NULL,NULL,NULL,'default',NULL,NULL,0,0,NULL,NULL),(174,'174',NULL,1,'2024-09-23 18:25:01','2024-09-23 18:25:01',40,'AC_PROJECT_CREATE','2024-09-23 18:25:01','2024-09-23 16:25:01',1,NULL,21,NULL,NULL,0,1,NULL,0,0,0,-1,'',NULL,'Chantier PJ2409-0021 créé','Chantier PJ2409-0021 créé\nChantier: PJ2409-0021',NULL,NULL,NULL,NULL,NULL,NULL,NULL,NULL,NULL,NULL,NULL,NULL,NULL,NULL,NULL,NULL,'default',NULL,NULL,0,0,NULL,NULL),(175,'175',NULL,1,'2024-09-23 18:25:38','2024-09-23 18:25:38',40,'AC_PROJECT_CREATE','2024-09-23 18:25:38','2024-09-23 16:25:38',1,NULL,22,NULL,NULL,0,1,NULL,0,0,0,-1,'',NULL,'Chantier PJ2409-0022 créé','Chantier PJ2409-0022 créé\nChantier: PJ2409-0022',NULL,NULL,NULL,NULL,NULL,NULL,NULL,NULL,NULL,NULL,NULL,NULL,NULL,NULL,NULL,NULL,'default',NULL,NULL,0,0,NULL,NULL),(176,'176',NULL,1,'2024-09-23 18:33:34','2024-09-23 18:33:34',40,'AC_PROJECT_VALIDATE','2024-09-23 18:33:34','2024-09-23 16:33:34',1,NULL,22,NULL,NULL,0,1,NULL,0,0,0,-1,'',NULL,'Chantier PJ2409-0022 validé','Chantier PJ2409-0022 validé \nChantier: PJ2409-0022',NULL,NULL,NULL,NULL,NULL,NULL,NULL,NULL,NULL,NULL,NULL,NULL,NULL,NULL,NULL,NULL,'default',NULL,NULL,0,0,NULL,NULL),(177,'177',NULL,1,'2024-09-23 18:39:33','2024-09-23 18:39:33',40,'AC_ORDER_VALIDATE','2024-09-23 18:39:33','2024-09-23 16:39:33',1,NULL,NULL,14,NULL,0,1,NULL,0,0,0,-1,'',NULL,'Commande CO2409-0030 validée','Commande CO2409-0030 validée',NULL,NULL,NULL,NULL,NULL,NULL,NULL,NULL,NULL,NULL,NULL,34,'order',NULL,NULL,NULL,'default',NULL,NULL,0,0,NULL,NULL),(178,'178',NULL,1,'2024-09-23 18:56:46','2024-09-23 18:56:46',40,'AC_ORDER_VALIDATE','2024-09-23 18:56:46','2024-09-23 16:56:46',1,NULL,NULL,4,NULL,0,1,NULL,0,0,0,-1,'',NULL,'Commande CO2409-0031 validée','Commande CO2409-0031 validée',NULL,NULL,NULL,NULL,NULL,NULL,NULL,NULL,NULL,NULL,NULL,35,'order',NULL,NULL,NULL,'default',NULL,NULL,0,0,NULL,NULL),(179,'179',NULL,1,'2024-09-23 18:57:57','2024-09-23 18:57:57',40,'AC_PROJECT_CREATE','2024-09-23 18:57:57','2024-09-23 16:57:57',1,NULL,23,NULL,NULL,0,1,NULL,0,0,0,-1,'',NULL,'Chantier PJ2409-0023 créé','Chantier PJ2409-0023 créé\nChantier: PJ2409-0023',NULL,NULL,NULL,NULL,NULL,NULL,NULL,NULL,NULL,NULL,NULL,NULL,NULL,NULL,NULL,NULL,'default',NULL,NULL,0,0,NULL,NULL),(180,'180',NULL,1,'2024-09-23 19:00:34','2024-09-23 19:00:34',40,'AC_MRP_MO_VALIDATE','2024-09-23 19:00:34','2024-09-23 17:00:34',1,NULL,NULL,NULL,NULL,0,1,NULL,0,0,0,-1,'',NULL,'OF validé','OF validé',NULL,NULL,NULL,NULL,NULL,NULL,NULL,NULL,NULL,NULL,NULL,3,'mo',NULL,NULL,NULL,'default',NULL,NULL,0,0,NULL,NULL),(181,'181',NULL,1,'2024-09-23 19:00:55','2024-09-23 19:00:55',40,'AC_MRP_MO_PRODUCED','2024-09-23 19:00:55','2024-09-23 17:00:55',1,NULL,NULL,NULL,NULL,0,1,NULL,0,0,0,-1,'',NULL,'OF réalisé','OF réalisé',NULL,NULL,NULL,NULL,NULL,NULL,NULL,NULL,NULL,NULL,NULL,3,'mo',NULL,NULL,NULL,'default',NULL,NULL,0,0,NULL,NULL),(182,'182',NULL,1,'2024-09-23 19:13:18','2024-09-23 19:13:18',40,'AC_PRODUCT_CREATE','2024-09-23 19:13:18','2024-09-23 17:13:18',1,NULL,NULL,NULL,NULL,0,1,NULL,0,0,0,-1,'',NULL,'Produit produit créé','Produit produit créé',NULL,NULL,NULL,NULL,NULL,NULL,NULL,NULL,NULL,NULL,NULL,70,'product',NULL,NULL,NULL,'default',NULL,NULL,0,0,NULL,NULL),(183,'183',NULL,1,'2024-09-23 19:14:22','2024-09-23 19:14:22',40,'AC_ORDER_VALIDATE','2024-09-23 19:14:22','2024-09-23 17:14:22',1,NULL,NULL,3,NULL,0,1,NULL,0,0,0,-1,'',NULL,'Commande CO2409-0032 validée','Commande CO2409-0032 validée',NULL,NULL,NULL,NULL,NULL,NULL,NULL,NULL,NULL,NULL,NULL,36,'order',NULL,NULL,NULL,'default',NULL,NULL,0,0,NULL,NULL),(184,'184',NULL,1,'2024-09-23 19:14:22','2024-09-23 19:14:22',40,'AC_PROJECT_CREATE','2024-09-23 19:14:22','2024-09-23 17:14:22',1,NULL,24,NULL,NULL,0,1,NULL,0,0,0,-1,'',NULL,'Chantier PJ2409-0024 créé','Chantier PJ2409-0024 créé\nChantier: PJ2409-0024',NULL,NULL,NULL,NULL,NULL,NULL,NULL,NULL,NULL,NULL,NULL,NULL,NULL,NULL,NULL,NULL,'default',NULL,NULL,0,0,NULL,NULL),(185,'185',NULL,1,'2024-09-23 19:15:33','2024-09-23 19:15:33',40,'AC_ORDER_CLOSE','2024-09-23 19:15:33','2024-09-23 17:15:33',1,NULL,24,3,NULL,0,1,NULL,0,0,0,-1,'',NULL,'Commande CO2409-0032 classée Livrée','Commande CO2409-0032 classée Livrée',NULL,NULL,NULL,NULL,NULL,NULL,NULL,NULL,NULL,NULL,NULL,36,'order',NULL,NULL,NULL,'default',NULL,NULL,0,0,NULL,NULL),(186,'186',NULL,1,'2024-09-23 19:15:33','2024-09-23 19:15:33',40,'AC_SHIPPING_VALIDATE','2024-09-23 19:15:33','2024-09-23 17:15:33',1,NULL,24,3,NULL,0,1,NULL,0,0,0,-1,'',NULL,'Expédition SH2409-0019 validée','Expédition SH2409-0019 validée',NULL,NULL,NULL,NULL,NULL,NULL,NULL,NULL,NULL,NULL,NULL,22,'shipping',NULL,NULL,NULL,'default',NULL,NULL,0,0,NULL,NULL),(187,'187',NULL,1,'2024-11-12 09:32:44','2024-11-12 09:32:44',40,'AC_ORDER_SUPPLIER_SUBMIT','2024-11-12 09:32:44','2024-11-12 08:32:44',1,NULL,NULL,1,NULL,0,1,NULL,0,0,0,-1,'',NULL,'Commande fournisseur PO2011-0003 soumise (Email)','Commande fournisseur PO2011-0003 soumise ()',NULL,NULL,NULL,NULL,NULL,NULL,NULL,NULL,NULL,NULL,NULL,4,'order_supplier',NULL,NULL,NULL,'default',NULL,NULL,0,0,NULL,NULL),(188,'188',NULL,1,'2024-11-12 09:33:58','2024-11-12 09:33:58',40,'AC_ORDER_SUPPLIER_VALIDATE','2024-11-12 09:33:59','2024-11-12 08:33:59',1,NULL,NULL,1,NULL,0,1,NULL,0,0,0,-1,'',NULL,'Commande PO2411-0010 validée','Commande PO2411-0010 validée',NULL,NULL,NULL,NULL,NULL,NULL,NULL,NULL,NULL,NULL,NULL,13,'order_supplier',NULL,NULL,NULL,'default',NULL,NULL,0,0,NULL,NULL),(189,'189',NULL,1,'2024-11-12 09:33:59','2024-11-12 09:33:59',40,'AC_ORDER_SUPPLIER_APPROVE','2024-11-12 09:33:59','2024-11-12 08:33:59',1,NULL,NULL,1,NULL,0,1,NULL,0,0,0,-1,'',NULL,'Commande PO2411-0010 approuvée','Commande PO2411-0010 approuvée',NULL,NULL,NULL,NULL,NULL,NULL,NULL,NULL,NULL,NULL,NULL,13,'order_supplier',NULL,NULL,NULL,'default',NULL,NULL,0,0,NULL,NULL),(190,'190',NULL,1,'2024-11-12 09:34:10','2024-11-12 09:34:10',40,'AC_ORDER_SUPPLIER_SUBMIT','2024-11-12 09:34:10','2024-11-12 08:34:10',1,NULL,NULL,1,NULL,0,1,NULL,0,0,0,-1,'',NULL,'Commande fournisseur PO2411-0010 soumise (Email)','Commande fournisseur PO2411-0010 soumise ()',NULL,NULL,NULL,NULL,NULL,NULL,NULL,NULL,NULL,NULL,NULL,13,'order_supplier',NULL,NULL,NULL,'default',NULL,NULL,0,0,NULL,NULL),(191,'191',NULL,1,'2024-11-29 14:03:44','2024-11-29 14:03:44',40,'AC_USER_MODIFY','2024-11-29 14:03:44','2024-11-29 13:03:44',2,NULL,NULL,NULL,NULL,0,2,NULL,0,0,0,-1,'',NULL,'Enregistrement 2 modifié','Enregistrement 2 modifié',NULL,NULL,NULL,NULL,NULL,NULL,NULL,NULL,NULL,NULL,NULL,2,'user',NULL,NULL,NULL,'default',NULL,NULL,0,0,NULL,NULL),(192,'192',NULL,1,'2024-11-29 14:08:31','2024-11-29 14:08:31',40,'AC_USER_NEW_PASSWORD','2024-11-29 14:08:31','2024-11-29 13:08:31',2,NULL,NULL,NULL,NULL,0,2,NULL,0,0,0,-1,'',NULL,'Mot de passe modifié dans Dolibarr','Mot de passe modifié dans Dolibarr',NULL,NULL,NULL,NULL,NULL,NULL,NULL,NULL,NULL,NULL,NULL,2,'user',NULL,NULL,NULL,'default',NULL,NULL,0,0,NULL,NULL),(193,'193',NULL,1,'2024-11-29 14:08:31','2024-11-29 14:08:31',40,'AC_USER_MODIFY','2024-11-29 14:08:31','2024-11-29 13:08:31',2,NULL,NULL,NULL,NULL,0,2,NULL,0,0,0,-1,'',NULL,'Enregistrement 2 modifié','Enregistrement 2 modifié',NULL,NULL,NULL,NULL,NULL,NULL,NULL,NULL,NULL,NULL,NULL,2,'user',NULL,NULL,NULL,'default',NULL,NULL,0,0,NULL,NULL),(194,'194',NULL,1,'2024-11-29 14:19:40','2024-11-29 14:19:40',40,'AC_BILL_VALIDATE','2024-11-29 14:19:40','2024-11-29 13:19:40',2,NULL,NULL,10,NULL,0,2,NULL,0,0,0,-1,'',NULL,'Facture FA2411-0060 validée','Facture FA2411-0060 validée',NULL,NULL,NULL,NULL,NULL,NULL,NULL,NULL,NULL,NULL,NULL,71,'invoice',NULL,NULL,NULL,'default',NULL,NULL,0,0,NULL,NULL),(195,'195',NULL,1,'2024-11-29 14:19:40','2024-11-29 14:19:40',40,'AC_BILL_MODIFY','2024-11-29 14:19:40','2024-11-29 13:19:40',2,NULL,NULL,10,NULL,0,2,NULL,0,0,0,-1,'',NULL,'Enregistrement FA2411-0060 modifié','Enregistrement FA2411-0060 modifié',NULL,NULL,NULL,NULL,NULL,NULL,NULL,NULL,NULL,NULL,NULL,71,'invoice',NULL,NULL,NULL,'default',NULL,NULL,0,0,NULL,NULL),(196,'196',NULL,1,'2024-11-29 14:20:57','2024-11-29 14:20:57',40,'AC_BILL_UNVALIDATE','2024-11-29 14:20:57','2024-11-29 13:20:57',2,NULL,NULL,10,NULL,0,2,NULL,0,0,0,-1,'',NULL,'Facture FA2411-0060 repassée en brouillon','Facture FA2411-0060 repassée en brouillon',NULL,NULL,NULL,NULL,NULL,NULL,NULL,NULL,NULL,NULL,NULL,71,'invoice',NULL,NULL,NULL,'default',NULL,NULL,0,0,NULL,NULL);

--
-- Table structure for table `t1zhf_actioncomm_cdav`
--

CREATE TABLE `t1zhf_actioncomm_cdav` (
  `fk_object` int NOT NULL,
  `uuidext` varchar(255) COLLATE utf8mb3_unicode_ci NOT NULL,
  `sourceuid` varchar(255) COLLATE utf8mb3_unicode_ci NOT NULL,
  PRIMARY KEY (`fk_object`),
  KEY `uuidext` (`uuidext`)
) ENGINE=InnoDB DEFAULT CHARSET=utf8mb3 COLLATE=utf8mb3_unicode_ci COMMENT='Storage of external UUID created by externals applications';

--
-- Dumping data for table `t1zhf_actioncomm_cdav`
--


--
-- Table structure for table `t1zhf_actioncomm_extrafields`
--

CREATE TABLE `t1zhf_actioncomm_extrafields` (
  `rowid` int NOT NULL AUTO_INCREMENT,
  `tms` timestamp NOT NULL DEFAULT CURRENT_TIMESTAMP ON UPDATE CURRENT_TIMESTAMP,
  `fk_object` int NOT NULL,
  `import_key` varchar(14) COLLATE utf8mb3_unicode_ci DEFAULT NULL,
  PRIMARY KEY (`rowid`),
  UNIQUE KEY `uk_actioncomm_extrafields` (`fk_object`)
) ENGINE=InnoDB DEFAULT CHARSET=utf8mb3 COLLATE=utf8mb3_unicode_ci;

--
-- Dumping data for table `t1zhf_actioncomm_extrafields`
--


--
-- Table structure for table `t1zhf_actioncomm_reminder`
--

CREATE TABLE `t1zhf_actioncomm_reminder` (
  `rowid` int NOT NULL AUTO_INCREMENT,
  `dateremind` datetime NOT NULL,
  `typeremind` varchar(32) COLLATE utf8mb3_unicode_ci NOT NULL,
  `fk_user` int NOT NULL,
  `offsetvalue` int NOT NULL,
  `offsetunit` varchar(1) COLLATE utf8mb3_unicode_ci NOT NULL,
  `status` int NOT NULL DEFAULT '0',
  `entity` int NOT NULL DEFAULT '1',
  `fk_actioncomm` int NOT NULL,
  `fk_email_template` int DEFAULT NULL,
  `lasterror` varchar(128) COLLATE utf8mb3_unicode_ci DEFAULT NULL,
  PRIMARY KEY (`rowid`),
  UNIQUE KEY `uk_actioncomm_reminder_unique` (`fk_user`,`typeremind`,`offsetvalue`,`offsetunit`,`fk_actioncomm`),
  KEY `idx_actioncomm_reminder_rowid` (`rowid`),
  KEY `idx_actioncomm_reminder_dateremind` (`dateremind`),
  KEY `idx_actioncomm_reminder_fk_user` (`fk_user`),
  KEY `idx_actioncomm_reminder_status` (`status`)
) ENGINE=InnoDB DEFAULT CHARSET=utf8mb3 COLLATE=utf8mb3_unicode_ci;

--
-- Dumping data for table `t1zhf_actioncomm_reminder`
--


--
-- Table structure for table `t1zhf_actioncomm_resources`
--

CREATE TABLE `t1zhf_actioncomm_resources` (
  `rowid` int NOT NULL AUTO_INCREMENT,
  `fk_actioncomm` int NOT NULL,
  `element_type` varchar(50) COLLATE utf8mb3_unicode_ci NOT NULL,
  `fk_element` int NOT NULL,
  `answer_status` varchar(50) COLLATE utf8mb3_unicode_ci DEFAULT NULL,
  `mandatory` smallint DEFAULT NULL,
  `transparency` smallint DEFAULT '1',
  PRIMARY KEY (`rowid`),
  UNIQUE KEY `uk_actioncomm_resources` (`fk_actioncomm`,`element_type`,`fk_element`),
  KEY `idx_actioncomm_resources_fk_element` (`fk_element`)
) ENGINE=InnoDB AUTO_INCREMENT=230 DEFAULT CHARSET=utf8mb3 COLLATE=utf8mb3_unicode_ci;

--
-- Dumping data for table `t1zhf_actioncomm_resources`
--

INSERT INTO `t1zhf_actioncomm_resources` VALUES (125,97,'user',4,'0',0,0),(126,97,'user',3,'0',0,0),(127,97,'user',2,'0',0,0),(128,98,'user',8,'0',0,1),(129,99,'user',8,'0',0,1),(130,99,'socpeople',1,'0',0,0),(131,100,'user',8,'0',0,1),(132,100,'socpeople',3,'0',0,0),(134,101,'user',8,'0',0,1),(135,102,'user',8,'0',0,1),(136,103,'user',1,'0',0,0),(137,104,'user',1,'0',0,0),(138,105,'user',1,'0',0,0),(139,106,'user',1,'0',0,0),(140,107,'user',1,'0',0,0),(141,108,'user',1,'0',0,0),(142,109,'user',1,'0',0,0),(143,110,'user',1,'0',0,0),(144,111,'user',1,'0',0,0),(145,112,'user',1,'0',0,0),(146,113,'user',1,'0',0,0),(147,114,'user',1,'0',0,0),(148,115,'user',1,'0',0,0),(149,116,'user',1,'0',0,0),(150,117,'user',1,'0',0,0),(151,118,'user',1,'0',0,0),(152,119,'user',1,'0',0,0),(153,120,'user',1,'0',0,0),(154,121,'user',1,'0',0,0),(155,122,'user',1,'0',0,0),(156,123,'user',1,'0',0,0),(157,124,'user',1,'0',0,0),(158,125,'user',1,'0',0,0),(159,126,'user',1,'0',0,0),(160,127,'user',1,'0',0,0),(161,128,'user',1,'0',0,0),(162,129,'user',1,'0',0,0),(163,130,'user',1,'0',0,0),(164,131,'user',1,'0',0,0),(165,132,'user',1,'0',0,0),(166,133,'user',1,'0',0,0),(167,134,'user',1,'0',0,0),(168,135,'user',1,'0',0,0),(169,136,'user',1,'0',0,0),(170,137,'user',1,'0',0,0),(171,138,'user',1,'0',0,0),(172,139,'user',1,'0',0,0),(173,140,'user',1,'0',0,0),(174,141,'user',1,'0',0,0),(175,142,'user',1,'0',0,0),(176,143,'user',1,'0',0,0),(177,144,'user',1,'0',0,0),(178,145,'user',1,'0',0,0),(179,146,'user',1,'0',0,0),(180,147,'user',1,'0',0,0),(181,148,'user',1,'0',0,0),(182,149,'user',1,'0',0,0),(183,150,'user',1,'0',0,0),(184,151,'user',1,'0',0,0),(185,152,'user',1,'0',0,0),(186,153,'user',1,'0',0,0),(187,154,'user',1,'0',0,0),(188,155,'user',1,'0',0,0),(189,156,'user',1,'0',0,0),(190,157,'user',1,'0',0,0),(191,158,'user',1,'0',0,0),(192,159,'user',1,'0',0,0),(193,160,'user',1,'0',0,0),(194,161,'user',1,'0',0,0),(195,162,'user',1,'0',0,0),(196,163,'user',1,'0',0,0),(197,164,'user',1,'0',0,0),(198,165,'user',1,'0',0,0),(199,166,'user',1,'0',0,0),(200,167,'user',1,'0',0,0),(201,168,'user',1,'0',0,0),(202,169,'user',1,'0',0,0),(203,170,'user',1,'0',0,0),(204,171,'user',1,'0',0,0),(205,172,'user',1,'0',0,0),(206,173,'user',1,'0',0,0),(207,174,'user',1,'0',0,0),(208,175,'user',1,'0',0,0),(209,176,'user',1,'0',0,0),(210,177,'user',1,'0',0,0),(211,178,'user',1,'0',0,0),(212,179,'user',1,'0',0,0),(213,180,'user',1,'0',0,0),(214,181,'user',1,'0',0,0),(215,182,'user',1,'0',0,0),(216,183,'user',1,'0',0,0),(217,184,'user',1,'0',0,0),(218,185,'user',1,'0',0,0),(219,186,'user',1,'0',0,0),(220,187,'user',1,'0',0,0),(221,188,'user',1,'0',0,0),(222,189,'user',1,'0',0,0),(223,190,'user',1,'0',0,0),(224,191,'user',2,'0',0,0),(225,192,'user',2,'0',0,0),(226,193,'user',2,'0',0,0),(227,194,'user',2,'0',0,0),(228,195,'user',2,'0',0,0),(229,196,'user',2,'0',0,0);

--
-- Table structure for table `t1zhf_adherent`
--

CREATE TABLE `t1zhf_adherent` (
  `rowid` int NOT NULL AUTO_INCREMENT,
  `ref` varchar(30) COLLATE utf8mb3_unicode_ci NOT NULL,
  `entity` int NOT NULL DEFAULT '1',
  `ref_ext` varchar(128) COLLATE utf8mb3_unicode_ci DEFAULT NULL,
  `civility` varchar(6) COLLATE utf8mb3_unicode_ci DEFAULT NULL,
  `lastname` varchar(50) COLLATE utf8mb3_unicode_ci DEFAULT NULL,
  `firstname` varchar(50) COLLATE utf8mb3_unicode_ci DEFAULT NULL,
  `login` varchar(50) COLLATE utf8mb3_unicode_ci DEFAULT NULL,
  `pass` varchar(50) COLLATE utf8mb3_unicode_ci DEFAULT NULL,
  `pass_crypted` varchar(128) COLLATE utf8mb3_unicode_ci DEFAULT NULL,
  `fk_adherent_type` int NOT NULL,
  `morphy` varchar(3) COLLATE utf8mb3_unicode_ci NOT NULL,
  `societe` varchar(128) COLLATE utf8mb3_unicode_ci DEFAULT NULL,
  `fk_soc` int DEFAULT NULL,
  `address` text COLLATE utf8mb3_unicode_ci,
  `zip` varchar(30) COLLATE utf8mb3_unicode_ci DEFAULT NULL,
  `town` varchar(50) COLLATE utf8mb3_unicode_ci DEFAULT NULL,
  `state_id` int DEFAULT NULL,
  `country` int DEFAULT NULL,
  `email` varchar(255) COLLATE utf8mb3_unicode_ci DEFAULT NULL,
  `url` varchar(255) COLLATE utf8mb3_unicode_ci DEFAULT NULL,
  `socialnetworks` text COLLATE utf8mb3_unicode_ci,
  `phone` varchar(30) COLLATE utf8mb3_unicode_ci DEFAULT NULL,
  `phone_perso` varchar(30) COLLATE utf8mb3_unicode_ci DEFAULT NULL,
  `phone_mobile` varchar(30) COLLATE utf8mb3_unicode_ci DEFAULT NULL,
  `birth` date DEFAULT NULL,
  `photo` varchar(255) COLLATE utf8mb3_unicode_ci DEFAULT NULL,
  `statut` smallint NOT NULL DEFAULT '0',
  `public` smallint NOT NULL DEFAULT '0',
  `datefin` datetime DEFAULT NULL,
  `default_lang` varchar(6) COLLATE utf8mb3_unicode_ci DEFAULT NULL,
  `note_private` text COLLATE utf8mb3_unicode_ci,
  `note_public` text COLLATE utf8mb3_unicode_ci,
  `model_pdf` varchar(255) COLLATE utf8mb3_unicode_ci DEFAULT NULL,
  `datevalid` datetime DEFAULT NULL,
  `datec` datetime DEFAULT NULL,
  `tms` timestamp NOT NULL DEFAULT CURRENT_TIMESTAMP ON UPDATE CURRENT_TIMESTAMP,
  `fk_user_author` int DEFAULT NULL,
  `fk_user_mod` int DEFAULT NULL,
  `fk_user_valid` int DEFAULT NULL,
  `canvas` varchar(32) COLLATE utf8mb3_unicode_ci DEFAULT NULL,
  `import_key` varchar(14) COLLATE utf8mb3_unicode_ci DEFAULT NULL,
  `gender` varchar(10) COLLATE utf8mb3_unicode_ci DEFAULT NULL,
  `ip` varchar(250) COLLATE utf8mb3_unicode_ci DEFAULT NULL,
  PRIMARY KEY (`rowid`),
  UNIQUE KEY `uk_adherent_ref` (`ref`,`entity`),
  UNIQUE KEY `uk_adherent_login` (`login`,`entity`),
  UNIQUE KEY `uk_adherent_fk_soc` (`fk_soc`),
  KEY `idx_adherent_fk_adherent_type` (`fk_adherent_type`),
  CONSTRAINT `adherent_fk_soc` FOREIGN KEY (`fk_soc`) REFERENCES `t1zhf_societe` (`rowid`) ON DELETE RESTRICT ON UPDATE RESTRICT,
  CONSTRAINT `fk_adherent_adherent_type` FOREIGN KEY (`fk_adherent_type`) REFERENCES `t1zhf_adherent_type` (`rowid`) ON DELETE RESTRICT ON UPDATE RESTRICT
) ENGINE=InnoDB DEFAULT CHARSET=utf8mb3 COLLATE=utf8mb3_unicode_ci;

--
-- Dumping data for table `t1zhf_adherent`
--


--
-- Table structure for table `t1zhf_adherent_extrafields`
--

CREATE TABLE `t1zhf_adherent_extrafields` (
  `rowid` int NOT NULL AUTO_INCREMENT,
  `tms` timestamp NOT NULL DEFAULT CURRENT_TIMESTAMP ON UPDATE CURRENT_TIMESTAMP,
  `fk_object` int NOT NULL,
  `import_key` varchar(14) COLLATE utf8mb3_unicode_ci DEFAULT NULL,
  PRIMARY KEY (`rowid`),
  UNIQUE KEY `uk_adherent_extrafields` (`fk_object`)
) ENGINE=InnoDB DEFAULT CHARSET=utf8mb3 COLLATE=utf8mb3_unicode_ci;

--
-- Dumping data for table `t1zhf_adherent_extrafields`
--


--
-- Table structure for table `t1zhf_adherent_type`
--

CREATE TABLE `t1zhf_adherent_type` (
  `rowid` int NOT NULL AUTO_INCREMENT,
  `entity` int NOT NULL DEFAULT '1',
  `tms` timestamp NOT NULL DEFAULT CURRENT_TIMESTAMP ON UPDATE CURRENT_TIMESTAMP,
  `statut` smallint NOT NULL DEFAULT '0',
  `libelle` varchar(50) COLLATE utf8mb3_unicode_ci NOT NULL,
  `subscription` varchar(3) COLLATE utf8mb3_unicode_ci NOT NULL DEFAULT '1',
  `amount` double(24,8) DEFAULT NULL,
  `caneditamount` int DEFAULT '0',
  `vote` varchar(3) COLLATE utf8mb3_unicode_ci NOT NULL DEFAULT '1',
  `note` text COLLATE utf8mb3_unicode_ci,
  `mail_valid` text COLLATE utf8mb3_unicode_ci,
  `morphy` varchar(3) COLLATE utf8mb3_unicode_ci DEFAULT NULL,
  `duration` varchar(6) COLLATE utf8mb3_unicode_ci DEFAULT NULL,
  PRIMARY KEY (`rowid`),
  UNIQUE KEY `uk_adherent_type_libelle` (`libelle`,`entity`)
) ENGINE=InnoDB DEFAULT CHARSET=utf8mb3 COLLATE=utf8mb3_unicode_ci;

--
-- Dumping data for table `t1zhf_adherent_type`
--


--
-- Table structure for table `t1zhf_adherent_type_extrafields`
--

CREATE TABLE `t1zhf_adherent_type_extrafields` (
  `rowid` int NOT NULL AUTO_INCREMENT,
  `tms` timestamp NOT NULL DEFAULT CURRENT_TIMESTAMP ON UPDATE CURRENT_TIMESTAMP,
  `fk_object` int NOT NULL,
  `import_key` varchar(14) COLLATE utf8mb3_unicode_ci DEFAULT NULL,
  PRIMARY KEY (`rowid`),
  UNIQUE KEY `uk_adherent_type_extrafields` (`fk_object`)
) ENGINE=InnoDB DEFAULT CHARSET=utf8mb3 COLLATE=utf8mb3_unicode_ci;

--
-- Dumping data for table `t1zhf_adherent_type_extrafields`
--


--
-- Table structure for table `t1zhf_adherent_type_lang`
--

CREATE TABLE `t1zhf_adherent_type_lang` (
  `rowid` int NOT NULL AUTO_INCREMENT,
  `fk_type` int NOT NULL DEFAULT '0',
  `lang` varchar(5) COLLATE utf8mb3_unicode_ci NOT NULL DEFAULT '0',
  `label` varchar(255) COLLATE utf8mb3_unicode_ci NOT NULL,
  `description` mediumtext COLLATE utf8mb3_unicode_ci,
  `email` mediumtext COLLATE utf8mb3_unicode_ci,
  `import_key` varchar(14) COLLATE utf8mb3_unicode_ci DEFAULT NULL,
  PRIMARY KEY (`rowid`)
) ENGINE=InnoDB DEFAULT CHARSET=utf8mb3 COLLATE=utf8mb3_unicode_ci;

--
-- Dumping data for table `t1zhf_adherent_type_lang`
--


--
-- Table structure for table `t1zhf_asset`
--

CREATE TABLE `t1zhf_asset` (
  `rowid` int NOT NULL AUTO_INCREMENT,
  `ref` varchar(128) COLLATE utf8mb3_unicode_ci NOT NULL,
  `entity` int NOT NULL DEFAULT '1',
  `label` varchar(255) COLLATE utf8mb3_unicode_ci DEFAULT NULL,
  `fk_asset_model` int DEFAULT NULL,
  `reversal_amount_ht` double(24,8) DEFAULT NULL,
  `acquisition_value_ht` double(24,8) NOT NULL,
  `recovered_vat` double(24,8) DEFAULT NULL,
  `reversal_date` date DEFAULT NULL,
  `date_acquisition` date NOT NULL,
  `date_start` date NOT NULL,
  `qty` double NOT NULL DEFAULT '1',
  `acquisition_type` smallint NOT NULL DEFAULT '0',
  `asset_type` smallint NOT NULL DEFAULT '0',
  `not_depreciated` int DEFAULT '0',
  `disposal_date` date DEFAULT NULL,
  `disposal_amount_ht` double(24,8) DEFAULT NULL,
  `fk_disposal_type` int DEFAULT NULL,
  `disposal_depreciated` int DEFAULT '0',
  `disposal_subject_to_vat` int DEFAULT '0',
  `note_public` text COLLATE utf8mb3_unicode_ci,
  `note_private` text COLLATE utf8mb3_unicode_ci,
  `date_creation` datetime NOT NULL,
  `tms` timestamp NOT NULL DEFAULT CURRENT_TIMESTAMP ON UPDATE CURRENT_TIMESTAMP,
  `fk_user_creat` int NOT NULL,
  `fk_user_modif` int DEFAULT NULL,
  `last_main_doc` varchar(255) COLLATE utf8mb3_unicode_ci DEFAULT NULL,
  `import_key` varchar(14) COLLATE utf8mb3_unicode_ci DEFAULT NULL,
  `model_pdf` varchar(255) COLLATE utf8mb3_unicode_ci DEFAULT NULL,
  `status` int NOT NULL,
  PRIMARY KEY (`rowid`),
  KEY `idx_asset_rowid` (`rowid`),
  KEY `idx_asset_ref` (`ref`),
  KEY `idx_asset_entity` (`entity`),
  KEY `idx_asset_fk_asset_model` (`fk_asset_model`),
  KEY `idx_asset_fk_disposal_type` (`fk_disposal_type`),
  KEY `fk_asset_user_creat` (`fk_user_creat`),
  KEY `fk_asset_user_modif` (`fk_user_modif`),
  CONSTRAINT `fk_asset_asset_model` FOREIGN KEY (`fk_asset_model`) REFERENCES `t1zhf_asset_model` (`rowid`) ON DELETE RESTRICT ON UPDATE RESTRICT,
  CONSTRAINT `fk_asset_disposal_type` FOREIGN KEY (`fk_disposal_type`) REFERENCES `t1zhf_c_asset_disposal_type` (`rowid`) ON DELETE RESTRICT ON UPDATE RESTRICT,
  CONSTRAINT `fk_asset_user_creat` FOREIGN KEY (`fk_user_creat`) REFERENCES `t1zhf_user` (`rowid`) ON DELETE RESTRICT ON UPDATE RESTRICT,
  CONSTRAINT `fk_asset_user_modif` FOREIGN KEY (`fk_user_modif`) REFERENCES `t1zhf_user` (`rowid`) ON DELETE RESTRICT ON UPDATE RESTRICT
) ENGINE=InnoDB DEFAULT CHARSET=utf8mb3 COLLATE=utf8mb3_unicode_ci;

--
-- Dumping data for table `t1zhf_asset`
--


--
-- Table structure for table `t1zhf_assetOf`
--

CREATE TABLE `t1zhf_assetOf` (
  `rowid` int NOT NULL DEFAULT '0',
  `date_cre` datetime DEFAULT NULL,
  `date_maj` datetime DEFAULT NULL,
  `entity` double NOT NULL DEFAULT '0',
  `fk_user` int NOT NULL DEFAULT '0',
  `fk_assetOf_parent` int NOT NULL DEFAULT '0',
  `fk_soc` int NOT NULL DEFAULT '0',
  `fk_commande` int NOT NULL DEFAULT '0',
  `fk_project` int NOT NULL DEFAULT '0',
  `rank` int NOT NULL DEFAULT '0',
  `temps_estime_fabrication` double NOT NULL DEFAULT '0',
  `temps_reel_fabrication` double NOT NULL DEFAULT '0',
  `mo_cost` double NOT NULL DEFAULT '0',
  `mo_estimated_cost` double NOT NULL DEFAULT '0',
  `compo_cost` double NOT NULL DEFAULT '0',
  `compo_estimated_cost` double NOT NULL DEFAULT '0',
  `total_cost` double NOT NULL DEFAULT '0',
  `total_estimated_cost` double NOT NULL DEFAULT '0',
  `ordre` varchar(255) DEFAULT NULL,
  `numero` varchar(255) DEFAULT NULL,
  `status` varchar(255) DEFAULT NULL,
  `date_besoin` datetime DEFAULT NULL,
  `date_lancement` datetime DEFAULT NULL,
  `date_start` datetime DEFAULT NULL,
  `date_end` datetime DEFAULT NULL,
  `note` longtext,
  `modelpdf` varchar(255) DEFAULT NULL,
  PRIMARY KEY (`rowid`),
  KEY `date_cre` (`date_cre`),
  KEY `date_maj` (`date_maj`),
  KEY `fk_user` (`fk_user`),
  KEY `fk_assetOf_parent` (`fk_assetOf_parent`),
  KEY `fk_soc` (`fk_soc`),
  KEY `fk_commande` (`fk_commande`),
  KEY `fk_project` (`fk_project`),
  KEY `rank` (`rank`)
) ENGINE=InnoDB DEFAULT CHARSET=utf8mb3;

--
-- Dumping data for table `t1zhf_assetOf`
--

INSERT INTO `t1zhf_assetOf` VALUES (1,'2024-09-18 12:25:53','2024-09-18 12:27:06',1,0,0,1,25,0,0,0,0,0,0,0,0,0,0,'','OF00001','CLOSE',NULL,'2024-09-18 00:00:00','2024-09-18 12:26:57','2024-09-18 12:27:06','',''),(2,'2024-09-18 12:28:27','2024-09-18 18:50:35',1,0,0,-1,-1,0,0,2.5,0,0,125,18.675,18.675,18.675,143.675,'ASAP','OF00002','CLOSE','2024-09-18 00:00:00','2024-09-18 00:00:00','2024-09-18 12:30:41','2024-09-18 12:30:46','','templateOF.odt'),(3,'2024-09-18 18:41:07','2024-09-18 18:43:01',1,0,0,-1,27,0,0,0,0,0,0,121,121,121,121,'ASAP','OF00003','CLOSE','2024-09-18 00:00:00','2024-09-18 00:00:00','2024-09-18 18:42:57','2024-09-18 18:43:01','',''),(5,'2024-09-23 16:23:16','2024-09-23 16:38:55',1,0,0,9,32,18,0,9,9,450,450,1575,1575,2025,2025,'ASAP','OF00005','CLOSE','2024-09-23 00:00:00','2024-09-23 00:00:00','2024-09-23 16:38:50','2024-09-23 16:38:55','',''),(6,'2024-09-23 16:23:44','2024-09-23 16:38:55',1,0,5,9,32,18,0,0,0,0,0,0,0,0,0,'','OF00006','CLOSE','2024-09-23 00:00:00','2024-09-23 00:00:00','2024-09-23 16:38:50','2024-09-23 16:38:55','',''),(7,'2024-09-23 16:23:44','2024-09-23 16:38:51',1,0,5,9,32,18,0,0,0,0,0,0,0,0,0,'','OF00007','CLOSE','2024-09-23 00:00:00','2024-09-23 00:00:00','2024-09-23 16:38:05','2024-09-23 16:38:11','',''),(8,'2024-09-23 16:40:09','2024-09-23 16:43:14',1,0,0,-1,-1,20,0,0,0,0,0,0,0,0,0,'ASAP','OF00008','CLOSE','2024-09-23 00:00:00','2024-09-23 00:00:00','2024-09-23 16:42:57','2024-09-23 16:43:14','',''),(9,'2024-09-23 16:40:24','2024-09-23 16:43:14',1,0,8,-1,-1,20,0,0,0,0,0,0,0,0,0,'','OF00010','CLOSE','2024-09-23 00:00:00','2024-09-23 00:00:00','2024-09-23 16:42:55','2024-09-23 16:43:12','',''),(10,'2024-09-23 16:40:25','2024-09-23 16:43:15',1,0,9,-1,-1,20,0,0,0,0,0,0,0,0,0,'','OF00009','CLOSE','2024-09-23 00:00:00','2024-09-23 00:00:00','2024-09-23 16:42:54','2024-09-23 16:43:12','',''),(11,'2024-09-23 18:25:37','2024-09-23 18:38:17',1,0,0,-1,-1,22,0,2,0,0,100,12.45,12.45,12.45,112.45,'ASAP','OF00011','CLOSE','2024-09-23 00:00:00','2024-09-23 00:00:00','2024-09-23 18:38:12','2024-09-23 18:38:17','',''),(12,'2024-09-23 18:57:57','2024-09-23 18:57:57',1,0,0,-1,35,23,0,0,0,0,0,0,0,0,0,'ASAP','OF00012','DRAFT','2024-09-23 00:00:00',NULL,NULL,NULL,'',''),(13,'2024-09-23 19:14:22','2024-09-23 19:15:03',1,0,0,3,36,24,0,0,0,0,0,0,0,0,0,'','OF00013','CLOSE',NULL,'2024-09-23 00:00:00','2024-09-23 19:14:59','2024-09-23 19:15:03','','');

--
-- Table structure for table `t1zhf_assetOf_line`
--

CREATE TABLE `t1zhf_assetOf_line` (
  `rowid` int NOT NULL DEFAULT '0',
  `date_cre` datetime DEFAULT NULL,
  `date_maj` datetime DEFAULT NULL,
  `entity` int NOT NULL DEFAULT '0',
  `fk_assetOf` int NOT NULL DEFAULT '0',
  `fk_product` int NOT NULL DEFAULT '0',
  `fk_product_fournisseur_price` int NOT NULL DEFAULT '0',
  `fk_entrepot` int NOT NULL DEFAULT '0',
  `fk_nomenclature` int NOT NULL DEFAULT '0',
  `nomenclature_valide` int NOT NULL DEFAULT '0',
  `fk_commandedet` int NOT NULL DEFAULT '0',
  `qty_needed` double NOT NULL DEFAULT '0',
  `qty` double NOT NULL DEFAULT '0',
  `qty_used` double NOT NULL DEFAULT '0',
  `qty_stock` double NOT NULL DEFAULT '0',
  `conditionnement` double NOT NULL DEFAULT '0',
  `conditionnement_unit` double NOT NULL DEFAULT '0',
  `pmp` double NOT NULL DEFAULT '0',
  `qty_non_compliant` double NOT NULL DEFAULT '0',
  `type` varchar(255) DEFAULT NULL,
  `lot_number` varchar(255) DEFAULT NULL,
  `measuring_units` varchar(255) DEFAULT NULL,
  `note_private` longtext,
  `fk_assetOf_line_parent` int NOT NULL DEFAULT '0',
  PRIMARY KEY (`rowid`),
  KEY `date_cre` (`date_cre`),
  KEY `date_maj` (`date_maj`),
  KEY `entity` (`entity`),
  KEY `fk_assetOf` (`fk_assetOf`),
  KEY `fk_product` (`fk_product`),
  KEY `fk_product_fournisseur_price` (`fk_product_fournisseur_price`),
  KEY `fk_entrepot` (`fk_entrepot`),
  KEY `fk_nomenclature` (`fk_nomenclature`),
  KEY `nomenclature_valide` (`nomenclature_valide`),
  KEY `fk_commandedet` (`fk_commandedet`),
  KEY `fk_assetOf_line_parent` (`fk_assetOf_line_parent`)
) ENGINE=InnoDB DEFAULT CHARSET=utf8mb3;

--
-- Dumping data for table `t1zhf_assetOf_line`
--

INSERT INTO `t1zhf_assetOf_line` VALUES (1,'2024-09-18 12:25:53','2024-09-18 12:27:06',1,1,4,-2,0,74,1,69,2,2,2,2,1,0,0,0,'TO_MAKE','OF00001','unit','',0),(2,'2024-09-18 12:25:54','2024-09-18 12:27:06',1,1,22,-2,0,11,1,0,40,40,40,40,1,0,0,0,'NEEDED','','unit','',1),(3,'2024-09-18 12:28:43','2024-09-18 18:50:35',1,2,69,-2,0,45,1,0,3,3,3,3,1,0,47.891666666667,0,'TO_MAKE','OF00002','unit','',0),(4,'2024-09-18 12:28:43','2024-09-18 18:50:35',1,2,59,-2,0,0,0,0,3,3,3,3,1,0,0,0,'NEEDED','','unit','',3),(5,'2024-09-18 12:28:43','2024-09-18 18:50:35',1,2,66,-2,0,0,0,0,1.5,1.5,1.5,1.5,1,0,12.45,0,'NEEDED','','unit','',3),(6,'2024-09-18 18:41:07','2024-09-18 18:43:01',1,3,24,-2,0,12,1,0,1,1,1,1,1,0,121,0,'TO_MAKE','OF00003','unit','',0),(7,'2024-09-18 18:41:07','2024-09-18 18:43:01',1,3,25,-2,0,13,1,0,1,1,1,1,1,0,120,0,'NEEDED','','unit','',6),(8,'2024-09-18 18:41:07','2024-09-18 18:43:01',1,3,28,-2,0,15,1,0,1,1,1,1,1,0,1,0,'NEEDED','','unit','',6),(9,'2024-09-23 16:23:44','2024-09-23 16:38:55',1,5,5,-2,0,1,1,0,3,3,3,3,1,0,675,0,'TO_MAKE','OF00005','unit','',0),(10,'2024-09-23 16:23:44','2024-09-23 16:38:55',1,5,3,-2,0,0,0,0,3,3,3,3,1,0,5,0,'NEEDED','','unit','',9),(11,'2024-09-23 16:23:44','2024-09-23 16:38:55',1,6,3,-2,0,0,0,0,3,3,3,3,1,0,0,0,'TO_MAKE','OF00006','unit','',10),(12,'2024-09-23 16:23:44','2024-09-23 16:38:55',1,5,4,-2,0,10,1,0,6,6,6,6,1,0,10,0,'NEEDED','','unit','',9),(13,'2024-09-23 16:23:44','2024-09-23 16:38:55',1,5,30,-2,0,0,0,0,3,3,3,3,1,0,500,0,'NEEDED','','unit','',9),(14,'2024-09-23 16:23:44','2024-09-23 16:38:51',1,7,30,-2,0,0,0,0,3,3,3,3,1,0,500,0,'TO_MAKE','OF00007','unit','',13),(15,'2024-09-23 16:40:24','2024-09-23 16:43:14',1,8,4,-2,0,10,1,0,10,10,10,10,1,0,0,0,'TO_MAKE','OF00008','unit','',0),(16,'2024-09-23 16:40:24','2024-09-23 16:43:14',1,8,22,-2,0,11,1,0,200,200,200,200,1,0,0,0,'NEEDED','','unit','',15),(17,'2024-09-23 16:40:24','2024-09-23 16:43:14',1,9,22,-2,0,11,1,0,200,200,200,200,1,0,0,0,'TO_MAKE','OF00010','unit','',16),(18,'2024-09-23 16:40:24','2024-09-23 16:43:14',1,9,23,-2,0,0,0,0,200,200,200,200,1,0,0,0,'NEEDED','','unit','',17),(19,'2024-09-23 16:40:25','2024-09-23 16:43:15',1,10,23,-2,0,0,0,0,200,200,200,200,1,0,0,0,'TO_MAKE','OF00009','unit','',18),(20,'2024-09-23 18:25:52','2024-09-23 18:38:17',1,11,69,-2,0,45,1,0,2,2,2,2,1,0,56.225,0,'TO_MAKE','OF00011','unit','',0),(21,'2024-09-23 18:25:52','2024-09-23 18:38:17',1,11,59,-2,0,0,0,0,2,2,2,2,1,0,0,0,'NEEDED','','unit','',20),(22,'2024-09-23 18:25:52','2024-09-23 18:38:17',1,11,66,-2,0,0,0,0,1,1,1,1,1,0,12.45,0,'NEEDED','','unit','',20),(23,'2024-09-23 19:14:22','2024-09-23 19:15:03',1,13,70,-2,0,85,1,80,10,10,10,10,1,0,0,0,'TO_MAKE','OF00013','unit','',0);

--
-- Table structure for table `t1zhf_asset_accountancy_codes_economic`
--

CREATE TABLE `t1zhf_asset_accountancy_codes_economic` (
  `rowid` int NOT NULL AUTO_INCREMENT,
  `fk_asset` int DEFAULT NULL,
  `fk_asset_model` int DEFAULT NULL,
  `asset` varchar(32) DEFAULT NULL,
  `depreciation_asset` varchar(32) DEFAULT NULL,
  `depreciation_expense` varchar(32) DEFAULT NULL,
  `value_asset_sold` varchar(32) DEFAULT NULL,
  `receivable_on_assignment` varchar(32) DEFAULT NULL,
  `proceeds_from_sales` varchar(32) DEFAULT NULL,
  `vat_collected` varchar(32) DEFAULT NULL,
  `vat_deductible` varchar(32) DEFAULT NULL,
  `tms` timestamp NULL DEFAULT CURRENT_TIMESTAMP ON UPDATE CURRENT_TIMESTAMP,
  `fk_user_modif` int DEFAULT NULL,
  PRIMARY KEY (`rowid`),
  UNIQUE KEY `uk_asset_ace_fk_asset` (`fk_asset`),
  UNIQUE KEY `uk_asset_ace_fk_asset_model` (`fk_asset_model`),
  KEY `idx_asset_ace_rowid` (`rowid`),
  KEY `fk_asset_ace_user_modif` (`fk_user_modif`),
  CONSTRAINT `fk_asset_ace_asset` FOREIGN KEY (`fk_asset`) REFERENCES `t1zhf_asset` (`rowid`) ON DELETE RESTRICT ON UPDATE RESTRICT,
  CONSTRAINT `fk_asset_ace_asset_model` FOREIGN KEY (`fk_asset_model`) REFERENCES `t1zhf_asset_model` (`rowid`) ON DELETE RESTRICT ON UPDATE RESTRICT,
  CONSTRAINT `fk_asset_ace_user_modif` FOREIGN KEY (`fk_user_modif`) REFERENCES `t1zhf_user` (`rowid`) ON DELETE RESTRICT ON UPDATE RESTRICT
) ENGINE=InnoDB DEFAULT CHARSET=latin1;

--
-- Dumping data for table `t1zhf_asset_accountancy_codes_economic`
--


--
-- Table structure for table `t1zhf_asset_accountancy_codes_fiscal`
--

CREATE TABLE `t1zhf_asset_accountancy_codes_fiscal` (
  `rowid` int NOT NULL AUTO_INCREMENT,
  `fk_asset` int DEFAULT NULL,
  `fk_asset_model` int DEFAULT NULL,
  `accelerated_depreciation` varchar(32) DEFAULT NULL,
  `endowment_accelerated_depreciation` varchar(32) DEFAULT NULL,
  `provision_accelerated_depreciation` varchar(32) DEFAULT NULL,
  `tms` timestamp NULL DEFAULT CURRENT_TIMESTAMP ON UPDATE CURRENT_TIMESTAMP,
  `fk_user_modif` int DEFAULT NULL,
  PRIMARY KEY (`rowid`),
  UNIQUE KEY `uk_asset_acf_fk_asset` (`fk_asset`),
  UNIQUE KEY `uk_asset_acf_fk_asset_model` (`fk_asset_model`),
  KEY `idx_asset_acf_rowid` (`rowid`),
  KEY `fk_asset_acf_user_modif` (`fk_user_modif`),
  CONSTRAINT `fk_asset_acf_asset` FOREIGN KEY (`fk_asset`) REFERENCES `t1zhf_asset` (`rowid`) ON DELETE RESTRICT ON UPDATE RESTRICT,
  CONSTRAINT `fk_asset_acf_asset_model` FOREIGN KEY (`fk_asset_model`) REFERENCES `t1zhf_asset_model` (`rowid`) ON DELETE RESTRICT ON UPDATE RESTRICT,
  CONSTRAINT `fk_asset_acf_user_modif` FOREIGN KEY (`fk_user_modif`) REFERENCES `t1zhf_user` (`rowid`) ON DELETE RESTRICT ON UPDATE RESTRICT
) ENGINE=InnoDB DEFAULT CHARSET=latin1;

--
-- Dumping data for table `t1zhf_asset_accountancy_codes_fiscal`
--


--
-- Table structure for table `t1zhf_asset_depreciation`
--

CREATE TABLE `t1zhf_asset_depreciation` (
  `rowid` int NOT NULL AUTO_INCREMENT,
  `fk_asset` int NOT NULL,
  `depreciation_mode` varchar(255) NOT NULL,
  `ref` varchar(255) NOT NULL,
  `depreciation_date` datetime NOT NULL,
  `depreciation_ht` double(24,8) NOT NULL,
  `cumulative_depreciation_ht` double(24,8) NOT NULL,
  `accountancy_code_debit` varchar(32) DEFAULT NULL,
  `accountancy_code_credit` varchar(32) DEFAULT NULL,
  `tms` timestamp NULL DEFAULT CURRENT_TIMESTAMP ON UPDATE CURRENT_TIMESTAMP,
  `fk_user_modif` int DEFAULT NULL,
  PRIMARY KEY (`rowid`),
  UNIQUE KEY `uk_asset_depreciation_fk_asset` (`fk_asset`,`depreciation_mode`,`ref`),
  KEY `idx_asset_depreciation_rowid` (`rowid`),
  KEY `idx_asset_depreciation_fk_asset` (`fk_asset`),
  KEY `idx_asset_depreciation_depreciation_mode` (`depreciation_mode`),
  KEY `idx_asset_depreciation_ref` (`ref`),
  KEY `fk_asset_depreciation_user_modif` (`fk_user_modif`),
  CONSTRAINT `fk_asset_depreciation_asset` FOREIGN KEY (`fk_asset`) REFERENCES `t1zhf_asset` (`rowid`) ON DELETE RESTRICT ON UPDATE RESTRICT,
  CONSTRAINT `fk_asset_depreciation_user_modif` FOREIGN KEY (`fk_user_modif`) REFERENCES `t1zhf_user` (`rowid`) ON DELETE RESTRICT ON UPDATE RESTRICT
) ENGINE=InnoDB DEFAULT CHARSET=latin1;

--
-- Dumping data for table `t1zhf_asset_depreciation`
--


--
-- Table structure for table `t1zhf_asset_depreciation_options_economic`
--

CREATE TABLE `t1zhf_asset_depreciation_options_economic` (
  `rowid` int NOT NULL AUTO_INCREMENT,
  `fk_asset` int DEFAULT NULL,
  `fk_asset_model` int DEFAULT NULL,
  `depreciation_type` smallint NOT NULL DEFAULT '0',
  `accelerated_depreciation_option` int DEFAULT NULL,
  `degressive_coefficient` double(24,8) DEFAULT NULL,
  `duration` smallint NOT NULL,
  `duration_type` smallint NOT NULL DEFAULT '0',
  `amount_base_depreciation_ht` double(24,8) DEFAULT NULL,
  `amount_base_deductible_ht` double(24,8) DEFAULT NULL,
  `total_amount_last_depreciation_ht` double(24,8) DEFAULT NULL,
  `tms` timestamp NULL DEFAULT CURRENT_TIMESTAMP ON UPDATE CURRENT_TIMESTAMP,
  `fk_user_modif` int DEFAULT NULL,
  PRIMARY KEY (`rowid`),
  UNIQUE KEY `uk_asset_doe_fk_asset` (`fk_asset`),
  UNIQUE KEY `uk_asset_doe_fk_asset_model` (`fk_asset_model`),
  KEY `idx_asset_doe_rowid` (`rowid`),
  KEY `fk_asset_doe_user_modif` (`fk_user_modif`),
  CONSTRAINT `fk_asset_doe_asset` FOREIGN KEY (`fk_asset`) REFERENCES `t1zhf_asset` (`rowid`) ON DELETE RESTRICT ON UPDATE RESTRICT,
  CONSTRAINT `fk_asset_doe_asset_model` FOREIGN KEY (`fk_asset_model`) REFERENCES `t1zhf_asset_model` (`rowid`) ON DELETE RESTRICT ON UPDATE RESTRICT,
  CONSTRAINT `fk_asset_doe_user_modif` FOREIGN KEY (`fk_user_modif`) REFERENCES `t1zhf_user` (`rowid`) ON DELETE RESTRICT ON UPDATE RESTRICT
) ENGINE=InnoDB DEFAULT CHARSET=latin1;

--
-- Dumping data for table `t1zhf_asset_depreciation_options_economic`
--


--
-- Table structure for table `t1zhf_asset_depreciation_options_fiscal`
--

CREATE TABLE `t1zhf_asset_depreciation_options_fiscal` (
  `rowid` int NOT NULL AUTO_INCREMENT,
  `fk_asset` int DEFAULT NULL,
  `fk_asset_model` int DEFAULT NULL,
  `depreciation_type` smallint NOT NULL DEFAULT '0',
  `degressive_coefficient` double(24,8) DEFAULT NULL,
  `duration` smallint NOT NULL,
  `duration_type` smallint NOT NULL DEFAULT '0',
  `amount_base_depreciation_ht` double(24,8) DEFAULT NULL,
  `amount_base_deductible_ht` double(24,8) DEFAULT NULL,
  `total_amount_last_depreciation_ht` double(24,8) DEFAULT NULL,
  `tms` timestamp NULL DEFAULT CURRENT_TIMESTAMP ON UPDATE CURRENT_TIMESTAMP,
  `fk_user_modif` int DEFAULT NULL,
  PRIMARY KEY (`rowid`),
  UNIQUE KEY `uk_asset_dof_fk_asset` (`fk_asset`),
  UNIQUE KEY `uk_asset_dof_fk_asset_model` (`fk_asset_model`),
  KEY `idx_asset_dof_rowid` (`rowid`),
  KEY `fk_asset_dof_user_modif` (`fk_user_modif`),
  CONSTRAINT `fk_asset_dof_asset` FOREIGN KEY (`fk_asset`) REFERENCES `t1zhf_asset` (`rowid`) ON DELETE RESTRICT ON UPDATE RESTRICT,
  CONSTRAINT `fk_asset_dof_asset_model` FOREIGN KEY (`fk_asset_model`) REFERENCES `t1zhf_asset_model` (`rowid`) ON DELETE RESTRICT ON UPDATE RESTRICT,
  CONSTRAINT `fk_asset_dof_user_modif` FOREIGN KEY (`fk_user_modif`) REFERENCES `t1zhf_user` (`rowid`) ON DELETE RESTRICT ON UPDATE RESTRICT
) ENGINE=InnoDB DEFAULT CHARSET=latin1;

--
-- Dumping data for table `t1zhf_asset_depreciation_options_fiscal`
--


--
-- Table structure for table `t1zhf_asset_extrafields`
--

CREATE TABLE `t1zhf_asset_extrafields` (
  `rowid` int NOT NULL AUTO_INCREMENT,
  `tms` timestamp NOT NULL DEFAULT CURRENT_TIMESTAMP ON UPDATE CURRENT_TIMESTAMP,
  `fk_object` int NOT NULL,
  `import_key` varchar(14) COLLATE utf8mb3_unicode_ci DEFAULT NULL,
  PRIMARY KEY (`rowid`),
  KEY `idx_asset_extrafields` (`fk_object`)
) ENGINE=InnoDB DEFAULT CHARSET=utf8mb3 COLLATE=utf8mb3_unicode_ci;

--
-- Dumping data for table `t1zhf_asset_extrafields`
--


--
-- Table structure for table `t1zhf_asset_model`
--

CREATE TABLE `t1zhf_asset_model` (
  `rowid` int NOT NULL AUTO_INCREMENT,
  `entity` int NOT NULL DEFAULT '1',
  `ref` varchar(128) NOT NULL,
  `label` varchar(255) NOT NULL,
  `asset_type` smallint NOT NULL,
  `fk_pays` int DEFAULT '0',
  `note_public` text,
  `note_private` text,
  `date_creation` datetime NOT NULL,
  `tms` timestamp NULL DEFAULT CURRENT_TIMESTAMP ON UPDATE CURRENT_TIMESTAMP,
  `fk_user_creat` int NOT NULL,
  `fk_user_modif` int DEFAULT NULL,
  `import_key` varchar(14) DEFAULT NULL,
  `status` smallint NOT NULL,
  PRIMARY KEY (`rowid`),
  UNIQUE KEY `uk_asset_model` (`entity`,`ref`),
  KEY `idx_asset_model_rowid` (`rowid`),
  KEY `idx_asset_model_ref` (`ref`),
  KEY `idx_asset_model_pays` (`fk_pays`),
  KEY `idx_asset_model_entity` (`entity`),
  KEY `fk_asset_model_user_creat` (`fk_user_creat`),
  KEY `fk_asset_model_user_modif` (`fk_user_modif`),
  CONSTRAINT `fk_asset_model_user_creat` FOREIGN KEY (`fk_user_creat`) REFERENCES `t1zhf_user` (`rowid`) ON DELETE RESTRICT ON UPDATE RESTRICT,
  CONSTRAINT `fk_asset_model_user_modif` FOREIGN KEY (`fk_user_modif`) REFERENCES `t1zhf_user` (`rowid`) ON DELETE RESTRICT ON UPDATE RESTRICT
) ENGINE=InnoDB DEFAULT CHARSET=latin1;

--
-- Dumping data for table `t1zhf_asset_model`
--


--
-- Table structure for table `t1zhf_asset_model_extrafields`
--

CREATE TABLE `t1zhf_asset_model_extrafields` (
  `rowid` int NOT NULL AUTO_INCREMENT,
  `tms` timestamp NULL DEFAULT CURRENT_TIMESTAMP ON UPDATE CURRENT_TIMESTAMP,
  `fk_object` int NOT NULL,
  `import_key` varchar(14) DEFAULT NULL,
  PRIMARY KEY (`rowid`),
  UNIQUE KEY `uk_asset_model_extrafields` (`fk_object`)
) ENGINE=InnoDB DEFAULT CHARSET=latin1;

--
-- Dumping data for table `t1zhf_asset_model_extrafields`
--


--
-- Table structure for table `t1zhf_asset_workstation_of`
--

CREATE TABLE `t1zhf_asset_workstation_of` (
  `rowid` int NOT NULL DEFAULT '0',
  `date_cre` datetime DEFAULT NULL,
  `date_maj` datetime DEFAULT NULL,
  `fk_assetOf` int NOT NULL DEFAULT '0',
  `fk_asset_workstation` int NOT NULL DEFAULT '0',
  `fk_project_task` int NOT NULL DEFAULT '0',
  `nb_hour` double NOT NULL DEFAULT '0',
  `nb_hour_real` double NOT NULL DEFAULT '0',
  `nb_hour_prepare` double NOT NULL DEFAULT '0',
  `rang` double NOT NULL DEFAULT '0',
  `thm` double NOT NULL DEFAULT '0',
  `nb_days_before_beginning` double NOT NULL DEFAULT '0',
  `nb_days_before_reapro` double NOT NULL DEFAULT '0',
  `note_private` longtext,
  PRIMARY KEY (`rowid`),
  KEY `date_cre` (`date_cre`),
  KEY `date_maj` (`date_maj`),
  KEY `fk_assetOf` (`fk_assetOf`),
  KEY `fk_asset_workstation` (`fk_asset_workstation`),
  KEY `fk_project_task` (`fk_project_task`)
) ENGINE=InnoDB DEFAULT CHARSET=utf8mb3;

--
-- Dumping data for table `t1zhf_asset_workstation_of`
--

INSERT INTO `t1zhf_asset_workstation_of` VALUES (1,'2024-09-18 12:28:43','2024-09-18 18:50:35',2,1,0,2.5,0,1,1,0,1,0,''),(2,'2024-09-23 16:23:44','2024-09-23 16:38:50',5,1,0,3,0,0,1,0,0,0,''),(3,'2024-09-23 16:23:44','2024-09-23 16:38:50',5,2,0,6,0,0,2,0,0,0,''),(4,'2024-09-23 18:25:52','2024-09-23 18:38:17',11,1,0,2,0,1,1,0,1,0,'');

--
-- Table structure for table `t1zhf_asset_workstation_product`
--

CREATE TABLE `t1zhf_asset_workstation_product` (
  `rowid` int NOT NULL DEFAULT '0',
  `date_cre` datetime DEFAULT NULL,
  `date_maj` datetime DEFAULT NULL,
  `fk_product` int NOT NULL DEFAULT '0',
  `fk_asset_workstation` int NOT NULL DEFAULT '0',
  `nb_hour_prepare` double NOT NULL DEFAULT '0',
  `nb_hour_manufacture` double NOT NULL DEFAULT '0',
  `nb_hour` double NOT NULL DEFAULT '0',
  `rang` double NOT NULL DEFAULT '0',
  PRIMARY KEY (`rowid`),
  KEY `date_cre` (`date_cre`),
  KEY `date_maj` (`date_maj`),
  KEY `fk_product` (`fk_product`),
  KEY `fk_asset_workstation` (`fk_asset_workstation`)
) ENGINE=InnoDB DEFAULT CHARSET=utf8mb3;

--
-- Dumping data for table `t1zhf_asset_workstation_product`
--


--
-- Table structure for table `t1zhf_asset_workstation_task`
--

CREATE TABLE `t1zhf_asset_workstation_task` (
  `rowid` int NOT NULL DEFAULT '0',
  `date_cre` datetime DEFAULT NULL,
  `date_maj` datetime DEFAULT NULL,
  `fk_workstation` int NOT NULL DEFAULT '0',
  `libelle` varchar(255) DEFAULT NULL,
  `description` longtext,
  PRIMARY KEY (`rowid`),
  KEY `date_cre` (`date_cre`),
  KEY `date_maj` (`date_maj`),
  KEY `fk_workstation` (`fk_workstation`)
) ENGINE=InnoDB DEFAULT CHARSET=utf8mb3;

--
-- Dumping data for table `t1zhf_asset_workstation_task`
--


--
-- Table structure for table `t1zhf_assetof_amounts`
--

CREATE TABLE `t1zhf_assetof_amounts` (
  `rowid` int NOT NULL AUTO_INCREMENT,
  `date_creation` datetime DEFAULT NULL,
  `tms` timestamp NULL DEFAULT NULL,
  `amount_estimated` varchar(255) DEFAULT NULL,
  `amount_real` varchar(255) DEFAULT NULL,
  `amount_diff` varchar(255) DEFAULT NULL,
  `date` datetime DEFAULT NULL,
  PRIMARY KEY (`rowid`),
  KEY `idx_assetof_amounts_date_creation` (`date_creation`),
  KEY `idx_assetof_amounts_tms` (`tms`)
) ENGINE=InnoDB DEFAULT CHARSET=utf8mb3;

--
-- Dumping data for table `t1zhf_assetof_amounts`
--


--
-- Table structure for table `t1zhf_bank`
--

CREATE TABLE `t1zhf_bank` (
  `rowid` int NOT NULL AUTO_INCREMENT,
  `datec` datetime DEFAULT NULL,
  `tms` timestamp NOT NULL DEFAULT CURRENT_TIMESTAMP ON UPDATE CURRENT_TIMESTAMP,
  `datev` date DEFAULT NULL,
  `dateo` date DEFAULT NULL,
  `amount` double(24,8) NOT NULL DEFAULT '0.00000000',
  `label` varchar(255) COLLATE utf8mb3_unicode_ci DEFAULT NULL,
  `fk_account` int DEFAULT NULL,
  `fk_user_author` int DEFAULT NULL,
  `fk_user_rappro` int DEFAULT NULL,
  `fk_type` varchar(6) COLLATE utf8mb3_unicode_ci DEFAULT NULL,
  `num_releve` varchar(50) COLLATE utf8mb3_unicode_ci DEFAULT NULL,
  `num_chq` varchar(50) COLLATE utf8mb3_unicode_ci DEFAULT NULL,
  `numero_compte` varchar(32) COLLATE utf8mb3_unicode_ci DEFAULT NULL,
  `rappro` tinyint DEFAULT '0',
  `note` text COLLATE utf8mb3_unicode_ci,
  `fk_bordereau` int DEFAULT '0',
  `banque` varchar(255) COLLATE utf8mb3_unicode_ci DEFAULT NULL,
  `emetteur` varchar(255) COLLATE utf8mb3_unicode_ci DEFAULT NULL,
  `author` varchar(40) COLLATE utf8mb3_unicode_ci DEFAULT NULL,
  `origin_id` int DEFAULT NULL,
  `origin_type` varchar(64) COLLATE utf8mb3_unicode_ci DEFAULT NULL,
  `import_key` varchar(14) COLLATE utf8mb3_unicode_ci DEFAULT NULL,
  `amount_main_currency` double(24,8) DEFAULT NULL,
  `position` int DEFAULT '0',
  PRIMARY KEY (`rowid`),
  KEY `idx_bank_datev` (`datev`),
  KEY `idx_bank_dateo` (`dateo`),
  KEY `idx_bank_fk_account` (`fk_account`),
  KEY `idx_bank_rappro` (`rappro`),
  KEY `idx_bank_num_releve` (`num_releve`)
) ENGINE=InnoDB AUTO_INCREMENT=28 DEFAULT CHARSET=utf8mb3 COLLATE=utf8mb3_unicode_ci;

--
-- Dumping data for table `t1zhf_bank`
--

INSERT INTO `t1zhf_bank` VALUES (1,'2019-01-08 12:33:49','2020-01-14 16:06:15','2019-01-08','2019-01-08',0.00000000,'(Solde initial)',1,1,1,'SOLD','20200101',NULL,'',1,NULL,0,NULL,NULL,NULL,NULL,NULL,NULL,NULL,0),(2,'2019-01-08 11:38:04','2020-01-14 16:06:15','2019-01-08','2019-01-08',168.00000000,'(CustomerInvoicePayment)',1,1,1,'VIR','20200101',NULL,'',1,NULL,0,NULL,'aqtisplus',NULL,NULL,NULL,NULL,NULL,0),(3,'2019-03-05 16:58:30','2021-02-11 14:30:27','2019-03-01','2019-03-01',7675.28000000,'(CustomerInvoicePayment)',1,1,1,'CHQ','20200101','14785','',1,NULL,1,'ca','aqtisplus',NULL,NULL,NULL,NULL,NULL,0),(4,'2019-12-09 11:26:45','2020-01-14 16:06:15','2019-12-09','2019-12-08',468.00000000,'(CustomerInvoicePayment)',1,1,1,'VIR','20200101',NULL,'',1,NULL,0,NULL,'google',NULL,NULL,NULL,NULL,NULL,0),(5,'2020-01-14 15:25:05','2020-01-14 16:06:15','2020-01-14','2020-01-14',1500.00000000,'(CustomerInvoicePayment)',1,1,1,'VIR','20200101','123','',1,NULL,0,NULL,'aqtisplus',NULL,NULL,NULL,NULL,NULL,0),(6,'2020-01-14 17:05:10','2020-01-14 16:06:15','2020-01-14','2020-01-14',-90.00000000,'interes',1,1,1,'VIR','20200101','1245','',1,NULL,0,NULL,NULL,NULL,NULL,NULL,NULL,NULL,0),(7,'2020-06-22 15:25:39','2021-02-11 14:33:26','2020-06-22','2020-06-22',20.00000000,'(CustomerInvoicePayment)',1,1,1,'VIR','20210201',NULL,'',1,NULL,0,NULL,'google',NULL,NULL,NULL,NULL,NULL,0),(8,'2021-02-11 15:04:19','2021-02-11 14:33:26','2021-02-11','2021-02-11',384.00000000,'(CustomerInvoicePayment)',1,1,1,'CHQ','20210201','dfgsdfgsdf','',1,NULL,1,'cio','Daniel Denis',NULL,NULL,NULL,NULL,NULL,0),(9,'2021-02-11 15:24:56','2021-02-11 14:33:26','2021-02-12','2021-02-10',-60.00000000,'(SupplierInvoicePayment)',1,1,1,'LIQ','20210201',NULL,'',1,NULL,0,NULL,NULL,NULL,NULL,NULL,NULL,NULL,0),(10,'2021-03-08 17:34:34','2021-03-08 16:34:34','2021-03-08','2021-03-08',-600.00000000,'(SupplierInvoicePayment)',1,1,NULL,'VIR',NULL,NULL,'',0,NULL,0,NULL,NULL,NULL,NULL,NULL,NULL,NULL,0),(11,'2021-03-24 12:00:50','2021-03-24 11:00:50','2021-03-24','2021-03-24',17467.09000000,'(CustomerInvoicePayment)',1,1,NULL,'VIR',NULL,'123456','',0,NULL,0,NULL,'aqtisplus',NULL,NULL,NULL,NULL,NULL,0),(12,'2021-05-25 16:35:00','2021-05-25 14:35:00','2021-05-25','2021-05-25',-20.44000000,'(SupplierInvoicePayment)',1,1,NULL,'VIR',NULL,NULL,'',0,NULL,0,NULL,NULL,NULL,NULL,NULL,NULL,NULL,0),(13,'2021-05-25 18:42:50','2021-05-25 16:42:50','2021-05-25','2021-05-25',40887.07000000,'(CustomerInvoicePayment)',1,1,NULL,'VIR',NULL,NULL,'',0,NULL,0,NULL,'aqtisplus',NULL,NULL,NULL,NULL,NULL,0),(14,'2021-05-25 18:43:40','2021-05-25 16:43:40','2021-05-25','2021-05-25',28515.00000000,'(CustomerInvoicePayment)',1,1,NULL,'CB',NULL,NULL,'',0,NULL,0,NULL,NULL,NULL,NULL,NULL,NULL,NULL,0),(15,'2021-05-25 18:44:33','2021-05-25 16:44:33','2021-05-25','2021-05-25',1250.80000000,'(CustomerInvoicePayment)',1,1,NULL,'VIR',NULL,NULL,'',0,NULL,0,NULL,'google',NULL,NULL,NULL,NULL,NULL,0),(16,'2021-05-25 18:44:57','2021-05-25 16:44:57','2021-05-25','2021-05-25',8880.00000000,'(CustomerInvoicePayment)',1,1,NULL,'VIR',NULL,NULL,'',0,NULL,0,NULL,'Microsoft',NULL,NULL,NULL,NULL,NULL,0),(17,'2021-05-25 18:45:33','2021-05-25 16:45:33','2021-05-25','2021-05-25',10.00000000,'(CustomerInvoicePayment)',1,1,NULL,'CB',NULL,NULL,'',0,NULL,0,NULL,NULL,NULL,NULL,NULL,NULL,NULL,0),(18,'2021-10-19 16:01:30','2021-10-19 14:06:38','2021-10-21','2021-10-18',16706.06000000,'(CustomerInvoicePayment)',1,1,NULL,'VIR',NULL,NULL,'',0,NULL,0,NULL,'aqtisplus',NULL,NULL,NULL,NULL,NULL,0),(19,'2022-02-18 16:28:38','2022-02-18 15:28:38','2022-02-18','2022-02-18',225.60000000,'(CustomerInvoicePayment)',1,1,NULL,'VIR',NULL,NULL,'',0,NULL,0,NULL,'aqtisplus',NULL,NULL,NULL,NULL,NULL,0),(20,'2023-04-25 11:45:01','2023-04-25 09:45:01','2023-04-25','2023-04-25',422.00000000,'(CustomerInvoicePayment)',1,1,NULL,'VIR',NULL,NULL,'',0,NULL,0,NULL,'google',NULL,NULL,NULL,NULL,NULL,0),(21,'2023-06-28 11:11:41','2023-06-28 09:11:41','2023-06-28','2023-06-28',1200.00000000,'(CustomerInvoicePayment)',1,1,NULL,'VIR',NULL,NULL,'',0,NULL,0,NULL,'aqtisplus',NULL,NULL,NULL,NULL,NULL,0),(23,'2023-06-28 11:42:08','2023-09-14 10:03:14','2023-06-28','2023-06-29',1.50000000,'(CustomerInvoicePayment)',1,1,NULL,'CHQ','20230914',NULL,'',1,NULL,0,NULL,'aqtisplus',NULL,NULL,NULL,NULL,NULL,0),(24,'2023-09-14 16:52:55','2023-09-14 14:52:55','2023-09-14','2023-09-14',36.00000000,'(CustomerInvoicePayment)',1,1,NULL,'CB',NULL,NULL,'',0,NULL,0,NULL,NULL,NULL,NULL,NULL,NULL,NULL,0),(25,'2023-09-14 17:02:34','2023-09-14 15:02:34','2023-09-14','2023-09-14',158.40000000,'(CustomerInvoicePayment)',1,1,NULL,'CHQ',NULL,'TC1-2309-0001','',0,NULL,0,NULL,NULL,NULL,NULL,NULL,NULL,NULL,0),(26,'2024-09-02 16:02:06','2024-09-02 14:02:06','2024-09-02','2024-09-02',0.00000000,'(InitialBankBalance)',2,NULL,NULL,'SOLD',NULL,NULL,'',0,NULL,0,NULL,NULL,NULL,NULL,NULL,NULL,NULL,0),(27,'2024-09-09 15:59:19','2024-09-09 13:59:19','2024-09-09','2024-09-09',5000.00000000,'(CustomerInvoicePayment)',1,1,NULL,'VIR',NULL,NULL,'',0,NULL,0,NULL,'ELECMIC',NULL,NULL,NULL,NULL,NULL,0);

--
-- Table structure for table `t1zhf_bank_account`
--

CREATE TABLE `t1zhf_bank_account` (
  `rowid` int NOT NULL AUTO_INCREMENT,
  `datec` datetime DEFAULT NULL,
  `tms` timestamp NOT NULL DEFAULT CURRENT_TIMESTAMP ON UPDATE CURRENT_TIMESTAMP,
  `ref` varchar(12) COLLATE utf8mb3_unicode_ci NOT NULL,
  `label` varchar(30) COLLATE utf8mb3_unicode_ci NOT NULL,
  `entity` int NOT NULL DEFAULT '1',
  `fk_user_author` int DEFAULT NULL,
  `fk_user_modif` int DEFAULT NULL,
  `bank` varchar(60) COLLATE utf8mb3_unicode_ci DEFAULT NULL,
  `code_banque` varchar(128) COLLATE utf8mb3_unicode_ci DEFAULT NULL,
  `code_guichet` varchar(6) COLLATE utf8mb3_unicode_ci DEFAULT NULL,
  `number` varchar(255) COLLATE utf8mb3_unicode_ci DEFAULT NULL,
  `cle_rib` varchar(5) COLLATE utf8mb3_unicode_ci DEFAULT NULL,
  `bic` varchar(11) COLLATE utf8mb3_unicode_ci DEFAULT NULL,
  `bic_intermediate` varchar(11) COLLATE utf8mb3_unicode_ci DEFAULT NULL,
  `iban_prefix` varchar(34) COLLATE utf8mb3_unicode_ci DEFAULT NULL,
  `country_iban` varchar(2) COLLATE utf8mb3_unicode_ci DEFAULT NULL,
  `cle_iban` varchar(2) COLLATE utf8mb3_unicode_ci DEFAULT NULL,
  `domiciliation` varchar(255) COLLATE utf8mb3_unicode_ci DEFAULT NULL,
  `pti_in_ctti` smallint DEFAULT '0',
  `state_id` int DEFAULT NULL,
  `fk_pays` int NOT NULL,
  `proprio` varchar(60) COLLATE utf8mb3_unicode_ci DEFAULT NULL,
  `owner_address` varchar(255) COLLATE utf8mb3_unicode_ci DEFAULT NULL,
  `courant` smallint NOT NULL DEFAULT '0',
  `clos` smallint NOT NULL DEFAULT '0',
  `rappro` smallint DEFAULT '1',
  `url` varchar(128) COLLATE utf8mb3_unicode_ci DEFAULT NULL,
  `account_number` varchar(32) COLLATE utf8mb3_unicode_ci DEFAULT NULL,
  `fk_accountancy_journal` int DEFAULT NULL,
  `currency_code` varchar(3) COLLATE utf8mb3_unicode_ci NOT NULL,
  `min_allowed` int DEFAULT '0',
  `min_desired` int DEFAULT '0',
  `comment` text COLLATE utf8mb3_unicode_ci,
  `note_public` text COLLATE utf8mb3_unicode_ci,
  `model_pdf` varchar(255) COLLATE utf8mb3_unicode_ci DEFAULT NULL,
  `import_key` varchar(14) COLLATE utf8mb3_unicode_ci DEFAULT NULL,
  `extraparams` varchar(255) COLLATE utf8mb3_unicode_ci DEFAULT NULL,
  `ics` varchar(32) COLLATE utf8mb3_unicode_ci DEFAULT NULL,
  `ics_transfer` varchar(32) COLLATE utf8mb3_unicode_ci DEFAULT NULL,
  `owner_zip` varchar(25) COLLATE utf8mb3_unicode_ci DEFAULT NULL,
  `owner_town` varchar(50) COLLATE utf8mb3_unicode_ci DEFAULT NULL,
  `owner_country_id` int DEFAULT NULL,
  PRIMARY KEY (`rowid`),
  UNIQUE KEY `uk_bank_account_label` (`label`,`entity`),
  KEY `idx_fk_accountancy_journal` (`fk_accountancy_journal`),
  CONSTRAINT `fk_bank_account_accountancy_journal` FOREIGN KEY (`fk_accountancy_journal`) REFERENCES `t1zhf_accounting_journal` (`rowid`) ON DELETE RESTRICT ON UPDATE RESTRICT
) ENGINE=InnoDB AUTO_INCREMENT=3 DEFAULT CHARSET=utf8mb3 COLLATE=utf8mb3_unicode_ci;

--
-- Dumping data for table `t1zhf_bank_account`
--

INSERT INTO `t1zhf_bank_account` VALUES (1,'2019-01-08 11:33:49','2023-09-14 10:16:37','bpgo','banque populaire grand ouest',1,NULL,NULL,'','','','','','',NULL,'',NULL,NULL,'',0,NULL,1,'','',1,0,1,NULL,'512',3,'EUR',NULL,NULL,'',NULL,NULL,NULL,NULL,'','',NULL,NULL,NULL),(2,'2024-09-02 16:02:06','2024-09-02 14:02:06','CASH-POS','DefaultCashPOSLabel',1,NULL,NULL,'','','','','','',NULL,'',NULL,NULL,'',0,NULL,1,'','',2,0,1,NULL,'',NULL,'',NULL,NULL,'',NULL,NULL,NULL,NULL,'','','','',NULL);

--
-- Table structure for table `t1zhf_bank_account_extrafields`
--

CREATE TABLE `t1zhf_bank_account_extrafields` (
  `rowid` int NOT NULL AUTO_INCREMENT,
  `tms` timestamp NOT NULL DEFAULT CURRENT_TIMESTAMP ON UPDATE CURRENT_TIMESTAMP,
  `fk_object` int NOT NULL,
  `import_key` varchar(14) COLLATE utf8mb3_unicode_ci DEFAULT NULL,
  PRIMARY KEY (`rowid`),
  UNIQUE KEY `uk_bank_account_extrafields` (`fk_object`)
) ENGINE=InnoDB DEFAULT CHARSET=utf8mb3 COLLATE=utf8mb3_unicode_ci;

--
-- Dumping data for table `t1zhf_bank_account_extrafields`
--


--
-- Table structure for table `t1zhf_bank_categ`
--

CREATE TABLE `t1zhf_bank_categ` (
  `rowid` int NOT NULL AUTO_INCREMENT,
  `label` varchar(255) COLLATE utf8mb3_unicode_ci DEFAULT NULL,
  `entity` int NOT NULL DEFAULT '1',
  PRIMARY KEY (`rowid`)
) ENGINE=InnoDB DEFAULT CHARSET=utf8mb3 COLLATE=utf8mb3_unicode_ci;

--
-- Dumping data for table `t1zhf_bank_categ`
--


--
-- Table structure for table `t1zhf_bank_class`
--

CREATE TABLE `t1zhf_bank_class` (
  `lineid` int NOT NULL,
  `fk_categ` int NOT NULL,
  UNIQUE KEY `uk_bank_class_lineid` (`lineid`,`fk_categ`)
) ENGINE=InnoDB DEFAULT CHARSET=utf8mb3 COLLATE=utf8mb3_unicode_ci;

--
-- Dumping data for table `t1zhf_bank_class`
--


--
-- Table structure for table `t1zhf_bank_extrafields`
--

CREATE TABLE `t1zhf_bank_extrafields` (
  `rowid` int NOT NULL AUTO_INCREMENT,
  `tms` timestamp NULL DEFAULT CURRENT_TIMESTAMP ON UPDATE CURRENT_TIMESTAMP,
  `fk_object` int NOT NULL,
  `import_key` varchar(14) DEFAULT NULL,
  PRIMARY KEY (`rowid`),
  UNIQUE KEY `uk_bank_extrafields` (`fk_object`)
) ENGINE=InnoDB DEFAULT CHARSET=latin1;

--
-- Dumping data for table `t1zhf_bank_extrafields`
--


--
-- Table structure for table `t1zhf_bank_url`
--

CREATE TABLE `t1zhf_bank_url` (
  `rowid` int NOT NULL AUTO_INCREMENT,
  `fk_bank` int DEFAULT NULL,
  `url_id` int DEFAULT NULL,
  `url` varchar(255) COLLATE utf8mb3_unicode_ci DEFAULT NULL,
  `label` varchar(255) COLLATE utf8mb3_unicode_ci DEFAULT NULL,
  `type` varchar(24) COLLATE utf8mb3_unicode_ci NOT NULL,
  PRIMARY KEY (`rowid`),
  UNIQUE KEY `uk_bank_url` (`fk_bank`,`url_id`,`type`),
  KEY `idx_bank_url_url_id` (`url_id`)
) ENGINE=InnoDB AUTO_INCREMENT=49 DEFAULT CHARSET=utf8mb3 COLLATE=utf8mb3_unicode_ci;

--
-- Dumping data for table `t1zhf_bank_url`
--

INSERT INTO `t1zhf_bank_url` VALUES (1,2,1,'/dolibarr/htdocs/compta/paiement/card.php?id=','(paiement)','payment'),(2,2,1,'/dolibarr/htdocs/comm/card.php?socid=','aqtisplus','company'),(3,3,2,'/dolibarr/htdocs/compta/paiement/card.php?id=','(paiement)','payment'),(4,3,1,'/dolibarr/htdocs/comm/card.php?socid=','aqtisplus','company'),(5,4,3,'/dolibarr/htdocs/compta/paiement/card.php?id=','(paiement)','payment'),(6,4,4,'/dolibarr/htdocs/comm/card.php?socid=','google','company'),(7,5,4,'/dolibarr/htdocs/compta/paiement/card.php?id=','(paiement)','payment'),(8,5,1,'/dolibarr/htdocs/comm/card.php?socid=','aqtisplus','company'),(9,7,5,'/dolibarr/htdocs/compta/paiement/card.php?id=','(paiement)','payment'),(10,7,4,'/dolibarr/htdocs/comm/card.php?socid=','google','company'),(11,8,6,'/dolibarr/htdocs/compta/paiement/card.php?id=','(paiement)','payment'),(12,8,7,'/dolibarr/htdocs/comm/card.php?socid=','Daniel Denis','company'),(13,9,1,'/dolibarr/htdocs/fourn/paiement/card.php?id=','(paiement)','payment_supplier'),(14,9,1,'/dolibarr/htdocs/fourn/card.php?socid=','aqtisplus','company'),(15,10,2,'/dolibarr/htdocs/fourn/paiement/card.php?id=','(paiement)','payment_supplier'),(16,10,4,'/dolibarr/htdocs/fourn/card.php?socid=','google','company'),(17,11,7,'/dolibarr/htdocs/compta/paiement/card.php?id=','(paiement)','payment'),(18,11,1,'/dolibarr/htdocs/comm/card.php?socid=','aqtisplus','company'),(19,12,3,'/dolibarr/htdocs/fourn/paiement/card.php?id=','(paiement)','payment_supplier'),(20,12,6,'/dolibarr/htdocs/fourn/card.php?socid=','Thyssen','company'),(21,13,8,'/dolibarr/htdocs/compta/paiement/card.php?id=','(paiement)','payment'),(22,13,1,'/dolibarr/htdocs/comm/card.php?socid=','aqtisplus','company'),(23,14,9,'/dolibarr/htdocs/compta/paiement/card.php?id=','(paiement)','payment'),(24,14,3,'/dolibarr/htdocs/comm/card.php?socid=','Orange','company'),(25,15,10,'/dolibarr/htdocs/compta/paiement/card.php?id=','(paiement)','payment'),(26,15,4,'/dolibarr/htdocs/comm/card.php?socid=','google','company'),(27,16,11,'/dolibarr/htdocs/compta/paiement/card.php?id=','(paiement)','payment'),(28,16,2,'/dolibarr/htdocs/comm/card.php?socid=','Microsoft','company'),(29,17,12,'/dolibarr/htdocs/compta/paiement/card.php?id=','(paiement)','payment'),(30,17,4,'/dolibarr/htdocs/comm/card.php?socid=','google','company'),(31,18,13,'/dolibarr/htdocs/compta/paiement/card.php?id=','(paiement)','payment'),(32,18,1,'/dolibarr/htdocs/comm/card.php?socid=','aqtisplus','company'),(33,19,14,'/dolibarr/htdocs/compta/paiement/card.php?id=','(paiement)','payment'),(34,19,1,'/dolibarr/htdocs/comm/card.php?socid=','aqtisplus','company'),(35,20,15,'/dolibarr/htdocs/compta/paiement/card.php?id=','(paiement)','payment'),(36,20,4,'/dolibarr/htdocs/comm/card.php?socid=','google','company'),(37,21,16,'/dolibarr/htdocs/compta/paiement/card.php?id=','(paiement)','payment'),(38,21,1,'/dolibarr/htdocs/comm/card.php?socid=','aqtisplus','company'),(41,23,18,'/dolibarr/htdocs/compta/paiement/card.php?id=','(paiement)','payment'),(42,23,1,'/dolibarr/htdocs/comm/card.php?socid=','aqtisplus','company'),(43,24,19,'/dolibarr/htdocs/compta/paiement/card.php?id=','(paiement)','payment'),(44,24,1,'/dolibarr/htdocs/comm/card.php?socid=','aqtisplus','company'),(45,25,20,'/dolibarr/htdocs/compta/paiement/card.php?id=','(paiement)','payment'),(46,25,1,'/dolibarr/htdocs/comm/card.php?socid=','aqtisplus','company'),(47,27,21,'/dolibarr/htdocs/compta/paiement/card.php?id=','(paiement)','payment'),(48,27,9,'/dolibarr/htdocs/comm/card.php?socid=','ELECMIC','company');

--
-- Table structure for table `t1zhf_blockedlog`
--

CREATE TABLE `t1zhf_blockedlog` (
  `rowid` int NOT NULL AUTO_INCREMENT,
  `entity` int NOT NULL DEFAULT '1',
  `date_creation` datetime DEFAULT NULL,
  `tms` timestamp NOT NULL DEFAULT CURRENT_TIMESTAMP ON UPDATE CURRENT_TIMESTAMP,
  `action` varchar(50) COLLATE utf8mb3_unicode_ci DEFAULT NULL,
  `amounts` double(24,8) NOT NULL,
  `element` varchar(50) COLLATE utf8mb3_unicode_ci DEFAULT NULL,
  `fk_user` int DEFAULT NULL,
  `user_fullname` varchar(255) COLLATE utf8mb3_unicode_ci DEFAULT NULL,
  `fk_object` int DEFAULT NULL,
  `ref_object` varchar(255) COLLATE utf8mb3_unicode_ci DEFAULT NULL,
  `date_object` datetime DEFAULT NULL,
  `signature` varchar(100) COLLATE utf8mb3_unicode_ci NOT NULL,
  `signature_line` varchar(100) COLLATE utf8mb3_unicode_ci NOT NULL,
  `object_data` mediumtext COLLATE utf8mb3_unicode_ci,
  `certified` int DEFAULT NULL,
  `object_version` varchar(32) COLLATE utf8mb3_unicode_ci DEFAULT '',
  PRIMARY KEY (`rowid`),
  KEY `signature` (`signature`),
  KEY `fk_object_element` (`fk_object`,`element`),
  KEY `entity` (`entity`),
  KEY `fk_user` (`fk_user`),
  KEY `entity_action` (`entity`,`action`),
  KEY `entity_action_certified` (`entity`,`action`,`certified`)
) ENGINE=InnoDB AUTO_INCREMENT=29 DEFAULT CHARSET=utf8mb3 COLLATE=utf8mb3_unicode_ci;

--
-- Dumping data for table `t1zhf_blockedlog`
--

INSERT INTO `t1zhf_blockedlog` VALUES (1,1,'2023-06-28 11:32:12','2023-06-28 09:32:12','MODULE_SET',0.00000000,'module',1,'SuperAdmin',1,'systemevent','2023-06-28 11:32:12','97098c3e46f1fcc2bb06667360ca45eadf226d2624ff524c8786f06b5fced078','02317d05d90d4dc096d2c60c68411d54e879f8c9d828a413f83b11de37deb5c2','O:8:\"stdClass\":6:{s:9:\"mycompany\";O:8:\"stdClass\":16:{s:4:\"name\";s:7:\"maboite\";s:7:\"address\";s:20:\"21 rue Emile Grasset\";s:3:\"zip\";s:5:\"49300\";s:4:\"town\";s:6:\"CHOLET\";s:10:\"state_code\";s:2:\"49\";s:5:\"phone\";s:10:\"0661598768\";s:5:\"email\";s:23:\"aqtisplus@aqtisplus.com\";s:7:\"idprof1\";s:9:\"484266987\";s:7:\"idprof2\";s:14:\"48426698700014\";s:7:\"idprof3\";s:5:\"7022Z\";s:7:\"idprof4\";s:6:\"Angers\";s:9:\"tva_intra\";s:13:\"FR57484266987\";s:15:\"localtax1_assuj\";i:0;s:15:\"localtax2_assuj\";i:0;s:20:\"forme_juridique_code\";s:2:\"11\";s:12:\"country_code\";s:2:\"FR\";}s:2:\"id\";i:1;s:7:\"element\";s:6:\"module\";s:3:\"ref\";s:11:\"systemevent\";s:6:\"entity\";i:1;s:4:\"date\";i:1687944732;}',0,''),(2,1,'2023-06-28 11:36:21','2023-06-28 09:36:21','BILL_VALIDATE',1.20000000,'facture',1,'SuperAdmin',63,'FA2306-0052','2023-06-28 11:36:21','57ddf8751e4e6253ed7997d54af2bd96f3150cedf302a199554bb786615880bd','38e89cf5a511073343b312fb29d53dcaaba2cfdf176e258a847e68cb5d45a043','O:8:\"stdClass\":9:{s:10:\"thirdparty\";O:8:\"stdClass\":15:{s:4:\"name\";s:9:\"aqtisplus\";s:7:\"address\";s:20:\"21 rue Emile Grasset\";s:3:\"zip\";s:5:\"49300\";s:4:\"town\";s:6:\"cholet\";s:10:\"state_code\";s:2:\"49\";s:5:\"phone\";s:10:\"0241651414\";s:5:\"email\";s:21:\"p.neveu@aqtisplus.com\";s:9:\"tva_intra\";s:13:\"FR57484266986\";s:15:\"localtax1_value\";s:5:\"0.000\";s:15:\"localtax2_value\";s:5:\"0.000\";s:11:\"typent_code\";s:9:\"TE_MEDIUM\";s:20:\"forme_juridique_code\";s:2:\"11\";s:11:\"code_client\";s:11:\"CU1901-0001\";s:16:\"code_fournisseur\";s:11:\"SU1901-0001\";s:12:\"country_code\";s:2:\"FR\";}s:9:\"mycompany\";O:8:\"stdClass\":16:{s:4:\"name\";s:7:\"maboite\";s:7:\"address\";s:20:\"21 rue Emile Grasset\";s:3:\"zip\";s:5:\"49300\";s:4:\"town\";s:6:\"CHOLET\";s:10:\"state_code\";s:2:\"49\";s:5:\"phone\";s:10:\"0661598768\";s:5:\"email\";s:23:\"aqtisplus@aqtisplus.com\";s:7:\"idprof1\";s:9:\"484266987\";s:7:\"idprof2\";s:14:\"48426698700014\";s:7:\"idprof3\";s:5:\"7022Z\";s:7:\"idprof4\";s:6:\"Angers\";s:9:\"tva_intra\";s:13:\"FR57484266987\";s:15:\"localtax1_assuj\";i:0;s:15:\"localtax2_assuj\";i:0;s:20:\"forme_juridique_code\";s:2:\"11\";s:12:\"country_code\";s:2:\"FR\";}s:4:\"date\";i:1687944981;s:4:\"type\";i:0;s:8:\"total_ht\";d:1;s:9:\"total_tva\";d:0.2;s:9:\"total_ttc\";d:1.2;s:11:\"invoiceline\";a:1:{i:1;O:8:\"stdClass\":16:{s:18:\"multicurrency_code\";s:3:\"EUR\";s:22:\"multicurrency_total_ht\";s:10:\"1.00000000\";s:23:\"multicurrency_total_tva\";s:10:\"0.20000000\";s:23:\"multicurrency_total_ttc\";s:10:\"1.20000000\";s:3:\"ref\";s:6:\"CREAC3\";s:12:\"product_type\";s:1:\"0\";s:3:\"qty\";s:1:\"1\";s:6:\"tva_tx\";s:6:\"20.000\";s:12:\"localtax1_tx\";s:5:\"0.000\";s:12:\"localtax2_tx\";s:5:\"0.000\";s:8:\"total_ht\";s:10:\"1.00000000\";s:9:\"total_tva\";s:10:\"0.20000000\";s:15:\"total_localtax1\";s:10:\"0.00000000\";s:15:\"total_localtax2\";s:10:\"0.00000000\";s:9:\"total_ttc\";s:10:\"1.20000000\";s:9:\"info_bits\";s:1:\"0\";}}s:3:\"ref\";s:11:\"FA2306-0052\";}',0,''),(3,1,'2023-06-28 11:36:21','2023-06-28 09:36:21','PAYMENT_CUSTOMER_CREATE',1.20000000,'payment',1,'SuperAdmin',17,'PAY2306-0017','2023-06-28 11:36:21','4277635a85a45cddc7a39414f0869915edfed0f51a96f816649d054b35cdf809','f48edd4a42332612b5a1e094fca5331aec1ed0d43aaa37289f44acb816002ffa','O:8:\"stdClass\":7:{s:10:\"thirdparty\";O:8:\"stdClass\":15:{s:4:\"name\";s:9:\"aqtisplus\";s:7:\"address\";s:20:\"21 rue Emile Grasset\";s:3:\"zip\";s:5:\"49300\";s:4:\"town\";s:6:\"cholet\";s:10:\"state_code\";s:2:\"49\";s:5:\"phone\";s:10:\"0241651414\";s:5:\"email\";s:21:\"p.neveu@aqtisplus.com\";s:9:\"tva_intra\";s:13:\"FR57484266986\";s:15:\"localtax1_value\";s:5:\"0.000\";s:15:\"localtax2_value\";s:5:\"0.000\";s:11:\"typent_code\";s:9:\"TE_MEDIUM\";s:20:\"forme_juridique_code\";s:2:\"11\";s:11:\"code_client\";s:11:\"CU1901-0001\";s:16:\"code_fournisseur\";s:11:\"SU1901-0001\";s:12:\"country_code\";s:2:\"FR\";}s:9:\"mycompany\";O:8:\"stdClass\":16:{s:4:\"name\";s:7:\"maboite\";s:7:\"address\";s:20:\"21 rue Emile Grasset\";s:3:\"zip\";s:5:\"49300\";s:4:\"town\";s:6:\"CHOLET\";s:10:\"state_code\";s:2:\"49\";s:5:\"phone\";s:10:\"0661598768\";s:5:\"email\";s:23:\"aqtisplus@aqtisplus.com\";s:7:\"idprof1\";s:9:\"484266987\";s:7:\"idprof2\";s:14:\"48426698700014\";s:7:\"idprof3\";s:5:\"7022Z\";s:7:\"idprof4\";s:6:\"Angers\";s:9:\"tva_intra\";s:13:\"FR57484266987\";s:15:\"localtax1_assuj\";i:0;s:15:\"localtax2_assuj\";i:0;s:20:\"forme_juridique_code\";s:2:\"11\";s:12:\"country_code\";s:2:\"FR\";}s:3:\"ref\";s:12:\"PAY2306-0017\";s:4:\"date\";i:1687944981;s:9:\"type_code\";s:2:\"CB\";s:12:\"payment_part\";a:1:{i:1;O:8:\"stdClass\":3:{s:6:\"amount\";s:3:\"1.2\";s:10:\"thirdparty\";O:8:\"stdClass\":15:{s:4:\"name\";s:9:\"aqtisplus\";s:7:\"address\";s:20:\"21 rue Emile Grasset\";s:3:\"zip\";s:5:\"49300\";s:4:\"town\";s:6:\"cholet\";s:10:\"state_code\";s:2:\"49\";s:5:\"phone\";s:10:\"0241651414\";s:5:\"email\";s:21:\"p.neveu@aqtisplus.com\";s:9:\"tva_intra\";s:13:\"FR57484266986\";s:15:\"localtax1_value\";s:5:\"0.000\";s:15:\"localtax2_value\";s:5:\"0.000\";s:11:\"typent_code\";s:9:\"TE_MEDIUM\";s:20:\"forme_juridique_code\";s:2:\"11\";s:11:\"code_client\";s:11:\"CU1901-0001\";s:16:\"code_fournisseur\";s:11:\"SU1901-0001\";s:12:\"country_code\";s:2:\"FR\";}s:7:\"invoice\";O:8:\"stdClass\":7:{s:4:\"date\";i:1687903200;s:4:\"type\";s:1:\"0\";s:8:\"total_ht\";s:10:\"1.00000000\";s:9:\"total_tva\";s:10:\"0.20000000\";s:9:\"total_ttc\";s:10:\"1.20000000\";s:12:\"revenuestamp\";s:10:\"0.00000000\";s:3:\"ref\";s:11:\"FA2306-0052\";}}}s:6:\"amount\";d:1.2;}',0,''),(4,1,'2023-06-28 11:37:16','2023-06-28 09:37:16','PAYMENT_CUSTOMER_DELETE',1.20000000,'payment',1,'SuperAdmin',17,'PAY2306-0017','2023-06-28 11:36:21','476ede37d17987e2739bdc9a658c7733a2973956a3c0ff1de58112a39215c853','52746df3c62dd4185c9102e37518c77b47f213645b66e23eff07b11c9f8aa280','O:8:\"stdClass\":6:{s:10:\"thirdparty\";O:8:\"stdClass\":15:{s:4:\"name\";s:9:\"aqtisplus\";s:7:\"address\";s:20:\"21 rue Emile Grasset\";s:3:\"zip\";s:5:\"49300\";s:4:\"town\";s:6:\"cholet\";s:10:\"state_code\";s:2:\"49\";s:5:\"phone\";s:10:\"0241651414\";s:5:\"email\";s:21:\"p.neveu@aqtisplus.com\";s:9:\"tva_intra\";s:13:\"FR57484266986\";s:15:\"localtax1_value\";s:5:\"0.000\";s:15:\"localtax2_value\";s:5:\"0.000\";s:11:\"typent_code\";s:9:\"TE_MEDIUM\";s:20:\"forme_juridique_code\";s:2:\"11\";s:11:\"code_client\";s:11:\"CU1901-0001\";s:16:\"code_fournisseur\";s:11:\"SU1901-0001\";s:12:\"country_code\";s:2:\"FR\";}s:9:\"mycompany\";O:8:\"stdClass\":16:{s:4:\"name\";s:7:\"maboite\";s:7:\"address\";s:20:\"21 rue Emile Grasset\";s:3:\"zip\";s:5:\"49300\";s:4:\"town\";s:6:\"CHOLET\";s:10:\"state_code\";s:2:\"49\";s:5:\"phone\";s:10:\"0661598768\";s:5:\"email\";s:23:\"aqtisplus@aqtisplus.com\";s:7:\"idprof1\";s:9:\"484266987\";s:7:\"idprof2\";s:14:\"48426698700014\";s:7:\"idprof3\";s:5:\"7022Z\";s:7:\"idprof4\";s:6:\"Angers\";s:9:\"tva_intra\";s:13:\"FR57484266987\";s:15:\"localtax1_assuj\";i:0;s:15:\"localtax2_assuj\";i:0;s:20:\"forme_juridique_code\";s:2:\"11\";s:12:\"country_code\";s:2:\"FR\";}s:3:\"ref\";s:12:\"PAY2306-0017\";s:4:\"date\";i:1687944981;s:9:\"type_code\";s:0:\"\";s:6:\"amount\";s:10:\"1.20000000\";}',0,''),(5,1,'2023-06-28 11:38:11','2023-06-28 09:38:11','BILL_VALIDATE',1.50000000,'facture',1,'SuperAdmin',63,'FA2306-0052','2023-06-28 00:00:00','9c002a6b262ec8c0d977e8d85c9e10f6a4ec8b86379a04d74380f508fc989656','b81d80a84cbb0ad4d2464a4ab6cdde88b288265c32c4d909efa3e7f9f7acfbe0','O:8:\"stdClass\":10:{s:10:\"thirdparty\";O:8:\"stdClass\":15:{s:4:\"name\";s:9:\"aqtisplus\";s:7:\"address\";s:20:\"21 rue Emile Grasset\";s:3:\"zip\";s:5:\"49300\";s:4:\"town\";s:6:\"cholet\";s:10:\"state_code\";s:2:\"49\";s:5:\"phone\";s:10:\"0241651414\";s:5:\"email\";s:21:\"p.neveu@aqtisplus.com\";s:9:\"tva_intra\";s:13:\"FR57484266986\";s:15:\"localtax1_value\";s:5:\"0.000\";s:15:\"localtax2_value\";s:5:\"0.000\";s:11:\"typent_code\";s:9:\"TE_MEDIUM\";s:20:\"forme_juridique_code\";s:2:\"11\";s:11:\"code_client\";s:11:\"CU1901-0001\";s:16:\"code_fournisseur\";s:11:\"SU1901-0001\";s:12:\"country_code\";s:2:\"FR\";}s:9:\"mycompany\";O:8:\"stdClass\":16:{s:4:\"name\";s:7:\"maboite\";s:7:\"address\";s:20:\"21 rue Emile Grasset\";s:3:\"zip\";s:5:\"49300\";s:4:\"town\";s:6:\"CHOLET\";s:10:\"state_code\";s:2:\"49\";s:5:\"phone\";s:10:\"0661598768\";s:5:\"email\";s:23:\"aqtisplus@aqtisplus.com\";s:7:\"idprof1\";s:9:\"484266987\";s:7:\"idprof2\";s:14:\"48426698700014\";s:7:\"idprof3\";s:5:\"7022Z\";s:7:\"idprof4\";s:6:\"Angers\";s:9:\"tva_intra\";s:13:\"FR57484266987\";s:15:\"localtax1_assuj\";i:0;s:15:\"localtax2_assuj\";i:0;s:20:\"forme_juridique_code\";s:2:\"11\";s:12:\"country_code\";s:2:\"FR\";}s:4:\"date\";i:1687903200;s:4:\"type\";s:1:\"0\";s:8:\"total_ht\";d:1.25;s:9:\"total_tva\";d:0.25;s:9:\"total_ttc\";d:1.5;s:12:\"revenuestamp\";s:10:\"0.00000000\";s:11:\"invoiceline\";a:1:{i:1;O:8:\"stdClass\":16:{s:18:\"multicurrency_code\";s:3:\"EUR\";s:22:\"multicurrency_total_ht\";s:10:\"1.25000000\";s:23:\"multicurrency_total_tva\";s:10:\"0.25000000\";s:23:\"multicurrency_total_ttc\";s:10:\"1.50000000\";s:3:\"ref\";s:6:\"CREAC3\";s:12:\"product_type\";s:1:\"0\";s:3:\"qty\";s:1:\"1\";s:6:\"tva_tx\";s:6:\"20.000\";s:12:\"localtax1_tx\";s:5:\"0.000\";s:12:\"localtax2_tx\";s:5:\"0.000\";s:8:\"total_ht\";s:10:\"1.25000000\";s:9:\"total_tva\";s:10:\"0.25000000\";s:15:\"total_localtax1\";s:10:\"0.00000000\";s:15:\"total_localtax2\";s:10:\"0.00000000\";s:9:\"total_ttc\";s:10:\"1.50000000\";s:9:\"info_bits\";s:1:\"0\";}}s:3:\"ref\";s:11:\"FA2306-0052\";}',0,''),(6,1,'2023-06-28 11:42:08','2023-06-28 09:42:08','PAYMENT_CUSTOMER_CREATE',1.50000000,'payment',1,'SuperAdmin',18,'PAY2306-0017','2023-06-28 12:00:00','e21d226dcb892ddac26ceb708510ac3ad671d488bd90e0325f0d2dea36214861','875a6a3e30332300f3dd1b7dce73d581edd1c26fb3f62f2408eedd1eecba8d1f','O:8:\"stdClass\":7:{s:10:\"thirdparty\";O:8:\"stdClass\":15:{s:4:\"name\";s:9:\"aqtisplus\";s:7:\"address\";s:20:\"21 rue Emile Grasset\";s:3:\"zip\";s:5:\"49300\";s:4:\"town\";s:6:\"cholet\";s:10:\"state_code\";s:2:\"49\";s:5:\"phone\";s:10:\"0241651414\";s:5:\"email\";s:21:\"p.neveu@aqtisplus.com\";s:9:\"tva_intra\";s:13:\"FR57484266986\";s:15:\"localtax1_value\";s:5:\"0.000\";s:15:\"localtax2_value\";s:5:\"0.000\";s:11:\"typent_code\";s:9:\"TE_MEDIUM\";s:20:\"forme_juridique_code\";s:2:\"11\";s:11:\"code_client\";s:11:\"CU1901-0001\";s:16:\"code_fournisseur\";s:11:\"SU1901-0001\";s:12:\"country_code\";s:2:\"FR\";}s:9:\"mycompany\";O:8:\"stdClass\":16:{s:4:\"name\";s:7:\"maboite\";s:7:\"address\";s:20:\"21 rue Emile Grasset\";s:3:\"zip\";s:5:\"49300\";s:4:\"town\";s:6:\"CHOLET\";s:10:\"state_code\";s:2:\"49\";s:5:\"phone\";s:10:\"0661598768\";s:5:\"email\";s:23:\"aqtisplus@aqtisplus.com\";s:7:\"idprof1\";s:9:\"484266987\";s:7:\"idprof2\";s:14:\"48426698700014\";s:7:\"idprof3\";s:5:\"7022Z\";s:7:\"idprof4\";s:6:\"Angers\";s:9:\"tva_intra\";s:13:\"FR57484266987\";s:15:\"localtax1_assuj\";i:0;s:15:\"localtax2_assuj\";i:0;s:20:\"forme_juridique_code\";s:2:\"11\";s:12:\"country_code\";s:2:\"FR\";}s:3:\"ref\";s:12:\"PAY2306-0017\";s:4:\"date\";i:1687946400;s:9:\"type_code\";s:3:\"CHQ\";s:12:\"payment_part\";a:1:{i:1;O:8:\"stdClass\":3:{s:6:\"amount\";s:3:\"1.5\";s:10:\"thirdparty\";O:8:\"stdClass\":15:{s:4:\"name\";s:9:\"aqtisplus\";s:7:\"address\";s:20:\"21 rue Emile Grasset\";s:3:\"zip\";s:5:\"49300\";s:4:\"town\";s:6:\"cholet\";s:10:\"state_code\";s:2:\"49\";s:5:\"phone\";s:10:\"0241651414\";s:5:\"email\";s:21:\"p.neveu@aqtisplus.com\";s:9:\"tva_intra\";s:13:\"FR57484266986\";s:15:\"localtax1_value\";s:5:\"0.000\";s:15:\"localtax2_value\";s:5:\"0.000\";s:11:\"typent_code\";s:9:\"TE_MEDIUM\";s:20:\"forme_juridique_code\";s:2:\"11\";s:11:\"code_client\";s:11:\"CU1901-0001\";s:16:\"code_fournisseur\";s:11:\"SU1901-0001\";s:12:\"country_code\";s:2:\"FR\";}s:7:\"invoice\";O:8:\"stdClass\":7:{s:4:\"date\";i:1687903200;s:4:\"type\";s:1:\"0\";s:8:\"total_ht\";s:10:\"1.25000000\";s:9:\"total_tva\";s:10:\"0.25000000\";s:9:\"total_ttc\";s:10:\"1.50000000\";s:12:\"revenuestamp\";s:10:\"0.00000000\";s:3:\"ref\";s:11:\"FA2306-0052\";}}}s:6:\"amount\";d:1.5;}',0,''),(7,1,'2023-09-14 16:52:54','2023-09-14 14:52:54','BILL_VALIDATE',36.00000000,'facture',1,'SuperAdmin',64,'FA2309-0053','2023-09-14 16:52:54','f6ce19bea565b7afd40d21608deb04ca092d944f6e881a0c3b3e0a54ef96e0fc','2b3841bcf8be6ad700d2c022e1fff58d13e8c066b60468944fded945032878f8','O:8:\"stdClass\":9:{s:10:\"thirdparty\";O:8:\"stdClass\":15:{s:4:\"name\";s:9:\"aqtisplus\";s:7:\"address\";s:20:\"21 rue Emile Grasset\";s:3:\"zip\";s:5:\"49300\";s:4:\"town\";s:6:\"cholet\";s:10:\"state_code\";s:2:\"49\";s:5:\"phone\";s:10:\"0241651414\";s:5:\"email\";s:21:\"p.neveu@aqtisplus.com\";s:9:\"tva_intra\";s:13:\"FR57484266986\";s:15:\"localtax1_value\";s:5:\"0.000\";s:15:\"localtax2_value\";s:5:\"0.000\";s:11:\"typent_code\";s:9:\"TE_MEDIUM\";s:20:\"forme_juridique_code\";s:2:\"11\";s:11:\"code_client\";s:11:\"CU1901-0001\";s:16:\"code_fournisseur\";s:11:\"SU1901-0001\";s:12:\"country_code\";s:2:\"FR\";}s:9:\"mycompany\";O:8:\"stdClass\":16:{s:4:\"name\";s:7:\"maboite\";s:7:\"address\";s:20:\"21 rue Emile Grasset\";s:3:\"zip\";s:5:\"49300\";s:4:\"town\";s:6:\"CHOLET\";s:10:\"state_code\";s:2:\"49\";s:5:\"phone\";s:10:\"0661598768\";s:5:\"email\";s:23:\"aqtisplus@aqtisplus.com\";s:7:\"idprof1\";s:9:\"484266987\";s:7:\"idprof2\";s:14:\"48426698700014\";s:7:\"idprof3\";s:5:\"7022Z\";s:7:\"idprof4\";s:6:\"Angers\";s:9:\"tva_intra\";s:13:\"FR57484266987\";s:15:\"localtax1_assuj\";i:0;s:15:\"localtax2_assuj\";i:0;s:20:\"forme_juridique_code\";s:2:\"11\";s:12:\"country_code\";s:2:\"FR\";}s:4:\"date\";i:1694703174;s:4:\"type\";i:0;s:8:\"total_ht\";d:30;s:9:\"total_tva\";d:6;s:9:\"total_ttc\";d:36;s:11:\"invoiceline\";a:1:{i:1;O:8:\"stdClass\":16:{s:18:\"multicurrency_code\";s:3:\"EUR\";s:22:\"multicurrency_total_ht\";s:11:\"30.00000000\";s:23:\"multicurrency_total_tva\";s:10:\"6.00000000\";s:23:\"multicurrency_total_ttc\";s:11:\"36.00000000\";s:3:\"ref\";s:2:\"c1\";s:12:\"product_type\";s:1:\"0\";s:3:\"qty\";s:1:\"3\";s:6:\"tva_tx\";s:6:\"20.000\";s:12:\"localtax1_tx\";s:5:\"0.000\";s:12:\"localtax2_tx\";s:5:\"0.000\";s:8:\"total_ht\";s:11:\"30.00000000\";s:9:\"total_tva\";s:10:\"6.00000000\";s:15:\"total_localtax1\";s:10:\"0.00000000\";s:15:\"total_localtax2\";s:10:\"0.00000000\";s:9:\"total_ttc\";s:11:\"36.00000000\";s:9:\"info_bits\";s:1:\"0\";}}s:3:\"ref\";s:11:\"FA2309-0053\";}',0,''),(8,1,'2023-09-14 16:52:55','2023-09-14 14:52:55','PAYMENT_CUSTOMER_CREATE',36.00000000,'payment',1,'SuperAdmin',19,'PAY2309-0018','2023-09-14 16:52:54','be49740162ef390363b13807e96c3d5d6dbf9927b52dad2597e25039074055d1','6c1af1ba46ec0aeef2903d685b0b250808a08c1544165a0a76013ebad63df1b4','O:8:\"stdClass\":7:{s:10:\"thirdparty\";O:8:\"stdClass\":15:{s:4:\"name\";s:9:\"aqtisplus\";s:7:\"address\";s:20:\"21 rue Emile Grasset\";s:3:\"zip\";s:5:\"49300\";s:4:\"town\";s:6:\"cholet\";s:10:\"state_code\";s:2:\"49\";s:5:\"phone\";s:10:\"0241651414\";s:5:\"email\";s:21:\"p.neveu@aqtisplus.com\";s:9:\"tva_intra\";s:13:\"FR57484266986\";s:15:\"localtax1_value\";s:5:\"0.000\";s:15:\"localtax2_value\";s:5:\"0.000\";s:11:\"typent_code\";s:9:\"TE_MEDIUM\";s:20:\"forme_juridique_code\";s:2:\"11\";s:11:\"code_client\";s:11:\"CU1901-0001\";s:16:\"code_fournisseur\";s:11:\"SU1901-0001\";s:12:\"country_code\";s:2:\"FR\";}s:9:\"mycompany\";O:8:\"stdClass\":16:{s:4:\"name\";s:7:\"maboite\";s:7:\"address\";s:20:\"21 rue Emile Grasset\";s:3:\"zip\";s:5:\"49300\";s:4:\"town\";s:6:\"CHOLET\";s:10:\"state_code\";s:2:\"49\";s:5:\"phone\";s:10:\"0661598768\";s:5:\"email\";s:23:\"aqtisplus@aqtisplus.com\";s:7:\"idprof1\";s:9:\"484266987\";s:7:\"idprof2\";s:14:\"48426698700014\";s:7:\"idprof3\";s:5:\"7022Z\";s:7:\"idprof4\";s:6:\"Angers\";s:9:\"tva_intra\";s:13:\"FR57484266987\";s:15:\"localtax1_assuj\";i:0;s:15:\"localtax2_assuj\";i:0;s:20:\"forme_juridique_code\";s:2:\"11\";s:12:\"country_code\";s:2:\"FR\";}s:3:\"ref\";s:12:\"PAY2309-0018\";s:4:\"date\";i:1694703174;s:9:\"type_code\";s:2:\"CB\";s:12:\"payment_part\";a:1:{i:1;O:8:\"stdClass\":3:{s:6:\"amount\";s:2:\"36\";s:10:\"thirdparty\";O:8:\"stdClass\":15:{s:4:\"name\";s:9:\"aqtisplus\";s:7:\"address\";s:20:\"21 rue Emile Grasset\";s:3:\"zip\";s:5:\"49300\";s:4:\"town\";s:6:\"cholet\";s:10:\"state_code\";s:2:\"49\";s:5:\"phone\";s:10:\"0241651414\";s:5:\"email\";s:21:\"p.neveu@aqtisplus.com\";s:9:\"tva_intra\";s:13:\"FR57484266986\";s:15:\"localtax1_value\";s:5:\"0.000\";s:15:\"localtax2_value\";s:5:\"0.000\";s:11:\"typent_code\";s:9:\"TE_MEDIUM\";s:20:\"forme_juridique_code\";s:2:\"11\";s:11:\"code_client\";s:11:\"CU1901-0001\";s:16:\"code_fournisseur\";s:11:\"SU1901-0001\";s:12:\"country_code\";s:2:\"FR\";}s:7:\"invoice\";O:8:\"stdClass\":7:{s:4:\"date\";i:1694642400;s:4:\"type\";s:1:\"0\";s:8:\"total_ht\";s:11:\"30.00000000\";s:9:\"total_tva\";s:10:\"6.00000000\";s:9:\"total_ttc\";s:11:\"36.00000000\";s:12:\"revenuestamp\";s:10:\"0.00000000\";s:3:\"ref\";s:11:\"FA2309-0053\";}}}s:6:\"amount\";i:36;}',0,''),(9,1,'2023-09-14 17:02:34','2023-09-14 15:02:34','BILL_VALIDATE',158.40000000,'facture',1,'SuperAdmin',65,'TC1-2309-0001','2023-09-14 00:00:00','8f34a81d7ddead94dfaf0233ad1b4978eed8f597d7f6762547530c9a32680851','ea01eec45e42e345b613ea8dad102a742f2488968cb08ef26fe562c83f474203','O:8:\"stdClass\":10:{s:10:\"thirdparty\";O:8:\"stdClass\":15:{s:4:\"name\";s:9:\"aqtisplus\";s:7:\"address\";s:20:\"21 rue Emile Grasset\";s:3:\"zip\";s:5:\"49300\";s:4:\"town\";s:6:\"cholet\";s:10:\"state_code\";s:2:\"49\";s:5:\"phone\";s:10:\"0241651414\";s:5:\"email\";s:21:\"p.neveu@aqtisplus.com\";s:9:\"tva_intra\";s:13:\"FR57484266986\";s:15:\"localtax1_value\";s:5:\"0.000\";s:15:\"localtax2_value\";s:5:\"0.000\";s:11:\"typent_code\";s:9:\"TE_MEDIUM\";s:20:\"forme_juridique_code\";s:2:\"11\";s:11:\"code_client\";s:11:\"CU1901-0001\";s:16:\"code_fournisseur\";s:11:\"SU1901-0001\";s:12:\"country_code\";s:2:\"FR\";}s:9:\"mycompany\";O:8:\"stdClass\":16:{s:4:\"name\";s:7:\"maboite\";s:7:\"address\";s:20:\"21 rue Emile Grasset\";s:3:\"zip\";s:5:\"49300\";s:4:\"town\";s:6:\"CHOLET\";s:10:\"state_code\";s:2:\"49\";s:5:\"phone\";s:10:\"0661598768\";s:5:\"email\";s:23:\"aqtisplus@aqtisplus.com\";s:7:\"idprof1\";s:9:\"484266987\";s:7:\"idprof2\";s:14:\"48426698700014\";s:7:\"idprof3\";s:5:\"7022Z\";s:7:\"idprof4\";s:6:\"Angers\";s:9:\"tva_intra\";s:13:\"FR57484266987\";s:15:\"localtax1_assuj\";i:0;s:15:\"localtax2_assuj\";i:0;s:20:\"forme_juridique_code\";s:2:\"11\";s:12:\"country_code\";s:2:\"FR\";}s:4:\"date\";i:1694642400;s:4:\"type\";s:1:\"0\";s:8:\"total_ht\";d:132;s:9:\"total_tva\";d:26.4;s:9:\"total_ttc\";d:158.4;s:12:\"revenuestamp\";s:10:\"0.00000000\";s:11:\"invoiceline\";a:1:{i:1;O:8:\"stdClass\":16:{s:18:\"multicurrency_code\";s:3:\"EUR\";s:22:\"multicurrency_total_ht\";s:12:\"132.00000000\";s:23:\"multicurrency_total_tva\";s:11:\"26.40000000\";s:23:\"multicurrency_total_ttc\";s:12:\"158.40000000\";s:3:\"ref\";s:18:\"Armoire_electrique\";s:12:\"product_type\";s:1:\"0\";s:3:\"qty\";s:1:\"1\";s:6:\"tva_tx\";s:6:\"20.000\";s:12:\"localtax1_tx\";s:5:\"0.000\";s:12:\"localtax2_tx\";s:5:\"0.000\";s:8:\"total_ht\";s:12:\"132.00000000\";s:9:\"total_tva\";s:11:\"26.40000000\";s:15:\"total_localtax1\";s:10:\"0.00000000\";s:15:\"total_localtax2\";s:10:\"0.00000000\";s:9:\"total_ttc\";s:12:\"158.40000000\";s:9:\"info_bits\";s:1:\"0\";}}s:3:\"ref\";s:13:\"TC1-2309-0001\";}',0,''),(10,1,'2023-09-14 17:02:34','2023-09-14 15:02:34','PAYMENT_CUSTOMER_CREATE',158.40000000,'payment',1,'SuperAdmin',20,'PAY2309-0019','2023-09-14 17:02:34','e5e401aac48657290883b8927c58485852e5104c8232da7eee0ea2e1a721bc5b','185294de9c5df1a43674960991c3c5b7a283dd6be6f0b263b886880a556ca472','O:8:\"stdClass\":8:{s:10:\"thirdparty\";O:8:\"stdClass\":15:{s:4:\"name\";s:9:\"aqtisplus\";s:7:\"address\";s:20:\"21 rue Emile Grasset\";s:3:\"zip\";s:5:\"49300\";s:4:\"town\";s:6:\"cholet\";s:10:\"state_code\";s:2:\"49\";s:5:\"phone\";s:10:\"0241651414\";s:5:\"email\";s:21:\"p.neveu@aqtisplus.com\";s:9:\"tva_intra\";s:13:\"FR57484266986\";s:15:\"localtax1_value\";s:5:\"0.000\";s:15:\"localtax2_value\";s:5:\"0.000\";s:11:\"typent_code\";s:9:\"TE_MEDIUM\";s:20:\"forme_juridique_code\";s:2:\"11\";s:11:\"code_client\";s:11:\"CU1901-0001\";s:16:\"code_fournisseur\";s:11:\"SU1901-0001\";s:12:\"country_code\";s:2:\"FR\";}s:9:\"mycompany\";O:8:\"stdClass\":16:{s:4:\"name\";s:7:\"maboite\";s:7:\"address\";s:20:\"21 rue Emile Grasset\";s:3:\"zip\";s:5:\"49300\";s:4:\"town\";s:6:\"CHOLET\";s:10:\"state_code\";s:2:\"49\";s:5:\"phone\";s:10:\"0661598768\";s:5:\"email\";s:23:\"aqtisplus@aqtisplus.com\";s:7:\"idprof1\";s:9:\"484266987\";s:7:\"idprof2\";s:14:\"48426698700014\";s:7:\"idprof3\";s:5:\"7022Z\";s:7:\"idprof4\";s:6:\"Angers\";s:9:\"tva_intra\";s:13:\"FR57484266987\";s:15:\"localtax1_assuj\";i:0;s:15:\"localtax2_assuj\";i:0;s:20:\"forme_juridique_code\";s:2:\"11\";s:12:\"country_code\";s:2:\"FR\";}s:3:\"ref\";s:12:\"PAY2309-0019\";s:4:\"date\";i:1694703754;s:9:\"type_code\";s:3:\"CHQ\";s:11:\"payment_num\";s:13:\"TC1-2309-0001\";s:12:\"payment_part\";a:1:{i:1;O:8:\"stdClass\":3:{s:6:\"amount\";s:5:\"158.4\";s:10:\"thirdparty\";O:8:\"stdClass\":15:{s:4:\"name\";s:9:\"aqtisplus\";s:7:\"address\";s:20:\"21 rue Emile Grasset\";s:3:\"zip\";s:5:\"49300\";s:4:\"town\";s:6:\"cholet\";s:10:\"state_code\";s:2:\"49\";s:5:\"phone\";s:10:\"0241651414\";s:5:\"email\";s:21:\"p.neveu@aqtisplus.com\";s:9:\"tva_intra\";s:13:\"FR57484266986\";s:15:\"localtax1_value\";s:5:\"0.000\";s:15:\"localtax2_value\";s:5:\"0.000\";s:11:\"typent_code\";s:9:\"TE_MEDIUM\";s:20:\"forme_juridique_code\";s:2:\"11\";s:11:\"code_client\";s:11:\"CU1901-0001\";s:16:\"code_fournisseur\";s:11:\"SU1901-0001\";s:12:\"country_code\";s:2:\"FR\";}s:7:\"invoice\";O:8:\"stdClass\":7:{s:4:\"date\";i:1694642400;s:4:\"type\";s:1:\"0\";s:8:\"total_ht\";s:12:\"132.00000000\";s:9:\"total_tva\";s:11:\"26.40000000\";s:9:\"total_ttc\";s:12:\"158.40000000\";s:12:\"revenuestamp\";s:10:\"0.00000000\";s:3:\"ref\";s:13:\"TC1-2309-0001\";}}}s:6:\"amount\";d:158.4;}',0,''),(11,1,'2024-09-09 15:53:44','2024-09-09 13:53:44','BILL_VALIDATE',8648.59000000,'facture',1,'SuperAdmin',66,'FA2409-0054','2024-09-09 00:00:00','f22fbd8a0c767fdce6e7283929c90eb52e8831aadcef50f388e6f2781c6d9c96','9151c3adaaf5b2aadd8efa3f6397ad46f9c1d5e8b1572c1a200a7fcb2432a963','{\"thirdparty\":{\"name\":\"ELECMIC\",\"phone\":\"(02)41657379\",\"email\":\"administratif@elecmic.com\",\"localtax1_value\":\"0.000\",\"localtax2_value\":\"0.000\",\"code_client\":\"CU2105-00007\",\"code_fournisseur\":\"SU2105-00008\",\"country_code\":\"FR\",\"state_code\":\"44\",\"address\":\"10 Rue de la G\\u00e2tine\",\"zip\":\"49300\",\"town\":\"cholet\"},\"mycompany\":{\"name\":\"maboite\",\"phone\":\"0661598768\",\"email\":\"aqtisplus@aqtisplus.com\",\"idprof1\":\"484266987\",\"idprof2\":\"48426698700014\",\"idprof3\":\"7022Z\",\"idprof4\":\"Angers\",\"tva_intra\":\"FR57484266987\",\"localtax1_assuj\":0,\"localtax2_assuj\":0,\"forme_juridique_code\":\"11\",\"country_code\":\"FR\",\"state_code\":\"49\",\"address\":\"21 rue Emile Grasset\",\"zip\":\"49300\",\"town\":\"CHOLET\"},\"total_ht\":7789.75,\"total_tva\":858.84,\"total_ttc\":8648.59,\"revenuestamp\":\"0.00000000\",\"invoiceline\":{\"1\":{\"product_type\":\"9\",\"qty\":\"1\",\"tva_tx\":\"0.000\",\"localtax1_tx\":\"0.000\",\"localtax2_tx\":\"0.000\",\"total_ht\":\"0.00000000\",\"total_tva\":\"0.00000000\",\"total_localtax1\":\"0.00000000\",\"total_localtax2\":\"0.00000000\",\"total_ttc\":\"0.00000000\",\"info_bits\":\"0\",\"multicurrency_code\":\"EUR\",\"multicurrency_total_ht\":\"0.00000000\",\"multicurrency_total_tva\":\"0.00000000\",\"multicurrency_total_ttc\":\"0.00000000\"},\"2\":{\"ref\":\"Prepa\",\"product_type\":\"0\",\"qty\":\"2\",\"tva_tx\":\"20.000\",\"localtax1_tx\":\"0.000\",\"localtax2_tx\":\"0.000\",\"total_ht\":\"416.67000000\",\"total_tva\":\"83.33000000\",\"total_localtax1\":\"0.00000000\",\"total_localtax2\":\"0.00000000\",\"total_ttc\":\"500.00000000\",\"info_bits\":\"0\",\"multicurrency_code\":\"EUR\",\"multicurrency_total_ht\":\"416.67000000\",\"multicurrency_total_tva\":\"83.33000000\",\"multicurrency_total_ttc\":\"500.00000000\"},\"3\":{\"product_type\":\"1\",\"qty\":\"1\",\"tva_tx\":\"10.000\",\"localtax1_tx\":\"0.000\",\"localtax2_tx\":\"0.000\",\"total_ht\":\"1200.00000000\",\"total_tva\":\"120.00000000\",\"total_localtax1\":\"0.00000000\",\"total_localtax2\":\"0.00000000\",\"total_ttc\":\"1320.00000000\",\"info_bits\":\"0\",\"multicurrency_code\":\"EUR\",\"multicurrency_total_ht\":\"1200.00000000\",\"multicurrency_total_tva\":\"120.00000000\",\"multicurrency_total_ttc\":\"1320.00000000\"},\"4\":{\"product_type\":\"1\",\"qty\":\"1\",\"tva_tx\":\"10.000\",\"localtax1_tx\":\"0.000\",\"localtax2_tx\":\"0.000\",\"total_ht\":\"981.00000000\",\"total_tva\":\"98.10000000\",\"total_localtax1\":\"0.00000000\",\"total_localtax2\":\"0.00000000\",\"total_ttc\":\"1079.10000000\",\"info_bits\":\"0\",\"multicurrency_code\":\"EUR\",\"multicurrency_total_ht\":\"981.00000000\",\"multicurrency_total_tva\":\"98.10000000\",\"multicurrency_total_ttc\":\"1079.10000000\"},\"5\":{\"product_type\":\"1\",\"qty\":\"1\",\"tva_tx\":\"10.000\",\"localtax1_tx\":\"0.000\",\"localtax2_tx\":\"0.000\",\"total_ht\":\"650.00000000\",\"total_tva\":\"65.00000000\",\"total_localtax1\":\"0.00000000\",\"total_localtax2\":\"0.00000000\",\"total_ttc\":\"715.00000000\",\"info_bits\":\"0\",\"multicurrency_code\":\"EUR\",\"multicurrency_total_ht\":\"650.00000000\",\"multicurrency_total_tva\":\"65.00000000\",\"multicurrency_total_ttc\":\"715.00000000\"},\"6\":{\"product_type\":\"1\",\"qty\":\"1\",\"tva_tx\":\"10.000\",\"localtax1_tx\":\"0.000\",\"localtax2_tx\":\"0.000\",\"total_ht\":\"425.00000000\",\"total_tva\":\"42.50000000\",\"total_localtax1\":\"0.00000000\",\"total_localtax2\":\"0.00000000\",\"total_ttc\":\"467.50000000\",\"info_bits\":\"0\",\"multicurrency_code\":\"EUR\",\"multicurrency_total_ht\":\"425.00000000\",\"multicurrency_total_tva\":\"42.50000000\",\"multicurrency_total_ttc\":\"467.50000000\"},\"7\":{\"ref\":\"Armoire_electrique\",\"product_type\":\"0\",\"qty\":\"1\",\"tva_tx\":\"20.000\",\"localtax1_tx\":\"0.000\",\"localtax2_tx\":\"0.000\",\"total_ht\":\"250.00000000\",\"total_tva\":\"50.00000000\",\"total_localtax1\":\"0.00000000\",\"total_localtax2\":\"0.00000000\",\"total_ttc\":\"300.00000000\",\"info_bits\":\"0\",\"multicurrency_code\":\"EUR\",\"multicurrency_total_ht\":\"250.00000000\",\"multicurrency_total_tva\":\"50.00000000\",\"multicurrency_total_ttc\":\"300.00000000\"},\"8\":{\"product_type\":\"9\",\"qty\":\"99\",\"tva_tx\":\"0.000\",\"localtax1_tx\":\"0.000\",\"localtax2_tx\":\"0.000\",\"total_ht\":\"0.00000000\",\"total_tva\":\"0.00000000\",\"total_localtax1\":\"0.00000000\",\"total_localtax2\":\"0.00000000\",\"total_ttc\":\"0.00000000\",\"info_bits\":\"0\",\"multicurrency_code\":\"EUR\",\"multicurrency_total_ht\":\"0.00000000\",\"multicurrency_total_tva\":\"0.00000000\",\"multicurrency_total_ttc\":\"0.00000000\"},\"9\":{\"product_type\":\"9\",\"qty\":\"1\",\"tva_tx\":\"0.000\",\"localtax1_tx\":\"0.000\",\"localtax2_tx\":\"0.000\",\"total_ht\":\"0.00000000\",\"total_tva\":\"0.00000000\",\"total_localtax1\":\"0.00000000\",\"total_localtax2\":\"0.00000000\",\"total_ttc\":\"0.00000000\",\"info_bits\":\"0\",\"multicurrency_code\":\"EUR\",\"multicurrency_total_ht\":\"0.00000000\",\"multicurrency_total_tva\":\"0.00000000\",\"multicurrency_total_ttc\":\"0.00000000\"},\"10\":{\"product_type\":\"0\",\"qty\":\"1\",\"tva_tx\":\"10.000\",\"localtax1_tx\":\"0.000\",\"localtax2_tx\":\"0.000\",\"total_ht\":\"1032.08000000\",\"total_tva\":\"103.21000000\",\"total_localtax1\":\"0.00000000\",\"total_localtax2\":\"0.00000000\",\"total_ttc\":\"1135.29000000\",\"info_bits\":\"0\",\"multicurrency_code\":\"EUR\",\"multicurrency_total_ht\":\"1032.08000000\",\"multicurrency_total_tva\":\"103.21000000\",\"multicurrency_total_ttc\":\"1135.29000000\"},\"11\":{\"ref\":\"JM120P51\",\"product_type\":\"0\",\"qty\":\"1\",\"tva_tx\":\"10.000\",\"localtax1_tx\":\"0.000\",\"localtax2_tx\":\"0.000\",\"total_ht\":\"2703.00000000\",\"total_tva\":\"270.30000000\",\"total_localtax1\":\"0.00000000\",\"total_localtax2\":\"0.00000000\",\"total_ttc\":\"2973.30000000\",\"info_bits\":\"0\",\"multicurrency_code\":\"EUR\",\"multicurrency_total_ht\":\"2703.00000000\",\"multicurrency_total_tva\":\"270.30000000\",\"multicurrency_total_ttc\":\"2973.30000000\"},\"12\":{\"product_type\":\"9\",\"qty\":\"99\",\"tva_tx\":\"0.000\",\"localtax1_tx\":\"0.000\",\"localtax2_tx\":\"0.000\",\"total_ht\":\"0.00000000\",\"total_tva\":\"0.00000000\",\"total_localtax1\":\"0.00000000\",\"total_localtax2\":\"0.00000000\",\"total_ttc\":\"0.00000000\",\"info_bits\":\"0\",\"multicurrency_code\":\"EUR\",\"multicurrency_total_ht\":\"0.00000000\",\"multicurrency_total_tva\":\"0.00000000\",\"multicurrency_total_ttc\":\"0.00000000\"},\"13\":{\"ref\":\"Armoire_electrique\",\"product_type\":\"0\",\"qty\":\"1\",\"tva_tx\":\"20.000\",\"localtax1_tx\":\"0.000\",\"localtax2_tx\":\"0.000\",\"total_ht\":\"132.00000000\",\"total_tva\":\"26.40000000\",\"total_localtax1\":\"0.00000000\",\"total_localtax2\":\"0.00000000\",\"total_ttc\":\"158.40000000\",\"info_bits\":\"0\",\"multicurrency_code\":\"EUR\",\"multicurrency_total_ht\":\"132.00000000\",\"multicurrency_total_tva\":\"26.40000000\",\"multicurrency_total_ttc\":\"158.40000000\"}},\"type\":\"0\",\"date\":1725832800,\"ref\":\"FA2409-0054\"}',0,'19'),(12,1,'2024-09-09 15:55:50','2024-09-09 13:55:50','BILL_VALIDATE',8181.09000000,'facture',1,'SuperAdmin',66,'FA2409-0054','2024-10-01 00:00:00','eb8ae2ec9ba82fc776a84e1a6369fbb988d34e12db2502529b83722688c4ee94','e9f11111d5d1da375711f4db05aac938b7df9c94681e19b7d21145fd19126f12','{\"thirdparty\":{\"name\":\"ELECMIC\",\"phone\":\"(02)41657379\",\"email\":\"administratif@elecmic.com\",\"localtax1_value\":\"0.000\",\"localtax2_value\":\"0.000\",\"code_client\":\"CU2105-00007\",\"code_fournisseur\":\"SU2105-00008\",\"country_code\":\"FR\",\"state_code\":\"44\",\"address\":\"10 Rue de la G\\u00e2tine\",\"zip\":\"49300\",\"town\":\"cholet\"},\"mycompany\":{\"name\":\"maboite\",\"phone\":\"0661598768\",\"email\":\"aqtisplus@aqtisplus.com\",\"idprof1\":\"484266987\",\"idprof2\":\"48426698700014\",\"idprof3\":\"7022Z\",\"idprof4\":\"Angers\",\"tva_intra\":\"FR57484266987\",\"localtax1_assuj\":0,\"localtax2_assuj\":0,\"forme_juridique_code\":\"11\",\"country_code\":\"FR\",\"state_code\":\"49\",\"address\":\"21 rue Emile Grasset\",\"zip\":\"49300\",\"town\":\"CHOLET\"},\"total_ht\":7364.75,\"total_tva\":816.34,\"total_ttc\":8181.09,\"revenuestamp\":\"0.00000000\",\"invoiceline\":{\"1\":{\"product_type\":\"9\",\"qty\":\"1\",\"tva_tx\":\"0.000\",\"localtax1_tx\":\"0.000\",\"localtax2_tx\":\"0.000\",\"total_ht\":\"0.00000000\",\"total_tva\":\"0.00000000\",\"total_localtax1\":\"0.00000000\",\"total_localtax2\":\"0.00000000\",\"total_ttc\":\"0.00000000\",\"info_bits\":\"0\",\"multicurrency_code\":\"EUR\",\"multicurrency_total_ht\":\"0.00000000\",\"multicurrency_total_tva\":\"0.00000000\",\"multicurrency_total_ttc\":\"0.00000000\"},\"2\":{\"ref\":\"Prepa\",\"product_type\":\"0\",\"qty\":\"2\",\"tva_tx\":\"20.000\",\"localtax1_tx\":\"0.000\",\"localtax2_tx\":\"0.000\",\"total_ht\":\"416.67000000\",\"total_tva\":\"83.33000000\",\"total_localtax1\":\"0.00000000\",\"total_localtax2\":\"0.00000000\",\"total_ttc\":\"500.00000000\",\"info_bits\":\"0\",\"multicurrency_code\":\"EUR\",\"multicurrency_total_ht\":\"416.67000000\",\"multicurrency_total_tva\":\"83.33000000\",\"multicurrency_total_ttc\":\"500.00000000\"},\"3\":{\"product_type\":\"1\",\"qty\":\"1\",\"tva_tx\":\"10.000\",\"localtax1_tx\":\"0.000\",\"localtax2_tx\":\"0.000\",\"total_ht\":\"1200.00000000\",\"total_tva\":\"120.00000000\",\"total_localtax1\":\"0.00000000\",\"total_localtax2\":\"0.00000000\",\"total_ttc\":\"1320.00000000\",\"info_bits\":\"0\",\"multicurrency_code\":\"EUR\",\"multicurrency_total_ht\":\"1200.00000000\",\"multicurrency_total_tva\":\"120.00000000\",\"multicurrency_total_ttc\":\"1320.00000000\"},\"4\":{\"product_type\":\"1\",\"qty\":\"1\",\"tva_tx\":\"10.000\",\"localtax1_tx\":\"0.000\",\"localtax2_tx\":\"0.000\",\"total_ht\":\"981.00000000\",\"total_tva\":\"98.10000000\",\"total_localtax1\":\"0.00000000\",\"total_localtax2\":\"0.00000000\",\"total_ttc\":\"1079.10000000\",\"info_bits\":\"0\",\"multicurrency_code\":\"EUR\",\"multicurrency_total_ht\":\"981.00000000\",\"multicurrency_total_tva\":\"98.10000000\",\"multicurrency_total_ttc\":\"1079.10000000\"},\"5\":{\"product_type\":\"1\",\"qty\":\"1\",\"tva_tx\":\"10.000\",\"localtax1_tx\":\"0.000\",\"localtax2_tx\":\"0.000\",\"total_ht\":\"650.00000000\",\"total_tva\":\"65.00000000\",\"total_localtax1\":\"0.00000000\",\"total_localtax2\":\"0.00000000\",\"total_ttc\":\"715.00000000\",\"info_bits\":\"0\",\"multicurrency_code\":\"EUR\",\"multicurrency_total_ht\":\"650.00000000\",\"multicurrency_total_tva\":\"65.00000000\",\"multicurrency_total_ttc\":\"715.00000000\"},\"6\":{\"ref\":\"Armoire_electrique\",\"product_type\":\"0\",\"qty\":\"1\",\"tva_tx\":\"20.000\",\"localtax1_tx\":\"0.000\",\"localtax2_tx\":\"0.000\",\"total_ht\":\"250.00000000\",\"total_tva\":\"50.00000000\",\"total_localtax1\":\"0.00000000\",\"total_localtax2\":\"0.00000000\",\"total_ttc\":\"300.00000000\",\"info_bits\":\"0\",\"multicurrency_code\":\"EUR\",\"multicurrency_total_ht\":\"250.00000000\",\"multicurrency_total_tva\":\"50.00000000\",\"multicurrency_total_ttc\":\"300.00000000\"},\"7\":{\"product_type\":\"9\",\"qty\":\"99\",\"tva_tx\":\"0.000\",\"localtax1_tx\":\"0.000\",\"localtax2_tx\":\"0.000\",\"total_ht\":\"0.00000000\",\"total_tva\":\"0.00000000\",\"total_localtax1\":\"0.00000000\",\"total_localtax2\":\"0.00000000\",\"total_ttc\":\"0.00000000\",\"info_bits\":\"0\",\"multicurrency_code\":\"EUR\",\"multicurrency_total_ht\":\"0.00000000\",\"multicurrency_total_tva\":\"0.00000000\",\"multicurrency_total_ttc\":\"0.00000000\"},\"8\":{\"product_type\":\"9\",\"qty\":\"1\",\"tva_tx\":\"0.000\",\"localtax1_tx\":\"0.000\",\"localtax2_tx\":\"0.000\",\"total_ht\":\"0.00000000\",\"total_tva\":\"0.00000000\",\"total_localtax1\":\"0.00000000\",\"total_localtax2\":\"0.00000000\",\"total_ttc\":\"0.00000000\",\"info_bits\":\"0\",\"multicurrency_code\":\"EUR\",\"multicurrency_total_ht\":\"0.00000000\",\"multicurrency_total_tva\":\"0.00000000\",\"multicurrency_total_ttc\":\"0.00000000\"},\"9\":{\"product_type\":\"0\",\"qty\":\"1\",\"tva_tx\":\"10.000\",\"localtax1_tx\":\"0.000\",\"localtax2_tx\":\"0.000\",\"total_ht\":\"1032.08000000\",\"total_tva\":\"103.21000000\",\"total_localtax1\":\"0.00000000\",\"total_localtax2\":\"0.00000000\",\"total_ttc\":\"1135.29000000\",\"info_bits\":\"0\",\"multicurrency_code\":\"EUR\",\"multicurrency_total_ht\":\"1032.08000000\",\"multicurrency_total_tva\":\"103.21000000\",\"multicurrency_total_ttc\":\"1135.29000000\"},\"10\":{\"ref\":\"JM120P51\",\"product_type\":\"0\",\"qty\":\"1\",\"tva_tx\":\"10.000\",\"localtax1_tx\":\"0.000\",\"localtax2_tx\":\"0.000\",\"total_ht\":\"2703.00000000\",\"total_tva\":\"270.30000000\",\"total_localtax1\":\"0.00000000\",\"total_localtax2\":\"0.00000000\",\"total_ttc\":\"2973.30000000\",\"info_bits\":\"0\",\"multicurrency_code\":\"EUR\",\"multicurrency_total_ht\":\"2703.00000000\",\"multicurrency_total_tva\":\"270.30000000\",\"multicurrency_total_ttc\":\"2973.30000000\"},\"11\":{\"product_type\":\"9\",\"qty\":\"99\",\"tva_tx\":\"0.000\",\"localtax1_tx\":\"0.000\",\"localtax2_tx\":\"0.000\",\"total_ht\":\"0.00000000\",\"total_tva\":\"0.00000000\",\"total_localtax1\":\"0.00000000\",\"total_localtax2\":\"0.00000000\",\"total_ttc\":\"0.00000000\",\"info_bits\":\"0\",\"multicurrency_code\":\"EUR\",\"multicurrency_total_ht\":\"0.00000000\",\"multicurrency_total_tva\":\"0.00000000\",\"multicurrency_total_ttc\":\"0.00000000\"},\"12\":{\"ref\":\"Armoire_electrique\",\"product_type\":\"0\",\"qty\":\"1\",\"tva_tx\":\"20.000\",\"localtax1_tx\":\"0.000\",\"localtax2_tx\":\"0.000\",\"total_ht\":\"132.00000000\",\"total_tva\":\"26.40000000\",\"total_localtax1\":\"0.00000000\",\"total_localtax2\":\"0.00000000\",\"total_ttc\":\"158.40000000\",\"info_bits\":\"0\",\"multicurrency_code\":\"EUR\",\"multicurrency_total_ht\":\"132.00000000\",\"multicurrency_total_tva\":\"26.40000000\",\"multicurrency_total_ttc\":\"158.40000000\"}},\"type\":\"0\",\"date\":1727733600,\"ref\":\"FA2409-0054\"}',0,'19'),(13,1,'2024-09-09 15:58:22','2024-09-09 13:58:22','DOC_PREVIEW',86.40000000,'facture',1,'SuperAdmin',49,'FA2105-0039','2021-05-26 00:00:00','0a06c17cdf836838dca864c760fabe9234053f30e90dbd52616591e03d5c0536','b29a9d8a9dd0e7541c4a9547138fe62bc99ebe34d71269ccb20bb7e1544b3209','{\"thirdparty\":{\"name\":\"elecma\",\"localtax1_value\":\"0.000\",\"localtax2_value\":\"0.000\",\"code_client\":\"CU2105-00008\",\"code_fournisseur\":\"SU2105-00009\",\"country_code\":\"FR\"},\"mycompany\":{\"name\":\"maboite\",\"phone\":\"0661598768\",\"email\":\"aqtisplus@aqtisplus.com\",\"idprof1\":\"484266987\",\"idprof2\":\"48426698700014\",\"idprof3\":\"7022Z\",\"idprof4\":\"Angers\",\"tva_intra\":\"FR57484266987\",\"localtax1_assuj\":0,\"localtax2_assuj\":0,\"forme_juridique_code\":\"11\",\"country_code\":\"FR\",\"state_code\":\"49\",\"address\":\"21 rue Emile Grasset\",\"zip\":\"49300\",\"town\":\"CHOLET\"},\"total_ht\":\"72.00000000\",\"total_tva\":\"14.40000000\",\"total_ttc\":\"86.40000000\",\"revenuestamp\":\"0.00000000\",\"invoiceline\":{\"1\":{\"product_type\":\"0\",\"qty\":\"1\",\"tva_tx\":\"20.000\",\"localtax1_tx\":\"0.000\",\"localtax2_tx\":\"0.000\",\"total_ht\":\"72.00000000\",\"total_tva\":\"14.40000000\",\"total_localtax1\":\"0.00000000\",\"total_localtax2\":\"0.00000000\",\"total_ttc\":\"86.40000000\",\"info_bits\":\"0\",\"multicurrency_code\":\"EUR\",\"multicurrency_total_ht\":\"72.00000000\",\"multicurrency_total_tva\":\"14.40000000\",\"multicurrency_total_ttc\":\"86.40000000\"},\"2\":{\"ref\":\"contacteur\",\"product_type\":\"0\",\"qty\":\"1\",\"tva_tx\":\"20.000\",\"localtax1_tx\":\"0.000\",\"localtax2_tx\":\"0.000\",\"total_ht\":\"0.00000000\",\"total_tva\":\"0.00000000\",\"total_localtax1\":\"0.00000000\",\"total_localtax2\":\"0.00000000\",\"total_ttc\":\"0.00000000\",\"info_bits\":\"0\",\"multicurrency_code\":\"EUR\",\"multicurrency_total_ht\":\"0.00000000\",\"multicurrency_total_tva\":\"0.00000000\",\"multicurrency_total_ttc\":\"0.00000000\"},\"3\":{\"ref\":\"Armoire_electrique\",\"product_type\":\"0\",\"qty\":\"1\",\"tva_tx\":\"20.000\",\"localtax1_tx\":\"0.000\",\"localtax2_tx\":\"0.000\",\"total_ht\":\"0.00000000\",\"total_tva\":\"0.00000000\",\"total_localtax1\":\"0.00000000\",\"total_localtax2\":\"0.00000000\",\"total_ttc\":\"0.00000000\",\"info_bits\":\"0\",\"multicurrency_code\":\"EUR\",\"multicurrency_total_ht\":\"0.00000000\",\"multicurrency_total_tva\":\"0.00000000\",\"multicurrency_total_ttc\":\"0.00000000\"}},\"type\":\"5\",\"date\":1621980000,\"ref\":\"FA2105-0039\"}',0,'19'),(14,1,'2024-09-09 15:58:35','2024-09-09 13:58:35','DOC_PREVIEW',86.40000000,'facture',1,'SuperAdmin',49,'FA2105-0039','2021-05-26 00:00:00','305b3cb42fc0e41e3778b76c54762f63105e909b8ace689a4cc81c4f4d3682a2','b899ac89466f613646a5cee54bb78d9e186ddf091a2bcf8f1b0d3a2a98a20fea','{\"thirdparty\":{\"name\":\"elecma\",\"localtax1_value\":\"0.000\",\"localtax2_value\":\"0.000\",\"code_client\":\"CU2105-00008\",\"code_fournisseur\":\"SU2105-00009\",\"country_code\":\"FR\"},\"mycompany\":{\"name\":\"maboite\",\"phone\":\"0661598768\",\"email\":\"aqtisplus@aqtisplus.com\",\"idprof1\":\"484266987\",\"idprof2\":\"48426698700014\",\"idprof3\":\"7022Z\",\"idprof4\":\"Angers\",\"tva_intra\":\"FR57484266987\",\"localtax1_assuj\":0,\"localtax2_assuj\":0,\"forme_juridique_code\":\"11\",\"country_code\":\"FR\",\"state_code\":\"49\",\"address\":\"21 rue Emile Grasset\",\"zip\":\"49300\",\"town\":\"CHOLET\"},\"total_ht\":\"72.00000000\",\"total_tva\":\"14.40000000\",\"total_ttc\":\"86.40000000\",\"revenuestamp\":\"0.00000000\",\"invoiceline\":{\"1\":{\"product_type\":\"0\",\"qty\":\"1\",\"tva_tx\":\"20.000\",\"localtax1_tx\":\"0.000\",\"localtax2_tx\":\"0.000\",\"total_ht\":\"72.00000000\",\"total_tva\":\"14.40000000\",\"total_localtax1\":\"0.00000000\",\"total_localtax2\":\"0.00000000\",\"total_ttc\":\"86.40000000\",\"info_bits\":\"0\",\"multicurrency_code\":\"EUR\",\"multicurrency_total_ht\":\"72.00000000\",\"multicurrency_total_tva\":\"14.40000000\",\"multicurrency_total_ttc\":\"86.40000000\"},\"2\":{\"ref\":\"contacteur\",\"product_type\":\"0\",\"qty\":\"1\",\"tva_tx\":\"20.000\",\"localtax1_tx\":\"0.000\",\"localtax2_tx\":\"0.000\",\"total_ht\":\"0.00000000\",\"total_tva\":\"0.00000000\",\"total_localtax1\":\"0.00000000\",\"total_localtax2\":\"0.00000000\",\"total_ttc\":\"0.00000000\",\"info_bits\":\"0\",\"multicurrency_code\":\"EUR\",\"multicurrency_total_ht\":\"0.00000000\",\"multicurrency_total_tva\":\"0.00000000\",\"multicurrency_total_ttc\":\"0.00000000\"},\"3\":{\"ref\":\"Armoire_electrique\",\"product_type\":\"0\",\"qty\":\"1\",\"tva_tx\":\"20.000\",\"localtax1_tx\":\"0.000\",\"localtax2_tx\":\"0.000\",\"total_ht\":\"0.00000000\",\"total_tva\":\"0.00000000\",\"total_localtax1\":\"0.00000000\",\"total_localtax2\":\"0.00000000\",\"total_ttc\":\"0.00000000\",\"info_bits\":\"0\",\"multicurrency_code\":\"EUR\",\"multicurrency_total_ht\":\"0.00000000\",\"multicurrency_total_tva\":\"0.00000000\",\"multicurrency_total_ttc\":\"0.00000000\"}},\"type\":\"5\",\"date\":1621980000,\"ref\":\"FA2105-0039\"}',0,'19'),(15,1,'2024-09-09 15:59:19','2024-09-09 13:59:19','PAYMENT_CUSTOMER_CREATE',5000.00000000,'payment',1,'SuperAdmin',21,'PAY2409-0020','2024-09-09 12:00:00','d68a0df7f4e3d48f153fd24ce821104215d72030731506e53408810ceb0b1daa','bb2b300ce080e843c6321c7c59da0ee3e7c1572dd9fab98a80f5954cd36eb92a','{\"thirdparty\":{\"name\":\"ELECMIC\",\"phone\":\"(02)41657379\",\"email\":\"administratif@elecmic.com\",\"localtax1_value\":\"0.000\",\"localtax2_value\":\"0.000\",\"code_client\":\"CU2105-00007\",\"code_fournisseur\":\"SU2105-00008\",\"country_code\":\"FR\",\"state_code\":\"44\",\"address\":\"10 Rue de la G\\u00e2tine\",\"zip\":\"49300\",\"town\":\"cholet\"},\"mycompany\":{\"name\":\"maboite\",\"phone\":\"0661598768\",\"email\":\"aqtisplus@aqtisplus.com\",\"idprof1\":\"484266987\",\"idprof2\":\"48426698700014\",\"idprof3\":\"7022Z\",\"idprof4\":\"Angers\",\"tva_intra\":\"FR57484266987\",\"localtax1_assuj\":0,\"localtax2_assuj\":0,\"forme_juridique_code\":\"11\",\"country_code\":\"FR\",\"state_code\":\"49\",\"address\":\"21 rue Emile Grasset\",\"zip\":\"49300\",\"town\":\"CHOLET\"},\"ref\":\"PAY2409-0020\",\"date\":1725876000,\"type_code\":\"VIR\",\"payment_part\":{\"1\":{\"amount\":\"5000\",\"thirdparty\":{\"name\":\"ELECMIC\",\"phone\":\"(02)41657379\",\"email\":\"administratif@elecmic.com\",\"localtax1_value\":\"0.000\",\"localtax2_value\":\"0.000\",\"code_client\":\"CU2105-00007\",\"code_fournisseur\":\"SU2105-00008\",\"country_code\":\"FR\",\"state_code\":\"44\",\"address\":\"10 Rue de la G\\u00e2tine\",\"zip\":\"49300\",\"town\":\"cholet\"},\"invoice\":{\"total_ht\":\"7364.75000000\",\"total_tva\":\"816.34000000\",\"total_ttc\":\"8181.09000000\",\"revenuestamp\":\"0.00000000\",\"type\":\"0\",\"date\":1727733600,\"ref\":\"FA2409-0054\"}}},\"amount\":5000}',0,'19'),(16,1,'2024-09-09 16:01:50','2024-09-09 14:01:50','BILL_VALIDATE',21.60000000,'facture',1,'SuperAdmin',59,'FA2305-0055','2023-05-16 00:00:00','7a3eecfdbbd5d1f04dd563157234e9e74c10665eb193f0fc8781da42bd390a02','054da7c9a66c08377f223672c41ee083ab12138c1177e27e24e5639b2e25936e','{\"thirdparty\":{\"name\":\"Mr COUSSEAUX\",\"localtax1_value\":\"0.000\",\"localtax2_value\":\"0.000\",\"code_client\":\"CU2305-00011\",\"country_code\":\"FR\",\"state_code\":\"85\",\"address\":\"4 Promenade Wilson\",\"zip\":\"85100\",\"town\":\"Les Sables d\'Olonne\"},\"mycompany\":{\"name\":\"maboite\",\"phone\":\"0661598768\",\"email\":\"aqtisplus@aqtisplus.com\",\"idprof1\":\"484266987\",\"idprof2\":\"48426698700014\",\"idprof3\":\"7022Z\",\"idprof4\":\"Angers\",\"tva_intra\":\"FR57484266987\",\"localtax1_assuj\":0,\"localtax2_assuj\":0,\"forme_juridique_code\":\"11\",\"country_code\":\"FR\",\"state_code\":\"49\",\"address\":\"21 rue Emile Grasset\",\"zip\":\"49300\",\"town\":\"CHOLET\"},\"total_ht\":18,\"total_tva\":3.6,\"total_ttc\":21.6,\"revenuestamp\":\"0.00000000\",\"invoiceline\":{\"1\":{\"ref\":\"124_BL\",\"product_type\":\"0\",\"qty\":\"3\",\"tva_tx\":\"20.000\",\"localtax1_tx\":\"0.000\",\"localtax2_tx\":\"0.000\",\"total_ht\":\"18.00000000\",\"total_tva\":\"3.60000000\",\"total_localtax1\":\"0.00000000\",\"total_localtax2\":\"0.00000000\",\"total_ttc\":\"21.60000000\",\"info_bits\":\"0\",\"multicurrency_code\":\"EUR\",\"multicurrency_total_ht\":\"18.00000000\",\"multicurrency_total_tva\":\"3.60000000\",\"multicurrency_total_ttc\":\"21.60000000\"}},\"type\":\"0\",\"date\":1684188000,\"ref\":\"FA2305-0055\"}',0,'19'),(17,1,'2024-09-18 11:09:45','2024-09-18 09:09:45','BILL_VALIDATE',6.00000000,'facture',1,'SuperAdmin',67,'FA2409-0056','2024-09-18 00:00:00','b06b886c4ae38f45df0c1cd31fcc43ef307ce77b25fe903b14ab4958aceaca1f','cd3c05e8e4856c379dc641c49e9174363d279fd02de40e39243acaa33ab52fcf','{\"thirdparty\":{\"name\":\"aqtisplus\",\"phone\":\"0241651414\",\"email\":\"p.neveu@aqtisplus.com\",\"tva_intra\":\"FR57484266986\",\"localtax1_value\":\"0.000\",\"localtax2_value\":\"0.000\",\"typent_code\":\"TE_MEDIUM\",\"forme_juridique_code\":\"11\",\"code_client\":\"CU1901-0001\",\"code_fournisseur\":\"SU1901-0001\",\"country_code\":\"FR\",\"state_code\":\"49\",\"address\":\"21 rue Emile Grasset\",\"zip\":\"49300\",\"town\":\"cholet\"},\"mycompany\":{\"name\":\"maboite\",\"phone\":\"0661598768\",\"email\":\"aqtisplus@aqtisplus.com\",\"idprof1\":\"484266987\",\"idprof2\":\"48426698700014\",\"idprof3\":\"7022Z\",\"idprof4\":\"Angers\",\"tva_intra\":\"FR57484266987\",\"localtax1_assuj\":0,\"localtax2_assuj\":0,\"forme_juridique_code\":\"11\",\"country_code\":\"FR\",\"state_code\":\"49\",\"address\":\"21 rue Emile Grasset\",\"zip\":\"49300\",\"town\":\"CHOLET\"},\"total_ht\":5,\"total_tva\":1,\"total_ttc\":6,\"revenuestamp\":\"0.00000000\",\"invoiceline\":{\"1\":{\"ref\":\"124\",\"product_type\":\"0\",\"qty\":\"1\",\"tva_tx\":\"20.000\",\"localtax1_tx\":\"0.000\",\"localtax2_tx\":\"0.000\",\"total_ht\":\"5.00000000\",\"total_tva\":\"1.00000000\",\"total_localtax1\":\"0.00000000\",\"total_localtax2\":\"0.00000000\",\"total_ttc\":\"6.00000000\",\"info_bits\":\"0\",\"multicurrency_code\":\"EUR\",\"multicurrency_total_ht\":\"5.00000000\",\"multicurrency_total_tva\":\"1.00000000\",\"multicurrency_total_ttc\":\"6.00000000\"}},\"type\":\"0\",\"date\":1726610400,\"ref\":\"FA2409-0056\"}',0,'19'),(18,1,'2024-09-18 11:27:47','2024-09-18 09:27:47','DOC_PREVIEW',384.00000000,'facture',1,'SuperAdmin',43,'FA2102-0033','2021-02-10 00:00:00','44a9c4f8cc1879f9d4fbda4769104d3dd1b773a1a4c8845112789a450dfe2a62','8eab922da1e3ba630ec7a37592a757188b48fa7b465a3594940e54ee421de979','{\"thirdparty\":{\"name\":\"Daniel Denis\",\"localtax1_value\":\"0.000\",\"localtax2_value\":\"0.000\",\"code_client\":\"CU2102-00004\",\"country_code\":\"FR\"},\"mycompany\":{\"name\":\"maboite\",\"phone\":\"0661598768\",\"email\":\"aqtisplus@aqtisplus.com\",\"idprof1\":\"484266987\",\"idprof2\":\"48426698700014\",\"idprof3\":\"7022Z\",\"idprof4\":\"Angers\",\"tva_intra\":\"FR57484266987\",\"localtax1_assuj\":0,\"localtax2_assuj\":0,\"forme_juridique_code\":\"11\",\"country_code\":\"FR\",\"state_code\":\"49\",\"address\":\"21 rue Emile Grasset\",\"zip\":\"49300\",\"town\":\"CHOLET\"},\"total_ht\":\"320.00000000\",\"total_tva\":\"64.00000000\",\"total_ttc\":\"384.00000000\",\"revenuestamp\":\"0.00000000\",\"invoiceline\":{\"1\":{\"ref\":\"velo\",\"product_type\":\"0\",\"qty\":\"1\",\"tva_tx\":\"20.000\",\"localtax1_tx\":\"0.000\",\"localtax2_tx\":\"0.000\",\"total_ht\":\"300.00000000\",\"total_tva\":\"60.00000000\",\"total_localtax1\":\"0.00000000\",\"total_localtax2\":\"0.00000000\",\"total_ttc\":\"360.00000000\",\"info_bits\":\"0\",\"multicurrency_code\":\"EUR\",\"multicurrency_total_ht\":\"300.00000000\",\"multicurrency_total_tva\":\"60.00000000\",\"multicurrency_total_ttc\":\"360.00000000\"},\"2\":{\"ref\":\"rayons\",\"product_type\":\"0\",\"qty\":\"10\",\"tva_tx\":\"20.000\",\"localtax1_tx\":\"0.000\",\"localtax2_tx\":\"0.000\",\"total_ht\":\"20.00000000\",\"total_tva\":\"4.00000000\",\"total_localtax1\":\"0.00000000\",\"total_localtax2\":\"0.00000000\",\"total_ttc\":\"24.00000000\",\"info_bits\":\"0\",\"multicurrency_code\":\"EUR\",\"multicurrency_total_ht\":\"20.00000000\",\"multicurrency_total_tva\":\"4.00000000\",\"multicurrency_total_ttc\":\"24.00000000\"}},\"type\":\"0\",\"date\":1612911600,\"ref\":\"FA2102-0033\"}',0,'19'),(19,1,'2024-09-18 11:27:58','2024-09-18 09:27:58','DOC_PREVIEW',384.00000000,'facture',1,'SuperAdmin',43,'FA2102-0033','2021-02-10 00:00:00','f673f7c15f3e06911a9728c4a2ddfdd9144665923c42fb447987c2b4eeda04b6','7879680e3e6efa7fc6604a370ecfb6713e640c28d30df2db0dc7782b1c695836','{\"thirdparty\":{\"name\":\"Daniel Denis\",\"localtax1_value\":\"0.000\",\"localtax2_value\":\"0.000\",\"code_client\":\"CU2102-00004\",\"country_code\":\"FR\"},\"mycompany\":{\"name\":\"maboite\",\"phone\":\"0661598768\",\"email\":\"aqtisplus@aqtisplus.com\",\"idprof1\":\"484266987\",\"idprof2\":\"48426698700014\",\"idprof3\":\"7022Z\",\"idprof4\":\"Angers\",\"tva_intra\":\"FR57484266987\",\"localtax1_assuj\":0,\"localtax2_assuj\":0,\"forme_juridique_code\":\"11\",\"country_code\":\"FR\",\"state_code\":\"49\",\"address\":\"21 rue Emile Grasset\",\"zip\":\"49300\",\"town\":\"CHOLET\"},\"total_ht\":\"320.00000000\",\"total_tva\":\"64.00000000\",\"total_ttc\":\"384.00000000\",\"revenuestamp\":\"0.00000000\",\"invoiceline\":{\"1\":{\"ref\":\"velo\",\"product_type\":\"0\",\"qty\":\"1\",\"tva_tx\":\"20.000\",\"localtax1_tx\":\"0.000\",\"localtax2_tx\":\"0.000\",\"total_ht\":\"300.00000000\",\"total_tva\":\"60.00000000\",\"total_localtax1\":\"0.00000000\",\"total_localtax2\":\"0.00000000\",\"total_ttc\":\"360.00000000\",\"info_bits\":\"0\",\"multicurrency_code\":\"EUR\",\"multicurrency_total_ht\":\"300.00000000\",\"multicurrency_total_tva\":\"60.00000000\",\"multicurrency_total_ttc\":\"360.00000000\"},\"2\":{\"ref\":\"rayons\",\"product_type\":\"0\",\"qty\":\"10\",\"tva_tx\":\"20.000\",\"localtax1_tx\":\"0.000\",\"localtax2_tx\":\"0.000\",\"total_ht\":\"20.00000000\",\"total_tva\":\"4.00000000\",\"total_localtax1\":\"0.00000000\",\"total_localtax2\":\"0.00000000\",\"total_ttc\":\"24.00000000\",\"info_bits\":\"0\",\"multicurrency_code\":\"EUR\",\"multicurrency_total_ht\":\"20.00000000\",\"multicurrency_total_tva\":\"4.00000000\",\"multicurrency_total_ttc\":\"24.00000000\"}},\"type\":\"0\",\"date\":1612911600,\"ref\":\"FA2102-0033\"}',0,'19'),(20,1,'2024-09-18 11:28:13','2024-09-18 09:28:13','DOC_PREVIEW',600.00000000,'facture',1,'SuperAdmin',11,'FA1902-0008','2019-02-18 00:00:00','79fd64fa20cf4e3d39de3090d74572b9e390b82cd5f7b6c9499389659f8ae7fb','e27d406b0457b4c12d94304588a36e7a118ee92b95d54733c58e20fbf7dc5c08','{\"thirdparty\":{\"name\":\"Orange\",\"localtax1_value\":\"0.000\",\"localtax2_value\":\"0.000\",\"code_client\":\"CU1902-0002\",\"code_fournisseur\":\"SU2103-00006\",\"country_code\":\"FR\"},\"mycompany\":{\"name\":\"maboite\",\"phone\":\"0661598768\",\"email\":\"aqtisplus@aqtisplus.com\",\"idprof1\":\"484266987\",\"idprof2\":\"48426698700014\",\"idprof3\":\"7022Z\",\"idprof4\":\"Angers\",\"tva_intra\":\"FR57484266987\",\"localtax1_assuj\":0,\"localtax2_assuj\":0,\"forme_juridique_code\":\"11\",\"country_code\":\"FR\",\"state_code\":\"49\",\"address\":\"21 rue Emile Grasset\",\"zip\":\"49300\",\"town\":\"CHOLET\"},\"total_ht\":\"500.00000000\",\"total_tva\":\"100.00000000\",\"total_ttc\":\"600.00000000\",\"revenuestamp\":\"0.00000000\",\"invoiceline\":{\"1\":{\"ref\":\"velo\",\"product_type\":\"0\",\"qty\":\"10\",\"tva_tx\":\"20.000\",\"localtax1_tx\":\"0.000\",\"localtax2_tx\":\"0.000\",\"total_ht\":\"150.00000000\",\"total_tva\":\"30.00000000\",\"total_localtax1\":\"0.00000000\",\"total_localtax2\":\"0.00000000\",\"total_ttc\":\"180.00000000\",\"info_bits\":\"0\",\"multicurrency_code\":\"EUR\",\"multicurrency_total_ht\":\"150.00000000\",\"multicurrency_total_tva\":\"30.00000000\",\"multicurrency_total_ttc\":\"180.00000000\"},\"2\":{\"ref\":\"formation\",\"product_type\":\"1\",\"qty\":\"5\",\"tva_tx\":\"20.000\",\"localtax1_tx\":\"0.000\",\"localtax2_tx\":\"0.000\",\"total_ht\":\"350.00000000\",\"total_tva\":\"70.00000000\",\"total_localtax1\":\"0.00000000\",\"total_localtax2\":\"0.00000000\",\"total_ttc\":\"420.00000000\",\"info_bits\":\"0\",\"multicurrency_code\":\"EUR\",\"multicurrency_total_ht\":\"350.00000000\",\"multicurrency_total_tva\":\"70.00000000\",\"multicurrency_total_ttc\":\"420.00000000\"}},\"type\":\"5\",\"date\":1550444400,\"ref\":\"FA1902-0008\"}',0,'19'),(21,1,'2024-09-18 11:28:22','2024-09-18 09:28:22','DOC_PREVIEW',600.00000000,'facture',1,'SuperAdmin',11,'FA1902-0008','2019-02-18 00:00:00','6448111dfc0651ea23a77167397ec2c0efad8392c242b959540421cb90688695','2c06bfd1792c4f87e66d83836d62b09781cc1c5b65388999608a0c360e395f61','{\"thirdparty\":{\"name\":\"Orange\",\"localtax1_value\":\"0.000\",\"localtax2_value\":\"0.000\",\"code_client\":\"CU1902-0002\",\"code_fournisseur\":\"SU2103-00006\",\"country_code\":\"FR\"},\"mycompany\":{\"name\":\"maboite\",\"phone\":\"0661598768\",\"email\":\"aqtisplus@aqtisplus.com\",\"idprof1\":\"484266987\",\"idprof2\":\"48426698700014\",\"idprof3\":\"7022Z\",\"idprof4\":\"Angers\",\"tva_intra\":\"FR57484266987\",\"localtax1_assuj\":0,\"localtax2_assuj\":0,\"forme_juridique_code\":\"11\",\"country_code\":\"FR\",\"state_code\":\"49\",\"address\":\"21 rue Emile Grasset\",\"zip\":\"49300\",\"town\":\"CHOLET\"},\"total_ht\":\"500.00000000\",\"total_tva\":\"100.00000000\",\"total_ttc\":\"600.00000000\",\"revenuestamp\":\"0.00000000\",\"invoiceline\":{\"1\":{\"ref\":\"velo\",\"product_type\":\"0\",\"qty\":\"10\",\"tva_tx\":\"20.000\",\"localtax1_tx\":\"0.000\",\"localtax2_tx\":\"0.000\",\"total_ht\":\"150.00000000\",\"total_tva\":\"30.00000000\",\"total_localtax1\":\"0.00000000\",\"total_localtax2\":\"0.00000000\",\"total_ttc\":\"180.00000000\",\"info_bits\":\"0\",\"multicurrency_code\":\"EUR\",\"multicurrency_total_ht\":\"150.00000000\",\"multicurrency_total_tva\":\"30.00000000\",\"multicurrency_total_ttc\":\"180.00000000\"},\"2\":{\"ref\":\"formation\",\"product_type\":\"1\",\"qty\":\"5\",\"tva_tx\":\"20.000\",\"localtax1_tx\":\"0.000\",\"localtax2_tx\":\"0.000\",\"total_ht\":\"350.00000000\",\"total_tva\":\"70.00000000\",\"total_localtax1\":\"0.00000000\",\"total_localtax2\":\"0.00000000\",\"total_ttc\":\"420.00000000\",\"info_bits\":\"0\",\"multicurrency_code\":\"EUR\",\"multicurrency_total_ht\":\"350.00000000\",\"multicurrency_total_tva\":\"70.00000000\",\"multicurrency_total_ttc\":\"420.00000000\"}},\"type\":\"5\",\"date\":1550444400,\"ref\":\"FA1902-0008\"}',0,'19'),(22,1,'2024-09-18 11:28:29','2024-09-18 09:28:29','DOC_PREVIEW',600.00000000,'facture',1,'SuperAdmin',11,'FA1902-0008','2019-02-18 00:00:00','d4ce9c5e5dd29fbf7cef2b5e1e87616e01a216c93b2ac8eddab5d69d2aefee87','57763749adf611a2fc2bff7d6d44bd4414184c7a3de11276fc80e6d75ff9531c','{\"thirdparty\":{\"name\":\"Orange\",\"localtax1_value\":\"0.000\",\"localtax2_value\":\"0.000\",\"code_client\":\"CU1902-0002\",\"code_fournisseur\":\"SU2103-00006\",\"country_code\":\"FR\"},\"mycompany\":{\"name\":\"maboite\",\"phone\":\"0661598768\",\"email\":\"aqtisplus@aqtisplus.com\",\"idprof1\":\"484266987\",\"idprof2\":\"48426698700014\",\"idprof3\":\"7022Z\",\"idprof4\":\"Angers\",\"tva_intra\":\"FR57484266987\",\"localtax1_assuj\":0,\"localtax2_assuj\":0,\"forme_juridique_code\":\"11\",\"country_code\":\"FR\",\"state_code\":\"49\",\"address\":\"21 rue Emile Grasset\",\"zip\":\"49300\",\"town\":\"CHOLET\"},\"total_ht\":\"500.00000000\",\"total_tva\":\"100.00000000\",\"total_ttc\":\"600.00000000\",\"revenuestamp\":\"0.00000000\",\"invoiceline\":{\"1\":{\"ref\":\"velo\",\"product_type\":\"0\",\"qty\":\"10\",\"tva_tx\":\"20.000\",\"localtax1_tx\":\"0.000\",\"localtax2_tx\":\"0.000\",\"total_ht\":\"150.00000000\",\"total_tva\":\"30.00000000\",\"total_localtax1\":\"0.00000000\",\"total_localtax2\":\"0.00000000\",\"total_ttc\":\"180.00000000\",\"info_bits\":\"0\",\"multicurrency_code\":\"EUR\",\"multicurrency_total_ht\":\"150.00000000\",\"multicurrency_total_tva\":\"30.00000000\",\"multicurrency_total_ttc\":\"180.00000000\"},\"2\":{\"ref\":\"formation\",\"product_type\":\"1\",\"qty\":\"5\",\"tva_tx\":\"20.000\",\"localtax1_tx\":\"0.000\",\"localtax2_tx\":\"0.000\",\"total_ht\":\"350.00000000\",\"total_tva\":\"70.00000000\",\"total_localtax1\":\"0.00000000\",\"total_localtax2\":\"0.00000000\",\"total_ttc\":\"420.00000000\",\"info_bits\":\"0\",\"multicurrency_code\":\"EUR\",\"multicurrency_total_ht\":\"350.00000000\",\"multicurrency_total_tva\":\"70.00000000\",\"multicurrency_total_ttc\":\"420.00000000\"}},\"type\":\"5\",\"date\":1550444400,\"ref\":\"FA1902-0008\"}',0,'19'),(23,1,'2024-09-18 11:28:37','2024-09-18 09:28:37','DOC_PREVIEW',168.00000000,'facture',1,'SuperAdmin',1,'FA1901-0001','2019-01-08 00:00:00','098362e88397af274512b16647e27cce991e2f5d0c16fdc901f21ccc49e1db88','ac560c97a037d0066d8a53e8f1d5f8132d0f4cb2a247e85b5aaa2cb0209c2e8d','{\"thirdparty\":{\"name\":\"aqtisplus\",\"phone\":\"0241651414\",\"email\":\"p.neveu@aqtisplus.com\",\"tva_intra\":\"FR57484266986\",\"localtax1_value\":\"0.000\",\"localtax2_value\":\"0.000\",\"typent_code\":\"TE_MEDIUM\",\"forme_juridique_code\":\"11\",\"code_client\":\"CU1901-0001\",\"code_fournisseur\":\"SU1901-0001\",\"country_code\":\"FR\",\"state_code\":\"49\",\"address\":\"21 rue Emile Grasset\",\"zip\":\"49300\",\"town\":\"cholet\"},\"mycompany\":{\"name\":\"maboite\",\"phone\":\"0661598768\",\"email\":\"aqtisplus@aqtisplus.com\",\"idprof1\":\"484266987\",\"idprof2\":\"48426698700014\",\"idprof3\":\"7022Z\",\"idprof4\":\"Angers\",\"tva_intra\":\"FR57484266987\",\"localtax1_assuj\":0,\"localtax2_assuj\":0,\"forme_juridique_code\":\"11\",\"country_code\":\"FR\",\"state_code\":\"49\",\"address\":\"21 rue Emile Grasset\",\"zip\":\"49300\",\"town\":\"CHOLET\"},\"total_ht\":\"140.00000000\",\"total_tva\":\"28.00000000\",\"total_ttc\":\"168.00000000\",\"revenuestamp\":\"0.00000000\",\"invoiceline\":{\"1\":{\"ref\":\"MO1\",\"product_type\":\"0\",\"qty\":\"2\",\"tva_tx\":\"20.000\",\"localtax1_tx\":\"0.000\",\"localtax2_tx\":\"0.000\",\"total_ht\":\"140.00000000\",\"total_tva\":\"28.00000000\",\"total_localtax1\":\"0.00000000\",\"total_localtax2\":\"0.00000000\",\"total_ttc\":\"168.00000000\",\"info_bits\":\"0\",\"multicurrency_code\":\"EUR\",\"multicurrency_total_ht\":\"140.00000000\",\"multicurrency_total_tva\":\"28.00000000\",\"multicurrency_total_ttc\":\"168.00000000\"}},\"type\":\"0\",\"date\":1546902000,\"ref\":\"FA1901-0001\"}',0,'19'),(24,1,'2024-09-18 11:31:25','2024-09-18 09:31:25','BILL_VALIDATE',9557.99000000,'facture',1,'SuperAdmin',68,'FA2409-0057','2024-09-18 00:00:00','0e7818779a74957c81d0ce622960e30e70095a081a326ec3ccd714cbf5698ca9','ba0734c97eed91fd3ee42f67141c5b19e915267e205c5e406ad295ea27339881','{\"thirdparty\":{\"name\":\"aqtisplus\",\"phone\":\"0241651414\",\"email\":\"p.neveu@aqtisplus.com\",\"tva_intra\":\"FR57484266986\",\"localtax1_value\":\"0.000\",\"localtax2_value\":\"0.000\",\"typent_code\":\"TE_MEDIUM\",\"forme_juridique_code\":\"11\",\"code_client\":\"CU1901-0001\",\"code_fournisseur\":\"SU1901-0001\",\"country_code\":\"FR\",\"state_code\":\"49\",\"address\":\"21 rue Emile Grasset\",\"zip\":\"49300\",\"town\":\"cholet\"},\"mycompany\":{\"name\":\"maboite\",\"phone\":\"0661598768\",\"email\":\"aqtisplus@aqtisplus.com\",\"idprof1\":\"484266987\",\"idprof2\":\"48426698700014\",\"idprof3\":\"7022Z\",\"idprof4\":\"Angers\",\"tva_intra\":\"FR57484266987\",\"localtax1_assuj\":0,\"localtax2_assuj\":0,\"forme_juridique_code\":\"11\",\"country_code\":\"FR\",\"state_code\":\"49\",\"address\":\"21 rue Emile Grasset\",\"zip\":\"49300\",\"town\":\"CHOLET\"},\"total_ht\":8669.08,\"total_tva\":888.91,\"total_ttc\":9557.99,\"revenuestamp\":\"0.00000000\",\"invoiceline\":{\"1\":{\"product_type\":\"9\",\"qty\":\"1\",\"tva_tx\":\"0.000\",\"localtax1_tx\":\"0.000\",\"localtax2_tx\":\"0.000\",\"total_ht\":\"0.00000000\",\"total_tva\":\"0.00000000\",\"total_localtax1\":\"0.00000000\",\"total_localtax2\":\"0.00000000\",\"total_ttc\":\"0.00000000\",\"info_bits\":\"0\",\"multicurrency_code\":\"EUR\",\"multicurrency_total_ht\":\"0.00000000\",\"multicurrency_total_tva\":\"0.00000000\",\"multicurrency_total_ttc\":\"0.00000000\"},\"2\":{\"ref\":\"Prepa\",\"product_type\":\"0\",\"qty\":\"1\",\"tva_tx\":\"10.000\",\"localtax1_tx\":\"0.000\",\"localtax2_tx\":\"0.000\",\"total_ht\":\"240.00000000\",\"total_tva\":\"24.00000000\",\"total_localtax1\":\"0.00000000\",\"total_localtax2\":\"0.00000000\",\"total_ttc\":\"264.00000000\",\"info_bits\":\"0\",\"multicurrency_code\":\"EUR\",\"multicurrency_total_ht\":\"240.00000000\",\"multicurrency_total_tva\":\"24.00000000\",\"multicurrency_total_ttc\":\"264.00000000\"},\"3\":{\"product_type\":\"1\",\"qty\":\"1\",\"tva_tx\":\"10.000\",\"localtax1_tx\":\"0.000\",\"localtax2_tx\":\"0.000\",\"total_ht\":\"1200.00000000\",\"total_tva\":\"120.00000000\",\"total_localtax1\":\"0.00000000\",\"total_localtax2\":\"0.00000000\",\"total_ttc\":\"1320.00000000\",\"info_bits\":\"0\",\"multicurrency_code\":\"EUR\",\"multicurrency_total_ht\":\"1200.00000000\",\"multicurrency_total_tva\":\"120.00000000\",\"multicurrency_total_ttc\":\"1320.00000000\"},\"4\":{\"product_type\":\"1\",\"qty\":\"1\",\"tva_tx\":\"10.000\",\"localtax1_tx\":\"0.000\",\"localtax2_tx\":\"0.000\",\"total_ht\":\"981.00000000\",\"total_tva\":\"98.10000000\",\"total_localtax1\":\"0.00000000\",\"total_localtax2\":\"0.00000000\",\"total_ttc\":\"1079.10000000\",\"info_bits\":\"0\",\"multicurrency_code\":\"EUR\",\"multicurrency_total_ht\":\"981.00000000\",\"multicurrency_total_tva\":\"98.10000000\",\"multicurrency_total_ttc\":\"1079.10000000\"},\"5\":{\"product_type\":\"1\",\"qty\":\"1\",\"tva_tx\":\"10.000\",\"localtax1_tx\":\"0.000\",\"localtax2_tx\":\"0.000\",\"total_ht\":\"650.00000000\",\"total_tva\":\"65.00000000\",\"total_localtax1\":\"0.00000000\",\"total_localtax2\":\"0.00000000\",\"total_ttc\":\"715.00000000\",\"info_bits\":\"0\",\"multicurrency_code\":\"EUR\",\"multicurrency_total_ht\":\"650.00000000\",\"multicurrency_total_tva\":\"65.00000000\",\"multicurrency_total_ttc\":\"715.00000000\"},\"6\":{\"product_type\":\"1\",\"qty\":\"1\",\"tva_tx\":\"10.000\",\"localtax1_tx\":\"0.000\",\"localtax2_tx\":\"0.000\",\"total_ht\":\"425.00000000\",\"total_tva\":\"42.50000000\",\"total_localtax1\":\"0.00000000\",\"total_localtax2\":\"0.00000000\",\"total_ttc\":\"467.50000000\",\"info_bits\":\"0\",\"multicurrency_code\":\"EUR\",\"multicurrency_total_ht\":\"425.00000000\",\"multicurrency_total_tva\":\"42.50000000\",\"multicurrency_total_ttc\":\"467.50000000\"},\"7\":{\"product_type\":\"9\",\"qty\":\"99\",\"tva_tx\":\"0.000\",\"localtax1_tx\":\"0.000\",\"localtax2_tx\":\"0.000\",\"total_ht\":\"0.00000000\",\"total_tva\":\"0.00000000\",\"total_localtax1\":\"0.00000000\",\"total_localtax2\":\"0.00000000\",\"total_ttc\":\"0.00000000\",\"info_bits\":\"0\",\"multicurrency_code\":\"EUR\",\"multicurrency_total_ht\":\"0.00000000\",\"multicurrency_total_tva\":\"0.00000000\",\"multicurrency_total_ttc\":\"0.00000000\"},\"8\":{\"product_type\":\"9\",\"qty\":\"1\",\"tva_tx\":\"0.000\",\"localtax1_tx\":\"0.000\",\"localtax2_tx\":\"0.000\",\"total_ht\":\"0.00000000\",\"total_tva\":\"0.00000000\",\"total_localtax1\":\"0.00000000\",\"total_localtax2\":\"0.00000000\",\"total_ttc\":\"0.00000000\",\"info_bits\":\"0\",\"multicurrency_code\":\"EUR\",\"multicurrency_total_ht\":\"0.00000000\",\"multicurrency_total_tva\":\"0.00000000\",\"multicurrency_total_ttc\":\"0.00000000\"},\"9\":{\"product_type\":\"0\",\"qty\":\"1\",\"tva_tx\":\"10.000\",\"localtax1_tx\":\"0.000\",\"localtax2_tx\":\"0.000\",\"total_ht\":\"1032.08000000\",\"total_tva\":\"103.21000000\",\"total_localtax1\":\"0.00000000\",\"total_localtax2\":\"0.00000000\",\"total_ttc\":\"1135.29000000\",\"info_bits\":\"0\",\"multicurrency_code\":\"EUR\",\"multicurrency_total_ht\":\"1032.08000000\",\"multicurrency_total_tva\":\"103.21000000\",\"multicurrency_total_ttc\":\"1135.29000000\"},\"10\":{\"ref\":\"JM35P30\",\"product_type\":\"0\",\"qty\":\"2\",\"tva_tx\":\"10.000\",\"localtax1_tx\":\"0.000\",\"localtax2_tx\":\"0.000\",\"total_ht\":\"1218.00000000\",\"total_tva\":\"121.80000000\",\"total_localtax1\":\"0.00000000\",\"total_localtax2\":\"0.00000000\",\"total_ttc\":\"1339.80000000\",\"info_bits\":\"0\",\"multicurrency_code\":\"EUR\",\"multicurrency_total_ht\":\"1218.00000000\",\"multicurrency_total_tva\":\"121.80000000\",\"multicurrency_total_ttc\":\"1339.80000000\"},\"11\":{\"ref\":\"JM120P51\",\"product_type\":\"0\",\"qty\":\"1\",\"tva_tx\":\"10.000\",\"localtax1_tx\":\"0.000\",\"localtax2_tx\":\"0.000\",\"total_ht\":\"2703.00000000\",\"total_tva\":\"270.30000000\",\"total_localtax1\":\"0.00000000\",\"total_localtax2\":\"0.00000000\",\"total_ttc\":\"2973.30000000\",\"info_bits\":\"0\",\"multicurrency_code\":\"EUR\",\"multicurrency_total_ht\":\"2703.00000000\",\"multicurrency_total_tva\":\"270.30000000\",\"multicurrency_total_ttc\":\"2973.30000000\"},\"12\":{\"product_type\":\"9\",\"qty\":\"99\",\"tva_tx\":\"0.000\",\"localtax1_tx\":\"0.000\",\"localtax2_tx\":\"0.000\",\"total_ht\":\"0.00000000\",\"total_tva\":\"0.00000000\",\"total_localtax1\":\"0.00000000\",\"total_localtax2\":\"0.00000000\",\"total_ttc\":\"0.00000000\",\"info_bits\":\"0\",\"multicurrency_code\":\"EUR\",\"multicurrency_total_ht\":\"0.00000000\",\"multicurrency_total_tva\":\"0.00000000\",\"multicurrency_total_ttc\":\"0.00000000\"},\"13\":{\"ref\":\"meuble_cuisine\",\"product_type\":\"0\",\"qty\":\"2\",\"tva_tx\":\"20.000\",\"localtax1_tx\":\"0.000\",\"localtax2_tx\":\"0.000\",\"total_ht\":\"220.00000000\",\"total_tva\":\"44.00000000\",\"total_localtax1\":\"0.00000000\",\"total_localtax2\":\"0.00000000\",\"total_ttc\":\"264.00000000\",\"info_bits\":\"0\",\"multicurrency_code\":\"EUR\",\"multicurrency_total_ht\":\"220.00000000\",\"multicurrency_total_tva\":\"44.00000000\",\"multicurrency_total_ttc\":\"264.00000000\"}},\"type\":\"0\",\"date\":1726610400,\"ref\":\"FA2409-0057\"}',0,'19'),(25,1,'2024-09-18 11:39:34','2024-09-18 09:39:34','BILL_VALIDATE',132.00000000,'facture',1,'SuperAdmin',69,'FA2409-0058','2024-09-18 00:00:00','864287ef1e651e2298651c39d2ca7f552650dae561c79eb7e276551ba604c8e8','7672a55cc051b89c1eea1d1ffcd6a48bae18ccd0f2bf8bd7a1f8771948ff82c4','{\"thirdparty\":{\"name\":\"aqtisplus\",\"phone\":\"0241651414\",\"email\":\"p.neveu@aqtisplus.com\",\"tva_intra\":\"FR57484266986\",\"localtax1_value\":\"0.000\",\"localtax2_value\":\"0.000\",\"typent_code\":\"TE_MEDIUM\",\"forme_juridique_code\":\"11\",\"code_client\":\"CU1901-0001\",\"code_fournisseur\":\"SU1901-0001\",\"country_code\":\"FR\",\"state_code\":\"49\",\"address\":\"21 rue Emile Grasset\",\"zip\":\"49300\",\"town\":\"cholet\"},\"mycompany\":{\"name\":\"maboite\",\"phone\":\"0661598768\",\"email\":\"aqtisplus@aqtisplus.com\",\"idprof1\":\"484266987\",\"idprof2\":\"48426698700014\",\"idprof3\":\"7022Z\",\"idprof4\":\"Angers\",\"tva_intra\":\"FR57484266987\",\"localtax1_assuj\":0,\"localtax2_assuj\":0,\"forme_juridique_code\":\"11\",\"country_code\":\"FR\",\"state_code\":\"49\",\"address\":\"21 rue Emile Grasset\",\"zip\":\"49300\",\"town\":\"CHOLET\"},\"total_ht\":110,\"total_tva\":22,\"total_ttc\":132,\"revenuestamp\":\"0.00000000\",\"invoiceline\":{\"1\":{\"ref\":\"meuble_cuisine\",\"product_type\":\"0\",\"qty\":\"1\",\"tva_tx\":\"20.000\",\"localtax1_tx\":\"0.000\",\"localtax2_tx\":\"0.000\",\"total_ht\":\"110.00000000\",\"total_tva\":\"22.00000000\",\"total_localtax1\":\"0.00000000\",\"total_localtax2\":\"0.00000000\",\"total_ttc\":\"132.00000000\",\"info_bits\":\"0\",\"multicurrency_code\":\"EUR\",\"multicurrency_total_ht\":\"110.00000000\",\"multicurrency_total_tva\":\"22.00000000\",\"multicurrency_total_ttc\":\"132.00000000\"}},\"type\":\"0\",\"date\":1726610400,\"ref\":\"FA2409-0058\"}',0,'19'),(26,1,'2024-09-18 12:09:51','2024-09-18 10:09:51','BILL_VALIDATE',264.00000000,'facture',1,'SuperAdmin',70,'FA2409-0059','2024-09-18 00:00:00','1c0cbf5efb08841dfcc6cdcf7ab357fbb0bbdd8ca29c18a433dcc7c147da1b46','96355459d1e8b86b57ae571eff2864789874610f5ad413026b8553cd524bcd31','{\"thirdparty\":{\"name\":\"aqtisplus\",\"phone\":\"0241651414\",\"email\":\"p.neveu@aqtisplus.com\",\"tva_intra\":\"FR57484266986\",\"localtax1_value\":\"0.000\",\"localtax2_value\":\"0.000\",\"typent_code\":\"TE_MEDIUM\",\"forme_juridique_code\":\"11\",\"code_client\":\"CU1901-0001\",\"code_fournisseur\":\"SU1901-0001\",\"country_code\":\"FR\",\"state_code\":\"49\",\"address\":\"21 rue Emile Grasset\",\"zip\":\"49300\",\"town\":\"cholet\"},\"mycompany\":{\"name\":\"maboite\",\"phone\":\"0661598768\",\"email\":\"aqtisplus@aqtisplus.com\",\"idprof1\":\"484266987\",\"idprof2\":\"48426698700014\",\"idprof3\":\"7022Z\",\"idprof4\":\"Angers\",\"tva_intra\":\"FR57484266987\",\"localtax1_assuj\":0,\"localtax2_assuj\":0,\"forme_juridique_code\":\"11\",\"country_code\":\"FR\",\"state_code\":\"49\",\"address\":\"21 rue Emile Grasset\",\"zip\":\"49300\",\"town\":\"CHOLET\"},\"total_ht\":220,\"total_tva\":44,\"total_ttc\":264,\"revenuestamp\":\"0.00000000\",\"invoiceline\":{\"1\":{\"ref\":\"meuble_cuisine\",\"product_type\":\"0\",\"qty\":\"2\",\"tva_tx\":\"20.000\",\"localtax1_tx\":\"0.000\",\"localtax2_tx\":\"0.000\",\"total_ht\":\"220.00000000\",\"total_tva\":\"44.00000000\",\"total_localtax1\":\"0.00000000\",\"total_localtax2\":\"0.00000000\",\"total_ttc\":\"264.00000000\",\"info_bits\":\"0\",\"multicurrency_code\":\"EUR\",\"multicurrency_total_ht\":\"220.00000000\",\"multicurrency_total_tva\":\"44.00000000\",\"multicurrency_total_ttc\":\"264.00000000\"}},\"type\":\"0\",\"date\":1726610400,\"ref\":\"FA2409-0059\"}',0,'19'),(27,1,'2024-09-25 19:16:28','2024-09-25 17:16:28','DOC_PREVIEW',888.00000000,'facture',1,'SuperAdmin',46,'FA2105-0036','2021-05-25 00:00:00','8c68eacf1cd1d12625c49d372ca81abf74e84df14665784470f4bfa02ef970dc','2db830810d0be380fe7d8c850bc5063b7699ce6847410fb4a7e6df784970984b','{\"thirdparty\":{\"name\":\"Microsoft\",\"name_alias\":\"Microsoft\",\"localtax1_value\":\"0.000\",\"localtax2_value\":\"0.000\",\"code_client\":\"CU2105-00006\",\"code_fournisseur\":\"SU1901-0002\",\"country_code\":\"FR\"},\"mycompany\":{\"name\":\"maboite\",\"phone\":\"0661598768\",\"email\":\"aqtisplus@aqtisplus.com\",\"idprof1\":\"484266987\",\"idprof2\":\"48426698700014\",\"idprof3\":\"7022Z\",\"idprof4\":\"Angers\",\"tva_intra\":\"FR57484266987\",\"localtax1_assuj\":0,\"localtax2_assuj\":0,\"capital\":0,\"forme_juridique_code\":\"11\",\"country_code\":\"FR\",\"state_code\":\"49\",\"address\":\"21 rue Emile Grasset\",\"zip\":\"49300\",\"town\":\"CHOLET\"},\"total_ht\":\"740.00000000\",\"total_tva\":\"148.00000000\",\"total_ttc\":\"888.00000000\",\"revenuestamp\":\"0.00000000\",\"invoiceline\":{\"1\":{\"ref\":\"Ouvrage\",\"product_type\":\"0\",\"product_label\":\"Ouvrage\",\"qty\":\"5\",\"tva_tx\":\"20.000\",\"localtax1_tx\":\"0.000\",\"localtax2_tx\":\"0.000\",\"total_ht\":\"740.00000000\",\"total_tva\":\"148.00000000\",\"total_localtax1\":\"0.00000000\",\"total_localtax2\":\"0.00000000\",\"total_ttc\":\"888.00000000\",\"info_bits\":\"0\",\"multicurrency_code\":\"EUR\",\"multicurrency_total_ht\":\"740.00000000\",\"multicurrency_total_tva\":\"148.00000000\",\"multicurrency_total_ttc\":\"888.00000000\"}},\"type\":\"5\",\"date\":1621893600,\"ref\":\"FA2105-0036\"}',0,'20'),(28,1,'2024-11-29 14:19:40','2024-11-29 13:19:40','BILL_VALIDATE',84.00000000,'facture',2,'bertrand delecroix',71,'FA2411-0060','2024-11-29 00:00:00','2a36c4e6d499b357e5b50dde3401795d863ebf929d1831fd4ff06ba8603109e6','9b8faf9169d23baddc76318aa31de9acbce17e2c4c2db2c18d2162ca80ba06de','{\"thirdparty\":{\"name\":\"elecma\",\"localtax1_value\":\"0.000\",\"localtax2_value\":\"0.000\",\"code_client\":\"CU2105-00008\",\"code_fournisseur\":\"SU2105-00009\",\"country_code\":\"FR\"},\"mycompany\":{\"name\":\"maboite\",\"phone\":\"0661598768\",\"email\":\"aqtisplus@aqtisplus.com\",\"idprof1\":\"484266987\",\"idprof2\":\"48426698700014\",\"idprof3\":\"7022Z\",\"idprof4\":\"Angers\",\"tva_intra\":\"FR57484266987\",\"localtax1_assuj\":0,\"localtax2_assuj\":0,\"capital\":0,\"forme_juridique_code\":\"11\",\"country_code\":\"FR\",\"state_code\":\"49\",\"address\":\"21 rue Emile Grasset\",\"zip\":\"49300\",\"town\":\"CHOLET\"},\"total_ht\":70,\"total_tva\":14,\"total_ttc\":84,\"revenuestamp\":\"0.00000000\",\"invoiceline\":{\"1\":{\"ref\":\"124_RG\",\"product_type\":\"0\",\"product_label\":\"124 Rouge\",\"qty\":\"10\",\"tva_tx\":\"20.000\",\"localtax1_tx\":\"0.000\",\"localtax2_tx\":\"0.000\",\"total_ht\":\"70.00000000\",\"total_tva\":\"14.00000000\",\"total_localtax1\":\"0.00000000\",\"total_localtax2\":\"0.00000000\",\"total_ttc\":\"84.00000000\",\"info_bits\":\"0\",\"multicurrency_code\":\"EUR\",\"multicurrency_total_ht\":\"70.00000000\",\"multicurrency_total_tva\":\"14.00000000\",\"multicurrency_total_ttc\":\"84.00000000\"}},\"type\":\"0\",\"date\":1732834800,\"ref\":\"FA2411-0060\"}',0,'20');

--
-- Table structure for table `t1zhf_blockedlog_authority`
--

CREATE TABLE `t1zhf_blockedlog_authority` (
  `rowid` int NOT NULL AUTO_INCREMENT,
  `blockchain` longtext COLLATE utf8mb3_unicode_ci NOT NULL,
  `signature` varchar(100) COLLATE utf8mb3_unicode_ci NOT NULL,
  `tms` timestamp NOT NULL DEFAULT CURRENT_TIMESTAMP ON UPDATE CURRENT_TIMESTAMP,
  PRIMARY KEY (`rowid`),
  KEY `signature` (`signature`)
) ENGINE=InnoDB DEFAULT CHARSET=utf8mb3 COLLATE=utf8mb3_unicode_ci;

--
-- Dumping data for table `t1zhf_blockedlog_authority`
--


--
-- Table structure for table `t1zhf_bom_bom`
--

CREATE TABLE `t1zhf_bom_bom` (
  `rowid` int NOT NULL AUTO_INCREMENT,
  `entity` int NOT NULL DEFAULT '1',
  `ref` varchar(128) COLLATE utf8mb3_unicode_ci NOT NULL,
  `label` varchar(255) COLLATE utf8mb3_unicode_ci DEFAULT NULL,
  `description` mediumtext COLLATE utf8mb3_unicode_ci,
  `note_public` mediumtext COLLATE utf8mb3_unicode_ci,
  `note_private` mediumtext COLLATE utf8mb3_unicode_ci,
  `fk_product` int DEFAULT NULL,
  `qty` double(24,8) DEFAULT NULL,
  `efficiency` double(8,4) DEFAULT NULL,
  `date_creation` datetime NOT NULL,
  `tms` timestamp NULL DEFAULT NULL,
  `date_valid` datetime DEFAULT NULL,
  `fk_user_creat` int NOT NULL,
  `fk_user_modif` int DEFAULT NULL,
  `fk_user_valid` int DEFAULT NULL,
  `import_key` varchar(14) COLLATE utf8mb3_unicode_ci DEFAULT NULL,
  `status` int NOT NULL,
  `duration` double(24,8) DEFAULT NULL,
  `fk_warehouse` int DEFAULT NULL,
  `model_pdf` varchar(255) COLLATE utf8mb3_unicode_ci DEFAULT NULL,
  `bomtype` int DEFAULT '0',
  PRIMARY KEY (`rowid`),
  UNIQUE KEY `uk_bom_bom_ref` (`ref`,`entity`),
  KEY `idx_bom_bom_rowid` (`rowid`),
  KEY `idx_bom_bom_ref` (`ref`),
  KEY `t1zhf_bom_bom_fk_user_creat` (`fk_user_creat`),
  KEY `idx_bom_bom_status` (`status`),
  KEY `idx_bom_bom_fk_product` (`fk_product`),
  CONSTRAINT `t1zhf_bom_bom_fk_user_creat` FOREIGN KEY (`fk_user_creat`) REFERENCES `t1zhf_user` (`rowid`) ON DELETE RESTRICT ON UPDATE RESTRICT
) ENGINE=InnoDB AUTO_INCREMENT=2 DEFAULT CHARSET=utf8mb3 COLLATE=utf8mb3_unicode_ci;

--
-- Dumping data for table `t1zhf_bom_bom`
--

INSERT INTO `t1zhf_bom_bom` VALUES (1,1,'BOM2305-0001','vélo blanc',NULL,NULL,NULL,5,1.00000000,NULL,'2023-05-30 18:25:22',NULL,'2023-05-30 18:30:23',1,NULL,1,NULL,1,7200.00000000,1,NULL,0);

--
-- Table structure for table `t1zhf_bom_bom_extrafields`
--

CREATE TABLE `t1zhf_bom_bom_extrafields` (
  `rowid` int NOT NULL AUTO_INCREMENT,
  `tms` timestamp NULL DEFAULT NULL,
  `fk_object` int NOT NULL,
  `import_key` varchar(14) COLLATE utf8mb3_unicode_ci DEFAULT NULL,
  PRIMARY KEY (`rowid`),
  UNIQUE KEY `uk_bom_bom_extrafields_fk_object` (`fk_object`)
) ENGINE=InnoDB DEFAULT CHARSET=utf8mb3 COLLATE=utf8mb3_unicode_ci;

--
-- Dumping data for table `t1zhf_bom_bom_extrafields`
--


--
-- Table structure for table `t1zhf_bom_bomline`
--

CREATE TABLE `t1zhf_bom_bomline` (
  `rowid` int NOT NULL AUTO_INCREMENT,
  `fk_bom` int NOT NULL,
  `fk_product` int NOT NULL,
  `fk_bom_child` int DEFAULT NULL,
  `description` mediumtext COLLATE utf8mb3_unicode_ci,
  `import_key` varchar(14) COLLATE utf8mb3_unicode_ci DEFAULT NULL,
  `qty` double(24,8) NOT NULL,
  `efficiency` double(8,4) NOT NULL DEFAULT '1.0000',
  `position` int NOT NULL,
  `qty_frozen` smallint DEFAULT '0',
  `disable_stock_change` smallint DEFAULT '0',
  `fk_unit` int DEFAULT NULL,
  `fk_default_workstation` int DEFAULT NULL,
  `tms` timestamp NULL DEFAULT CURRENT_TIMESTAMP ON UPDATE CURRENT_TIMESTAMP,
  PRIMARY KEY (`rowid`),
  KEY `idx_bom_bomline_rowid` (`rowid`),
  KEY `idx_bom_bomline_fk_product` (`fk_product`),
  KEY `idx_bom_bomline_fk_bom` (`fk_bom`),
  CONSTRAINT `t1zhf_bom_bomline_fk_bom` FOREIGN KEY (`fk_bom`) REFERENCES `t1zhf_bom_bom` (`rowid`) ON DELETE RESTRICT ON UPDATE RESTRICT
) ENGINE=InnoDB AUTO_INCREMENT=4 DEFAULT CHARSET=utf8mb3 COLLATE=utf8mb3_unicode_ci;

--
-- Dumping data for table `t1zhf_bom_bomline`
--

INSERT INTO `t1zhf_bom_bomline` VALUES (1,1,4,NULL,NULL,NULL,2.00000000,1.0000,1,NULL,NULL,1,NULL,'2024-09-02 14:01:59'),(2,1,59,NULL,NULL,NULL,1.00000000,1.0000,2,NULL,NULL,1,NULL,'2024-09-02 14:01:59'),(3,1,51,NULL,NULL,NULL,1.00000000,1.0000,3,NULL,NULL,4,NULL,'2024-09-02 14:01:59');

--
-- Table structure for table `t1zhf_bom_bomline_extrafields`
--

CREATE TABLE `t1zhf_bom_bomline_extrafields` (
  `rowid` int NOT NULL AUTO_INCREMENT,
  `tms` timestamp NULL DEFAULT NULL,
  `fk_object` int NOT NULL,
  `import_key` varchar(14) COLLATE utf8mb3_unicode_ci DEFAULT NULL,
  PRIMARY KEY (`rowid`)
) ENGINE=InnoDB DEFAULT CHARSET=utf8mb3 COLLATE=utf8mb3_unicode_ci;

--
-- Dumping data for table `t1zhf_bom_bomline_extrafields`
--


--
-- Table structure for table `t1zhf_bookcal_availabilities`
--

CREATE TABLE `t1zhf_bookcal_availabilities` (
  `rowid` int NOT NULL AUTO_INCREMENT,
  `label` varchar(255) DEFAULT NULL,
  `description` text,
  `note_public` text,
  `note_private` text,
  `date_creation` datetime NOT NULL,
  `tms` timestamp NULL DEFAULT CURRENT_TIMESTAMP ON UPDATE CURRENT_TIMESTAMP,
  `fk_user_creat` int NOT NULL,
  `fk_user_modif` int DEFAULT NULL,
  `last_main_doc` varchar(255) DEFAULT NULL,
  `import_key` varchar(14) DEFAULT NULL,
  `model_pdf` varchar(255) DEFAULT NULL,
  `status` int NOT NULL,
  `start` date NOT NULL,
  `end` date NOT NULL,
  `duration` int NOT NULL DEFAULT '30',
  `startHour` int NOT NULL,
  `endHour` int NOT NULL,
  `fk_bookcal_calendar` int NOT NULL,
  PRIMARY KEY (`rowid`),
  KEY `idx_bookcal_availabilities_rowid` (`rowid`),
  KEY `t1zhf_bookcal_availabilities_fk_user_creat` (`fk_user_creat`),
  KEY `idx_bookcal_availabilities_status` (`status`),
  KEY `t1zhf_bookcal_availabilities_fk_bookcal_calendar` (`fk_bookcal_calendar`),
  CONSTRAINT `t1zhf_bookcal_availabilities_fk_bookcal_calendar` FOREIGN KEY (`fk_bookcal_calendar`) REFERENCES `t1zhf_bookcal_calendar` (`rowid`),
  CONSTRAINT `t1zhf_bookcal_availabilities_fk_user_creat` FOREIGN KEY (`fk_user_creat`) REFERENCES `t1zhf_user` (`rowid`)
) ENGINE=InnoDB AUTO_INCREMENT=2 DEFAULT CHARSET=latin1;

--
-- Dumping data for table `t1zhf_bookcal_availabilities`
--

INSERT INTO `t1zhf_bookcal_availabilities` VALUES (1,'','',NULL,NULL,'2024-09-25 18:34:35','2024-09-25 16:34:35',1,NULL,NULL,NULL,NULL,1,'2024-01-01','2024-12-31',30,1,2359,1);

--
-- Table structure for table `t1zhf_bookcal_availabilities_extrafields`
--

CREATE TABLE `t1zhf_bookcal_availabilities_extrafields` (
  `rowid` int NOT NULL AUTO_INCREMENT,
  `tms` timestamp NULL DEFAULT CURRENT_TIMESTAMP ON UPDATE CURRENT_TIMESTAMP,
  `fk_object` int NOT NULL,
  `import_key` varchar(14) DEFAULT NULL,
  PRIMARY KEY (`rowid`),
  KEY `idx_availabilities_fk_object` (`fk_object`)
) ENGINE=InnoDB DEFAULT CHARSET=latin1;

--
-- Dumping data for table `t1zhf_bookcal_availabilities_extrafields`
--


--
-- Table structure for table `t1zhf_bookcal_booking`
--

CREATE TABLE `t1zhf_bookcal_booking` (
  `rowid` int NOT NULL AUTO_INCREMENT,
  `ref` varchar(128) NOT NULL,
  `fk_soc` int DEFAULT NULL,
  `fk_project` int DEFAULT NULL,
  `description` text,
  `note_public` text,
  `note_private` text,
  `date_creation` datetime NOT NULL,
  `tms` timestamp NULL DEFAULT CURRENT_TIMESTAMP ON UPDATE CURRENT_TIMESTAMP,
  `fk_user_creat` int NOT NULL,
  `fk_user_modif` int DEFAULT NULL,
  `last_main_doc` varchar(255) DEFAULT NULL,
  `import_key` varchar(14) DEFAULT NULL,
  `model_pdf` varchar(255) DEFAULT NULL,
  `status` int NOT NULL,
  `firstname` varchar(128) NOT NULL,
  `lastname` varchar(128) NOT NULL,
  `email` varchar(128) NOT NULL,
  `start` datetime NOT NULL,
  `duration` int NOT NULL,
  PRIMARY KEY (`rowid`),
  KEY `idx_bookcal_booking_rowid` (`rowid`),
  KEY `idx_bookcal_booking_ref` (`ref`),
  KEY `idx_bookcal_booking_fk_soc` (`fk_soc`),
  KEY `idx_bookcal_booking_fk_project` (`fk_project`),
  KEY `t1zhf_bookcal_booking_fk_user_creat` (`fk_user_creat`),
  KEY `idx_bookcal_booking_status` (`status`),
  CONSTRAINT `t1zhf_bookcal_booking_fk_user_creat` FOREIGN KEY (`fk_user_creat`) REFERENCES `t1zhf_user` (`rowid`)
) ENGINE=InnoDB DEFAULT CHARSET=latin1;

--
-- Dumping data for table `t1zhf_bookcal_booking`
--


--
-- Table structure for table `t1zhf_bookcal_calendar`
--

CREATE TABLE `t1zhf_bookcal_calendar` (
  `rowid` int NOT NULL AUTO_INCREMENT,
  `entity` int NOT NULL DEFAULT '1',
  `ref` varchar(128) NOT NULL,
  `label` varchar(255) DEFAULT NULL,
  `fk_soc` int DEFAULT NULL,
  `fk_project` int DEFAULT NULL,
  `description` text,
  `note_public` text,
  `note_private` text,
  `date_creation` datetime NOT NULL,
  `tms` timestamp NULL DEFAULT CURRENT_TIMESTAMP ON UPDATE CURRENT_TIMESTAMP,
  `fk_user_creat` int NOT NULL,
  `fk_user_modif` int DEFAULT NULL,
  `import_key` varchar(14) DEFAULT NULL,
  `status` int NOT NULL DEFAULT '0',
  `type` int NOT NULL,
  `visibility` int NOT NULL DEFAULT '1',
  PRIMARY KEY (`rowid`),
  KEY `idx_bookcal_calendar_rowid` (`rowid`),
  KEY `idx_bookcal_calendar_ref` (`ref`),
  KEY `idx_bookcal_calendar_fk_soc` (`fk_soc`),
  KEY `idx_bookcal_calendar_fk_project` (`fk_project`),
  KEY `t1zhf_bookcal_calendar_fk_user_creat` (`fk_user_creat`),
  KEY `idx_bookcal_calendar_status` (`status`),
  CONSTRAINT `t1zhf_bookcal_calendar_fk_user_creat` FOREIGN KEY (`fk_user_creat`) REFERENCES `t1zhf_user` (`rowid`)
) ENGINE=InnoDB AUTO_INCREMENT=2 DEFAULT CHARSET=latin1;

--
-- Dumping data for table `t1zhf_bookcal_calendar`
--

INSERT INTO `t1zhf_bookcal_calendar` VALUES (1,1,'Hotel','',NULL,NULL,'',NULL,NULL,'2024-09-25 18:32:08','2024-09-25 16:32:53',1,1,NULL,1,0,1);

--
-- Table structure for table `t1zhf_bookcal_calendar_extrafields`
--

CREATE TABLE `t1zhf_bookcal_calendar_extrafields` (
  `rowid` int NOT NULL AUTO_INCREMENT,
  `tms` timestamp NULL DEFAULT CURRENT_TIMESTAMP ON UPDATE CURRENT_TIMESTAMP,
  `fk_object` int NOT NULL,
  `import_key` varchar(14) DEFAULT NULL,
  PRIMARY KEY (`rowid`),
  KEY `idx_calendar_fk_object` (`fk_object`)
) ENGINE=InnoDB DEFAULT CHARSET=latin1;

--
-- Dumping data for table `t1zhf_bookcal_calendar_extrafields`
--


--
-- Table structure for table `t1zhf_bookmark`
--

CREATE TABLE `t1zhf_bookmark` (
  `rowid` int NOT NULL AUTO_INCREMENT,
  `fk_user` int NOT NULL,
  `dateb` datetime DEFAULT NULL,
  `url` text COLLATE utf8mb3_unicode_ci,
  `target` varchar(16) COLLATE utf8mb3_unicode_ci DEFAULT NULL,
  `title` varchar(64) COLLATE utf8mb3_unicode_ci DEFAULT NULL,
  `favicon` varchar(24) COLLATE utf8mb3_unicode_ci DEFAULT NULL,
  `position` int DEFAULT '0',
  `entity` int NOT NULL DEFAULT '1',
  PRIMARY KEY (`rowid`),
  UNIQUE KEY `uk_bookmark_title` (`fk_user`,`entity`,`title`)
) ENGINE=InnoDB DEFAULT CHARSET=utf8mb3 COLLATE=utf8mb3_unicode_ci;

--
-- Dumping data for table `t1zhf_bookmark`
--


--
-- Table structure for table `t1zhf_bordereau_cheque`
--

CREATE TABLE `t1zhf_bordereau_cheque` (
  `rowid` int NOT NULL AUTO_INCREMENT,
  `ref` varchar(30) COLLATE utf8mb3_unicode_ci NOT NULL,
  `label` varchar(255) COLLATE utf8mb3_unicode_ci DEFAULT NULL,
  `ref_ext` varchar(255) COLLATE utf8mb3_unicode_ci DEFAULT NULL,
  `datec` datetime NOT NULL,
  `date_bordereau` date DEFAULT NULL,
  `amount` double(24,8) NOT NULL,
  `nbcheque` smallint NOT NULL,
  `fk_bank_account` int DEFAULT NULL,
  `fk_user_author` int DEFAULT NULL,
  `statut` smallint NOT NULL DEFAULT '0',
  `tms` timestamp NOT NULL DEFAULT CURRENT_TIMESTAMP ON UPDATE CURRENT_TIMESTAMP,
  `note` text COLLATE utf8mb3_unicode_ci,
  `entity` int NOT NULL DEFAULT '1',
  `type` varchar(6) COLLATE utf8mb3_unicode_ci DEFAULT 'CHQ',
  PRIMARY KEY (`rowid`),
  UNIQUE KEY `uk_bordereau_cheque` (`ref`,`entity`)
) ENGINE=InnoDB AUTO_INCREMENT=2 DEFAULT CHARSET=utf8mb3 COLLATE=utf8mb3_unicode_ci;

--
-- Dumping data for table `t1zhf_bordereau_cheque`
--

INSERT INTO `t1zhf_bordereau_cheque` VALUES (1,'CHK2102-0001',NULL,'','2021-02-11 15:30:27','2021-02-11',8059.28000000,2,1,1,1,'2021-02-11 14:30:33',NULL,1,'CHQ');

--
-- Table structure for table `t1zhf_boxes`
--

CREATE TABLE `t1zhf_boxes` (
  `rowid` int NOT NULL AUTO_INCREMENT,
  `entity` int NOT NULL DEFAULT '1',
  `box_id` int NOT NULL,
  `position` smallint NOT NULL,
  `box_order` varchar(3) COLLATE utf8mb3_unicode_ci NOT NULL,
  `fk_user` int NOT NULL DEFAULT '0',
  `maxline` int DEFAULT NULL,
  `params` varchar(255) COLLATE utf8mb3_unicode_ci DEFAULT NULL,
  PRIMARY KEY (`rowid`),
  UNIQUE KEY `uk_boxes` (`entity`,`box_id`,`position`,`fk_user`),
  KEY `idx_boxes_boxid` (`box_id`),
  KEY `idx_boxes_fk_user` (`fk_user`),
  CONSTRAINT `fk_boxes_box_id` FOREIGN KEY (`box_id`) REFERENCES `t1zhf_boxes_def` (`rowid`) ON DELETE RESTRICT ON UPDATE RESTRICT
) ENGINE=InnoDB AUTO_INCREMENT=1458 DEFAULT CHARSET=utf8mb3 COLLATE=utf8mb3_unicode_ci;

--
-- Dumping data for table `t1zhf_boxes`
--

INSERT INTO `t1zhf_boxes` VALUES (1,1,1,0,'B18',0,NULL,NULL),(2,1,2,0,'B22',0,NULL,NULL),(3,1,3,0,'A29',0,NULL,NULL),(4,1,4,0,'B08',0,NULL,NULL),(5,1,5,0,'A15',0,NULL,NULL),(6,1,6,0,'A23',0,NULL,NULL),(7,1,7,0,'B30',0,NULL,NULL),(8,1,8,0,'A09',0,NULL,NULL),(11,1,11,0,'A31',0,NULL,NULL),(12,1,12,0,'B10',0,NULL,NULL),(13,1,13,0,'A17',0,NULL,NULL),(20,1,20,0,'A19',0,NULL,NULL),(21,1,21,0,'B12',0,NULL,NULL),(22,1,22,0,'A05',0,NULL,NULL),(24,1,24,0,'B20',0,NULL,NULL),(25,1,25,0,'A27',0,NULL,NULL),(26,1,26,0,'B06',0,NULL,NULL),(27,1,27,0,'A13',0,NULL,NULL),(28,1,28,0,'A21',0,NULL,NULL),(29,1,29,0,'B28',0,NULL,NULL),(342,1,30,0,'B32',0,NULL,NULL),(1355,1,22,0,'A02',8,NULL,NULL),(1357,1,26,0,'A04',8,NULL,NULL),(1359,1,4,0,'A06',8,NULL,NULL),(1360,1,12,0,'A07',8,NULL,NULL),(1362,1,21,0,'A09',8,NULL,NULL),(1363,1,27,0,'A10',8,NULL,NULL),(1366,1,13,0,'A13',8,NULL,NULL),(1367,1,1,0,'B01',8,NULL,NULL),(1368,1,20,0,'B02',8,NULL,NULL),(1369,1,24,0,'B03',8,NULL,NULL),(1370,1,28,0,'B04',8,NULL,NULL),(1371,1,8,0,'B05',8,NULL,NULL),(1372,1,2,0,'B06',8,NULL,NULL),(1376,1,25,0,'B10',8,NULL,NULL),(1377,1,29,0,'B11',8,NULL,NULL),(1378,1,3,0,'B12',8,NULL,NULL),(1379,1,7,0,'B13',8,NULL,NULL),(1380,1,11,0,'B14',8,NULL,NULL),(1381,1,30,0,'B15',8,NULL,NULL),(1437,1,24,0,'A02',1,NULL,NULL),(1438,1,7,0,'B01',1,NULL,NULL),(1439,1,8,0,'B02',1,NULL,NULL),(1440,1,1,0,'B03',1,NULL,NULL),(1441,1,11,0,'B04',1,NULL,NULL),(1442,1,12,0,'B05',1,NULL,NULL),(1443,1,21,0,'B06',1,NULL,NULL),(1444,1,61,0,'0',0,NULL,NULL),(1445,1,62,0,'0',0,NULL,NULL),(1446,1,63,0,'0',0,NULL,NULL),(1447,1,64,0,'0',0,NULL,NULL),(1448,1,65,0,'0',0,NULL,NULL),(1449,1,66,0,'0',0,NULL,NULL),(1450,1,67,0,'0',0,NULL,NULL),(1451,1,68,0,'0',0,NULL,NULL),(1452,1,69,0,'0',0,NULL,NULL),(1453,1,70,0,'0',0,NULL,NULL),(1457,1,74,0,'0',0,NULL,NULL);

--
-- Table structure for table `t1zhf_boxes_def`
--

CREATE TABLE `t1zhf_boxes_def` (
  `rowid` int NOT NULL AUTO_INCREMENT,
  `file` varchar(200) COLLATE utf8mb3_unicode_ci NOT NULL,
  `entity` int NOT NULL DEFAULT '1',
  `tms` timestamp NOT NULL DEFAULT CURRENT_TIMESTAMP ON UPDATE CURRENT_TIMESTAMP,
  `note` varchar(130) COLLATE utf8mb3_unicode_ci DEFAULT NULL,
  `fk_user` int NOT NULL DEFAULT '0',
  PRIMARY KEY (`rowid`),
  UNIQUE KEY `uk_boxes_def` (`file`,`entity`,`note`)
) ENGINE=InnoDB AUTO_INCREMENT=75 DEFAULT CHARSET=utf8mb3 COLLATE=utf8mb3_unicode_ci;

--
-- Dumping data for table `t1zhf_boxes_def`
--

INSERT INTO `t1zhf_boxes_def` VALUES (1,'box_lastlogin.php',1,'2019-01-08 08:57:31',NULL,0),(2,'box_clients.php',1,'2019-01-08 09:11:45',NULL,0),(3,'box_prospect.php',1,'2019-01-08 09:11:45',NULL,0),(4,'box_contacts.php',1,'2019-01-08 09:11:45',NULL,0),(5,'box_activity.php',1,'2019-01-08 09:11:45','(WarningUsingThisBoxSlowDown)',0),(6,'box_goodcustomers.php',1,'2019-01-08 09:11:45','(WarningUsingThisBoxSlowDown)',0),(7,'box_graph_propales_permonth.php',1,'2019-01-08 09:11:48',NULL,0),(8,'box_propales.php',1,'2019-01-08 09:11:48',NULL,0),(11,'box_contracts.php',1,'2019-01-08 09:12:03',NULL,0),(12,'box_services_expired.php',1,'2019-01-08 09:12:03',NULL,0),(13,'box_ficheinter.php',1,'2019-01-08 09:12:05',NULL,0),(20,'box_factures_imp.php',1,'2019-01-08 09:14:10',NULL,0),(21,'box_factures.php',1,'2019-01-08 09:14:10',NULL,0),(22,'box_graph_invoices_permonth.php',1,'2019-01-08 09:14:10',NULL,0),(24,'box_produits.php',1,'2019-01-08 09:14:33',NULL,0),(25,'box_produits_alerte_stock.php',1,'2019-01-08 09:14:33',NULL,0),(26,'box_graph_product_distribution.php',1,'2019-01-08 09:14:33',NULL,0),(27,'box_services_contracts.php',1,'2019-01-08 09:14:40',NULL,0),(28,'box_project.php',1,'2019-01-08 09:14:53',NULL,0),(29,'box_task.php',1,'2019-01-08 09:14:53',NULL,0),(30,'box_actions.php',1,'2019-05-02 10:57:14',NULL,0),(31,'box_accountancy_last_manual_entries.php',1,'2020-06-18 14:47:06',NULL,0),(32,'box_accountancy_suspense_account.php',1,'2020-06-18 14:47:06',NULL,0),(34,'box_birthdays.php',1,'2020-06-18 14:47:08',NULL,0),(35,'box_funnel_of_prospection.php',1,'2021-05-25 16:29:08',NULL,0),(36,'box_customers_outstanding_bill_reached.php',1,'2021-05-25 16:29:08',NULL,0),(38,'box_dolibarr_state_board.php',1,'2023-05-09 12:26:14',NULL,0),(43,'box_graph_ticket_by_severity.php',1,'2023-05-09 12:26:15',NULL,0),(44,'box_graph_nb_ticket_last_x_days.php',1,'2023-05-09 12:26:15',NULL,0),(45,'box_graph_nb_tickets_type.php',1,'2023-05-09 12:26:15',NULL,0),(46,'box_graph_new_vs_close_ticket.php',1,'2023-05-09 12:26:15',NULL,0),(57,'box_actions_future.php',1,'2024-09-02 14:02:02',NULL,0),(61,'box_commandes.php',1,'2024-09-18 09:11:27',NULL,0),(62,'box_graph_orders_permonth.php',1,'2024-09-18 09:11:27',NULL,0),(63,'box_graph_invoices_supplier_permonth.php',1,'2024-09-18 09:11:51',NULL,0),(64,'box_graph_orders_supplier_permonth.php',1,'2024-09-18 09:11:51',NULL,0),(65,'box_fournisseurs.php',1,'2024-09-18 09:11:51',NULL,0),(66,'box_factures_fourn_imp.php',1,'2024-09-18 09:11:51',NULL,0),(67,'box_factures_fourn.php',1,'2024-09-18 09:11:51',NULL,0),(68,'box_supplier_orders.php',1,'2024-09-18 09:11:51',NULL,0),(69,'box_supplier_orders_awaiting_reception.php',1,'2024-09-18 09:11:51',NULL,0),(70,'box_shipments.php',1,'2024-09-18 09:25:02',NULL,0),(74,'box_comptes.php',1,'2024-09-25 16:59:52',NULL,0);

--
-- Table structure for table `t1zhf_budget`
--

CREATE TABLE `t1zhf_budget` (
  `rowid` int NOT NULL AUTO_INCREMENT,
  `entity` int NOT NULL DEFAULT '1',
  `label` varchar(255) COLLATE utf8mb3_unicode_ci NOT NULL,
  `status` int DEFAULT NULL,
  `note` text COLLATE utf8mb3_unicode_ci,
  `date_start` date DEFAULT NULL,
  `date_end` date DEFAULT NULL,
  `datec` datetime DEFAULT NULL,
  `tms` timestamp NOT NULL DEFAULT CURRENT_TIMESTAMP ON UPDATE CURRENT_TIMESTAMP,
  `fk_user_creat` int DEFAULT NULL,
  `fk_user_modif` int DEFAULT NULL,
  `import_key` int DEFAULT NULL,
  PRIMARY KEY (`rowid`)
) ENGINE=InnoDB DEFAULT CHARSET=utf8mb3 COLLATE=utf8mb3_unicode_ci;

--
-- Dumping data for table `t1zhf_budget`
--


--
-- Table structure for table `t1zhf_budget_lines`
--

CREATE TABLE `t1zhf_budget_lines` (
  `rowid` int NOT NULL AUTO_INCREMENT,
  `fk_budget` int NOT NULL,
  `fk_project_ids` varchar(180) COLLATE utf8mb3_unicode_ci NOT NULL,
  `amount` double(24,8) NOT NULL,
  `datec` datetime DEFAULT NULL,
  `tms` timestamp NOT NULL DEFAULT CURRENT_TIMESTAMP ON UPDATE CURRENT_TIMESTAMP,
  `fk_user_creat` int DEFAULT NULL,
  `fk_user_modif` int DEFAULT NULL,
  `import_key` int DEFAULT NULL,
  PRIMARY KEY (`rowid`),
  UNIQUE KEY `uk_budget_lines` (`fk_budget`,`fk_project_ids`),
  CONSTRAINT `fk_budget_lines_budget` FOREIGN KEY (`fk_budget`) REFERENCES `t1zhf_budget` (`rowid`) ON DELETE RESTRICT ON UPDATE RESTRICT
) ENGINE=InnoDB DEFAULT CHARSET=utf8mb3 COLLATE=utf8mb3_unicode_ci;

--
-- Dumping data for table `t1zhf_budget_lines`
--


--
-- Table structure for table `t1zhf_c_accounting_category`
--

CREATE TABLE `t1zhf_c_accounting_category` (
  `rowid` int NOT NULL AUTO_INCREMENT,
  `entity` int NOT NULL DEFAULT '1',
  `code` varchar(16) COLLATE utf8mb3_unicode_ci NOT NULL,
  `label` varchar(255) COLLATE utf8mb3_unicode_ci NOT NULL,
  `range_account` varchar(255) COLLATE utf8mb3_unicode_ci NOT NULL,
  `sens` tinyint NOT NULL DEFAULT '0',
  `category_type` tinyint NOT NULL DEFAULT '0',
  `formula` varchar(255) COLLATE utf8mb3_unicode_ci NOT NULL,
  `position` int DEFAULT '0',
  `fk_country` int DEFAULT NULL,
  `active` int DEFAULT '1',
  PRIMARY KEY (`rowid`),
  UNIQUE KEY `uk_c_accounting_category` (`code`,`entity`)
) ENGINE=InnoDB AUTO_INCREMENT=6 DEFAULT CHARSET=utf8mb3 COLLATE=utf8mb3_unicode_ci;

--
-- Dumping data for table `t1zhf_c_accounting_category`
--

INSERT INTO `t1zhf_c_accounting_category` VALUES (1,1,'INCOMES','Income of products/services','Example: 7xxxxx',0,0,'',10,1,1),(2,1,'EXPENSES','Expenses of products/services','Example: 6xxxxx',0,0,'',20,1,1),(3,1,'PROFIT','Balance','',0,1,'INCOMES+EXPENSES',30,0,1),(4,1,'80PC','80 %','extrait 80% des ventes',0,1,'INCOMES*0.8',40,1,1),(5,1,'20PC','20 %','extrait 20% des ventes',0,1,'INCOMES*0.2',50,1,1);

--
-- Table structure for table `t1zhf_c_action_trigger`
--

CREATE TABLE `t1zhf_c_action_trigger` (
  `rowid` int NOT NULL AUTO_INCREMENT,
  `elementtype` varchar(64) COLLATE utf8mb3_unicode_ci DEFAULT NULL,
  `code` varchar(128) COLLATE utf8mb3_unicode_ci DEFAULT NULL,
  `label` varchar(128) COLLATE utf8mb3_unicode_ci NOT NULL,
  `description` varchar(255) COLLATE utf8mb3_unicode_ci DEFAULT NULL,
  `rang` int DEFAULT '0',
  `contexts` varchar(255) COLLATE utf8mb3_unicode_ci DEFAULT NULL,
  PRIMARY KEY (`rowid`),
  UNIQUE KEY `uk_action_trigger_code` (`code`),
  KEY `idx_action_trigger_rang` (`rang`)
) ENGINE=InnoDB AUTO_INCREMENT=298 DEFAULT CHARSET=utf8mb3 COLLATE=utf8mb3_unicode_ci;

--
-- Dumping data for table `t1zhf_c_action_trigger`
--

INSERT INTO `t1zhf_c_action_trigger` VALUES (1,'societe','COMPANY_CREATE','Third party created','Executed when a third party is created',1,NULL),(2,'societe','COMPANY_SENTBYMAIL','Mails sent from third party card','Executed when you send email from third party card',1,NULL),(3,'propal','PROPAL_VALIDATE','Customer proposal validated','Executed when a commercial proposal is validated',2,NULL),(4,'propal','PROPAL_SENTBYMAIL','Commercial proposal sent by mail','Executed when a commercial proposal is sent by mail',3,NULL),(5,'propal','PROPAL_CLOSE_SIGNED','Customer proposal closed signed','Executed when a customer proposal is closed signed',2,NULL),(6,'propal','PROPAL_CLOSE_REFUSED','Customer proposal closed refused','Executed when a customer proposal is closed refused',2,NULL),(7,'propal','PROPAL_CLASSIFY_BILLED','Customer proposal set billed','Executed when a customer proposal is set to billed',2,NULL),(8,'commande','ORDER_VALIDATE','Customer order validate','Executed when a customer order is validated',4,NULL),(9,'commande','ORDER_CLOSE','Customer order classify delivered','Executed when a customer order is set delivered',5,NULL),(10,'commande','ORDER_CLASSIFY_BILLED','Customer order classify billed','Executed when a customer order is set to billed',5,NULL),(11,'commande','ORDER_CANCEL','Customer order canceled','Executed when a customer order is canceled',5,NULL),(12,'commande','ORDER_SENTBYMAIL','Customer order sent by mail','Executed when a customer order is sent by mail ',5,NULL),(13,'facture','BILL_VALIDATE','Customer invoice validated','Executed when a customer invoice is approved',6,NULL),(14,'facture','BILL_PAYED','Customer invoice payed','Executed when a customer invoice is payed',7,NULL),(15,'facture','BILL_CANCEL','Customer invoice canceled','Executed when a customer invoice is conceled',8,NULL),(16,'facture','BILL_SENTBYMAIL','Customer invoice sent by mail','Executed when a customer invoice is sent by mail',9,NULL),(17,'facture','BILL_UNVALIDATE','Customer invoice unvalidated','Executed when a customer invoice status set back to draft',9,NULL),(18,'proposal_supplier','PROPOSAL_SUPPLIER_VALIDATE','Price request validated','Executed when a commercial proposal is validated',10,NULL),(19,'proposal_supplier','PROPOSAL_SUPPLIER_SENTBYMAIL','Price request sent by mail','Executed when a commercial proposal is sent by mail',10,NULL),(20,'proposal_supplier','PROPOSAL_SUPPLIER_CLOSE_SIGNED','Price request closed signed','Executed when a customer proposal is closed signed',10,NULL),(21,'proposal_supplier','PROPOSAL_SUPPLIER_CLOSE_REFUSED','Price request closed refused','Executed when a customer proposal is closed refused',10,NULL),(22,'order_supplier','ORDER_SUPPLIER_VALIDATE','Supplier order validated','Executed when a supplier order is validated',12,NULL),(23,'order_supplier','ORDER_SUPPLIER_APPROVE','Supplier order request approved','Executed when a supplier order is approved',13,NULL),(24,'order_supplier','ORDER_SUPPLIER_SUBMIT','Supplier order request submited','Executed when a supplier order is approved',13,NULL),(25,'order_supplier','ORDER_SUPPLIER_RECEIVE','Supplier order request received','Executed when a supplier order is received',13,NULL),(26,'order_supplier','ORDER_SUPPLIER_REFUSE','Supplier order request refused','Executed when a supplier order is refused',13,NULL),(27,'order_supplier','ORDER_SUPPLIER_SENTBYMAIL','Supplier order sent by mail','Executed when a supplier order is sent by mail',14,NULL),(28,'order_supplier','ORDER_SUPPLIER_CLASSIFY_BILLED','Supplier order set billed','Executed when a supplier order is set as billed',14,NULL),(29,'invoice_supplier','BILL_SUPPLIER_VALIDATE','Supplier invoice validated','Executed when a supplier invoice is validated',15,NULL),(30,'invoice_supplier','BILL_SUPPLIER_UNVALIDATE','Supplier invoice unvalidated','Executed when a supplier invoice status is set back to draft',15,NULL),(31,'invoice_supplier','BILL_SUPPLIER_PAYED','Supplier invoice payed','Executed when a supplier invoice is payed',16,NULL),(32,'invoice_supplier','BILL_SUPPLIER_SENTBYMAIL','Supplier invoice sent by mail','Executed when a supplier invoice is sent by mail',17,NULL),(33,'invoice_supplier','BILL_SUPPLIER_CANCELED','Supplier invoice cancelled','Executed when a supplier invoice is cancelled',17,NULL),(34,'contrat','CONTRACT_VALIDATE','Contract validated','Executed when a contract is validated',18,NULL),(35,'contrat','CONTRACT_SENTBYMAIL','Contract sent by mail','Executed when a contract is sent by mail',18,NULL),(36,'shipping','SHIPPING_VALIDATE','Shipping validated','Executed when a shipping is validated',20,NULL),(37,'shipping','SHIPPING_SENTBYMAIL','Shipping sent by mail','Executed when a shipping is sent by mail',21,NULL),(38,'member','MEMBER_VALIDATE','Member validated','Executed when a member is validated',22,NULL),(39,'member','MEMBER_SENTBYMAIL','Mails sent from member card','Executed when you send email from member card',23,NULL),(40,'member','MEMBER_SUBSCRIPTION_CREATE','Member subscribtion recorded','Executed when a member subscribtion is deleted',24,NULL),(41,'member','MEMBER_SUBSCRIPTION_MODIFY','Member subscribtion modified','Executed when a member subscribtion is modified',24,NULL),(42,'member','MEMBER_SUBSCRIPTION_DELETE','Member subscribtion deleted','Executed when a member subscribtion is deleted',24,NULL),(43,'member','MEMBER_RESILIATE','Member resiliated','Executed when a member is resiliated',25,NULL),(44,'member','MEMBER_DELETE','Member deleted','Executed when a member is deleted',26,NULL),(45,'ficheinter','FICHINTER_VALIDATE','Intervention validated','Executed when a intervention is validated',30,NULL),(46,'ficheinter','FICHINTER_CLASSIFY_BILLED','Intervention set billed','Executed when a intervention is set to billed (when option FICHINTER_CLASSIFY_BILLED is set)',32,NULL),(47,'ficheinter','FICHINTER_CLASSIFY_UNBILLED','Intervention set unbilled','Executed when a intervention is set to unbilled (when option FICHINTER_CLASSIFY_BILLED is set)',33,NULL),(48,'ficheinter','FICHINTER_REOPEN','Intervention opened','Executed when a intervention is re-opened',34,NULL),(49,'ficheinter','FICHINTER_SENTBYMAIL','Intervention sent by mail','Executed when a intervention is sent by mail',35,NULL),(50,'product','PRODUCT_CREATE','Product or service created','Executed when a product or sevice is created',40,NULL),(51,'product','PRODUCT_DELETE','Product or service deleted','Executed when a product or sevice is deleted',42,NULL),(52,'expensereport','EXPENSE_REPORT_CREATE','Expense report created','Executed when an expense report is created',201,NULL),(53,'expensereport','EXPENSE_REPORT_VALIDATE','Expense report validated','Executed when an expense report is validated',202,NULL),(54,'expensereport','EXPENSE_REPORT_APPROVE','Expense report approved','Executed when an expense report is approved',203,NULL),(55,'expensereport','EXPENSE_REPORT_PAID','Expense report billed','Executed when an expense report is set as billed',204,NULL),(56,'project','PROJECT_VALIDATE','Project validation','Executed when a project is validated',141,NULL),(57,'project','PROJECT_DELETE','Project deleted','Executed when a project is deleted',143,NULL),(58,'product','PRODUCT_MODIFY','Product or service modified','Executed when a product or sevice is modified',41,NULL),(59,'member','MEMBER_MODIFY','Member modified','Executed when a member is modified',23,NULL),(60,'ficheinter','FICHINTER_MODIFY','Intervention modified','Executed when a intervention is modified',31,NULL),(61,'project','PROJECT_CREATE','Project creation','Executed when a project is created',140,NULL),(62,'project','PROJECT_MODIFY','Project modified','Executed when a project is modified',142,NULL),(63,'project','TASK_CREATE','Task created','Executed when a project task is created',150,NULL),(64,'project','TASK_MODIFY','Task modified','Executed when a project task is modified',151,NULL),(65,'project','TASK_DELETE','Task deleted','Executed when a project task is deleted',152,NULL),(66,'societe','COMPANY_DELETE','Third party deleted','Executed when you delete third party',1,NULL),(67,'propal','PROPAL_DELETE','Customer proposal deleted','Executed when a customer proposal is deleted',2,NULL),(68,'commande','ORDER_DELETE','Customer order deleted','Executed when a customer order is deleted',5,NULL),(69,'facture','BILL_DELETE','Customer invoice deleted','Executed when a customer invoice is deleted',9,NULL),(70,'proposal_supplier','PROPOSAL_SUPPLIER_DELETE','Price request deleted','Executed when a customer proposal delete',10,NULL),(71,'order_supplier','ORDER_SUPPLIER_DELETE','Supplier order deleted','Executed when a supplier order is deleted',14,NULL),(72,'invoice_supplier','BILL_SUPPLIER_DELETE','Supplier invoice deleted','Executed when a supplier invoice is deleted',17,NULL),(73,'contrat','CONTRACT_DELETE','Contract deleted','Executed when a contract is deleted',18,NULL),(74,'ficheinter','FICHINTER_DELETE','Intervention is deleted','Executed when a intervention is deleted',35,NULL),(75,'expensereport','EXPENSE_REPORT_DELETE','Expense report deleted','Executed when an expense report is deleted',204,NULL),(76,'expensereport','HOLIDAY_VALIDATE','Expense report validated','Executed when an expense report is validated',202,NULL),(77,'expensereport','HOLIDAY_APPROVE','Expense report approved','Executed when an expense report is approved',203,NULL),(78,'ticket','TICKET_CREATE','Ticket created','Executed when a ticket is created',161,NULL),(79,'ticket','TICKET_MODIFY','Ticket modified','Executed when a ticket is modified',163,NULL),(80,'ticket','TICKET_ASSIGNED','Ticket assigned','Executed when a ticket is assigned to another user',164,NULL),(81,'ticket','TICKET_CLOSE','Ticket closed','Executed when a ticket is closed',165,NULL),(82,'ticket','TICKET_SENTBYMAIL','Ticket message sent by email','Executed when a message is sent from the ticket record',166,NULL),(83,'ticket','TICKET_DELETE','Ticket deleted','Executed when a ticket is deleted',167,NULL),(84,'user','USER_SENTBYMAIL','Email sent','Executed when an email is sent from user card',300,NULL),(85,'bom','BOM_VALIDATE','BOM validated','Executed when a BOM is validated',650,NULL),(86,'bom','BOM_UNVALIDATE','BOM unvalidated','Executed when a BOM is unvalidated',651,NULL),(87,'bom','BOM_CLOSE','BOM disabled','Executed when a BOM is disabled',652,NULL),(88,'bom','BOM_REOPEN','BOM reopen','Executed when a BOM is re-open',653,NULL),(89,'bom','BOM_DELETE','BOM deleted','Executed when a BOM deleted',654,NULL),(90,'bom','MRP_MO_VALIDATE','MO validated','Executed when a MO is validated',660,NULL),(91,'bom','MRP_MO_PRODUCED','MO produced','Executed when a MO is produced',661,NULL),(92,'bom','MRP_MO_DELETE','MO deleted','Executed when a MO is deleted',662,NULL),(93,'bom','MRP_MO_CANCEL','MO canceled','Executed when a MO is canceled',663,NULL),(94,'contact','CONTACT_CREATE','Contact address created','Executed when a contact is created',50,NULL),(95,'contact','CONTACT_SENTBYMAIL','Mails sent from third party card','Executed when you send email from contact adress card',51,NULL),(96,'contact','CONTACT_DELETE','Contact address deleted','Executed when a contact is deleted',52,NULL),(97,'recruitment','RECRUITMENTJOBPOSITION_CREATE','Job created','Executed when a job is created',7500,NULL),(98,'recruitment','RECRUITMENTJOBPOSITION_MODIFY','Job modified','Executed when a job is modified',7502,NULL),(99,'recruitment','RECRUITMENTJOBPOSITION_SENTBYMAIL','Mails sent from job record','Executed when you send email from job record',7504,NULL),(100,'recruitment','RECRUITMENTJOBPOSITION_DELETE','Job deleted','Executed when a job is deleted',7506,NULL),(101,'recruitment','RECRUITMENTCANDIDATURE_CREATE','Candidature created','Executed when a candidature is created',7510,NULL),(102,'recruitment','RECRUITMENTCANDIDATURE_MODIFY','Candidature modified','Executed when a candidature is modified',7512,NULL),(103,'recruitment','RECRUITMENTCANDIDATURE_SENTBYMAIL','Mails sent from candidature record','Executed when you send email from candidature record',7514,NULL),(104,'recruitment','RECRUITMENTCANDIDATURE_DELETE','Candidature deleted','Executed when a candidature is deleted',7516,NULL),(105,'societe','COMPANY_MODIFY','Third party update','Executed when you update third party',1,NULL),(106,'contact','CONTACT_MODIFY','Contact address update','Executed when a contact is updated',51,NULL),(107,'order_supplier','ORDER_SUPPLIER_CANCEL','Supplier order request canceled','Executed when a supplier order is canceled',13,NULL),(108,'member','MEMBER_EXCLUDE','Member excluded','Executed when a member is excluded',27,NULL),(109,'user','USER_CREATE','User created','Executed when a user is created',301,NULL),(110,'user','USER_MODIFY','User update','Executed when a user is updated',302,NULL),(111,'user','USER_DELETE','User update','Executed when a user is deleted',303,NULL),(112,'user','USER_NEW_PASSWORD','User update','Executed when a user is change password',304,NULL),(113,'user','USER_ENABLEDISABLE','User update','Executed when a user is enable or disable',305,NULL),(114,'holiday','HOLIDAY_CREATE','Holiday created','Executed when a holiday is created',800,NULL),(115,'holiday','HOLIDAY_MODIFY','Holiday modified','Executed when a holiday is modified',801,NULL),(118,'holiday','HOLIDAY_CANCEL','Holiday canceled','Executed when a holiday is canceled',802,NULL),(119,'holiday','HOLIDAY_DELETE','Holiday deleted','Executed when a holiday is deleted',804,NULL),(120,'propal','PROPAL_MODIFY','Customer proposal modified','Executed when a customer proposal is modified',2,NULL),(121,'commande','ORDER_MODIFY','Customer order modified','Executed when a customer order is set modified',5,NULL),(122,'facture','BILL_MODIFY','Customer invoice modified','Executed when a customer invoice is modified',7,NULL),(123,'proposal_supplier','PROPOSAL_SUPPLIER_MODIFY','Price request modified','Executed when a commercial proposal is modified',10,NULL),(124,'order_supplier','ORDER_SUPPLIER_MODIFY','Supplier order request modified','Executed when a supplier order is modified',13,NULL),(125,'invoice_supplier','BILL_SUPPLIER_MODIFY','Supplier invoice modified','Executed when a supplier invoice is modified',15,NULL),(126,'contrat','CONTRACT_MODIFY','Contract modified','Executed when a contract is modified',18,NULL),(127,'shipping','SHIPPING_MODIFY','Shipping modified','Executed when a shipping is modified',20,NULL),(130,'expensereport','EXPENSE_REPORT_MODIFY','Expense report modified','Executed when an expense report is modified',202,NULL),(132,'project','PROJECT_SENTBYMAIL','Project sent by mail','Executed when a project is sent by email',144,NULL),(188,'shipping','SHIPPING_DELETE','Shipping sent is deleted','Executed when a shipping is deleted',21,NULL),(189,'reception','RECEPTION_VALIDATE','Reception validated','Executed when a reception is validated',22,NULL),(190,'reception','RECEPTION_SENTBYMAIL','Reception sent by mail','Executed when a reception is sent by mail',22,NULL),(261,'agenda','ACTION_CREATE','Action added','Executed when an action is added to the agenda',700,NULL),(268,'facturerec','BILLREC_CREATE','Template invoices created','Executed when a Template invoices is created',900,NULL),(269,'facturerec','BILLREC_MODIFY','Template invoices update','Executed when a Template invoices is updated',901,NULL),(270,'facturerec','BILLREC_DELETE','Template invoices deleted','Executed when a Template invoices is deleted',902,NULL),(272,'project','PROJECT_CLOSE','Project closed','Executed when a project is closed',145,NULL),(277,'partnership','PARTNERSHIP_CREATE','Partnership created','Executed when a partnership is created',58000,NULL),(278,'partnership','PARTNERSHIP_MODIFY','Partnership modified','Executed when a partnership is modified',58002,NULL),(279,'partnership','PARTNERSHIP_SENTBYMAIL','Mails sent from partnership file','Executed when you send email from partnership file',58004,NULL),(280,'partnership','PARTNERSHIP_DELETE','Partnership deleted','Executed when a partnership is deleted',58006,NULL),(281,'hrm','HRM_EVALUATION_CREATE','HR Evaluation created','Executed when an evaluation is created',4000,NULL),(282,'hrm','HRM_EVALUATION_MODIFY','HR Evaluation modified','Executed when an evaluation is modified',4001,NULL),(283,'hrm','HRM_EVALUATION_VALIDATE','HR Evaluation validated','Executed when an evaluation is validated',4002,NULL),(284,'hrm','HRM_EVALUATION_UNVALIDATE','HR Evaluation back to draft','Executed when an evaluation is back to draft',4003,NULL),(285,'hrm','HRM_EVALUATION_DELETE','HR Evaluation deleted','Executed when an evaluation is dleted',4005,NULL),(286,'societe','COMPANY_RIB_CREATE','Third party payment information created','Executed when a third party payment information is created',1,NULL),(287,'societe','COMPANY_RIB_MODIFY','Third party payment information updated','Executed when a third party payment information is updated',1,NULL),(288,'societe','COMPANY_RIB_DELETE','Third party payment information deleted','Executed when a third party payment information is deleted',1,NULL),(289,'ficheinter','FICHINTER_CLOSE','Intervention is done','Executed when a intervention is done',36,NULL),(290,'knowledgemanagement','KNOWLEDGERECORD_CREATE','Knowledge article created','Executed when a article is created',57001,NULL),(291,'knowledgemanagement','KNOWLEDGERECORD_MODIFY','Knowledge article modified','Executed when a article is modified',57002,NULL),(292,'knowledgemanagement','KNOWLEDGERECORD_VALIDATE','Knowledge article Evaluation validated','Executed when an evaluation is validated',57004,NULL),(293,'knowledgemanagement','KNOWLEDGERECORD_REOPEN','Knowledge article reopen','Executed when an evaluation is back to draft',57004,NULL),(294,'knowledgemanagement','KNOWLEDGERECORD_UNVALIDATE','Knowledge article invalidated','Executed when an evaluation is back to draft',57004,NULL),(295,'knowledgemanagement','KNOWLEDGERECORD_CANCEL','Knowledge article cancel','Executed when an evaluation to cancel',57004,NULL),(296,'knowledgemanagement','KNOWLEDGERECORD_SENTBYMAIL','Mails sent from article file','article when you send email from article file',57004,NULL),(297,'knowledgemanagement','KNOWLEDGERECORD_DELETE','Knowledge article deleted','Executed when a article is deleted',57006,NULL);

--
-- Table structure for table `t1zhf_c_actioncomm`
--

CREATE TABLE `t1zhf_c_actioncomm` (
  `id` int NOT NULL,
  `code` varchar(50) COLLATE utf8mb3_unicode_ci NOT NULL,
  `type` varchar(50) COLLATE utf8mb3_unicode_ci NOT NULL DEFAULT 'system',
  `libelle` varchar(128) COLLATE utf8mb3_unicode_ci DEFAULT NULL,
  `module` varchar(50) COLLATE utf8mb3_unicode_ci DEFAULT NULL,
  `active` tinyint NOT NULL DEFAULT '1',
  `todo` tinyint DEFAULT NULL,
  `color` varchar(9) COLLATE utf8mb3_unicode_ci DEFAULT NULL,
  `picto` varchar(48) COLLATE utf8mb3_unicode_ci DEFAULT NULL,
  `position` int NOT NULL DEFAULT '0',
  PRIMARY KEY (`id`),
  UNIQUE KEY `uk_c_actioncomm` (`code`)
) ENGINE=InnoDB DEFAULT CHARSET=utf8mb3 COLLATE=utf8mb3_unicode_ci;

--
-- Dumping data for table `t1zhf_c_actioncomm`
--

INSERT INTO `t1zhf_c_actioncomm` VALUES (1,'AC_TEL','system','Phone call',NULL,1,NULL,NULL,NULL,2),(2,'AC_FAX','system','Send Fax',NULL,1,NULL,NULL,NULL,3),(4,'AC_EMAIL','system','Send Email',NULL,1,NULL,NULL,NULL,4),(5,'AC_RDV','system','Rendez-vous',NULL,1,NULL,NULL,NULL,1),(6,'AC_EMAIL_IN','system','reception Email',NULL,1,NULL,NULL,NULL,4),(11,'AC_INT','system','Intervention on site',NULL,1,NULL,NULL,NULL,4),(40,'AC_OTH_AUTO','systemauto','Other (automatically inserted events)',NULL,1,NULL,NULL,NULL,20),(50,'AC_OTH','system','Other (manually inserted events)',NULL,1,NULL,NULL,NULL,5),(60,'AC_EO_ONLINECONF','module','Online/Virtual conference','conference@eventorganization',1,NULL,NULL,NULL,60),(61,'AC_EO_INDOORCONF','module','Indoor conference','conference@eventorganization',1,NULL,NULL,NULL,61),(62,'AC_EO_ONLINEBOOTH','module','Online/Virtual booth','booth@eventorganization',1,NULL,NULL,NULL,62),(63,'AC_EO_INDOORBOOTH','module','Indoor booth','booth@eventorganization',1,NULL,NULL,NULL,63);

--
-- Table structure for table `t1zhf_c_asset_disposal_type`
--

CREATE TABLE `t1zhf_c_asset_disposal_type` (
  `rowid` int NOT NULL AUTO_INCREMENT,
  `entity` int NOT NULL DEFAULT '1',
  `code` varchar(16) NOT NULL,
  `label` varchar(50) NOT NULL,
  `active` int NOT NULL DEFAULT '1',
  PRIMARY KEY (`rowid`),
  UNIQUE KEY `uk_c_asset_disposal_type` (`code`,`entity`)
) ENGINE=InnoDB DEFAULT CHARSET=latin1;

--
-- Dumping data for table `t1zhf_c_asset_disposal_type`
--


--
-- Table structure for table `t1zhf_c_availability`
--

CREATE TABLE `t1zhf_c_availability` (
  `rowid` int NOT NULL AUTO_INCREMENT,
  `code` varchar(30) COLLATE utf8mb3_unicode_ci NOT NULL,
  `label` varchar(128) COLLATE utf8mb3_unicode_ci DEFAULT NULL,
  `active` tinyint NOT NULL DEFAULT '1',
  `position` int NOT NULL DEFAULT '0',
  `type_duration` varchar(1) COLLATE utf8mb3_unicode_ci DEFAULT NULL,
  `qty` double DEFAULT '0',
  PRIMARY KEY (`rowid`),
  UNIQUE KEY `uk_c_availability` (`code`)
) ENGINE=InnoDB AUTO_INCREMENT=5 DEFAULT CHARSET=utf8mb3 COLLATE=utf8mb3_unicode_ci;

--
-- Dumping data for table `t1zhf_c_availability`
--

INSERT INTO `t1zhf_c_availability` VALUES (1,'AV_NOW','Immediate',1,0,NULL,0),(2,'AV_1W','1 week',1,0,'w',1),(3,'AV_2W','2 weeks',1,0,'w',2),(4,'AV_3W','3 weeks',1,0,'w',3);

--
-- Table structure for table `t1zhf_c_barcode_type`
--

CREATE TABLE `t1zhf_c_barcode_type` (
  `rowid` int NOT NULL AUTO_INCREMENT,
  `code` varchar(16) COLLATE utf8mb3_unicode_ci NOT NULL,
  `entity` int NOT NULL DEFAULT '1',
  `libelle` varchar(128) COLLATE utf8mb3_unicode_ci DEFAULT NULL,
  `coder` varchar(16) COLLATE utf8mb3_unicode_ci NOT NULL,
  `example` varchar(16) COLLATE utf8mb3_unicode_ci NOT NULL,
  PRIMARY KEY (`rowid`),
  UNIQUE KEY `uk_c_barcode_type` (`code`,`entity`)
) ENGINE=InnoDB AUTO_INCREMENT=17 DEFAULT CHARSET=utf8mb3 COLLATE=utf8mb3_unicode_ci;

--
-- Dumping data for table `t1zhf_c_barcode_type`
--

INSERT INTO `t1zhf_c_barcode_type` VALUES (1,'EAN8',1,'EAN8','0','1234567'),(2,'EAN13',1,'EAN13','tcpdfbarcode','123456789012'),(3,'UPC',1,'UPC','0','123456789012'),(4,'ISBN',1,'ISBN','0','123456789'),(5,'C39',1,'Code 39','0','1234567890'),(6,'C128',1,'Code 128','0','ABCD1234567890'),(7,'DATAMATRIX',1,'Datamatrix','0','1234567xyz'),(8,'QRCODE',1,'Qr Code','0','www.dolibarr.org');

--
-- Table structure for table `t1zhf_c_chargesociales`
--

CREATE TABLE `t1zhf_c_chargesociales` (
  `id` int NOT NULL AUTO_INCREMENT,
  `libelle` varchar(128) COLLATE utf8mb3_unicode_ci DEFAULT NULL,
  `deductible` smallint NOT NULL DEFAULT '0',
  `active` tinyint NOT NULL DEFAULT '1',
  `code` varchar(12) COLLATE utf8mb3_unicode_ci NOT NULL,
  `accountancy_code` varchar(32) COLLATE utf8mb3_unicode_ci DEFAULT NULL,
  `fk_pays` int NOT NULL DEFAULT '1',
  `module` varchar(32) COLLATE utf8mb3_unicode_ci DEFAULT NULL,
  PRIMARY KEY (`id`)
) ENGINE=InnoDB AUTO_INCREMENT=10214 DEFAULT CHARSET=utf8mb3 COLLATE=utf8mb3_unicode_ci;

--
-- Dumping data for table `t1zhf_c_chargesociales`
--

INSERT INTO `t1zhf_c_chargesociales` VALUES (1,'Allocations familiales',1,1,'TAXFAM',NULL,1,NULL),(2,'CSG Deductible',1,1,'TAXCSGD',NULL,1,NULL),(3,'CSG/CRDS NON Deductible',0,1,'TAXCSGND',NULL,1,NULL),(10,'Taxe apprentissage',0,1,'TAXAPP',NULL,1,NULL),(11,'Taxe professionnelle',0,1,'TAXPRO',NULL,1,NULL),(12,'Cotisation fonciere des entreprises',0,1,'TAXCFE',NULL,1,NULL),(13,'Cotisation sur la valeur ajoutee des entreprises',0,1,'TAXCVAE',NULL,1,NULL),(20,'Impots locaux/fonciers',0,1,'TAXFON',NULL,1,NULL),(25,'Impots revenus',0,1,'TAXREV',NULL,1,NULL),(30,'Assurance Sante',0,1,'TAXSECU',NULL,1,NULL),(40,'Mutuelle',0,1,'TAXMUT',NULL,1,NULL),(50,'Assurance vieillesse',0,1,'TAXRET',NULL,1,NULL),(60,'Assurance Chomage',0,1,'TAXCHOM',NULL,1,NULL),(201,'ONSS',1,1,'TAXBEONSS',NULL,2,NULL),(210,'Precompte professionnel',1,1,'TAXBEPREPRO',NULL,2,NULL),(220,'Prime existence',1,1,'TAXBEPRIEXI',NULL,2,NULL),(230,'Precompte immobilier',1,1,'TAXBEPREIMMO',NULL,2,NULL),(4101,'Krankenversicherung',1,1,'TAXATKV',NULL,41,NULL),(4102,'Unfallversicherung',1,1,'TAXATUV',NULL,41,NULL),(4103,'Pensionsversicherung',1,1,'TAXATPV',NULL,41,NULL),(4104,'Arbeitslosenversicherung',1,1,'TAXATAV',NULL,41,NULL),(4105,'Insolvenzentgeltsicherungsfond',1,1,'TAXATIESG',NULL,41,NULL),(4106,'Wohnbauförderung',1,1,'TAXATWF',NULL,41,NULL),(4107,'Arbeiterkammerumlage',1,1,'TAXATAK',NULL,41,NULL),(4108,'Mitarbeitervorsorgekasse',1,1,'TAXATMVK',NULL,41,NULL),(4109,'Familienlastenausgleichsfond',1,1,'TAXATFLAF',NULL,41,NULL),(10201,'Αναλυτική Περιοδική Δήλωση (ΑΠΔ)',1,1,'ΑΠΔ',NULL,102,NULL),(10202,'Φόρος Μισθωτών Υπηρεσιών (ΦΜΥ)',1,1,'ΦΜΥ',NULL,102,NULL),(10203,'Ασφαλιστικές εισφορές (ΕΦΚΑ)',1,1,'ΕΦΚΑ',NULL,102,NULL),(10204,'Προκαταβολή Φόρου Εισοδήματος',0,1,'ΕΦΟΡΙΑ',NULL,102,NULL),(10205,'Ενιαίος Φόρος Ιδιοκτησίας Ακινήτων (ΕΝ.Φ.Ι.Α) ',0,1,'ΕΝΦΙΑ',NULL,102,NULL),(10206,'Ετήσιο τέλος διατήρησης Μερίδας στο Γ.Ε.ΜΗ.',1,1,'ΓΕΜΗ',NULL,102,NULL),(10207,'Επαγγελματικό Επιμελητήριο',1,1,'ΕΕ',NULL,102,NULL),(10208,'Εμπορικό και Βιομηχανικό Επιμελητηρίο',1,1,'ΕΒΕ',NULL,102,NULL),(10209,'Τέλη Κυκλοφορίας',1,1,'ΤΕΛΗ',NULL,102,NULL),(10210,'Ασφάλιση οχήματος',1,1,'ΑΣΦΑΛΕΙΑ',NULL,102,NULL),(10211,'Ενοίκιο',1,1,'ΕΝΟΙΚΙΟ',NULL,102,NULL),(10212,'Κοινόχρηστα',1,1,'ΚΟΙΝΟ',NULL,102,NULL),(10213,'Ηλεκτροδότηση',1,1,'ΡΕΥΜΑ',NULL,102,NULL);

--
-- Table structure for table `t1zhf_c_civility`
--

CREATE TABLE `t1zhf_c_civility` (
  `rowid` int NOT NULL AUTO_INCREMENT,
  `code` varchar(6) COLLATE utf8mb3_unicode_ci NOT NULL,
  `label` varchar(128) COLLATE utf8mb3_unicode_ci DEFAULT NULL,
  `active` tinyint NOT NULL DEFAULT '1',
  `module` varchar(32) COLLATE utf8mb3_unicode_ci DEFAULT NULL,
  PRIMARY KEY (`rowid`),
  UNIQUE KEY `uk_c_civility` (`code`)
) ENGINE=InnoDB AUTO_INCREMENT=9 DEFAULT CHARSET=utf8mb3 COLLATE=utf8mb3_unicode_ci;

--
-- Dumping data for table `t1zhf_c_civility`
--

INSERT INTO `t1zhf_c_civility` VALUES (1,'MME','Madame',1,NULL),(3,'MR','Monsieur',1,NULL),(5,'MLE','Mademoiselle',1,NULL),(7,'MTRE','Maître',1,NULL),(8,'DR','Docteur',1,NULL);

--
-- Table structure for table `t1zhf_c_country`
--

CREATE TABLE `t1zhf_c_country` (
  `rowid` int NOT NULL,
  `code` varchar(2) COLLATE utf8mb3_unicode_ci NOT NULL,
  `code_iso` varchar(3) COLLATE utf8mb3_unicode_ci DEFAULT NULL,
  `label` varchar(128) COLLATE utf8mb3_unicode_ci DEFAULT NULL,
  `active` tinyint NOT NULL DEFAULT '1',
  `favorite` tinyint NOT NULL DEFAULT '0',
  `eec` tinyint NOT NULL DEFAULT '0',
  `numeric_code` varchar(3) COLLATE utf8mb3_unicode_ci DEFAULT NULL,
  PRIMARY KEY (`rowid`),
  UNIQUE KEY `idx_c_country_code` (`code`),
  UNIQUE KEY `idx_c_country_label` (`label`),
  UNIQUE KEY `idx_c_country_code_iso` (`code_iso`)
) ENGINE=InnoDB DEFAULT CHARSET=utf8mb3 COLLATE=utf8mb3_unicode_ci;

--
-- Dumping data for table `t1zhf_c_country`
--

INSERT INTO `t1zhf_c_country` VALUES (0,'',NULL,'-',1,1,0,NULL),(1,'FR','FRA','France',1,0,1,'250'),(2,'BE','BEL','Belgium',1,0,1,'056'),(3,'IT','ITA','Italy',1,0,1,'380'),(4,'ES','ESP','Spain',1,0,1,'724'),(5,'DE','DEU','Germany',1,0,1,'276'),(6,'CH','CHE','Switzerland',1,0,0,'756'),(7,'GB','GBR','United Kingdom',1,0,1,'826'),(8,'IE','IRL','Irland',1,0,1,'372'),(9,'CN','CHN','China',1,0,0,'156'),(10,'TN','TUN','Tunisia',1,0,0,'788'),(11,'US','USA','United States',1,0,0,'840'),(12,'MA','MAR','Maroc',1,0,0,'504'),(13,'DZ','DZA','Algeria',1,0,0,'012'),(14,'CA','CAN','Canada',1,0,0,'124'),(15,'TG','TGO','Togo',1,0,0,'768'),(16,'GA','GAB','Gabon',1,0,0,'266'),(17,'NL','NLD','Nederland',1,0,1,'528'),(18,'HU','HUN','Hongrie',1,0,1,'348'),(19,'RU','RUS','Russia',1,0,0,'643'),(20,'SE','SWE','Sweden',1,0,1,'752'),(21,'CI','CIV','Côte d\'Ivoire',1,0,0,'384'),(22,'SN','SEN','Senegal',1,0,0,'686'),(23,'AR','ARG','Argentine',1,0,0,'032'),(24,'CM','CMR','Cameroun',1,0,0,'120'),(25,'PT','PRT','Portugal',1,0,1,'620'),(26,'SA','SAU','Saudi Arabia',1,0,0,'682'),(27,'MC','MCO','Monaco',1,0,1,'492'),(28,'AU','AUS','Australia',1,0,0,'036'),(29,'SG','SGP','Singapour',1,0,0,'702'),(30,'AF','AFG','Afghanistan',1,0,0,'004'),(31,'AX','ALA','Iles Aland',1,0,0,'248'),(32,'AL','ALB','Albanie',1,0,0,'008'),(33,'AS','ASM','Samoa américaines',1,0,0,'016'),(34,'AD','AND','Andorre',1,0,0,'020'),(35,'AO','AGO','Angola',1,0,0,'024'),(36,'AI','AIA','Anguilla',1,0,0,'660'),(37,'AQ','ATA','Antarctique',1,0,0,'010'),(38,'AG','ATG','Antigua-et-Barbuda',1,0,0,'028'),(39,'AM','ARM','Arménie',1,0,0,'051'),(40,'AW','ABW','Aruba',1,0,0,'533'),(41,'AT','AUT','Autriche',1,0,1,'040'),(42,'AZ','AZE','Azerbaïdjan',1,0,0,'031'),(43,'BS','BHS','Bahamas',1,0,0,'044'),(44,'BH','BHR','Bahreïn',1,0,0,'048'),(45,'BD','BGD','Bangladesh',1,0,0,'050'),(46,'BB','BRB','Barbade',1,0,0,'052'),(47,'BY','BLR','Biélorussie',1,0,0,'112'),(48,'BZ','BLZ','Belize',1,0,0,'084'),(49,'BJ','BEN','Bénin',1,0,0,'204'),(50,'BM','BMU','Bermudes',1,0,0,'060'),(51,'BT','BTN','Bhoutan',1,0,0,'064'),(52,'BO','BOL','Bolivie',1,0,0,'068'),(53,'BA','BIH','Bosnie-Herzégovine',1,0,0,'070'),(54,'BW','BWA','Botswana',1,0,0,'072'),(55,'BV','BVT','Ile Bouvet',1,0,0,'074'),(56,'BR','BRA','Brazil',1,0,0,'076'),(57,'IO','IOT','Territoire britannique de l\'Océan Indien',1,0,0,'086'),(58,'BN','BRN','Brunei',1,0,0,'096'),(59,'BG','BGR','Bulgarie',1,0,1,'100'),(60,'BF','BFA','Burkina Faso',1,0,0,'854'),(61,'BI','BDI','Burundi',1,0,0,'108'),(62,'KH','KHM','Cambodge',1,0,0,'116'),(63,'CV','CPV','Cap-Vert',1,0,0,'132'),(64,'KY','CYM','Iles Cayman',1,0,0,'136'),(65,'CF','CAF','République centrafricaine',1,0,0,'140'),(66,'TD','TCD','Tchad',1,0,0,'148'),(67,'CL','CHL','Chili',1,0,0,'152'),(68,'CX','CXR','Ile Christmas',1,0,0,'162'),(69,'CC','CCK','Iles des Cocos (Keeling)',1,0,0,'166'),(70,'CO','COL','Colombie',1,0,0,'170'),(71,'KM','COM','Comores',1,0,0,'174'),(72,'CG','COG','Congo',1,0,0,'178'),(73,'CD','COD','République démocratique du Congo',1,0,0,'180'),(74,'CK','COK','Iles Cook',1,0,0,'184'),(75,'CR','CRI','Costa Rica',1,0,0,'188'),(76,'HR','HRV','Croatie',1,0,1,'191'),(77,'CU','CUB','Cuba',1,0,0,'192'),(78,'CY','CYP','Cyprus',1,0,1,'196'),(79,'CZ','CZE','République Tchèque',1,0,1,'203'),(80,'DK','DNK','Danemark',1,0,1,'208'),(81,'DJ','DJI','Djibouti',1,0,0,'262'),(82,'DM','DMA','Dominique',1,0,0,'212'),(83,'DO','DOM','République Dominicaine',1,0,0,'214'),(84,'EC','ECU','Equateur',1,0,0,'218'),(85,'EG','EGY','Egypte',1,0,0,'818'),(86,'SV','SLV','Salvador',1,0,0,'222'),(87,'GQ','GNQ','Guinée Equatoriale',1,0,0,'226'),(88,'ER','ERI','Erythrée',1,0,0,'232'),(89,'EE','EST','Estonia',1,0,1,'233'),(90,'ET','ETH','Ethiopie',1,0,0,'231'),(91,'FK','FLK','Iles Falkland',1,0,0,'238'),(92,'FO','FRO','Iles Féroé',1,0,0,'234'),(93,'FJ','FJI','Iles Fidji',1,0,0,'242'),(94,'FI','FIN','Finlande',1,0,1,'246'),(95,'GF','GUF','Guyane française',1,0,0,'254'),(96,'PF','PYF','Polynésie française',1,0,0,'258'),(97,'TF','ATF','Terres australes françaises',1,0,0,'260'),(98,'GM','GMB','Gambie',1,0,0,'270'),(99,'GE','GEO','Georgia',1,0,0,'268'),(100,'GH','GHA','Ghana',1,0,0,'288'),(101,'GI','GIB','Gibraltar',1,0,0,'292'),(102,'GR','GRC','Greece',1,0,1,'300'),(103,'GL','GRL','Groenland',1,0,0,'304'),(104,'GD','GRD','Grenade',1,0,0,'308'),(106,'GU','GUM','Guam',1,0,0,'316'),(107,'GT','GTM','Guatemala',1,0,0,'320'),(108,'GN','GIN','Guinea',1,0,0,'324'),(109,'GW','GNB','Guinea-Bissao',1,0,0,'624'),(111,'HT','HTI','Haiti',1,0,0,'332'),(112,'HM','HMD','Iles Heard et McDonald',1,0,0,'334'),(113,'VA','VAT','Saint-Siège (Vatican)',1,0,0,'336'),(114,'HN','HND','Honduras',1,0,0,'340'),(115,'HK','HKG','Hong Kong',1,0,0,'344'),(116,'IS','ISL','Islande',1,0,0,'352'),(117,'IN','IND','India',1,0,0,'356'),(118,'ID','IDN','Indonésie',1,0,0,'360'),(119,'IR','IRN','Iran',1,0,0,'364'),(120,'IQ','IRQ','Iraq',1,0,0,'368'),(121,'IL','ISR','Israel',1,0,0,'376'),(122,'JM','JAM','Jamaïque',1,0,0,'388'),(123,'JP','JPN','Japon',1,0,0,'392'),(124,'JO','JOR','Jordanie',1,0,0,'400'),(125,'KZ','KAZ','Kazakhstan',1,0,0,'398'),(126,'KE','KEN','Kenya',1,0,0,'404'),(127,'KI','KIR','Kiribati',1,0,0,'296'),(128,'KP','PRK','North Corea',1,0,0,'408'),(129,'KR','KOR','South Corea',1,0,0,'410'),(130,'KW','KWT','Koweït',1,0,0,'414'),(131,'KG','KGZ','Kirghizistan',1,0,0,'417'),(132,'LA','LAO','Laos',1,0,0,'418'),(133,'LV','LVA','Lettonie',1,0,1,'428'),(134,'LB','LBN','Liban',1,0,0,'422'),(135,'LS','LSO','Lesotho',1,0,0,'426'),(136,'LR','LBR','Liberia',1,0,0,'430'),(137,'LY','LBY','Libye',1,0,0,'434'),(138,'LI','LIE','Liechtenstein',1,0,0,'438'),(139,'LT','LTU','Lituanie',1,0,1,'440'),(140,'LU','LUX','Luxembourg',1,0,1,'442'),(141,'MO','MAC','Macao',1,0,0,'446'),(142,'MK','MKD','ex-République yougoslave de Macédoine',1,0,0,'807'),(143,'MG','MDG','Madagascar',1,0,0,'450'),(144,'MW','MWI','Malawi',1,0,0,'454'),(145,'MY','MYS','Malaisie',1,0,0,'458'),(146,'MV','MDV','Maldives',1,0,0,'462'),(147,'ML','MLI','Mali',1,0,0,'466'),(148,'MT','MLT','Malte',1,0,1,'470'),(149,'MH','MHL','Iles Marshall',1,0,0,'584'),(151,'MR','MRT','Mauritanie',1,0,0,'478'),(152,'MU','MUS','Maurice',1,0,0,'480'),(153,'YT','MYT','Mayotte',1,0,0,'175'),(154,'MX','MEX','Mexique',1,0,0,'484'),(155,'FM','FSM','Micronésie',1,0,0,'583'),(156,'MD','MDA','Moldavie',1,0,0,'498'),(157,'MN','MNG','Mongolie',1,0,0,'496'),(158,'MS','MSR','Monserrat',1,0,0,'500'),(159,'MZ','MOZ','Mozambique',1,0,0,'508'),(160,'MM','MMR','Birmanie (Myanmar)',1,0,0,'104'),(161,'NA','NAM','Namibie',1,0,0,'516'),(162,'NR','NRU','Nauru',1,0,0,'520'),(163,'NP','NPL','Népal',1,0,0,'524'),(165,'NC','NCL','Nouvelle-Calédonie',1,0,0,'540'),(166,'NZ','NZL','Nouvelle-Zélande',1,0,0,'554'),(167,'NI','NIC','Nicaragua',1,0,0,'558'),(168,'NE','NER','Niger',1,0,0,'562'),(169,'NG','NGA','Nigeria',1,0,0,'566'),(170,'NU','NIU','Nioué',1,0,0,'570'),(171,'NF','NFK','Ile Norfolk',1,0,0,'574'),(172,'MP','MNP','Mariannes du Nord',1,0,0,'580'),(173,'NO','NOR','Norvège',1,0,0,'578'),(174,'OM','OMN','Oman',1,0,0,'512'),(175,'PK','PAK','Pakistan',1,0,0,'586'),(176,'PW','PLW','Palaos',1,0,0,'585'),(177,'PS','PSE','Territoire Palestinien Occupé',1,0,0,'275'),(178,'PA','PAN','Panama',1,0,0,'591'),(179,'PG','PNG','Papouasie-Nouvelle-Guinée',1,0,0,'598'),(180,'PY','PRY','Paraguay',1,0,0,'600'),(181,'PE','PER','Peru',1,0,0,'604'),(182,'PH','PHL','Philippines',1,0,0,'608'),(183,'PN','PCN','Iles Pitcairn',1,0,0,'612'),(184,'PL','POL','Pologne',1,0,1,'616'),(185,'PR','PRI','Porto Rico',1,0,0,'630'),(186,'QA','QAT','Qatar',1,0,0,'634'),(188,'RO','ROU','Roumanie',1,0,1,'642'),(189,'RW','RWA','Rwanda',1,0,0,'646'),(190,'SH','SHN','Sainte-Hélène',1,0,0,'654'),(191,'KN','KNA','Saint-Christophe-et-Niévès',1,0,0,'659'),(192,'LC','LCA','Sainte-Lucie',1,0,0,'662'),(193,'PM','SPM','Saint-Pierre-et-Miquelon',1,0,0,'666'),(194,'VC','VCT','Saint-Vincent-et-les-Grenadines',1,0,0,'670'),(195,'WS','WSM','Samoa',1,0,0,'882'),(196,'SM','SMR','Saint-Marin',1,0,0,'674'),(197,'ST','STP','Sao Tomé-et-Principe',1,0,0,'678'),(198,'RS','SRB','Serbie',1,0,0,'688'),(199,'SC','SYC','Seychelles',1,0,0,'690'),(200,'SL','SLE','Sierra Leone',1,0,0,'694'),(201,'SK','SVK','Slovaquie',1,0,1,'703'),(202,'SI','SVN','Slovénie',1,0,1,'705'),(203,'SB','SLB','Iles Salomon',1,0,0,'090'),(204,'SO','SOM','Somalie',1,0,0,'706'),(205,'ZA','ZAF','South Africa',1,0,0,'710'),(206,'GS','SGS','Iles Géorgie du Sud et Sandwich du Sud',1,0,0,'239'),(207,'LK','LKA','Sri Lanka',1,0,0,'144'),(208,'SD','SDN','Soudan',1,0,0,'729'),(209,'SR','SUR','Suriname',1,0,0,'740'),(210,'SJ','SJM','Iles Svalbard et Jan Mayen',1,0,0,'744'),(211,'SZ','SWZ','Swaziland',1,0,0,'748'),(212,'SY','SYR','Syrie',1,0,0,'760'),(213,'TW','TWN','Taïwan',1,0,0,'158'),(214,'TJ','TJK','Tadjikistan',1,0,0,'762'),(215,'TZ','TZA','Tanzanie',1,0,0,'834'),(216,'TH','THA','Thaïlande',1,0,0,'764'),(217,'TL','TLS','Timor Oriental',1,0,0,'626'),(218,'TK','TKL','Tokélaou',1,0,0,'772'),(219,'TO','TON','Tonga',1,0,0,'776'),(220,'TT','TTO','Trinité-et-Tobago',1,0,0,'780'),(221,'TR','TUR','Turquie',1,0,0,'792'),(222,'TM','TKM','Turkménistan',1,0,0,'795'),(223,'TC','TCA','Iles Turks-et-Caicos',1,0,0,'796'),(224,'TV','TUV','Tuvalu',1,0,0,'798'),(225,'UG','UGA','Ouganda',1,0,0,'800'),(226,'UA','UKR','Ukraine',1,0,0,'804'),(227,'AE','ARE','United Arab Emirates',1,0,0,'784'),(228,'UM','UMI','Iles mineures éloignées des États-Unis',1,0,0,'581'),(229,'UY','URY','Uruguay',1,0,0,'858'),(230,'UZ','UZB','Ouzbékistan',1,0,0,'860'),(231,'VU','VUT','Vanuatu',1,0,0,'548'),(232,'VE','VEN','Vénézuela',1,0,0,'862'),(233,'VN','VNM','Viêt Nam',1,0,0,'704'),(234,'VG','VGB','Iles Vierges britanniques',1,0,0,'092'),(235,'VI','VIR','Iles Vierges américaines',1,0,0,'850'),(236,'WF','WLF','Wallis-et-Futuna',1,0,0,'876'),(237,'EH','ESH','Sahara occidental',1,0,0,'732'),(238,'YE','YEM','Yémen',1,0,0,'887'),(239,'ZM','ZMB','Zambie',1,0,0,'894'),(240,'ZW','ZWE','Zimbabwe',1,0,0,'716'),(241,'GG','GGY','Guernesey',1,0,0,'831'),(242,'IM','IMN','Ile de Man',1,0,1,'833'),(243,'JE','JEY','Jersey',1,0,0,'832'),(244,'ME','MNE','Monténégro',1,0,0,'499'),(245,'BL','BLM','Saint-Barthélemy',1,0,0,'652'),(246,'MF','MAF','Saint-Martin',1,0,0,'663'),(300,'CW','CUW','Curaçao',1,0,0,'531'),(301,'SX','SXM','Sint Maarten',1,0,0,'534');

--
-- Table structure for table `t1zhf_c_currencies`
--

CREATE TABLE `t1zhf_c_currencies` (
  `code_iso` varchar(3) COLLATE utf8mb3_unicode_ci NOT NULL,
  `label` varchar(128) COLLATE utf8mb3_unicode_ci DEFAULT NULL,
  `unicode` varchar(32) COLLATE utf8mb3_unicode_ci DEFAULT NULL,
  `active` tinyint NOT NULL DEFAULT '1',
  PRIMARY KEY (`code_iso`),
  UNIQUE KEY `uk_c_currencies_code_iso` (`code_iso`)
) ENGINE=InnoDB DEFAULT CHARSET=utf8mb3 COLLATE=utf8mb3_unicode_ci;

--
-- Dumping data for table `t1zhf_c_currencies`
--

INSERT INTO `t1zhf_c_currencies` VALUES ('AED','United Arab Emirates Dirham',NULL,1),('AFN','Afghanistan Afghani','[1547]',1),('ALL','Albania Lek','[76,101,107]',1),('ANG','Netherlands Antilles Guilder','[402]',1),('ARP','Pesos argentins',NULL,0),('ARS','Argentino Peso','[36]',1),('ATS','Shiliing autrichiens',NULL,0),('AUD','Australia Dollar','[36]',1),('AWG','Aruba Guilder','[402]',1),('AZN','Azerbaijan New Manat','[1084,1072,1085]',1),('BAM','Bosnia and Herzegovina Convertible Marka','[75,77]',1),('BBD','Barbados Dollar','[36]',1),('BDT','Bangladeshi Taka','[2547]',1),('BEF','Francs belges',NULL,0),('BGN','Bulgaria Lev','[1083,1074]',1),('BHD','Bahrain',NULL,1),('BMD','Bermuda Dollar','[36]',1),('BND','Brunei Darussalam Dollar','[36]',1),('BOB','Bolivia Boliviano','[36,98]',1),('BRL','Brazil Real','[82,36]',1),('BSD','Bahamas Dollar','[36]',1),('BWP','Botswana Pula','[80]',1),('BYR','Belarus Ruble','[112,46]',1),('BZD','Belize Dollar','[66,90,36]',1),('CAD','Canada Dollar','[36]',1),('CHF','Switzerland Franc','[67,72,70]',1),('CLP','Chile Peso','[36]',1),('CNY','China Yuan Renminbi','[165]',1),('COP','Colombia Peso','[36]',1),('CRC','Costa Rica Colon','[8353]',1),('CUP','Cuba Peso','[8369]',1),('CZK','Czech Republic Koruna','[75,269]',1),('DEM','Deutsch mark',NULL,0),('DKK','Denmark Krone','[107,114]',1),('DOP','Dominican Republic Peso','[82,68,36]',1),('DZD','Algeria Dinar',NULL,1),('EEK','Estonia Kroon','[107,114]',1),('EGP','Egypt Pound','[163]',1),('ESP','Pesete',NULL,0),('EUR','Euro Member Countries','[8364]',1),('FIM','Mark finlandais',NULL,0),('FJD','Fiji Dollar','[36]',1),('FKP','Falkland Islands (Malvinas) Pound','[163]',1),('FRF','Francs francais',NULL,0),('GBP','United Kingdom Pound','[163]',1),('GGP','Guernsey Pound','[163]',1),('GHC','Ghana Cedis','[162]',1),('GIP','Gibraltar Pound','[163]',1),('GNF','Franc Guinéen','[70,71]',1),('GRD','Drachme (grece)',NULL,0),('GTQ','Guatemala Quetzal','[81]',1),('GYD','Guyana Dollar','[36]',1),('HKD','Hong Kong Dollar','[36]',1),('HNL','Honduras Lempira','[76]',1),('HRK','Croatia Kuna','[107,110]',1),('HUF','Hungary Forint','[70,116]',1),('IDR','Indonesia Rupiah','[82,112]',1),('IEP','Livres irlandaises',NULL,0),('ILS','Israel Shekel','[8362]',1),('IMP','Isle of Man Pound','[163]',1),('INR','India Rupee','[8377]',1),('IRR','Iran Rial','[65020]',1),('ISK','Iceland Krona','[107,114]',1),('ITL','Lires',NULL,0),('JEP','Jersey Pound','[163]',1),('JMD','Jamaica Dollar','[74,36]',1),('JPY','Japan Yen','[165]',1),('KES','Kenya Shilling',NULL,1),('KGS','Kyrgyzstan Som','[1083,1074]',1),('KHR','Cambodia Riel','[6107]',1),('KPW','Korea (North) Won','[8361]',1),('KRW','Korea (South) Won','[8361]',1),('KYD','Cayman Islands Dollar','[36]',1),('KZT','Kazakhstan Tenge','[1083,1074]',1),('LAK','Laos Kip','[8365]',1),('LBP','Lebanon Pound','[163]',1),('LKR','Sri Lanka Rupee','[8360]',1),('LRD','Liberia Dollar','[36]',1),('LTL','Lithuania Litas','[76,116]',1),('LUF','Francs luxembourgeois',NULL,0),('LVL','Latvia Lat','[76,115]',1),('MAD','Morocco Dirham',NULL,1),('MGA','Ariary',NULL,1),('MKD','Macedonia Denar','[1076,1077,1085]',1),('MNT','Mongolia Tughrik','[8366]',1),('MRO','Mauritania Ouguiya',NULL,1),('MUR','Mauritius Rupee','[8360]',1),('MXN','Mexico Peso','[36]',1),('MXP','Pesos Mexicans',NULL,0),('MYR','Malaysia Ringgit','[82,77]',1),('MZN','Mozambique Metical','[77,84]',1),('NAD','Namibia Dollar','[36]',1),('NGN','Nigeria Naira','[8358]',1),('NIO','Nicaragua Cordoba','[67,36]',1),('NLG','Florins',NULL,0),('NOK','Norway Krone','[107,114]',1),('NPR','Nepal Rupee','[8360]',1),('NZD','New Zealand Dollar','[36]',1),('OMR','Oman Rial','[65020]',1),('PAB','Panama Balboa','[66,47,46]',1),('PEN','Peru Nuevo Sol','[83,47,46]',1),('PHP','Philippines Peso','[8369]',1),('PKR','Pakistan Rupee','[8360]',1),('PLN','Poland Zloty','[122,322]',1),('PTE','Escudos',NULL,0),('PYG','Paraguay Guarani','[71,115]',1),('QAR','Qatar Riyal','[65020]',1),('RON','Romania New Leu','[108,101,105]',1),('RSD','Serbia Dinar','[1044,1080,1085,46]',1),('RUB','Russia Ruble','[1088,1091,1073]',1),('SAR','Saudi Arabia Riyal','[65020]',1),('SBD','Solomon Islands Dollar','[36]',1),('SCR','Seychelles Rupee','[8360]',1),('SEK','Sweden Krona','[107,114]',1),('SGD','Singapore Dollar','[36]',1),('SHP','Saint Helena Pound','[163]',1),('SKK','Couronnes slovaques',NULL,0),('SOS','Somalia Shilling','[83]',1),('SRD','Suriname Dollar','[36]',1),('SUR','Rouble',NULL,0),('SVC','El Salvador Colon','[36]',1),('SYP','Syria Pound','[163]',1),('THB','Thailand Baht','[3647]',1),('TND','Tunisia Dinar',NULL,1),('TRL','Turkey Lira','[84,76]',1),('TRY','Turkey Lira','[8356]',1),('TTD','Trinidad and Tobago Dollar','[84,84,36]',1),('TVD','Tuvalu Dollar','[36]',1),('TWD','Taiwan New Dollar','[78,84,36]',1),('UAH','Ukraine Hryvna','[8372]',1),('USD','United States Dollar','[36]',1),('UYU','Uruguay Peso','[36,85]',1),('UZS','Uzbekistan Som','[1083,1074]',1),('VEF','Venezuela Bolivar Fuerte','[66,115]',1),('VND','Viet Nam Dong','[8363]',1),('XAF','Communaute Financiere Africaine (BEAC) CFA Franc',NULL,1),('XCD','East Caribbean Dollar','[36]',1),('XEU','Ecus',NULL,0),('XOF','Communaute Financiere Africaine (BCEAO) Franc',NULL,1),('XPF','Franc CFP','[70]',1),('YER','Yemen Rial','[65020]',1),('ZAR','South Africa Rand','[82]',1),('ZWD','Zimbabwe Dollar','[90,36]',1);

--
